66.249.69.228 - - [21/Nov/2025:03:16:37 -0800] "GET /?s=2355377813705&channel=123e81&from=http://mollywoppersnyb.com/file.do?m242035332 HTTP/1.1" 200 20675 "-" "Mozilla/5.0 (Linux; Android 6.0.1; Nexus 5X Build/MMB29P) AppleWebKit/537.36 (KHTML, like Gecko) Chrome/141.0.7390.122 Mobile Safari/537.36 (compatible; GoogleOther)"
44.215.231.15 - - [21/Nov/2025:03:16:38 -0800] "GET /?path=//sys/class/tty/ptype/subsystem/ttyqb/subsystem/ttype/subsystem/ttysc/subsystem/ttydb HTTP/1.1" 200 3394 "-" "Mozilla/5.0 AppleWebKit/537.36 (KHTML, like Gecko; compatible; Amazonbot/0.1; +https://developer.amazon.com/support/amazonbot) Chrome/119.0.6045.214 Safari/537.36"
66.249.69.228 - - [21/Nov/2025:03:16:42 -0800] "GET /1086922768 HTTP/1.1" 200 21265 "-" "Mozilla/5.0 (Linux; Android 6.0.1; Nexus 5X Build/MMB29P) AppleWebKit/537.36 (KHTML, like Gecko) Chrome/141.0.7390.122 Mobile Safari/537.36 (compatible; GoogleOther)"
3.216.86.144 - - [21/Nov/2025:03:16:54 -0800] "GET /?path=//sys/class/tty/ptype/subsystem/ttype/subsystem/ttyqb/subsystem/ttype/subsystem/ttyv3 HTTP/1.1" 200 3454 "-" "Mozilla/5.0 AppleWebKit/537.36 (KHTML, like Gecko; compatible; Amazonbot/0.1; +https://developer.amazon.com/support/amazonbot) Chrome/119.0.6045.214 Safari/537.36"
66.249.69.228 - - [21/Nov/2025:03:16:54 -0800] "GET /category/3928/1/listing HTTP/1.1" 200 20759 "-" "Mozilla/5.0 (Linux; Android 6.0.1; Nexus 5X Build/MMB29P) AppleWebKit/537.36 (KHTML, like Gecko) Chrome/141.0.7390.122 Mobile Safari/537.36 (compatible; GoogleOther)"
54.147.182.90 - - [21/Nov/2025:03:17:02 -0800] "GET /?path=//sys/class/tty/ptype/subsystem/ttyp1/subsystem/ttydb/subsystem/ttyp1/subsystem/ttyua HTTP/1.1" 200 3427 "-" "Mozilla/5.0 AppleWebKit/537.36 (KHTML, like Gecko; compatible; Amazonbot/0.1; +https://developer.amazon.com/support/amazonbot) Chrome/119.0.6045.214 Safari/537.36"
66.249.69.228 - - [21/Nov/2025:03:17:17 -0800] "GET /market/1036785822 HTTP/1.1" 200 21476 "-" "Mozilla/5.0 (Linux; Android 6.0.1; Nexus 5X Build/MMB29P) AppleWebKit/537.36 (KHTML, like Gecko) Chrome/141.0.7390.122 Mobile Safari/537.36 (compatible; GoogleOther)"
18.211.39.188 - - [21/Nov/2025:03:17:18 -0800] "GET /?path=//sys/class/tty/ptype/subsystem/ttyp1/subsystem/ttyv0/subsystem/ptype/subsystem/ttyv2 HTTP/1.1" 200 3378 "-" "Mozilla/5.0 AppleWebKit/537.36 (KHTML, like Gecko; compatible; Amazonbot/0.1; +https://developer.amazon.com/support/amazonbot) Chrome/119.0.6045.214 Safari/537.36"
66.249.69.228 - - [21/Nov/2025:03:17:22 -0800] "GET /?s=2355377813705&channel=123e81&from=http://mollywoppersnyb.com/file.do?m245008161 HTTP/1.1" 200 26293 "-" "Mozilla/5.0 (Linux; Android 6.0.1; Nexus 5X Build/MMB29P) AppleWebKit/537.36 (KHTML, like Gecko) Chrome/141.0.7390.122 Mobile Safari/537.36 (compatible; GoogleOther)"
74.91.19.178 - - [21/Nov/2025:03:15:47 -0800] "GET /wp-content/brbd606d/index.php?id=955981 HTTP/1.1" 200 295 "http://mollywoppersnyb.com/wp-content/brbd606d/index.php?id=955981" "Mozilla/5.0 (Windows NT 10.0; Win64; x64) AppleWebKit/537.36 (KHTML, like Gecko) Chrome/58.0.3029.110 Safari/537.3"
114.119.132.242 - - [21/Nov/2025:03:17:34 -0800] "GET /search.php?items/218029845.html HTTP/1.1" 200 85950 "http://mollywoppersnyb.com/search.php?sitemap525.xml" "Mozilla/5.0 (Linux; Android 7.0;) AppleWebKit/537.36 (KHTML, like Gecko) Mobile Safari/537.36 (compatible; PetalBot;+https://webmaster.petalsearch.com/site/petalbot)"
23.20.178.124 - - [21/Nov/2025:03:17:42 -0800] "GET /?path=//sys/class/tty/ptype/subsystem/ptype/subsystem/ptyp0/subsystem/ttyec/subsystem/ttyS1 HTTP/1.1" 200 4088 "-" "Mozilla/5.0 AppleWebKit/537.36 (KHTML, like Gecko; compatible; Amazonbot/0.1; +https://developer.amazon.com/support/amazonbot) Chrome/119.0.6045.214 Safari/537.36"
66.249.69.228 - - [21/Nov/2025:03:17:44 -0800] "GET /market/1036785822 HTTP/1.1" 200 21532 "-" "Mozilla/5.0 (Linux; Android 6.0.1; Nexus 5X Build/MMB29P) AppleWebKit/537.36 (KHTML, like Gecko) Chrome/141.0.7390.122 Mobile Safari/537.36 (compatible; Googlebot/2.1; +http://www.google.com/bot.html)"
52.70.209.13 - - [21/Nov/2025:03:17:50 -0800] "GET /?path=//sys/class/tty/ptype/subsystem/ptyp0/subsystem/ttyp0/subsystem/ptype/subsystem/ttydb HTTP/1.1" 200 3416 "-" "Mozilla/5.0 AppleWebKit/537.36 (KHTML, like Gecko; compatible; Amazonbot/0.1; +https://developer.amazon.com/support/amazonbot) Chrome/119.0.6045.214 Safari/537.36"
66.249.69.228 - - [21/Nov/2025:03:17:54 -0800] "GET /m242040460 HTTP/1.1" 200 20657 "-" "Mozilla/5.0 (Linux; Android 6.0.1; Nexus 5X Build/MMB29P) AppleWebKit/537.36 (KHTML, like Gecko) Chrome/141.0.7390.122 Mobile Safari/537.36 (compatible; GoogleOther)"
66.249.69.229 - - [21/Nov/2025:03:17:59 -0800] "GET /market/165906612 HTTP/1.1" 200 20496 "-" "Mozilla/5.0 (Linux; Android 6.0.1; Nexus 5X Build/MMB29P) AppleWebKit/537.36 (KHTML, like Gecko) Chrome/141.0.7390.122 Mobile Safari/537.36 (compatible; GoogleOther)"
66.249.69.229 - - [21/Nov/2025:03:18:03 -0800] "GET /?s=2355377813705&channel=123e81&from=http://mollywoppersnyb.com/file.do?m285014731 HTTP/1.1" 200 21294 "-" "Mozilla/5.0 (Linux; Android 6.0.1; Nexus 5X Build/MMB29P) AppleWebKit/537.36 (KHTML, like Gecko) Chrome/141.0.7390.122 Mobile Safari/537.36 (compatible; GoogleOther)"
66.249.69.228 - - [21/Nov/2025:03:18:12 -0800] "GET /m190011458 HTTP/1.1" 200 22451 "-" "Mozilla/5.0 (Linux; Android 6.0.1; Nexus 5X Build/MMB29P) AppleWebKit/537.36 (KHTML, like Gecko) Chrome/141.0.7390.122 Mobile Safari/537.36 (compatible; GoogleOther)"
52.45.15.233 - - [21/Nov/2025:03:18:14 -0800] "GET /?path=//sys/class/tty/ptype/subsystem/ttysc/subsystem/ttyp1/subsystem/ttyv0/subsystem/ttyza HTTP/1.1" 200 3368 "-" "Mozilla/5.0 AppleWebKit/537.36 (KHTML, like Gecko; compatible; Amazonbot/0.1; +https://developer.amazon.com/support/amazonbot) Chrome/119.0.6045.214 Safari/537.36"
66.249.69.228 - - [21/Nov/2025:03:18:16 -0800] "GET /market/284913983 HTTP/1.1" 200 21192 "-" "Mozilla/5.0 (Linux; Android 6.0.1; Nexus 5X Build/MMB29P) AppleWebKit/537.36 (KHTML, like Gecko) Chrome/141.0.7390.122 Mobile Safari/537.36 (compatible; GoogleOther)"
3.224.104.67 - - [21/Nov/2025:03:18:26 -0800] "GET /?path=//sys/class/tty/ptype/subsystem/ptype/subsystem/ptyp0/subsystem/ttyec/subsystem/ttys1 HTTP/1.1" 200 3439 "-" "Mozilla/5.0 AppleWebKit/537.36 (KHTML, like Gecko; compatible; Amazonbot/0.1; +https://developer.amazon.com/support/amazonbot) Chrome/119.0.6045.214 Safari/537.36"
66.249.69.228 - - [21/Nov/2025:03:18:31 -0800] "GET /market/195835211 HTTP/1.1" 200 21292 "-" "Mozilla/5.0 (Linux; Android 6.0.1; Nexus 5X Build/MMB29P) AppleWebKit/537.36 (KHTML, like Gecko) Chrome/141.0.7390.122 Mobile Safari/537.36 (compatible; GoogleOther)"
66.249.69.228 - - [21/Nov/2025:03:18:43 -0800] "GET /STRY1297D-UN8599BW000892 HTTP/1.1" 200 20415 "-" "Mozilla/5.0 (Linux; Android 6.0.1; Nexus 5X Build/MMB29P) AppleWebKit/537.36 (KHTML, like Gecko) Chrome/141.0.7390.122 Mobile Safari/537.36 (compatible; GoogleOther)"
66.249.69.228 - - [21/Nov/2025:03:18:46 -0800] "GET /market/1124870769 HTTP/1.1" 200 20688 "-" "Mozilla/5.0 (Linux; Android 6.0.1; Nexus 5X Build/MMB29P) AppleWebKit/537.36 (KHTML, like Gecko) Chrome/141.0.7390.122 Mobile Safari/537.36 (compatible; GoogleOther)"
66.249.69.228 - - [21/Nov/2025:03:19:01 -0800] "GET /market/1124870769 HTTP/1.1" 200 20771 "-" "Mozilla/5.0 (Linux; Android 6.0.1; Nexus 5X Build/MMB29P) AppleWebKit/537.36 (KHTML, like Gecko) Chrome/141.0.7390.122 Mobile Safari/537.36 (compatible; Googlebot/2.1; +http://www.google.com/bot.html)"
114.119.150.32 - - [21/Nov/2025:03:19:01 -0800] "GET /search.php?items/218027131.html HTTP/1.1" 200 86285 "http://mollywoppersnyb.com/search.php?sitemap605.xml" "Mozilla/5.0 (Linux; Android 7.0;) AppleWebKit/537.36 (KHTML, like Gecko) Mobile Safari/537.36 (compatible; PetalBot;+https://webmaster.petalsearch.com/site/petalbot)"
74.91.19.178 - - [21/Nov/2025:03:17:37 -0800] "GET /wp-content/brbd606d/index.php?id=955981 HTTP/1.1" 200 295 "http://mollywoppersnyb.com/wp-content/brbd606d/index.php?id=955981" "Mozilla/5.0 (Windows NT 10.0; Win64; x64) AppleWebKit/537.36 (KHTML, like Gecko) Chrome/58.0.3029.110 Safari/537.3"
35.153.86.200 - - [21/Nov/2025:03:19:06 -0800] "GET /?path=//sys/class/tty/ptype/subsystem/ttype/subsystem/ttyrf/subsystem/ttype/subsystem/ttyde HTTP/1.1" 200 3442 "-" "Mozilla/5.0 AppleWebKit/537.36 (KHTML, like Gecko; compatible; Amazonbot/0.1; +https://developer.amazon.com/support/amazonbot) Chrome/119.0.6045.214 Safari/537.36"
66.249.69.228 - - [21/Nov/2025:03:19:14 -0800] "GET /?s=2355377813705&channel=123e81&from=http://mollywoppersnyb.com/file.do?m174016130 HTTP/1.1" 200 21060 "-" "Mozilla/5.0 (Linux; Android 6.0.1; Nexus 5X Build/MMB29P) AppleWebKit/537.36 (KHTML, like Gecko) Chrome/141.0.7390.122 Mobile Safari/537.36 (compatible; GoogleOther)"
52.7.33.248 - - [21/Nov/2025:03:19:15 -0800] "GET /?path=//sys/class/tty/ptype/subsystem/ptype/subsystem/ptyp0/subsystem/ttyv0/subsystem/ttyse HTTP/1.1" 200 3441 "-" "Mozilla/5.0 AppleWebKit/537.36 (KHTML, like Gecko; compatible; Amazonbot/0.1; +https://developer.amazon.com/support/amazonbot) Chrome/119.0.6045.214 Safari/537.36"
44.212.232.231 - - [21/Nov/2025:03:19:19 -0800] "GET /?path=//sys/class/tty/ptype/subsystem/ttyp1/subsystem/ttyvd/subsystem/ttyp1/subsystem/ttyse HTTP/1.1" 200 3417 "-" "Mozilla/5.0 AppleWebKit/537.36 (KHTML, like Gecko; compatible; Amazonbot/0.1; +https://developer.amazon.com/support/amazonbot) Chrome/119.0.6045.214 Safari/537.36"
66.249.69.228 - - [21/Nov/2025:03:19:21 -0800] "GET /?s=2355377813705&channel=123e81&from=http://mollywoppersnyb.com/file.do?m080004652 HTTP/1.1" 200 21977 "-" "Mozilla/5.0 (Linux; Android 6.0.1; Nexus 5X Build/MMB29P) AppleWebKit/537.36 (KHTML, like Gecko) Chrome/141.0.7390.122 Mobile Safari/537.36 (compatible; GoogleOther)"
52.200.54.136 - - [21/Nov/2025:03:19:24 -0800] "GET /?path=//sys/class/tty/ptype/subsystem/ptype/subsystem/ttyv0/subsystem/ttys0/subsystem/ptyp0 HTTP/1.1" 200 3428 "-" "Mozilla/5.0 AppleWebKit/537.36 (KHTML, like Gecko; compatible; Amazonbot/0.1; +https://developer.amazon.com/support/amazonbot) Chrome/119.0.6045.214 Safari/537.36"
66.249.69.228 - - [21/Nov/2025:03:19:24 -0800] "GET /?s=2355377813705&channel=123e81&from=http://mollywoppersnyb.com/file.do?m083032019 HTTP/1.1" 200 21593 "-" "Mozilla/5.0 (Linux; Android 6.0.1; Nexus 5X Build/MMB29P) AppleWebKit/537.36 (KHTML, like Gecko) Chrome/141.0.7390.122 Mobile Safari/537.36 (compatible; GoogleOther)"
34.227.234.246 - - [21/Nov/2025:03:19:26 -0800] "GET /?path=//sys/class/tty/ptype/subsystem/ttyp0/subsystem/ttyp1/subsystem/ttyp0/subsystem/ttyv2 HTTP/1.1" 200 3406 "-" "Mozilla/5.0 AppleWebKit/537.36 (KHTML, like Gecko; compatible; Amazonbot/0.1; +https://developer.amazon.com/support/amazonbot) Chrome/119.0.6045.214 Safari/537.36"
44.215.210.112 - - [21/Nov/2025:03:19:39 -0800] "GET /?path=//sys/class/tty/ptype/subsystem/ttyS1/subsystem/ttype/subsystem/ptyp0/subsystem/ttyp2 HTTP/1.1" 200 3425 "-" "Mozilla/5.0 AppleWebKit/537.36 (KHTML, like Gecko; compatible; Amazonbot/0.1; +https://developer.amazon.com/support/amazonbot) Chrome/119.0.6045.214 Safari/537.36"
52.3.155.146 - - [21/Nov/2025:03:19:43 -0800] "GET /?path=//sys/class/tty/ptype/subsystem/ttyp1/subsystem/ttype/subsystem/ptys0/subsystem/ttype HTTP/1.1" 200 3363 "-" "Mozilla/5.0 AppleWebKit/537.36 (KHTML, like Gecko; compatible; Amazonbot/0.1; +https://developer.amazon.com/support/amazonbot) Chrome/119.0.6045.214 Safari/537.36"
66.249.69.228 - - [21/Nov/2025:03:19:48 -0800] "GET /market/238935649 HTTP/1.1" 200 21335 "-" "Mozilla/5.0 (Linux; Android 6.0.1; Nexus 5X Build/MMB29P) AppleWebKit/537.36 (KHTML, like Gecko) Chrome/141.0.7390.122 Mobile Safari/537.36 (compatible; GoogleOther)"
66.249.69.228 - - [21/Nov/2025:03:19:57 -0800] "GET /market/135483229 HTTP/1.1" 200 20990 "-" "Mozilla/5.0 (Linux; Android 6.0.1; Nexus 5X Build/MMB29P) AppleWebKit/537.36 (KHTML, like Gecko) Chrome/141.0.7390.122 Mobile Safari/537.36 (compatible; GoogleOther)"
66.249.69.229 - - [21/Nov/2025:03:20:06 -0800] "GET /market/63900187 HTTP/1.1" 200 21787 "-" "Mozilla/5.0 (Linux; Android 6.0.1; Nexus 5X Build/MMB29P) AppleWebKit/537.36 (KHTML, like Gecko) Chrome/141.0.7390.122 Mobile Safari/537.36 (compatible; GoogleOther)"
54.167.32.123 - - [21/Nov/2025:03:20:15 -0800] "GET /?path=//sys/class/tty/ptype/subsystem/ttyp1/subsystem/ttysc/subsystem/ttyse/subsystem/ptmx HTTP/1.1" 200 3436 "-" "Mozilla/5.0 AppleWebKit/537.36 (KHTML, like Gecko; compatible; Amazonbot/0.1; +https://developer.amazon.com/support/amazonbot) Chrome/119.0.6045.214 Safari/537.36"
44.213.36.21 - - [21/Nov/2025:03:20:22 -0800] "GET /?path=//sys/class/tty/ptype/subsystem/ttys1/subsystem/ttype/subsystem/ptyp0/subsystem/ttyp2 HTTP/1.1" 200 3425 "-" "Mozilla/5.0 AppleWebKit/537.36 (KHTML, like Gecko; compatible; Amazonbot/0.1; +https://developer.amazon.com/support/amazonbot) Chrome/119.0.6045.214 Safari/537.36"
114.119.132.242 - - [21/Nov/2025:03:20:29 -0800] "GET /search.php?items/218019513.html HTTP/1.1" 200 85909 "http://mollywoppersnyb.com/search.php?sitemap525.xml" "Mozilla/5.0 (Linux; Android 7.0;) AppleWebKit/537.36 (KHTML, like Gecko) Mobile Safari/537.36 (compatible; PetalBot;+https://webmaster.petalsearch.com/site/petalbot)"
52.201.155.215 - - [21/Nov/2025:03:20:31 -0800] "GET /?path=//sys/class/tty/ptype/subsystem/ptype/subsystem/ttyv1/subsystem/ttyp0/subsystem/ttyS0/device HTTP/1.1" 200 3670 "-" "Mozilla/5.0 AppleWebKit/537.36 (KHTML, like Gecko; compatible; Amazonbot/0.1; +https://developer.amazon.com/support/amazonbot) Chrome/119.0.6045.214 Safari/537.36"
74.91.19.178 - - [21/Nov/2025:03:19:11 -0800] "GET /wp-content/brbd606d/index.php?id=955981 HTTP/1.1" 200 295 "http://mollywoppersnyb.com/wp-content/brbd606d/index.php?id=955981" "Mozilla/5.0 (Windows NT 10.0; Win64; x64) AppleWebKit/537.36 (KHTML, like Gecko) Chrome/58.0.3029.110 Safari/537.3"
3.221.50.71 - - [21/Nov/2025:03:20:38 -0800] "GET /?path=//sys/class/tty/ptype/subsystem/ttyp0/subsystem/ttydb/subsystem/ttyp1/subsystem/ttyv3 HTTP/1.1" 200 3431 "-" "Mozilla/5.0 AppleWebKit/537.36 (KHTML, like Gecko; compatible; Amazonbot/0.1; +https://developer.amazon.com/support/amazonbot) Chrome/119.0.6045.214 Safari/537.36"
35.169.119.108 - - [21/Nov/2025:03:20:46 -0800] "GET /?path=//sys/class/tty/ptype/subsystem/ptype/subsystem/ttype/subsystem/ttyv1/subsystem/ttyS0/device HTTP/1.1" 200 3629 "-" "Mozilla/5.0 AppleWebKit/537.36 (KHTML, like Gecko; compatible; Amazonbot/0.1; +https://developer.amazon.com/support/amazonbot) Chrome/119.0.6045.214 Safari/537.36"
66.249.69.228 - - [21/Nov/2025:03:20:47 -0800] "GET /?s=2355377813705&channel=123e81&from=http://mollywoppersnyb.com/file.do?m300031916 HTTP/1.1" 200 21097 "-" "Mozilla/5.0 (Linux; Android 6.0.1; Nexus 5X Build/MMB29P) AppleWebKit/537.36 (KHTML, like Gecko) Chrome/141.0.7390.122 Mobile Safari/537.36 (compatible; GoogleOther)"
66.249.69.228 - - [21/Nov/2025:03:20:51 -0800] "GET /market/284879734 HTTP/1.1" 200 21059 "-" "Mozilla/5.0 (Linux; Android 6.0.1; Nexus 5X Build/MMB29P) AppleWebKit/537.36 (KHTML, like Gecko) Chrome/141.0.7390.122 Mobile Safari/537.36 (compatible; GoogleOther)"
34.231.118.144 - - [21/Nov/2025:03:20:54 -0800] "GET /?path=//sys/class/tty/ptype/subsystem/ptype/subsystem/ttyv1/subsystem/ttysc/subsystem/ttyv5 HTTP/1.1" 200 3429 "-" "Mozilla/5.0 AppleWebKit/537.36 (KHTML, like Gecko; compatible; Amazonbot/0.1; +https://developer.amazon.com/support/amazonbot) Chrome/119.0.6045.214 Safari/537.36"
66.249.69.228 - - [21/Nov/2025:03:20:55 -0800] "GET /market/284896683 HTTP/1.1" 200 21699 "-" "Mozilla/5.0 (Linux; Android 6.0.1; Nexus 5X Build/MMB29P) AppleWebKit/537.36 (KHTML, like Gecko) Chrome/141.0.7390.122 Mobile Safari/537.36 (compatible; GoogleOther)"
35.168.238.50 - - [21/Nov/2025:03:21:02 -0800] "GET /?path=//sys/class/tty/ptype/subsystem/ptype/subsystem/ttyv0/subsystem/ttyS0/subsystem/ptyp0 HTTP/1.1" 200 3429 "-" "Mozilla/5.0 AppleWebKit/537.36 (KHTML, like Gecko; compatible; Amazonbot/0.1; +https://developer.amazon.com/support/amazonbot) Chrome/119.0.6045.214 Safari/537.36"
34.194.95.99 - - [21/Nov/2025:03:21:11 -0800] "GET /?path=//sys/class/tty/ptype/subsystem/ttyp1/subsystem/ttyp0/subsystem/ttyp0/subsystem/ttyv2 HTTP/1.1" 200 3374 "-" "Mozilla/5.0 AppleWebKit/537.36 (KHTML, like Gecko; compatible; Amazonbot/0.1; +https://developer.amazon.com/support/amazonbot) Chrome/119.0.6045.214 Safari/537.36"
66.249.69.228 - - [21/Nov/2025:03:21:14 -0800] "GET /market/284847506 HTTP/1.1" 200 20884 "-" "Mozilla/5.0 (Linux; Android 6.0.1; Nexus 5X Build/MMB29P) AppleWebKit/537.36 (KHTML, like Gecko) Chrome/141.0.7390.122 Mobile Safari/537.36 (compatible; GoogleOther)"
18.235.81.246 - - [21/Nov/2025:03:21:18 -0800] "GET /?path=//sys/class/tty/ptype/subsystem/ptype/subsystem/ttysc/subsystem/ttyua/subsystem/ttyp2 HTTP/1.1" 200 3419 "-" "Mozilla/5.0 AppleWebKit/537.36 (KHTML, like Gecko; compatible; Amazonbot/0.1; +https://developer.amazon.com/support/amazonbot) Chrome/119.0.6045.214 Safari/537.36"
66.249.69.228 - - [21/Nov/2025:03:21:19 -0800] "GET /?s=2355377813705&channel=123e81&from=http://mollywoppersnyb.com/file.do?m070023458 HTTP/1.1" 200 21780 "-" "Mozilla/5.0 (Linux; Android 6.0.1; Nexus 5X Build/MMB29P) AppleWebKit/537.36 (KHTML, like Gecko) Chrome/141.0.7390.122 Mobile Safari/537.36 (compatible; GoogleOther)"
3.226.34.98 - - [21/Nov/2025:03:21:26 -0800] "GET /?path=//sys/class/tty/ptype/subsystem/ttyp0/subsystem/ttyqb/subsystem/ttyp1/subsystem/ptyp2 HTTP/1.1" 200 3379 "-" "Mozilla/5.0 AppleWebKit/537.36 (KHTML, like Gecko; compatible; Amazonbot/0.1; +https://developer.amazon.com/support/amazonbot) Chrome/119.0.6045.214 Safari/537.36"
18.213.102.186 - - [21/Nov/2025:03:21:32 -0800] "GET /?path=//sys/class/tty/ptype/subsystem/ttyp1/subsystem/ttydb/subsystem/ttype/subsystem/ttyre HTTP/1.1" 200 3372 "-" "Mozilla/5.0 AppleWebKit/537.36 (KHTML, like Gecko; compatible; Amazonbot/0.1; +https://developer.amazon.com/support/amazonbot) Chrome/119.0.6045.214 Safari/537.36"
66.249.69.228 - - [21/Nov/2025:03:21:41 -0800] "GET /market/1142058014 HTTP/1.1" 200 20578 "-" "Mozilla/5.0 (Linux; Android 6.0.1; Nexus 5X Build/MMB29P) AppleWebKit/537.36 (KHTML, like Gecko) Chrome/141.0.7390.122 Mobile Safari/537.36 (compatible; GoogleOther)"
100.29.34.97 - - [21/Nov/2025:03:21:42 -0800] "GET /?path=//sys/class/tty/ptype/subsystem/ptype/subsystem/ttyv0/subsystem/ttyec/subsystem/ttyS1 HTTP/1.1" 200 4082 "-" "Mozilla/5.0 AppleWebKit/537.36 (KHTML, like Gecko; compatible; Amazonbot/0.1; +https://developer.amazon.com/support/amazonbot) Chrome/119.0.6045.214 Safari/537.36"
100.27.153.9 - - [21/Nov/2025:03:21:47 -0800] "GET /?path=//sys/class/tty/ptype/subsystem/ptyp1/subsystem/ttysc/subsystem/ptyp1/subsystem/ttyS1 HTTP/1.1" 200 4056 "-" "Mozilla/5.0 AppleWebKit/537.36 (KHTML, like Gecko; compatible; Amazonbot/0.1; +https://developer.amazon.com/support/amazonbot) Chrome/119.0.6045.214 Safari/537.36"
114.119.138.33 - - [21/Nov/2025:03:21:50 -0800] "GET /search.php?items/218016271.html HTTP/1.1" 200 86346 "http://mollywoppersnyb.com/search.php?sitemap605.xml" "Mozilla/5.0 (Linux; Android 7.0;) AppleWebKit/537.36 (KHTML, like Gecko) Mobile Safari/537.36 (compatible; PetalBot;+https://webmaster.petalsearch.com/site/petalbot)"
18.214.124.6 - - [21/Nov/2025:03:21:51 -0800] "GET /?path=//sys/class/tty/ptype/subsystem/ptyp1/subsystem/ttysc/subsystem/ptyp1/subsystem/ttys1 HTTP/1.1" 200 3400 "-" "Mozilla/5.0 AppleWebKit/537.36 (KHTML, like Gecko; compatible; Amazonbot/0.1; +https://developer.amazon.com/support/amazonbot) Chrome/119.0.6045.214 Safari/537.36"
66.249.69.228 - - [21/Nov/2025:03:21:51 -0800] "GET /market/165941660 HTTP/1.1" 200 20944 "-" "Mozilla/5.0 (Linux; Android 6.0.1; Nexus 5X Build/MMB29P) AppleWebKit/537.36 (KHTML, like Gecko) Chrome/141.0.7390.122 Mobile Safari/537.36 (compatible; GoogleOther)"
44.197.76.210 - - [21/Nov/2025:03:21:59 -0800] "GET /?path=//sys/class/tty/ptype/subsystem/ttype/subsystem/ttysc/subsystem/ttys1/subsystem/ptmx HTTP/1.1" 200 3428 "-" "Mozilla/5.0 AppleWebKit/537.36 (KHTML, like Gecko; compatible; Amazonbot/0.1; +https://developer.amazon.com/support/amazonbot) Chrome/119.0.6045.214 Safari/537.36"
66.249.69.228 - - [21/Nov/2025:03:22:00 -0800] "GET /market/63797219 HTTP/1.1" 200 21124 "-" "Mozilla/5.0 (Linux; Android 6.0.1; Nexus 5X Build/MMB29P) AppleWebKit/537.36 (KHTML, like Gecko) Chrome/141.0.7390.122 Mobile Safari/537.36 (compatible; GoogleOther)"
66.249.69.228 - - [21/Nov/2025:03:22:07 -0800] "GET /market/165779199 HTTP/1.1" 200 21425 "-" "Mozilla/5.0 (Linux; Android 6.0.1; Nexus 5X Build/MMB29P) AppleWebKit/537.36 (KHTML, like Gecko) Chrome/141.0.7390.122 Mobile Safari/537.36 (compatible; GoogleOther)"
52.71.218.25 - - [21/Nov/2025:03:22:11 -0800] "GET /?path=//sys/class/tty/ptype/subsystem/ptype/subsystem/ptyp0/subsystem/ttyqb/subsystem/ttyv3 HTTP/1.1" 200 3418 "-" "Mozilla/5.0 AppleWebKit/537.36 (KHTML, like Gecko; compatible; Amazonbot/0.1; +https://developer.amazon.com/support/amazonbot) Chrome/119.0.6045.214 Safari/537.36"
66.249.69.228 - - [21/Nov/2025:03:22:13 -0800] "GET /?s=2355377813705&channel=123e81&from=http://mollywoppersnyb.com/file.do?m145042479 HTTP/1.1" 200 21060 "-" "Mozilla/5.0 (Linux; Android 6.0.1; Nexus 5X Build/MMB29P) AppleWebKit/537.36 (KHTML, like Gecko) Chrome/141.0.7390.122 Mobile Safari/537.36 (compatible; GoogleOther)"
54.197.102.71 - - [21/Nov/2025:03:22:15 -0800] "GET /?path=//sys/class/tty/ptype/subsystem/ptype/subsystem/ttyv0/subsystem/ttyec/subsystem/ttys1 HTTP/1.1" 200 3434 "-" "Mozilla/5.0 AppleWebKit/537.36 (KHTML, like Gecko; compatible; Amazonbot/0.1; +https://developer.amazon.com/support/amazonbot) Chrome/119.0.6045.214 Safari/537.36"
54.225.148.123 - - [21/Nov/2025:03:22:20 -0800] "GET /?path=//sys/class/tty/ptype/subsystem/ttyp0/subsystem/ttysc/subsystem/ttydb/subsystem/ttyp2 HTTP/1.1" 200 3432 "-" "Mozilla/5.0 AppleWebKit/537.36 (KHTML, like Gecko; compatible; Amazonbot/0.1; +https://developer.amazon.com/support/amazonbot) Chrome/119.0.6045.214 Safari/537.36"
66.249.69.228 - - [21/Nov/2025:03:22:22 -0800] "GET /?s=2355377813705&channel=123e81&from=http://mollywoppersnyb.com/file.do?m252005760 HTTP/1.1" 200 21768 "-" "Mozilla/5.0 (Linux; Android 6.0.1; Nexus 5X Build/MMB29P) AppleWebKit/537.36 (KHTML, like Gecko) Chrome/141.0.7390.122 Mobile Safari/537.36 (compatible; GoogleOther)"
3.232.102.111 - - [21/Nov/2025:03:22:27 -0800] "GET /?path=//sys/class/tty/ptype/subsystem/ttyp0/subsystem/ttyv1/subsystem/ptype/subsystem/ttyv2 HTTP/1.1" 200 3401 "-" "Mozilla/5.0 AppleWebKit/537.36 (KHTML, like Gecko; compatible; Amazonbot/0.1; +https://developer.amazon.com/support/amazonbot) Chrome/119.0.6045.214 Safari/537.36"
74.91.19.178 - - [21/Nov/2025:03:20:40 -0800] "GET /wp-content/brbd606d/index.php?id=955981 HTTP/1.1" 200 295 "http://mollywoppersnyb.com/wp-content/brbd606d/index.php?id=955981" "Mozilla/5.0 (Windows NT 10.0; Win64; x64) AppleWebKit/537.36 (KHTML, like Gecko) Chrome/58.0.3029.110 Safari/537.3"
66.249.69.228 - - [21/Nov/2025:03:22:38 -0800] "GET /m175007679 HTTP/1.1" 200 22117 "-" "Mozilla/5.0 (Linux; Android 6.0.1; Nexus 5X Build/MMB29P) AppleWebKit/537.36 (KHTML, like Gecko) Chrome/141.0.7390.122 Mobile Safari/537.36 (compatible; GoogleOther)"
34.205.170.13 - - [21/Nov/2025:03:22:39 -0800] "GET /?path=//sys/class/tty/ptype/subsystem/ttysc/subsystem/ptype/subsystem/ttyp1/subsystem/ptmx HTTP/1.1" 200 3401 "-" "Mozilla/5.0 AppleWebKit/537.36 (KHTML, like Gecko; compatible; Amazonbot/0.1; +https://developer.amazon.com/support/amazonbot) Chrome/119.0.6045.214 Safari/537.36"
66.249.69.228 - - [21/Nov/2025:03:22:45 -0800] "GET /?s=2355377813705&channel=123e81&from=http://mollywoppersnyb.com/file.do?m005046839 HTTP/1.1" 200 26294 "-" "Mozilla/5.0 (Linux; Android 6.0.1; Nexus 5X Build/MMB29P) AppleWebKit/537.36 (KHTML, like Gecko) Chrome/141.0.7390.122 Mobile Safari/537.36 (compatible; GoogleOther)"
34.192.125.239 - - [21/Nov/2025:03:22:52 -0800] "GET /?path=//sys/class/tty/ptype/subsystem/ttype/subsystem/ttycc/subsystem/ttyec HTTP/1.1" 200 3418 "-" "Mozilla/5.0 AppleWebKit/537.36 (KHTML, like Gecko; compatible; Amazonbot/0.1; +https://developer.amazon.com/support/amazonbot) Chrome/119.0.6045.214 Safari/537.36"
66.249.69.228 - - [21/Nov/2025:03:22:54 -0800] "GET /market/93915094 HTTP/1.1" 200 20695 "-" "Mozilla/5.0 (Linux; Android 6.0.1; Nexus 5X Build/MMB29P) AppleWebKit/537.36 (KHTML, like Gecko) Chrome/141.0.7390.122 Mobile Safari/537.36 (compatible; GoogleOther)"
34.224.132.215 - - [21/Nov/2025:03:22:54 -0800] "GET /?path=//sys/class/tty/ptype/subsystem/ttys0/subsystem/ttype/subsystem/ptyp1/subsystem/ptyp0 HTTP/1.1" 200 3367 "-" "Mozilla/5.0 AppleWebKit/537.36 (KHTML, like Gecko; compatible; Amazonbot/0.1; +https://developer.amazon.com/support/amazonbot) Chrome/119.0.6045.214 Safari/537.36"
34.224.132.215 - - [21/Nov/2025:03:23:03 -0800] "GET /?path=//sys/class/tty/ptype/subsystem/ttyS0/subsystem/ttype/subsystem/ptyp1/subsystem/ptyp0 HTTP/1.1" 200 3368 "-" "Mozilla/5.0 AppleWebKit/537.36 (KHTML, like Gecko; compatible; Amazonbot/0.1; +https://developer.amazon.com/support/amazonbot) Chrome/119.0.6045.214 Safari/537.36"
66.249.69.229 - - [21/Nov/2025:03:23:08 -0800] "GET /market/177373113 HTTP/1.1" 200 27430 "-" "Mozilla/5.0 (Linux; Android 6.0.1; Nexus 5X Build/MMB29P) AppleWebKit/537.36 (KHTML, like Gecko) Chrome/141.0.7390.122 Mobile Safari/537.36 (compatible; GoogleOther)"
114.119.158.83 - - [21/Nov/2025:03:23:08 -0800] "GET /search.php?items/218009401.html HTTP/1.1" 200 86591 "http://mollywoppersnyb.com/search.php?sitemap525.xml" "Mozilla/5.0 (Linux; Android 7.0;) AppleWebKit/537.36 (KHTML, like Gecko) Mobile Safari/537.36 (compatible; PetalBot;+https://webmaster.petalsearch.com/site/petalbot)"
66.249.69.228 - - [21/Nov/2025:03:23:12 -0800] "GET /m193000197 HTTP/1.1" 200 21154 "-" "Mozilla/5.0 (Linux; Android 6.0.1; Nexus 5X Build/MMB29P) AppleWebKit/537.36 (KHTML, like Gecko) Chrome/141.0.7390.122 Mobile Safari/537.36 (compatible; GoogleOther)"
34.233.219.155 - - [21/Nov/2025:03:23:15 -0800] "GET /?path=//sys/class/tty/ptype/subsystem/ttype/subsystem/ttysc/subsystem/ttyS1/subsystem/ptmx HTTP/1.1" 200 3431 "-" "Mozilla/5.0 AppleWebKit/537.36 (KHTML, like Gecko; compatible; Amazonbot/0.1; +https://developer.amazon.com/support/amazonbot) Chrome/119.0.6045.214 Safari/537.36"
66.249.69.228 - - [21/Nov/2025:03:23:19 -0800] "GET /?s=2355377813705&channel=123e81&from=http://mollywoppersnyb.com/file.do?m291049105 HTTP/1.1" 200 20543 "-" "Mozilla/5.0 (Linux; Android 6.0.1; Nexus 5X Build/MMB29P) AppleWebKit/537.36 (KHTML, like Gecko) Chrome/141.0.7390.122 Mobile Safari/537.36 (compatible; GoogleOther)"
52.2.4.213 - - [21/Nov/2025:03:23:23 -0800] "GET /?path=//sys/class/tty/ptype/subsystem/ttyp1/subsystem/ttyvd/subsystem/ttyp1/subsystem/ttyqb HTTP/1.1" 200 3378 "-" "Mozilla/5.0 AppleWebKit/537.36 (KHTML, like Gecko; compatible; Amazonbot/0.1; +https://developer.amazon.com/support/amazonbot) Chrome/119.0.6045.214 Safari/537.36"
54.84.102.81 - - [21/Nov/2025:03:23:27 -0800] "GET /?path=//sys/class/tty/ptype/subsystem/ttyp0/subsystem/ttyp0/subsystem/ttyp1/subsystem/ptyp0 HTTP/1.1" 200 3402 "-" "Mozilla/5.0 AppleWebKit/537.36 (KHTML, like Gecko; compatible; Amazonbot/0.1; +https://developer.amazon.com/support/amazonbot) Chrome/119.0.6045.214 Safari/537.36"
66.249.69.228 - - [21/Nov/2025:03:23:30 -0800] "GET /market/284857308 HTTP/1.1" 200 20550 "-" "Mozilla/5.0 (Linux; Android 6.0.1; Nexus 5X Build/MMB29P) AppleWebKit/537.36 (KHTML, like Gecko) Chrome/141.0.7390.122 Mobile Safari/537.36 (compatible; GoogleOther)"
66.249.69.228 - - [21/Nov/2025:03:23:36 -0800] "GET /market/151991895 HTTP/1.1" 200 21140 "-" "Mozilla/5.0 (Linux; Android 6.0.1; Nexus 5X Build/MMB29P) AppleWebKit/537.36 (KHTML, like Gecko) Chrome/141.0.7390.122 Mobile Safari/537.36 (compatible; GoogleOther)"
18.232.11.247 - - [21/Nov/2025:03:23:40 -0800] "GET /?path=//sys/class/tty/ptype/subsystem/ttyp1/subsystem/ptype/subsystem/ttyp2/subsystem/ttynull HTTP/1.1" 200 3463 "-" "Mozilla/5.0 AppleWebKit/537.36 (KHTML, like Gecko; compatible; Amazonbot/0.1; +https://developer.amazon.com/support/amazonbot) Chrome/119.0.6045.214 Safari/537.36"
66.249.69.228 - - [21/Nov/2025:03:23:40 -0800] "GET /market/195919436 HTTP/1.1" 200 20217 "-" "Mozilla/5.0 (Linux; Android 6.0.1; Nexus 5X Build/MMB29P) AppleWebKit/537.36 (KHTML, like Gecko) Chrome/141.0.7390.122 Mobile Safari/537.36 (compatible; GoogleOther)"
204.12.208.18 - - [21/Nov/2025:03:23:42 -0800] "GET /wp-content/brbd606d/index.php HTTP/1.1" 200 301 "http://mollywoppersnyb.com/wp-content/brbd606d/index.php" "Mozilla/5.0 (Macintosh; U; Intel Mac OS X 10_6_2; ja-jp) AppleWebKit/531.21.8 (KHTML, like Gecko) Version/4.0.4 Safari/531.21.10"
52.202.233.37 - - [21/Nov/2025:03:23:43 -0800] "GET /?path=//sys/class/tty/ptype/subsystem/ptype/subsystem/ttyp0/subsystem/ttyrf/subsystem/ttyv3 HTTP/1.1" 200 3415 "-" "Mozilla/5.0 AppleWebKit/537.36 (KHTML, like Gecko; compatible; Amazonbot/0.1; +https://developer.amazon.com/support/amazonbot) Chrome/119.0.6045.214 Safari/537.36"
20.166.37.119 - - [21/Nov/2025:03:23:48 -0800] "GET /wp-content/plugins/hellopress/wp_filemanager.php HTTP/1.1" 429 429 "-" "-"
20.166.37.119 - - [21/Nov/2025:03:23:48 -0800] "GET /class-t.api.php HTTP/1.1" 429 429 "-" "-"
20.166.37.119 - - [21/Nov/2025:03:23:48 -0800] "GET /zwso.php HTTP/1.1" 429 429 "-" "-"
20.166.37.119 - - [21/Nov/2025:03:23:49 -0800] "GET /wp-content/uploads/autoload_classmap.php HTTP/1.1" 429 429 "-" "-"
20.166.37.119 - - [21/Nov/2025:03:23:49 -0800] "GET /wp-content/plugins/dummyyummy/wp-signup.php HTTP/1.1" 429 429 "-" "-"
20.166.37.119 - - [21/Nov/2025:03:23:49 -0800] "GET /wp-admin/css/colors/blue/index.php HTTP/1.1" 429 429 "-" "-"
20.166.37.119 - - [21/Nov/2025:03:23:49 -0800] "GET /admin.php?p= HTTP/1.1" 429 429 "-" "-"
20.166.37.119 - - [21/Nov/2025:03:23:49 -0800] "GET /.well-known/acme-challenge/install.php HTTP/1.1" 429 429 "-" "-"
20.166.37.119 - - [21/Nov/2025:03:23:49 -0800] "GET /mpvloi.php HTTP/1.1" 429 429 "-" "-"
20.166.37.119 - - [21/Nov/2025:03:23:50 -0800] "GET /wp-includes/0.php HTTP/1.1" 429 429 "-" "-"
20.166.37.119 - - [21/Nov/2025:03:23:50 -0800] "GET /randkeyword.php HTTP/1.1" 429 429 "-" "-"
20.166.37.119 - - [21/Nov/2025:03:23:50 -0800] "GET /fwe.php HTTP/1.1" 429 429 "-" "-"
20.166.37.119 - - [21/Nov/2025:03:23:50 -0800] "GET /wp-includes/cs.php HTTP/1.1" 429 429 "-" "-"
20.166.37.119 - - [21/Nov/2025:03:23:50 -0800] "GET /wikindex.php HTTP/1.1" 429 429 "-" "-"
20.166.37.119 - - [21/Nov/2025:03:23:50 -0800] "GET /images/m.php HTTP/1.1" 429 429 "-" "-"
20.166.37.119 - - [21/Nov/2025:03:23:50 -0800] "GET /wp-includes/css/kses.php HTTP/1.1" 429 429 "-" "-"
20.166.37.119 - - [21/Nov/2025:03:23:51 -0800] "GET /jagoan.php HTTP/1.1" 429 429 "-" "-"
20.166.37.119 - - [21/Nov/2025:03:23:51 -0800] "GET /images/g3.php HTTP/1.1" 429 429 "-" "-"
20.166.37.119 - - [21/Nov/2025:03:23:51 -0800] "GET /.well-known/zaza.php HTTP/1.1" 429 429 "-" "-"
20.166.37.119 - - [21/Nov/2025:03:23:51 -0800] "GET /.well-known/acme-challenge/myip.php HTTP/1.1" 429 429 "-" "-"
20.166.37.119 - - [21/Nov/2025:03:23:52 -0800] "GET /htaccess.php HTTP/1.1" 429 429 "-" "-"
20.166.37.119 - - [21/Nov/2025:03:23:52 -0800] "GET /readme.php HTTP/1.1" 429 429 "-" "-"
20.166.37.119 - - [21/Nov/2025:03:23:52 -0800] "GET /Cok.php HTTP/1.1" 429 429 "-" "-"
20.166.37.119 - - [21/Nov/2025:03:23:52 -0800] "GET /hob.php HTTP/1.1" 429 429 "-" "-"
20.166.37.119 - - [21/Nov/2025:03:23:53 -0800] "GET /x50.php HTTP/1.1" 429 429 "-" "-"
20.166.37.119 - - [21/Nov/2025:03:23:53 -0800] "GET /fh26.php HTTP/1.1" 429 429 "-" "-"
20.166.37.119 - - [21/Nov/2025:03:23:53 -0800] "GET /wp-wlx.php HTTP/1.1" 429 429 "-" "-"
20.166.37.119 - - [21/Nov/2025:03:23:53 -0800] "GET /kal.php HTTP/1.1" 429 429 "-" "-"
20.166.37.119 - - [21/Nov/2025:03:23:53 -0800] "GET /fv.php HTTP/1.1" 429 429 "-" "-"
20.166.37.119 - - [21/Nov/2025:03:23:53 -0800] "GET /lx.php HTTP/1.1" 429 429 "-" "-"
20.166.37.119 - - [21/Nov/2025:03:23:54 -0800] "GET /w1w.php HTTP/1.1" 429 429 "-" "-"
20.166.37.119 - - [21/Nov/2025:03:23:54 -0800] "GET /cafe.php HTTP/1.1" 429 429 "-" "-"
20.166.37.119 - - [21/Nov/2025:03:23:54 -0800] "GET /ww2.php HTTP/1.1" 429 429 "-" "-"
20.166.37.119 - - [21/Nov/2025:03:23:54 -0800] "GET /ww3.php HTTP/1.1" 429 429 "-" "-"
20.166.37.119 - - [21/Nov/2025:03:23:54 -0800] "GET /ww4.php HTTP/1.1" 429 429 "-" "-"
20.166.37.119 - - [21/Nov/2025:03:23:55 -0800] "GET /as.php HTTP/1.1" 429 429 "-" "-"
20.166.37.119 - - [21/Nov/2025:03:23:55 -0800] "GET /wsd.php HTTP/1.1" 429 429 "-" "-"
20.166.37.119 - - [21/Nov/2025:03:23:55 -0800] "GET /403.php HTTP/1.1" 429 429 "-" "-"
20.166.37.119 - - [21/Nov/2025:03:23:55 -0800] "GET /max.php HTTP/1.1" 429 429 "-" "-"
20.166.37.119 - - [21/Nov/2025:03:23:55 -0800] "GET /m.php HTTP/1.1" 429 429 "-" "-"
20.166.37.119 - - [21/Nov/2025:03:23:55 -0800] "GET /post.php HTTP/1.1" 429 429 "-" "-"
20.166.37.119 - - [21/Nov/2025:03:23:56 -0800] "GET /themes.php HTTP/1.1" 429 429 "-" "-"
20.166.37.119 - - [21/Nov/2025:03:23:56 -0800] "GET /wp-content/themes/astra/inc/ki1k.php HTTP/1.1" 429 429 "-" "-"
20.166.37.119 - - [21/Nov/2025:03:23:56 -0800] "GET /ALFA_DATA/index.php HTTP/1.1" 429 429 "-" "-"
20.166.37.119 - - [21/Nov/2025:03:23:56 -0800] "GET /wp-admin/maint/about.php HTTP/1.1" 429 429 "-" "-"
20.166.37.119 - - [21/Nov/2025:03:23:57 -0800] "GET /wp-admin/network/wp-conflg.php?p= HTTP/1.1" 429 429 "-" "-"
20.166.37.119 - - [21/Nov/2025:03:23:57 -0800] "GET /click.php HTTP/1.1" 429 429 "-" "-"
20.166.37.119 - - [21/Nov/2025:03:23:57 -0800] "GET /install.php HTTP/1.1" 429 429 "-" "-"
20.166.37.119 - - [21/Nov/2025:03:23:57 -0800] "GET /lv.php HTTP/1.1" 429 429 "-" "-"
20.166.37.119 - - [21/Nov/2025:03:23:57 -0800] "GET /simple.php HTTP/1.1" 429 429 "-" "-"
20.166.37.119 - - [21/Nov/2025:03:23:57 -0800] "GET /13k.php HTTP/1.1" 429 429 "-" "-"
66.249.69.229 - - [21/Nov/2025:03:23:57 -0800] "GET /market/1126000302 HTTP/1.1" 200 21328 "-" "Mozilla/5.0 (Linux; Android 6.0.1; Nexus 5X Build/MMB29P) AppleWebKit/537.36 (KHTML, like Gecko) Chrome/141.0.7390.122 Mobile Safari/537.36 (compatible; GoogleOther)"
20.166.37.119 - - [21/Nov/2025:03:23:58 -0800] "GET /css.php HTTP/1.1" 429 429 "-" "-"
20.166.37.119 - - [21/Nov/2025:03:23:58 -0800] "GET /yellow.php HTTP/1.1" 429 429 "-" "-"
20.166.37.119 - - [21/Nov/2025:03:23:58 -0800] "GET /cong.php HTTP/1.1" 429 429 "-" "-"
20.166.37.119 - - [21/Nov/2025:03:23:58 -0800] "GET /fw.php HTTP/1.1" 429 429 "-" "-"
20.166.37.119 - - [21/Nov/2025:03:23:59 -0800] "GET /bs1.php HTTP/1.1" 429 429 "-" "-"
20.166.37.119 - - [21/Nov/2025:03:23:59 -0800] "GET /wp-includes/images/wp-login.php HTTP/1.1" 429 429 "-" "-"
20.166.37.119 - - [21/Nov/2025:03:23:59 -0800] "GET /termps.php HTTP/1.1" 429 429 "-" "-"
20.166.37.119 - - [21/Nov/2025:03:23:59 -0800] "GET /co.php HTTP/1.1" 429 429 "-" "-"
20.166.37.119 - - [21/Nov/2025:03:23:59 -0800] "GET /cong.php HTTP/1.1" 429 429 "-" "-"
20.166.37.119 - - [21/Nov/2025:03:24:00 -0800] "GET /atomlib.php HTTP/1.1" 429 429 "-" "-"
20.166.37.119 - - [21/Nov/2025:03:24:00 -0800] "GET /w.php HTTP/1.1" 429 429 "-" "-"
20.166.37.119 - - [21/Nov/2025:03:24:00 -0800] "GET /404.php HTTP/1.1" 429 429 "-" "-"
20.166.37.119 - - [21/Nov/2025:03:24:00 -0800] "GET /ioxi-o.php HTTP/1.1" 429 429 "-" "-"
20.166.37.119 - - [21/Nov/2025:03:24:00 -0800] "GET /wp-content/product.php HTTP/1.1" 429 429 "-" "-"
20.166.37.119 - - [21/Nov/2025:03:24:01 -0800] "GET /wp-content/function.php HTTP/1.1" 429 429 "-" "-"
20.166.37.119 - - [21/Nov/2025:03:24:01 -0800] "GET /0x.php HTTP/1.1" 429 429 "-" "-"
20.166.37.119 - - [21/Nov/2025:03:24:01 -0800] "GET /css.php HTTP/1.1" 429 429 "-" "-"
20.166.37.119 - - [21/Nov/2025:03:24:01 -0800] "GET /222.php HTTP/1.1" 429 429 "-" "-"
20.166.37.119 - - [21/Nov/2025:03:24:01 -0800] "GET /wp-content/index.php HTTP/1.1" 429 429 "-" "-"
20.166.37.119 - - [21/Nov/2025:03:24:01 -0800] "GET /1.php HTTP/1.1" 429 429 "-" "-"
20.166.37.119 - - [21/Nov/2025:03:24:01 -0800] "GET /admin.php HTTP/1.1" 429 429 "-" "-"
20.166.37.119 - - [21/Nov/2025:03:24:02 -0800] "GET /wp-admin/maint/maint.php HTTP/1.1" 429 429 "-" "-"
20.166.37.119 - - [21/Nov/2025:03:24:02 -0800] "GET /classwithtostring.php HTTP/1.1" 429 429 "-" "-"
20.166.37.119 - - [21/Nov/2025:03:24:02 -0800] "GET /abcd.php HTTP/1.1" 429 429 "-" "-"
20.166.37.119 - - [21/Nov/2025:03:24:02 -0800] "GET /dropdown.php HTTP/1.1" 429 429 "-" "-"
20.166.37.119 - - [21/Nov/2025:03:24:02 -0800] "GET /moon.php HTTP/1.1" 429 429 "-" "-"
20.166.37.119 - - [21/Nov/2025:03:24:02 -0800] "GET /0x.php HTTP/1.1" 429 429 "-" "-"
20.166.37.119 - - [21/Nov/2025:03:24:03 -0800] "GET /moon.php?p= HTTP/1.1" 429 429 "-" "-"
20.166.37.119 - - [21/Nov/2025:03:24:03 -0800] "GET /autoload_classmap.php?p= HTTP/1.1" 429 429 "-" "-"
20.166.37.119 - - [21/Nov/2025:03:24:03 -0800] "GET /inputs.php HTTP/1.1" 429 429 "-" "-"
52.204.89.12 - - [21/Nov/2025:03:24:02 -0800] "GET /?path=//sys/class/tty/ptype/subsystem/ptype/subsystem/ttys0/subsystem/ptype/subsystem/ttyS1/device HTTP/1.1" 200 3657 "-" "Mozilla/5.0 AppleWebKit/537.36 (KHTML, like Gecko; compatible; Amazonbot/0.1; +https://developer.amazon.com/support/amazonbot) Chrome/119.0.6045.214 Safari/537.36"
20.166.37.119 - - [21/Nov/2025:03:24:03 -0800] "GET /default.php HTTP/1.1" 429 429 "-" "-"
20.166.37.119 - - [21/Nov/2025:03:24:03 -0800] "GET /fm.php?p= HTTP/1.1" 429 429 "-" "-"
20.166.37.119 - - [21/Nov/2025:03:24:03 -0800] "GET /about.php HTTP/1.1" 429 429 "-" "-"
20.166.37.119 - - [21/Nov/2025:03:24:04 -0800] "GET /alfa.php HTTP/1.1" 429 429 "-" "-"
20.166.37.119 - - [21/Nov/2025:03:24:04 -0800] "GET /buy.php HTTP/1.1" 429 429 "-" "-"
20.166.37.119 - - [21/Nov/2025:03:24:04 -0800] "GET /themes/twentytwentytwo/index.php HTTP/1.1" 429 429 "-" "-"
20.166.37.119 - - [21/Nov/2025:03:24:04 -0800] "GET /wp-admin/js/wp-conflg.php?p= HTTP/1.1" 429 429 "-" "-"
20.166.37.119 - - [21/Nov/2025:03:24:04 -0800] "GET /wp-admin/wp-conflg.php?p= HTTP/1.1" 429 429 "-" "-"
20.166.37.119 - - [21/Nov/2025:03:24:05 -0800] "GET /wp-admin/css/wp-conflg.php?p= HTTP/1.1" 429 429 "-" "-"
20.166.37.119 - - [21/Nov/2025:03:24:05 -0800] "GET /manager.php?p= HTTP/1.1" 429 429 "-" "-"
20.166.37.119 - - [21/Nov/2025:03:24:05 -0800] "GET /js/fm.php HTTP/1.1" 429 429 "-" "-"
20.166.37.119 - - [21/Nov/2025:03:24:05 -0800] "GET /item.php HTTP/1.1" 429 429 "-" "-"
20.166.37.119 - - [21/Nov/2025:03:24:05 -0800] "GET /plugins/Cache/footer.php HTTP/1.1" 429 429 "-" "-"
20.166.37.119 - - [21/Nov/2025:03:24:05 -0800] "GET /404.php HTTP/1.1" 429 429 "-" "-"
20.166.37.119 - - [21/Nov/2025:03:24:06 -0800] "GET /mail.php HTTP/1.1" 429 429 "-" "-"
20.166.37.119 - - [21/Nov/2025:03:24:06 -0800] "GET /wp-content/plugins/index.php HTTP/1.1" 429 429 "-" "-"
20.166.37.119 - - [21/Nov/2025:03:24:06 -0800] "GET /sx.php HTTP/1.1" 429 429 "-" "-"
20.166.37.119 - - [21/Nov/2025:03:24:06 -0800] "GET /wp-admin/maint/admin.php HTTP/1.1" 429 429 "-" "-"
20.166.37.119 - - [21/Nov/2025:03:24:06 -0800] "GET /article.php HTTP/1.1" 429 429 "-" "-"
20.166.37.119 - - [21/Nov/2025:03:24:07 -0800] "GET /alfa.php HTTP/1.1" 429 448 "-" "-"
20.166.37.119 - - [21/Nov/2025:03:24:10 -0800] "GET /1.php HTTP/1.1" 429 429 "-" "-"
20.166.37.119 - - [21/Nov/2025:03:24:11 -0800] "GET /403.php HTTP/1.1" 429 429 "-" "-"
20.166.37.119 - - [21/Nov/2025:03:24:11 -0800] "GET /link.php HTTP/1.1" 429 429 "-" "-"
20.166.37.119 - - [21/Nov/2025:03:24:11 -0800] "GET /byp.php HTTP/1.1" 429 429 "-" "-"
52.5.232.250 - - [21/Nov/2025:03:24:10 -0800] "GET /?path=//sys/class/tty/ptype/subsystem/ptype/subsystem/console/subsystem/ttynull/subsystem/console HTTP/1.1" 200 3409 "-" "Mozilla/5.0 AppleWebKit/537.36 (KHTML, like Gecko; compatible; Amazonbot/0.1; +https://developer.amazon.com/support/amazonbot) Chrome/119.0.6045.214 Safari/537.36"
20.166.37.119 - - [21/Nov/2025:03:24:11 -0800] "GET /ws.php HTTP/1.1" 429 429 "-" "-"
20.166.37.119 - - [21/Nov/2025:03:24:11 -0800] "GET /wp-trackback.php HTTP/1.1" 429 429 "-" "-"
20.166.37.119 - - [21/Nov/2025:03:24:11 -0800] "GET /.well-known/index.php HTTP/1.1" 429 429 "-" "-"
66.249.69.228 - - [21/Nov/2025:03:24:11 -0800] "GET /m072027326 HTTP/1.1" 200 21997 "-" "Mozilla/5.0 (Linux; Android 6.0.1; Nexus 5X Build/MMB29P) AppleWebKit/537.36 (KHTML, like Gecko) Chrome/141.0.7390.122 Mobile Safari/537.36 (compatible; GoogleOther)"
20.166.37.119 - - [21/Nov/2025:03:24:12 -0800] "GET /wp-includes/certificates/plugins.php HTTP/1.1" 429 429 "-" "-"
20.166.37.119 - - [21/Nov/2025:03:24:12 -0800] "GET /wp-content/themes/seotheme/mar.php HTTP/1.1" 429 429 "-" "-"
20.166.37.119 - - [21/Nov/2025:03:24:12 -0800] "GET /wp-admin/network/plugins.php HTTP/1.1" 429 429 "-" "-"
20.166.37.119 - - [21/Nov/2025:03:24:12 -0800] "GET /wp-admin/about.php HTTP/1.1" 429 429 "-" "-"
20.166.37.119 - - [21/Nov/2025:03:24:12 -0800] "GET /gmo.php HTTP/1.1" 429 429 "-" "-"
20.166.37.119 - - [21/Nov/2025:03:24:13 -0800] "GET /wp-includes/ID3/about.php HTTP/1.1" 429 429 "-" "-"
20.166.37.119 - - [21/Nov/2025:03:24:13 -0800] "GET /css/index.php HTTP/1.1" 429 429 "-" "-"
20.166.37.119 - - [21/Nov/2025:03:24:13 -0800] "GET /wp-admin/includes/xmrlpc.php?p= HTTP/1.1" 429 429 "-" "-"
20.166.37.119 - - [21/Nov/2025:03:24:13 -0800] "GET /wp-includes/SimplePie/wp-login.php HTTP/1.1" 429 429 "-" "-"
20.166.37.119 - - [21/Nov/2025:03:24:14 -0800] "GET /wp-content/themes/about.php HTTP/1.1" 429 429 "-" "-"
20.166.37.119 - - [21/Nov/2025:03:24:14 -0800] "GET /filemanager/dialog.php HTTP/1.1" 429 429 "-" "-"
20.166.37.119 - - [21/Nov/2025:03:24:14 -0800] "GET /wp-admin/maint/index.php HTTP/1.1" 429 429 "-" "-"
20.166.37.119 - - [21/Nov/2025:03:24:14 -0800] "GET /wp-includes/Requests/Text/admin.php HTTP/1.1" 429 429 "-" "-"
20.166.37.119 - - [21/Nov/2025:03:24:14 -0800] "GET /wp-includes/customize/about.php HTTP/1.1" 429 429 "-" "-"
20.166.37.119 - - [21/Nov/2025:03:24:15 -0800] "GET /index/function.php HTTP/1.1" 429 429 "-" "-"
20.166.37.119 - - [21/Nov/2025:03:24:15 -0800] "GET /uploads/autoload_classmap.php HTTP/1.1" 429 429 "-" "-"
20.166.37.119 - - [21/Nov/2025:03:24:15 -0800] "GET /wp-includes/css/dist/preferences/wp-login.php HTTP/1.1" 429 429 "-" "-"
20.166.37.119 - - [21/Nov/2025:03:24:16 -0800] "GET /wp-includes/style-engine/about.php HTTP/1.1" 429 429 "-" "-"
66.249.69.230 - - [21/Nov/2025:03:24:15 -0800] "GET /market/93933036 HTTP/1.1" 200 21895 "-" "Mozilla/5.0 (Linux; Android 6.0.1; Nexus 5X Build/MMB29P) AppleWebKit/537.36 (KHTML, like Gecko) Chrome/141.0.7390.122 Mobile Safari/537.36 (compatible; GoogleOther)"
20.166.37.119 - - [21/Nov/2025:03:24:16 -0800] "GET /ww1.php HTTP/1.1" 429 429 "-" "-"
20.166.37.119 - - [21/Nov/2025:03:24:16 -0800] "GET /qqq.php HTTP/1.1" 429 429 "-" "-"
20.166.37.119 - - [21/Nov/2025:03:24:16 -0800] "GET /about/function.php HTTP/1.1" 429 429 "-" "-"
20.166.37.119 - - [21/Nov/2025:03:24:16 -0800] "GET /wp-includes/theme-compat/chosen.php HTTP/1.1" 429 429 "-" "-"
20.166.37.119 - - [21/Nov/2025:03:24:16 -0800] "GET /admin/function.php HTTP/1.1" 429 429 "-" "-"
20.166.37.119 - - [21/Nov/2025:03:24:17 -0800] "GET /.well-known/acme-challenge/index.php HTTP/1.1" 429 429 "-" "-"
20.166.37.119 - - [21/Nov/2025:03:24:17 -0800] "GET /css/colors/blue/index.php HTTP/1.1" 429 429 "-" "-"
20.166.37.119 - - [21/Nov/2025:03:24:17 -0800] "GET /wp-content/plugins/pwnd/as.php HTTP/1.1" 429 429 "-" "-"
20.166.37.119 - - [21/Nov/2025:03:24:17 -0800] "GET /wp-admin/setup-config.php HTTP/1.1" 429 429 "-" "-"
20.166.37.119 - - [21/Nov/2025:03:24:17 -0800] "GET /wp-admin/user/about.php HTTP/1.1" 429 429 "-" "-"
20.166.37.119 - - [21/Nov/2025:03:24:18 -0800] "GET /wp-admin/js/index.php HTTP/1.1" 429 429 "-" "-"
20.166.37.119 - - [21/Nov/2025:03:24:18 -0800] "GET /wp-content/upgrade/about.php HTTP/1.1" 429 429 "-" "-"
20.166.37.119 - - [21/Nov/2025:03:24:18 -0800] "GET /wp-includes/assets/index.php HTTP/1.1" 429 429 "-" "-"
20.166.37.119 - - [21/Nov/2025:03:24:19 -0800] "GET /wp-content/radio.php HTTP/1.1" 429 429 "-" "-"
20.166.37.119 - - [21/Nov/2025:03:24:19 -0800] "GET /wp-includes/fonts/index.php?p= HTTP/1.1" 429 429 "-" "-"
20.166.37.119 - - [21/Nov/2025:03:24:19 -0800] "GET /.well-known/gecko-litespeed.php HTTP/1.1" 429 429 "-" "-"
20.166.37.119 - - [21/Nov/2025:03:24:19 -0800] "GET /.well-known/admin.php HTTP/1.1" 429 429 "-" "-"
20.166.37.119 - - [21/Nov/2025:03:24:19 -0800] "GET /wp-content/admin.php HTTP/1.1" 429 429 "-" "-"
20.166.37.119 - - [21/Nov/2025:03:24:20 -0800] "GET /wp-content/plugins/admin.php HTTP/1.1" 429 429 "-" "-"
20.166.37.119 - - [21/Nov/2025:03:24:20 -0800] "GET /wp-content/themes/twentytwentytwo/index.php?p= HTTP/1.1" 429 429 "-" "-"
54.156.55.147 - - [21/Nov/2025:03:24:19 -0800] "GET /?path=//sys/class/tty/ptype/subsystem/ptype/subsystem/ttyp1/subsystem/ttyre/subsystem/ttypc HTTP/1.1" 200 3449 "-" "Mozilla/5.0 AppleWebKit/537.36 (KHTML, like Gecko; compatible; Amazonbot/0.1; +https://developer.amazon.com/support/amazonbot) Chrome/119.0.6045.214 Safari/537.36"
20.166.37.119 - - [21/Nov/2025:03:24:20 -0800] "GET /.well-known/log.php HTTP/1.1" 429 429 "-" "-"
20.166.37.119 - - [21/Nov/2025:03:24:20 -0800] "GET /class.php HTTP/1.1" 429 429 "-" "-"
20.166.37.119 - - [21/Nov/2025:03:24:21 -0800] "GET /bless5.php HTTP/1.1" 429 429 "-" "-"
20.166.37.119 - - [21/Nov/2025:03:24:21 -0800] "GET /wp-includes/js/codemirror/index.php HTTP/1.1" 429 429 "-" "-"
20.166.37.119 - - [21/Nov/2025:03:24:21 -0800] "GET /wp-includes/block-patterns/index.php HTTP/1.1" 429 429 "-" "-"
20.166.37.119 - - [21/Nov/2025:03:24:21 -0800] "GET /lock360.php HTTP/1.1" 429 429 "-" "-"
20.166.37.119 - - [21/Nov/2025:03:24:22 -0800] "GET /bge.php HTTP/1.1" 429 429 "-" "-"
20.166.37.119 - - [21/Nov/2025:03:24:22 -0800] "GET /ifm.php HTTP/1.1" 429 429 "-" "-"
20.166.37.119 - - [21/Nov/2025:03:24:22 -0800] "GET /ww5.php HTTP/1.1" 429 429 "-" "-"
20.166.37.119 - - [21/Nov/2025:03:24:22 -0800] "GET /thxt.php HTTP/1.1" 429 429 "-" "-"
20.166.37.119 - - [21/Nov/2025:03:24:22 -0800] "GET /kairolin.php HTTP/1.1" 429 429 "-" "-"
20.166.37.119 - - [21/Nov/2025:03:24:23 -0800] "GET /siln.php HTTP/1.1" 429 429 "-" "-"
66.249.69.228 - - [21/Nov/2025:03:24:27 -0800] "GET /market/165865796 HTTP/1.1" 200 21860 "-" "Mozilla/5.0 (Linux; Android 6.0.1; Nexus 5X Build/MMB29P) AppleWebKit/537.36 (KHTML, like Gecko) Chrome/141.0.7390.122 Mobile Safari/537.36 (compatible; GoogleOther)"
3.224.104.67 - - [21/Nov/2025:03:24:31 -0800] "GET /?path=//sys/class/tty/ptype/subsystem/ptype/subsystem/ttyS0/subsystem/ptype/subsystem/ttyS1/device HTTP/1.1" 200 3655 "-" "Mozilla/5.0 AppleWebKit/537.36 (KHTML, like Gecko; compatible; Amazonbot/0.1; +https://developer.amazon.com/support/amazonbot) Chrome/119.0.6045.214 Safari/537.36"
114.119.147.6 - - [21/Nov/2025:03:24:34 -0800] "GET /search.php?items/218002935.html HTTP/1.1" 200 86639 "http://mollywoppersnyb.com/search.php?sitemap605.xml" "Mozilla/5.0 (Linux; Android 7.0;) AppleWebKit/537.36 (KHTML, like Gecko) Mobile Safari/537.36 (compatible; PetalBot;+https://webmaster.petalsearch.com/site/petalbot)"
66.249.69.228 - - [21/Nov/2025:03:24:43 -0800] "GET /market/165838180 HTTP/1.1" 200 20428 "-" "Mozilla/5.0 (Linux; Android 6.0.1; Nexus 5X Build/MMB29P) AppleWebKit/537.36 (KHTML, like Gecko) Chrome/141.0.7390.122 Mobile Safari/537.36 (compatible; GoogleOther)"
204.12.208.18 - - [21/Nov/2025:03:23:22 -0800] "GET /wp-content/brbd606d/index.php HTTP/1.1" 200 295 "http://mollywoppersnyb.com/wp-content/brbd606d/index.php" "Mozilla/5.0 (Windows NT 6.1; WOW64; rv:5.0) Gecko/20100101 Firefox/5.0"
44.223.116.180 - - [21/Nov/2025:03:24:56 -0800] "GET /?path=//sys/class/tty/ptype/subsystem/ptyp1/subsystem/ttysc/subsystem/ttyqb/subsystem/ttype HTTP/1.1" 200 3458 "-" "Mozilla/5.0 AppleWebKit/537.36 (KHTML, like Gecko; compatible; Amazonbot/0.1; +https://developer.amazon.com/support/amazonbot) Chrome/119.0.6045.214 Safari/537.36"
66.249.69.228 - - [21/Nov/2025:03:24:59 -0800] "GET /market/165938712 HTTP/1.1" 200 22124 "-" "Mozilla/5.0 (Linux; Android 6.0.1; Nexus 5X Build/MMB29P) AppleWebKit/537.36 (KHTML, like Gecko) Chrome/141.0.7390.122 Mobile Safari/537.36 (compatible; GoogleOther)"
44.205.180.155 - - [21/Nov/2025:03:25:03 -0800] "GET /?path=//sys/class/tty/ptype/subsystem/ttyp0/subsystem/ttyqb/subsystem/ttyec/subsystem HTTP/1.1" 200 17870 "-" "Mozilla/5.0 AppleWebKit/537.36 (KHTML, like Gecko; compatible; Amazonbot/0.1; +https://developer.amazon.com/support/amazonbot) Chrome/119.0.6045.214 Safari/537.36"
66.249.69.228 - - [21/Nov/2025:03:25:03 -0800] "GET /m280048078 HTTP/1.1" 200 21321 "-" "Mozilla/5.0 (Linux; Android 6.0.1; Nexus 5X Build/MMB29P) AppleWebKit/537.36 (KHTML, like Gecko) Chrome/141.0.7390.122 Mobile Safari/537.36 (compatible; GoogleOther)"
50.16.72.185 - - [21/Nov/2025:03:25:07 -0800] "GET /?path=//sys/class/tty/ptype/subsystem/ptype/subsystem/ttyv1/subsystem/ttyS0/device/subsystem HTTP/1.1" 200 3507 "-" "Mozilla/5.0 AppleWebKit/537.36 (KHTML, like Gecko; compatible; Amazonbot/0.1; +https://developer.amazon.com/support/amazonbot) Chrome/119.0.6045.214 Safari/537.36"
66.249.69.228 - - [21/Nov/2025:03:25:14 -0800] "GET /market/165890177 HTTP/1.1" 200 20937 "-" "Mozilla/5.0 (Linux; Android 6.0.1; Nexus 5X Build/MMB29P) AppleWebKit/537.36 (KHTML, like Gecko) Chrome/141.0.7390.122 Mobile Safari/537.36 (compatible; GoogleOther)"
66.249.69.228 - - [21/Nov/2025:03:25:22 -0800] "GET /?s=2355377813705&channel=123e81&from=http://mollywoppersnyb.com/file.do?m052006066 HTTP/1.1" 200 22087 "-" "Mozilla/5.0 (Linux; Android 6.0.1; Nexus 5X Build/MMB29P) AppleWebKit/537.36 (KHTML, like Gecko) Chrome/141.0.7390.122 Mobile Safari/537.36 (compatible; GoogleOther)"
52.205.113.104 - - [21/Nov/2025:03:25:30 -0800] "GET /?path=//sys/class/tty/ptype/subsystem/ttyp1/subsystem/ttypc/subsystem/ttyv0/subsystem/ttyrf HTTP/1.1" 200 3435 "-" "Mozilla/5.0 AppleWebKit/537.36 (KHTML, like Gecko; compatible; Amazonbot/0.1; +https://developer.amazon.com/support/amazonbot) Chrome/119.0.6045.214 Safari/537.36"
