HEX
Server: Apache
System: Linux pdx1-shared-a1-11 6.6.116-grsec-jammy-dirty #1 SMP Sat Nov 8 00:02:42 UTC 2025 x86_64
User: mollywopper (10344313)
PHP: 7.4.33
Disabled: NONE
Upload Files
File: /home/mollywopper/logs/mollywoppersnyb.com/http.13375357/access.log.2025-11-20

114.119.144.88 - - [20/Nov/2025:01:15:58 -0800] "GET /search.php?month187035483.html HTTP/1.1" 200 86405 "http://mollywoppersnyb.com/search.php?sitemap525.xml" "Mozilla/5.0 (Linux; Android 7.0;) AppleWebKit/537.36 (KHTML, like Gecko) Mobile Safari/537.36 (compatible; PetalBot;+https://webmaster.petalsearch.com/site/petalbot)"
52.2.58.41 - - [20/Nov/2025:01:16:15 -0800] "GET /wp-login.php?fileloc=//lib/locale/en_AU/LC_PAPER&path=//lib/locale/en_AU HTTP/1.1" 200 2820 "-" "Mozilla/5.0 AppleWebKit/537.36 (KHTML, like Gecko; compatible; Amazonbot/0.1; +https://developer.amazon.com/support/amazonbot) Chrome/119.0.6045.214 Safari/537.36"
114.119.138.33 - - [20/Nov/2025:01:16:59 -0800] "GET /search.php?month164004018.html HTTP/1.1" 200 85937 "http://mollywoppersnyb.com/search.php?sitemap525.xml" "Mozilla/5.0 (Linux; Android 7.0;) AppleWebKit/537.36 (KHTML, like Gecko) Mobile Safari/537.36 (compatible; PetalBot;+https://webmaster.petalsearch.com/site/petalbot)"
98.84.70.201 - - [20/Nov/2025:01:17:35 -0800] "GET /wp-login.php?path=//lib/python3/dist-packages/boto/elasticache HTTP/1.1" 200 3339 "-" "Mozilla/5.0 AppleWebKit/537.36 (KHTML, like Gecko; compatible; Amazonbot/0.1; +https://developer.amazon.com/support/amazonbot) Chrome/119.0.6045.214 Safari/537.36"
66.249.75.132 - - [20/Nov/2025:01:17:48 -0800] "GET /market/181054980 HTTP/1.1" 200 21784 "-" "Mozilla/5.0 (Linux; Android 6.0.1; Nexus 5X Build/MMB29P) AppleWebKit/537.36 (KHTML, like Gecko) Chrome/141.0.7390.122 Mobile Safari/537.36 (compatible; GoogleOther)"
66.249.75.132 - - [20/Nov/2025:01:18:06 -0800] "GET /market/133692644 HTTP/1.1" 200 22759 "-" "Mozilla/5.0 (Linux; Android 6.0.1; Nexus 5X Build/MMB29P) AppleWebKit/537.36 (KHTML, like Gecko) Chrome/141.0.7390.122 Mobile Safari/537.36 (compatible; Googlebot/2.1; +http://www.google.com/bot.html)"
66.249.75.134 - - [20/Nov/2025:01:18:07 -0800] "GET /market/1138094892 HTTP/1.1" 200 21519 "-" "Mozilla/5.0 (Linux; Android 6.0.1; Nexus 5X Build/MMB29P) AppleWebKit/537.36 (KHTML, like Gecko) Chrome/141.0.7390.122 Mobile Safari/537.36 (compatible; GoogleOther)"
66.249.75.133 - - [20/Nov/2025:01:18:16 -0800] "GET /?s=2355377813705&channel=123e81&from=http://mollywoppersnyb.com/file.do?m133040353 HTTP/1.1" 200 20971 "-" "Mozilla/5.0 (Linux; Android 6.0.1; Nexus 5X Build/MMB29P) AppleWebKit/537.36 (KHTML, like Gecko) Chrome/141.0.7390.122 Mobile Safari/537.36 (compatible; GoogleOther)"
114.119.136.254 - - [20/Nov/2025:01:18:24 -0800] "GET /search.php?monkey017041807.html HTTP/1.1" 200 86217 "http://mollywoppersnyb.com/search.php?sitemap605.xml" "Mozilla/5.0 (Linux; Android 7.0;) AppleWebKit/537.36 (KHTML, like Gecko) Mobile Safari/537.36 (compatible; PetalBot;+https://webmaster.petalsearch.com/site/petalbot)"
66.249.75.132 - - [20/Nov/2025:01:18:37 -0800] "GET /market/96922515 HTTP/1.1" 200 20961 "-" "Mozilla/5.0 (Linux; Android 6.0.1; Nexus 5X Build/MMB29P) AppleWebKit/537.36 (KHTML, like Gecko) Chrome/141.0.7390.122 Mobile Safari/537.36 (compatible; GoogleOther)"
66.249.75.132 - - [20/Nov/2025:01:18:43 -0800] "GET /?s=2355377813705&channel=123e81&from=http://mollywoppersnyb.com/file.do?m050005084 HTTP/1.1" 200 22373 "-" "Mozilla/5.0 (Linux; Android 6.0.1; Nexus 5X Build/MMB29P) AppleWebKit/537.36 (KHTML, like Gecko) Chrome/141.0.7390.122 Mobile Safari/537.36 (compatible; GoogleOther)"
66.249.75.132 - - [20/Nov/2025:01:19:12 -0800] "GET /market/188692341 HTTP/1.1" 200 20696 "-" "Mozilla/5.0 (Linux; Android 6.0.1; Nexus 5X Build/MMB29P) AppleWebKit/537.36 (KHTML, like Gecko) Chrome/141.0.7390.122 Mobile Safari/537.36 (compatible; GoogleOther)"
66.249.75.132 - - [20/Nov/2025:01:19:33 -0800] "GET /market/190230893 HTTP/1.1" 200 22341 "-" "Mozilla/5.0 (Linux; Android 6.0.1; Nexus 5X Build/MMB29P) AppleWebKit/537.36 (KHTML, like Gecko) Chrome/141.0.7390.122 Mobile Safari/537.36 (compatible; GoogleOther)"
66.249.75.132 - - [20/Nov/2025:01:19:39 -0800] "GET /market/84540167 HTTP/1.1" 200 21077 "-" "Mozilla/5.0 (Linux; Android 6.0.1; Nexus 5X Build/MMB29P) AppleWebKit/537.36 (KHTML, like Gecko) Chrome/141.0.7390.122 Mobile Safari/537.36 (compatible; GoogleOther)"
100.28.118.16 - - [20/Nov/2025:01:19:41 -0800] "GET /wp-login.php?path=//lib/python3/dist-packages/botocore/crt HTTP/1.1" 200 3331 "-" "Mozilla/5.0 AppleWebKit/537.36 (KHTML, like Gecko; compatible; Amazonbot/0.1; +https://developer.amazon.com/support/amazonbot) Chrome/119.0.6045.214 Safari/537.36"
66.249.75.132 - - [20/Nov/2025:01:19:44 -0800] "GET /market/84699137 HTTP/1.1" 200 20964 "-" "Mozilla/5.0 (Linux; Android 6.0.1; Nexus 5X Build/MMB29P) AppleWebKit/537.36 (KHTML, like Gecko) Chrome/141.0.7390.122 Mobile Safari/537.36 (compatible; GoogleOther)"
114.119.131.11 - - [20/Nov/2025:01:19:47 -0800] "GET /search.php?momentum205036869.html HTTP/1.1" 200 86983 "http://mollywoppersnyb.com/search.php?sitemap605.xml" "Mozilla/5.0 (Linux; Android 7.0;) AppleWebKit/537.36 (KHTML, like Gecko) Mobile Safari/537.36 (compatible; PetalBot;+https://webmaster.petalsearch.com/site/petalbot)"
66.249.75.132 - - [20/Nov/2025:01:20:06 -0800] "GET /?s=2355377813705&channel=123e81&from=http://mollywoppersnyb.com/file.do?m086019732 HTTP/1.1" 200 21140 "-" "Mozilla/5.0 (Linux; Android 6.0.1; Nexus 5X Build/MMB29P) AppleWebKit/537.36 (KHTML, like Gecko) Chrome/141.0.7390.122 Mobile Safari/537.36 (compatible; GoogleOther)"
66.249.75.132 - - [20/Nov/2025:01:20:22 -0800] "GET /market/98868899 HTTP/1.1" 200 20941 "-" "Mozilla/5.0 (Linux; Android 6.0.1; Nexus 5X Build/MMB29P) AppleWebKit/537.36 (KHTML, like Gecko) Chrome/141.0.7390.122 Mobile Safari/537.36 (compatible; GoogleOther)"
50.16.216.166 - - [20/Nov/2025:01:20:31 -0800] "GET /wp-login.php?path=//sys/module/hid_apple/parameters HTTP/1.1" 200 3358 "-" "Mozilla/5.0 AppleWebKit/537.36 (KHTML, like Gecko; compatible; Amazonbot/0.1; +https://developer.amazon.com/support/amazonbot) Chrome/119.0.6045.214 Safari/537.36"
66.249.75.132 - - [20/Nov/2025:01:20:54 -0800] "GET /market/38514291 HTTP/1.1" 200 21766 "-" "Mozilla/5.0 (Linux; Android 6.0.1; Nexus 5X Build/MMB29P) AppleWebKit/537.36 (KHTML, like Gecko) Chrome/141.0.7390.122 Mobile Safari/537.36 (compatible; GoogleOther)"
66.249.75.133 - - [20/Nov/2025:01:21:02 -0800] "GET /market/168629157 HTTP/1.1" 200 21694 "-" "Mozilla/5.0 (Linux; Android 6.0.1; Nexus 5X Build/MMB29P) AppleWebKit/537.36 (KHTML, like Gecko) Chrome/141.0.7390.122 Mobile Safari/537.36 (compatible; GoogleOther)"
114.119.132.242 - - [20/Nov/2025:01:21:11 -0800] "GET /search.php?moment011047805.html HTTP/1.1" 200 87408 "http://mollywoppersnyb.com/search.php?sitemap525.xml" "Mozilla/5.0 (Linux; Android 7.0;) AppleWebKit/537.36 (KHTML, like Gecko) Mobile Safari/537.36 (compatible; PetalBot;+https://webmaster.petalsearch.com/site/petalbot)"
66.249.75.132 - - [20/Nov/2025:01:21:25 -0800] "GET /market/201425978 HTTP/1.1" 200 21191 "-" "Mozilla/5.0 (Linux; Android 6.0.1; Nexus 5X Build/MMB29P) AppleWebKit/537.36 (KHTML, like Gecko) Chrome/141.0.7390.122 Mobile Safari/537.36 (compatible; GoogleOther)"
66.249.75.132 - - [20/Nov/2025:01:21:42 -0800] "GET /market/86423373 HTTP/1.1" 200 21666 "-" "Mozilla/5.0 (Linux; Android 6.0.1; Nexus 5X Build/MMB29P) AppleWebKit/537.36 (KHTML, like Gecko) Chrome/141.0.7390.122 Mobile Safari/537.36 (compatible; GoogleOther)"
54.83.56.1 - - [20/Nov/2025:01:21:47 -0800] "GET /wp-login.php?path=//usr/share/doc/fdisk HTTP/1.1" 200 3218 "-" "Mozilla/5.0 AppleWebKit/537.36 (KHTML, like Gecko; compatible; Amazonbot/0.1; +https://developer.amazon.com/support/amazonbot) Chrome/119.0.6045.214 Safari/537.36"
66.249.75.132 - - [20/Nov/2025:01:21:50 -0800] "GET /market/86262355 HTTP/1.1" 200 22995 "-" "Mozilla/5.0 (Linux; Android 6.0.1; Nexus 5X Build/MMB29P) AppleWebKit/537.36 (KHTML, like Gecko) Chrome/141.0.7390.122 Mobile Safari/537.36 (compatible; GoogleOther)"
144.76.32.120 - - [20/Nov/2025:01:21:55 -0800] "GET /?path=/sys/block/nvme3n1/mq/100 HTTP/1.1" 200 3462 "-" "Mozilla/5.0 (compatible; BLEXBot/1.0; +https://help.seranking.com/en/blex-crawler)"
144.76.32.120 - - [20/Nov/2025:01:22:03 -0800] "GET /?path=/sys/block/nvme0n1/mq/127 HTTP/1.1" 200 3460 "-" "Mozilla/5.0 (compatible; BLEXBot/1.0; +https://help.seranking.com/en/blex-crawler)"
66.249.75.132 - - [20/Nov/2025:01:22:11 -0800] "GET /?s=2355377813705&channel=123e81&from=http://mollywoppersnyb.com/file.do?m068024410 HTTP/1.1" 200 21122 "-" "Mozilla/5.0 (Linux; Android 6.0.1; Nexus 5X Build/MMB29P) AppleWebKit/537.36 (KHTML, like Gecko) Chrome/141.0.7390.122 Mobile Safari/537.36 (compatible; GoogleOther)"
144.76.32.120 - - [20/Nov/2025:01:22:22 -0800] "GET /?path=/sys/block/nvme3n1/mq/101 HTTP/1.1" 200 3398 "-" "Mozilla/5.0 (compatible; BLEXBot/1.0; +https://help.seranking.com/en/blex-crawler)"
144.76.32.120 - - [20/Nov/2025:01:22:26 -0800] "GET /?path=/sys/block/nvme1n1/mq/100 HTTP/1.1" 200 3371 "-" "Mozilla/5.0 (compatible; BLEXBot/1.0; +https://help.seranking.com/en/blex-crawler)"
144.76.32.120 - - [20/Nov/2025:01:22:30 -0800] "GET /?path=/sys/block/nvme3n1/mq/102 HTTP/1.1" 200 3412 "-" "Mozilla/5.0 (compatible; BLEXBot/1.0; +https://help.seranking.com/en/blex-crawler)"
144.76.32.120 - - [20/Nov/2025:01:22:34 -0800] "GET /?path=/sys/block/nvme1n1/mq/101 HTTP/1.1" 200 3400 "-" "Mozilla/5.0 (compatible; BLEXBot/1.0; +https://help.seranking.com/en/blex-crawler)"
114.119.158.83 - - [20/Nov/2025:01:22:34 -0800] "GET /search.php?mom242046286.html HTTP/1.1" 200 86011 "http://mollywoppersnyb.com/search.php?sitemap525.xml" "Mozilla/5.0 (Linux; Android 7.0;) AppleWebKit/537.36 (KHTML, like Gecko) Mobile Safari/537.36 (compatible; PetalBot;+https://webmaster.petalsearch.com/site/petalbot)"
66.249.75.132 - - [20/Nov/2025:01:22:44 -0800] "GET /market/1132569066 HTTP/1.1" 200 20513 "-" "Mozilla/5.0 (Linux; Android 6.0.1; Nexus 5X Build/MMB29P) AppleWebKit/537.36 (KHTML, like Gecko) Chrome/141.0.7390.122 Mobile Safari/537.36 (compatible; GoogleOther)"
144.76.32.120 - - [20/Nov/2025:01:22:49 -0800] "GET /?path=/sys/block/nvme1n1/mq/102 HTTP/1.1" 200 3379 "-" "Mozilla/5.0 (compatible; BLEXBot/1.0; +https://help.seranking.com/en/blex-crawler)"
184.73.68.20 - - [20/Nov/2025:01:22:52 -0800] "GET /wp-login.php?fileloc=//lib/python2.7/lib-dynload/_codecs_cn.x86_64-linux-gnu.so&path=//lib/python2.7/lib-dynload HTTP/1.1" 200 2829 "-" "Mozilla/5.0 AppleWebKit/537.36 (KHTML, like Gecko; compatible; Amazonbot/0.1; +https://developer.amazon.com/support/amazonbot) Chrome/119.0.6045.214 Safari/537.36"
144.76.32.120 - - [20/Nov/2025:01:22:53 -0800] "GET /?path=/sys/block/nvme3n1/mq/103 HTTP/1.1" 200 3407 "-" "Mozilla/5.0 (compatible; BLEXBot/1.0; +https://help.seranking.com/en/blex-crawler)"
66.249.75.134 - - [20/Nov/2025:01:23:03 -0800] "GET /m287048901 HTTP/1.1" 200 21137 "-" "Mozilla/5.0 (Linux; Android 6.0.1; Nexus 5X Build/MMB29P) AppleWebKit/537.36 (KHTML, like Gecko) Chrome/141.0.7390.122 Mobile Safari/537.36 (compatible; GoogleOther)"
144.76.32.120 - - [20/Nov/2025:01:23:05 -0800] "GET /?path=/sys/block/nvme1n1/mq/103 HTTP/1.1" 200 3463 "-" "Mozilla/5.0 (compatible; BLEXBot/1.0; +https://help.seranking.com/en/blex-crawler)"
144.76.32.120 - - [20/Nov/2025:01:23:09 -0800] "GET /?path=/sys/block/nvme3n1/mq/104 HTTP/1.1" 200 3417 "-" "Mozilla/5.0 (compatible; BLEXBot/1.0; +https://help.seranking.com/en/blex-crawler)"
144.76.32.120 - - [20/Nov/2025:01:23:17 -0800] "GET /?path=/sys/block/nvme3n1/mq/105 HTTP/1.1" 200 3420 "-" "Mozilla/5.0 (compatible; BLEXBot/1.0; +https://help.seranking.com/en/blex-crawler)"
144.76.32.120 - - [20/Nov/2025:01:23:21 -0800] "GET /?path=/sys/block/nvme1n1/mq/104 HTTP/1.1" 200 3395 "-" "Mozilla/5.0 (compatible; BLEXBot/1.0; +https://help.seranking.com/en/blex-crawler)"
66.249.75.132 - - [20/Nov/2025:01:23:31 -0800] "GET /market/19265780 HTTP/1.1" 200 22041 "-" "Mozilla/5.0 (Linux; Android 6.0.1; Nexus 5X Build/MMB29P) AppleWebKit/537.36 (KHTML, like Gecko) Chrome/141.0.7390.122 Mobile Safari/537.36 (compatible; GoogleOther)"
144.76.32.120 - - [20/Nov/2025:01:23:33 -0800] "GET /?path=/sys/block/nvme3n1/mq/106 HTTP/1.1" 200 3392 "-" "Mozilla/5.0 (compatible; BLEXBot/1.0; +https://help.seranking.com/en/blex-crawler)"
144.76.32.120 - - [20/Nov/2025:01:23:45 -0800] "GET /?path=/sys/block/nvme1n1/mq/105 HTTP/1.1" 200 3418 "-" "Mozilla/5.0 (compatible; BLEXBot/1.0; +https://help.seranking.com/en/blex-crawler)"
144.76.32.120 - - [20/Nov/2025:01:23:48 -0800] "GET /?path=/sys/block/nvme3n1/mq/107 HTTP/1.1" 200 3438 "-" "Mozilla/5.0 (compatible; BLEXBot/1.0; +https://help.seranking.com/en/blex-crawler)"
144.76.32.120 - - [20/Nov/2025:01:23:52 -0800] "GET /?path=/sys/block/nvme1n1/mq/106 HTTP/1.1" 200 3413 "-" "Mozilla/5.0 (compatible; BLEXBot/1.0; +https://help.seranking.com/en/blex-crawler)"
114.119.144.88 - - [20/Nov/2025:01:24:00 -0800] "GET /search.php?molecule080025150.html HTTP/1.1" 200 86877 "http://mollywoppersnyb.com/search.php?sitemap605.xml" "Mozilla/5.0 (Linux; Android 7.0;) AppleWebKit/537.36 (KHTML, like Gecko) Mobile Safari/537.36 (compatible; PetalBot;+https://webmaster.petalsearch.com/site/petalbot)"
66.249.75.132 - - [20/Nov/2025:01:24:04 -0800] "GET /market/167945518 HTTP/1.1" 200 21533 "-" "Mozilla/5.0 (Linux; Android 6.0.1; Nexus 5X Build/MMB29P) AppleWebKit/537.36 (KHTML, like Gecko) Chrome/141.0.7390.122 Mobile Safari/537.36 (compatible; GoogleOther)"
144.76.32.120 - - [20/Nov/2025:01:24:04 -0800] "GET /?path=/sys/block/nvme3n1/mq/108 HTTP/1.1" 200 3426 "-" "Mozilla/5.0 (compatible; BLEXBot/1.0; +https://help.seranking.com/en/blex-crawler)"
144.76.32.120 - - [20/Nov/2025:01:24:09 -0800] "GET /?path=/sys/block/nvme1n1/mq/107 HTTP/1.1" 200 3432 "-" "Mozilla/5.0 (compatible; BLEXBot/1.0; +https://help.seranking.com/en/blex-crawler)"
66.249.75.132 - - [20/Nov/2025:01:24:16 -0800] "GET /?s=2355377813705&channel=123e81&from=http://mollywoppersnyb.com/file.do?m070010184 HTTP/1.1" 200 21807 "-" "Mozilla/5.0 (Linux; Android 6.0.1; Nexus 5X Build/MMB29P) AppleWebKit/537.36 (KHTML, like Gecko) Chrome/141.0.7390.122 Mobile Safari/537.36 (compatible; GoogleOther)"
66.249.75.132 - - [20/Nov/2025:01:24:20 -0800] "GET /market/203693085 HTTP/1.1" 200 21305 "-" "Mozilla/5.0 (Linux; Android 6.0.1; Nexus 5X Build/MMB29P) AppleWebKit/537.36 (KHTML, like Gecko) Chrome/141.0.7390.122 Mobile Safari/537.36 (compatible; GoogleOther)"
144.76.32.120 - - [20/Nov/2025:01:24:28 -0800] "GET /?path=/sys/block/nvme3n1/mq/109 HTTP/1.1" 200 3380 "-" "Mozilla/5.0 (compatible; BLEXBot/1.0; +https://help.seranking.com/en/blex-crawler)"
144.76.32.120 - - [20/Nov/2025:01:24:32 -0800] "GET /?path=/sys/block/nvme1n1/mq/108 HTTP/1.1" 200 3367 "-" "Mozilla/5.0 (compatible; BLEXBot/1.0; +https://help.seranking.com/en/blex-crawler)"
3.212.219.113 - - [20/Nov/2025:01:24:33 -0800] "GET /?path=//sys/class/tty/ptype/subsystem/ttype/subsystem/ttyqb/subsystem/ttyv1/subsystem/ttype HTTP/1.1" 200 3435 "-" "Mozilla/5.0 AppleWebKit/537.36 (KHTML, like Gecko; compatible; Amazonbot/0.1; +https://developer.amazon.com/support/amazonbot) Chrome/119.0.6045.214 Safari/537.36"
144.76.32.120 - - [20/Nov/2025:01:24:40 -0800] "GET /?path=/sys/block/nvme1n1/mq/109 HTTP/1.1" 200 3413 "-" "Mozilla/5.0 (compatible; BLEXBot/1.0; +https://help.seranking.com/en/blex-crawler)"
144.76.32.120 - - [20/Nov/2025:01:24:44 -0800] "GET /?path=/sys/block/nvme3n1/mq/110 HTTP/1.1" 200 3406 "-" "Mozilla/5.0 (compatible; BLEXBot/1.0; +https://help.seranking.com/en/blex-crawler)"
34.234.197.175 - - [20/Nov/2025:01:24:44 -0800] "GET /?path=//sys/class/tty/ptype/subsystem/ptype/subsystem/ptyp1/subsystem/ttysc/subsystem/console HTTP/1.1" 200 3424 "-" "Mozilla/5.0 AppleWebKit/537.36 (KHTML, like Gecko; compatible; Amazonbot/0.1; +https://developer.amazon.com/support/amazonbot) Chrome/119.0.6045.214 Safari/537.36"
66.249.75.132 - - [20/Nov/2025:01:24:50 -0800] "GET /market/194600276 HTTP/1.1" 200 27358 "-" "Mozilla/5.0 (Linux; Android 6.0.1; Nexus 5X Build/MMB29P) AppleWebKit/537.36 (KHTML, like Gecko) Chrome/141.0.7390.122 Mobile Safari/537.36 (compatible; GoogleOther)"
144.76.32.120 - - [20/Nov/2025:01:24:52 -0800] "GET /?path=/sys/block/nvme3n1/mq/111 HTTP/1.1" 200 3388 "-" "Mozilla/5.0 (compatible; BLEXBot/1.0; +https://help.seranking.com/en/blex-crawler)"
144.76.32.120 - - [20/Nov/2025:01:24:56 -0800] "GET /?path=/sys/block/nvme1n1/mq/110 HTTP/1.1" 200 3366 "-" "Mozilla/5.0 (compatible; BLEXBot/1.0; +https://help.seranking.com/en/blex-crawler)"
18.208.11.93 - - [20/Nov/2025:01:24:58 -0800] "GET /?path=//sys/class/tty/ptype/subsystem/ttyp1/subsystem/ttyec/subsystem/ptyp1/subsystem HTTP/1.1" 200 17840 "-" "Mozilla/5.0 AppleWebKit/537.36 (KHTML, like Gecko; compatible; Amazonbot/0.1; +https://developer.amazon.com/support/amazonbot) Chrome/119.0.6045.214 Safari/537.36"
44.207.207.36 - - [20/Nov/2025:01:25:04 -0800] "GET /?path=//sys/class/tty/ptype/subsystem/ttyp0/subsystem/ttyvd/subsystem/ttyv1/subsystem HTTP/1.1" 200 17897 "-" "Mozilla/5.0 AppleWebKit/537.36 (KHTML, like Gecko; compatible; Amazonbot/0.1; +https://developer.amazon.com/support/amazonbot) Chrome/119.0.6045.214 Safari/537.36"
34.194.226.74 - - [20/Nov/2025:01:25:06 -0800] "GET /?path=//sys/class/tty/ptype/subsystem/ttyp1/subsystem/ttyvd/subsystem/ttyv0/subsystem HTTP/1.1" 200 17850 "-" "Mozilla/5.0 AppleWebKit/537.36 (KHTML, like Gecko; compatible; Amazonbot/0.1; +https://developer.amazon.com/support/amazonbot) Chrome/119.0.6045.214 Safari/537.36"
144.76.32.120 - - [20/Nov/2025:01:25:08 -0800] "GET /?path=/sys/block/nvme3n1/mq/112 HTTP/1.1" 200 3429 "-" "Mozilla/5.0 (compatible; BLEXBot/1.0; +https://help.seranking.com/en/blex-crawler)"
144.76.32.120 - - [20/Nov/2025:01:25:12 -0800] "GET /?path=/sys/block/nvme1n1/mq/111 HTTP/1.1" 200 3398 "-" "Mozilla/5.0 (compatible; BLEXBot/1.0; +https://help.seranking.com/en/blex-crawler)"
54.84.147.79 - - [20/Nov/2025:01:25:19 -0800] "GET /?path=//sys/class/tty/ptype/subsystem/ttyp1/subsystem/ttype/subsystem/ttys2/subsystem/ptype HTTP/1.1" 200 3420 "-" "Mozilla/5.0 AppleWebKit/537.36 (KHTML, like Gecko; compatible; Amazonbot/0.1; +https://developer.amazon.com/support/amazonbot) Chrome/119.0.6045.214 Safari/537.36"
34.225.24.180 - - [20/Nov/2025:01:25:22 -0800] "GET /?path=//sys/class/tty/ptype/subsystem/ttysc/subsystem/ttys0/subsystem/ttype HTTP/1.1" 200 3348 "-" "Mozilla/5.0 AppleWebKit/537.36 (KHTML, like Gecko; compatible; Amazonbot/0.1; +https://developer.amazon.com/support/amazonbot) Chrome/119.0.6045.214 Safari/537.36"
114.119.132.242 - - [20/Nov/2025:01:25:22 -0800] "GET /search.php?molecule022030322.html HTTP/1.1" 200 86803 "http://mollywoppersnyb.com/search.php?sitemap525.xml" "Mozilla/5.0 (Linux; Android 7.0;) AppleWebKit/537.36 (KHTML, like Gecko) Mobile Safari/537.36 (compatible; PetalBot;+https://webmaster.petalsearch.com/site/petalbot)"
23.21.148.226 - - [20/Nov/2025:01:25:29 -0800] "GET /?path=//sys/class/tty/ptype/subsystem/ptype/subsystem/ptyp1/subsystem/ttysc/subsystem/ttyv0 HTTP/1.1" 200 3369 "-" "Mozilla/5.0 AppleWebKit/537.36 (KHTML, like Gecko; compatible; Amazonbot/0.1; +https://developer.amazon.com/support/amazonbot) Chrome/119.0.6045.214 Safari/537.36"
144.76.32.120 - - [20/Nov/2025:01:25:31 -0800] "GET /?path=/sys/block/nvme3n1/mq/113 HTTP/1.1" 200 3441 "-" "Mozilla/5.0 (compatible; BLEXBot/1.0; +https://help.seranking.com/en/blex-crawler)"
144.76.32.120 - - [20/Nov/2025:01:25:35 -0800] "GET /?path=/sys/block/nvme1n1/mq/112 HTTP/1.1" 200 3406 "-" "Mozilla/5.0 (compatible; BLEXBot/1.0; +https://help.seranking.com/en/blex-crawler)"
18.208.11.93 - - [20/Nov/2025:01:25:38 -0800] "GET /?path=//sys/class/tty/ptype/subsystem/ptype/subsystem/ptyp0/subsystem/console/subsystem/ttyv1 HTTP/1.1" 200 3366 "-" "Mozilla/5.0 AppleWebKit/537.36 (KHTML, like Gecko; compatible; Amazonbot/0.1; +https://developer.amazon.com/support/amazonbot) Chrome/119.0.6045.214 Safari/537.36"
144.76.32.120 - - [20/Nov/2025:01:25:39 -0800] "GET /?path=/sys/block/nvme3n1/mq/114 HTTP/1.1" 200 3363 "-" "Mozilla/5.0 (compatible; BLEXBot/1.0; +https://help.seranking.com/en/blex-crawler)"
144.76.32.120 - - [20/Nov/2025:01:25:42 -0800] "GET /?path=/sys/block/nvme1n1/mq/113 HTTP/1.1" 200 3356 "-" "Mozilla/5.0 (compatible; BLEXBot/1.0; +https://help.seranking.com/en/blex-crawler)"
144.76.32.120 - - [20/Nov/2025:01:25:58 -0800] "GET /?path=/sys/block/nvme1n1/mq/114 HTTP/1.1" 200 3379 "-" "Mozilla/5.0 (compatible; BLEXBot/1.0; +https://help.seranking.com/en/blex-crawler)"
66.249.75.132 - - [20/Nov/2025:01:25:58 -0800] "GET /market/93703842 HTTP/1.1" 200 30071 "-" "Mozilla/5.0 (Linux; Android 6.0.1; Nexus 5X Build/MMB29P) AppleWebKit/537.36 (KHTML, like Gecko) Chrome/141.0.7390.122 Mobile Safari/537.36 (compatible; GoogleOther)"
144.76.32.120 - - [20/Nov/2025:01:26:02 -0800] "GET /?path=/sys/block/nvme3n1/mq/115 HTTP/1.1" 200 3414 "-" "Mozilla/5.0 (compatible; BLEXBot/1.0; +https://help.seranking.com/en/blex-crawler)"
52.203.237.170 - - [20/Nov/2025:01:26:04 -0800] "GET /?path=//sys/class/tty/ptype/subsystem/ptyp1/subsystem/ttysc/subsystem/ttyS1/subsystem/console HTTP/1.1" 200 3497 "-" "Mozilla/5.0 AppleWebKit/537.36 (KHTML, like Gecko; compatible; Amazonbot/0.1; +https://developer.amazon.com/support/amazonbot) Chrome/119.0.6045.214 Safari/537.36"
144.76.32.120 - - [20/Nov/2025:01:26:10 -0800] "GET /?path=/sys/block/nvme3n1/mq/116 HTTP/1.1" 200 3390 "-" "Mozilla/5.0 (compatible; BLEXBot/1.0; +https://help.seranking.com/en/blex-crawler)"
34.234.206.30 - - [20/Nov/2025:01:26:11 -0800] "GET /?path=//sys/class/tty/ptype/subsystem/ttyp0/subsystem/ttype/subsystem/ttyS2/subsystem/console HTTP/1.1" 200 3477 "-" "Mozilla/5.0 AppleWebKit/537.36 (KHTML, like Gecko; compatible; Amazonbot/0.1; +https://developer.amazon.com/support/amazonbot) Chrome/119.0.6045.214 Safari/537.36"
144.76.32.120 - - [20/Nov/2025:01:26:14 -0800] "GET /?path=/sys/block/nvme1n1/mq/115 HTTP/1.1" 200 3418 "-" "Mozilla/5.0 (compatible; BLEXBot/1.0; +https://help.seranking.com/en/blex-crawler)"
66.249.75.132 - - [20/Nov/2025:01:26:18 -0800] "GET /market/192651586 HTTP/1.1" 200 27540 "-" "Mozilla/5.0 (Linux; Android 6.0.1; Nexus 5X Build/MMB29P) AppleWebKit/537.36 (KHTML, like Gecko) Chrome/141.0.7390.122 Mobile Safari/537.36 (compatible; GoogleOther)"
34.226.89.140 - - [20/Nov/2025:01:26:20 -0800] "GET /?path=//sys/class/tty/ptype/subsystem/ttype/subsystem/ttydb/subsystem/ttyv1/subsystem HTTP/1.1" 200 17879 "-" "Mozilla/5.0 AppleWebKit/537.36 (KHTML, like Gecko; compatible; Amazonbot/0.1; +https://developer.amazon.com/support/amazonbot) Chrome/119.0.6045.214 Safari/537.36"
66.249.75.132 - - [20/Nov/2025:01:26:22 -0800] "GET /market/186627262 HTTP/1.1" 200 26987 "-" "Mozilla/5.0 (Linux; Android 6.0.1; Nexus 5X Build/MMB29P) AppleWebKit/537.36 (KHTML, like Gecko) Chrome/141.0.7390.122 Mobile Safari/537.36 (compatible; GoogleOther)"
3.232.82.72 - - [20/Nov/2025:01:26:23 -0800] "GET /?path=//sys/class/tty/ptype/subsystem/ptyp0/subsystem/ttyp0/subsystem/ttyp1/subsystem HTTP/1.1" 200 17854 "-" "Mozilla/5.0 AppleWebKit/537.36 (KHTML, like Gecko; compatible; Amazonbot/0.1; +https://developer.amazon.com/support/amazonbot) Chrome/119.0.6045.214 Safari/537.36"
144.76.32.120 - - [20/Nov/2025:01:26:26 -0800] "GET /?path=/sys/block/nvme3n1/mq/117 HTTP/1.1" 200 3388 "-" "Mozilla/5.0 (compatible; BLEXBot/1.0; +https://help.seranking.com/en/blex-crawler)"
54.235.158.162 - - [20/Nov/2025:01:26:29 -0800] "GET /?path=//sys/class/tty/ptype/subsystem/ttys0/subsystem/ttysc/subsystem/ttyec/subsystem HTTP/1.1" 200 17821 "-" "Mozilla/5.0 AppleWebKit/537.36 (KHTML, like Gecko; compatible; Amazonbot/0.1; +https://developer.amazon.com/support/amazonbot) Chrome/119.0.6045.214 Safari/537.36"
144.76.32.120 - - [20/Nov/2025:01:26:29 -0800] "GET /?path=/sys/block/nvme1n1/mq/116 HTTP/1.1" 200 3407 "-" "Mozilla/5.0 (compatible; BLEXBot/1.0; +https://help.seranking.com/en/blex-crawler)"
66.249.75.132 - - [20/Nov/2025:01:26:31 -0800] "GET /market/40218923 HTTP/1.1" 200 21216 "-" "Mozilla/5.0 (Linux; Android 6.0.1; Nexus 5X Build/MMB29P) AppleWebKit/537.36 (KHTML, like Gecko) Chrome/141.0.7390.122 Mobile Safari/537.36 (compatible; GoogleOther)"
66.249.75.132 - - [20/Nov/2025:01:26:41 -0800] "GET /?s=2355377813705&channel=123e81&from=http://mollywoppersnyb.com/file.do?m183015827 HTTP/1.1" 200 20829 "-" "Mozilla/5.0 (Linux; Android 6.0.1; Nexus 5X Build/MMB29P) AppleWebKit/537.36 (KHTML, like Gecko) Chrome/141.0.7390.122 Mobile Safari/537.36 (compatible; GoogleOther)"
114.119.136.254 - - [20/Nov/2025:01:26:44 -0800] "GET /search.php?modest036047518.html HTTP/1.1" 200 85819 "http://mollywoppersnyb.com/search.php?sitemap605.xml" "Mozilla/5.0 (Linux; Android 7.0;) AppleWebKit/537.36 (KHTML, like Gecko) Mobile Safari/537.36 (compatible; PetalBot;+https://webmaster.petalsearch.com/site/petalbot)"
66.249.75.132 - - [20/Nov/2025:01:26:45 -0800] "GET /market/130013756 HTTP/1.1" 200 21370 "-" "Mozilla/5.0 (Linux; Android 6.0.1; Nexus 5X Build/MMB29P) AppleWebKit/537.36 (KHTML, like Gecko) Chrome/141.0.7390.122 Mobile Safari/537.36 (compatible; GoogleOther)"
23.22.105.143 - - [20/Nov/2025:01:26:48 -0800] "GET /?path=//sys/class/tty/ptype/subsystem/ttype/subsystem/ttyp0/subsystem/ttypa/subsystem/ptype HTTP/1.1" 200 3431 "-" "Mozilla/5.0 AppleWebKit/537.36 (KHTML, like Gecko; compatible; Amazonbot/0.1; +https://developer.amazon.com/support/amazonbot) Chrome/119.0.6045.214 Safari/537.36"
66.249.75.132 - - [20/Nov/2025:01:26:49 -0800] "GET /market/202060440 HTTP/1.1" 200 26293 "-" "Mozilla/5.0 (Linux; Android 6.0.1; Nexus 5X Build/MMB29P) AppleWebKit/537.36 (KHTML, like Gecko) Chrome/141.0.7390.122 Mobile Safari/537.36 (compatible; GoogleOther)"
144.76.32.120 - - [20/Nov/2025:01:26:50 -0800] "GET /?path=/sys/block/nvme3n1/mq/118 HTTP/1.1" 200 3428 "-" "Mozilla/5.0 (compatible; BLEXBot/1.0; +https://help.seranking.com/en/blex-crawler)"
144.76.32.120 - - [20/Nov/2025:01:26:54 -0800] "GET /?path=/sys/block/nvme1n1/mq/117 HTTP/1.1" 200 3415 "-" "Mozilla/5.0 (compatible; BLEXBot/1.0; +https://help.seranking.com/en/blex-crawler)"
52.202.233.37 - - [20/Nov/2025:01:26:55 -0800] "GET /?path=//sys/class/tty/ptype/subsystem/ptype/subsystem/ptyp1/subsystem/ttyp0/subsystem/ptyp0 HTTP/1.1" 200 3407 "-" "Mozilla/5.0 AppleWebKit/537.36 (KHTML, like Gecko; compatible; Amazonbot/0.1; +https://developer.amazon.com/support/amazonbot) Chrome/119.0.6045.214 Safari/537.36"
66.249.75.132 - - [20/Nov/2025:01:26:57 -0800] "GET /market/195146700 HTTP/1.1" 200 21916 "-" "Mozilla/5.0 (Linux; Android 6.0.1; Nexus 5X Build/MMB29P) AppleWebKit/537.36 (KHTML, like Gecko) Chrome/141.0.7390.122 Mobile Safari/537.36 (compatible; GoogleOther)"
144.76.32.120 - - [20/Nov/2025:01:26:58 -0800] "GET /?path=/sys/block/nvme3n1/mq/119 HTTP/1.1" 200 3424 "-" "Mozilla/5.0 (compatible; BLEXBot/1.0; +https://help.seranking.com/en/blex-crawler)"
144.76.32.120 - - [20/Nov/2025:01:27:02 -0800] "GET /?path=/sys/block/nvme1n1/mq/118 HTTP/1.1" 200 3356 "-" "Mozilla/5.0 (compatible; BLEXBot/1.0; +https://help.seranking.com/en/blex-crawler)"
144.76.32.120 - - [20/Nov/2025:01:27:14 -0800] "GET /?path=/sys/block/nvme3n1/mq/120 HTTP/1.1" 200 3380 "-" "Mozilla/5.0 (compatible; BLEXBot/1.0; +https://help.seranking.com/en/blex-crawler)"
144.76.32.120 - - [20/Nov/2025:01:27:17 -0800] "GET /?path=/sys/block/nvme1n1/mq/119 HTTP/1.1" 200 3424 "-" "Mozilla/5.0 (compatible; BLEXBot/1.0; +https://help.seranking.com/en/blex-crawler)"
34.234.206.30 - - [20/Nov/2025:01:27:23 -0800] "GET /?path=//sys/class/tty/ptype/subsystem/ptype/subsystem/ttyp2/subsystem/ttypc/subsystem HTTP/1.1" 200 17817 "-" "Mozilla/5.0 AppleWebKit/537.36 (KHTML, like Gecko; compatible; Amazonbot/0.1; +https://developer.amazon.com/support/amazonbot) Chrome/119.0.6045.214 Safari/537.36"
3.208.146.193 - - [20/Nov/2025:01:27:29 -0800] "GET /?path=//sys/class/tty/ptype/subsystem/ptype/subsystem/ptyp1/subsystem/ttyp1/subsystem/ttyrf HTTP/1.1" 200 3360 "-" "Mozilla/5.0 AppleWebKit/537.36 (KHTML, like Gecko; compatible; Amazonbot/0.1; +https://developer.amazon.com/support/amazonbot) Chrome/119.0.6045.214 Safari/537.36"
144.76.32.120 - - [20/Nov/2025:01:27:29 -0800] "GET /?path=/sys/block/nvme3n1/mq/121 HTTP/1.1" 200 3387 "-" "Mozilla/5.0 (compatible; BLEXBot/1.0; +https://help.seranking.com/en/blex-crawler)"
144.76.32.120 - - [20/Nov/2025:01:27:33 -0800] "GET /?path=/sys/block/nvme1n1/mq/120 HTTP/1.1" 200 3407 "-" "Mozilla/5.0 (compatible; BLEXBot/1.0; +https://help.seranking.com/en/blex-crawler)"
66.249.75.132 - - [20/Nov/2025:01:27:41 -0800] "GET /market/82798117 HTTP/1.1" 200 21512 "-" "Mozilla/5.0 (Linux; Android 6.0.1; Nexus 5X Build/MMB29P) AppleWebKit/537.36 (KHTML, like Gecko) Chrome/141.0.7390.122 Mobile Safari/537.36 (compatible; GoogleOther)"
66.249.75.132 - - [20/Nov/2025:01:27:45 -0800] "GET /market/194519670 HTTP/1.1" 200 20544 "-" "Mozilla/5.0 (Linux; Android 6.0.1; Nexus 5X Build/MMB29P) AppleWebKit/537.36 (KHTML, like Gecko) Chrome/141.0.7390.122 Mobile Safari/537.36 (compatible; GoogleOther)"
44.207.207.36 - - [20/Nov/2025:01:27:46 -0800] "GET /?path=//sys/class/tty/ptype/subsystem/ttyp1/subsystem/ttype/subsystem/ttyv0/subsystem/ttyS1/device/driver HTTP/1.1" 200 3485 "-" "Mozilla/5.0 AppleWebKit/537.36 (KHTML, like Gecko; compatible; Amazonbot/0.1; +https://developer.amazon.com/support/amazonbot) Chrome/119.0.6045.214 Safari/537.36"
144.76.32.120 - - [20/Nov/2025:01:27:53 -0800] "GET /?path=/sys/block/nvme3n1/mq/122 HTTP/1.1" 200 3393 "-" "Mozilla/5.0 (compatible; BLEXBot/1.0; +https://help.seranking.com/en/blex-crawler)"
144.76.32.120 - - [20/Nov/2025:01:27:56 -0800] "GET /?path=/sys/block/nvme1n1/mq/121 HTTP/1.1" 200 3367 "-" "Mozilla/5.0 (compatible; BLEXBot/1.0; +https://help.seranking.com/en/blex-crawler)"
184.73.167.217 - - [20/Nov/2025:01:27:59 -0800] "GET /?path=//sys/class/tty/ptype/subsystem/ttype/subsystem/ttyp2/subsystem/ttyv1/subsystem/ttyp1 HTTP/1.1" 200 3417 "-" "Mozilla/5.0 AppleWebKit/537.36 (KHTML, like Gecko; compatible; Amazonbot/0.1; +https://developer.amazon.com/support/amazonbot) Chrome/119.0.6045.214 Safari/537.36"
144.76.32.120 - - [20/Nov/2025:01:28:00 -0800] "GET /?path=/sys/block/nvme3n1/mq/123 HTTP/1.1" 200 3368 "-" "Mozilla/5.0 (compatible; BLEXBot/1.0; +https://help.seranking.com/en/blex-crawler)"
3.212.205.90 - - [20/Nov/2025:01:28:04 -0800] "GET /?path=//sys/class/tty/ptype/subsystem/ttype/subsystem/ttyv1/subsystem/ptyp1/subsystem/ttyec HTTP/1.1" 200 3421 "-" "Mozilla/5.0 AppleWebKit/537.36 (KHTML, like Gecko; compatible; Amazonbot/0.1; +https://developer.amazon.com/support/amazonbot) Chrome/119.0.6045.214 Safari/537.36"
144.76.32.120 - - [20/Nov/2025:01:28:04 -0800] "GET /?path=/sys/block/nvme1n1/mq/122 HTTP/1.1" 200 3368 "-" "Mozilla/5.0 (compatible; BLEXBot/1.0; +https://help.seranking.com/en/blex-crawler)"
114.119.138.33 - - [20/Nov/2025:01:28:08 -0800] "GET /search.php?modern245001053.html HTTP/1.1" 200 86483 "http://mollywoppersnyb.com/search.php?sitemap605.xml" "Mozilla/5.0 (Linux; Android 7.0;) AppleWebKit/537.36 (KHTML, like Gecko) Mobile Safari/537.36 (compatible; PetalBot;+https://webmaster.petalsearch.com/site/petalbot)"
144.76.32.120 - - [20/Nov/2025:01:28:16 -0800] "GET /?path=/sys/block/nvme3n1/mq/124 HTTP/1.1" 200 3406 "-" "Mozilla/5.0 (compatible; BLEXBot/1.0; +https://help.seranking.com/en/blex-crawler)"
100.29.160.53 - - [20/Nov/2025:01:28:18 -0800] "GET /?path=//sys/class/tty/ptype/subsystem/ttype/subsystem/ttyp1/subsystem/ttyre/subsystem/ttysc HTTP/1.1" 200 3368 "-" "Mozilla/5.0 AppleWebKit/537.36 (KHTML, like Gecko; compatible; Amazonbot/0.1; +https://developer.amazon.com/support/amazonbot) Chrome/119.0.6045.214 Safari/537.36"
34.194.165.45 - - [20/Nov/2025:01:28:25 -0800] "GET /?path=//sys/class/tty/ptype/subsystem/ttyp0/subsystem/ttype/subsystem/ptype/subsystem/ttyS1/device/driver HTTP/1.1" 200 3544 "-" "Mozilla/5.0 AppleWebKit/537.36 (KHTML, like Gecko; compatible; Amazonbot/0.1; +https://developer.amazon.com/support/amazonbot) Chrome/119.0.6045.214 Safari/537.36"
144.76.32.120 - - [20/Nov/2025:01:28:28 -0800] "GET /?path=/sys/block/nvme1n1/mq/123 HTTP/1.1" 200 3387 "-" "Mozilla/5.0 (compatible; BLEXBot/1.0; +https://help.seranking.com/en/blex-crawler)"
144.76.32.120 - - [20/Nov/2025:01:28:36 -0800] "GET /?path=/sys/block/nvme1n1/mq/124 HTTP/1.1" 200 3457 "-" "Mozilla/5.0 (compatible; BLEXBot/1.0; +https://help.seranking.com/en/blex-crawler)"
144.76.32.120 - - [20/Nov/2025:01:28:40 -0800] "GET /?path=/sys/block/nvme3n1/mq/125 HTTP/1.1" 200 3424 "-" "Mozilla/5.0 (compatible; BLEXBot/1.0; +https://help.seranking.com/en/blex-crawler)"
34.195.248.30 - - [20/Nov/2025:01:28:41 -0800] "GET /?path=//sys/class/tty/ptype/subsystem/ttype/subsystem/ttyp1/subsystem/ttyre/subsystem/ttyv0 HTTP/1.1" 200 3446 "-" "Mozilla/5.0 AppleWebKit/537.36 (KHTML, like Gecko; compatible; Amazonbot/0.1; +https://developer.amazon.com/support/amazonbot) Chrome/119.0.6045.214 Safari/537.36"
66.249.75.132 - - [20/Nov/2025:01:28:46 -0800] "GET /market/166679282 HTTP/1.1" 200 20526 "-" "Mozilla/5.0 (Linux; Android 6.0.1; Nexus 5X Build/MMB29P) AppleWebKit/537.36 (KHTML, like Gecko) Chrome/141.0.7390.122 Mobile Safari/537.36 (compatible; GoogleOther)"
144.76.32.120 - - [20/Nov/2025:01:28:48 -0800] "GET /?path=/sys/block/nvme3n1/mq/126 HTTP/1.1" 200 3439 "-" "Mozilla/5.0 (compatible; BLEXBot/1.0; +https://help.seranking.com/en/blex-crawler)"
144.76.32.120 - - [20/Nov/2025:01:28:52 -0800] "GET /?path=/sys/block/nvme1n1/mq/125 HTTP/1.1" 200 3422 "-" "Mozilla/5.0 (compatible; BLEXBot/1.0; +https://help.seranking.com/en/blex-crawler)"
3.232.102.111 - - [20/Nov/2025:01:29:03 -0800] "GET /?path=//sys/class/tty/ptype/subsystem/ttyp1/subsystem/ttype/subsystem/ttyqb/subsystem/ttyad HTTP/1.1" 200 3463 "-" "Mozilla/5.0 AppleWebKit/537.36 (KHTML, like Gecko; compatible; Amazonbot/0.1; +https://developer.amazon.com/support/amazonbot) Chrome/119.0.6045.214 Safari/537.36"
144.76.32.120 - - [20/Nov/2025:01:29:04 -0800] "GET /?path=/sys/block/nvme4n1/mq/100 HTTP/1.1" 200 3414 "-" "Mozilla/5.0 (compatible; BLEXBot/1.0; +https://help.seranking.com/en/blex-crawler)"
54.156.55.147 - - [20/Nov/2025:01:29:05 -0800] "GET /?path=//sys/class/tty/ptype/subsystem/ttyp0/subsystem/ttyv1/subsystem/ttyp1/subsystem/ttyv1 HTTP/1.1" 200 3431 "-" "Mozilla/5.0 AppleWebKit/537.36 (KHTML, like Gecko; compatible; Amazonbot/0.1; +https://developer.amazon.com/support/amazonbot) Chrome/119.0.6045.214 Safari/537.36"
66.249.75.133 - - [20/Nov/2025:01:29:07 -0800] "GET /market/90140129 HTTP/1.1" 200 20885 "-" "Mozilla/5.0 (Linux; Android 6.0.1; Nexus 5X Build/MMB29P) AppleWebKit/537.36 (KHTML, like Gecko) Chrome/141.0.7390.122 Mobile Safari/537.36 (compatible; GoogleOther)"
54.84.250.51 - - [20/Nov/2025:01:29:10 -0800] "GET /?path=//sys/class/tty/ptype/subsystem/ttysc/subsystem/ttyS0/subsystem/ttyp0 HTTP/1.1" 200 3395 "-" "Mozilla/5.0 AppleWebKit/537.36 (KHTML, like Gecko; compatible; Amazonbot/0.1; +https://developer.amazon.com/support/amazonbot) Chrome/119.0.6045.214 Safari/537.36"
18.214.138.148 - - [20/Nov/2025:01:29:13 -0800] "GET /?path=//sys/class/tty/ptype/subsystem/ttyv1/subsystem/ttype/subsystem/ptyp0/subsystem/ptmx HTTP/1.1" 200 3374 "-" "Mozilla/5.0 AppleWebKit/537.36 (KHTML, like Gecko; compatible; Amazonbot/0.1; +https://developer.amazon.com/support/amazonbot) Chrome/119.0.6045.214 Safari/537.36"
144.76.32.120 - - [20/Nov/2025:01:29:16 -0800] "GET /?path=/sys/block/nvme1n1/mq/126 HTTP/1.1" 200 3446 "-" "Mozilla/5.0 (compatible; BLEXBot/1.0; +https://help.seranking.com/en/blex-crawler)"
144.76.32.120 - - [20/Nov/2025:01:29:24 -0800] "GET /?path=/sys/block/nvme1n1/mq/127 HTTP/1.1" 200 3379 "-" "Mozilla/5.0 (compatible; BLEXBot/1.0; +https://help.seranking.com/en/blex-crawler)"
144.76.32.120 - - [20/Nov/2025:01:29:28 -0800] "GET /?path=/sys/block/nvme4n1/mq/101 HTTP/1.1" 200 3412 "-" "Mozilla/5.0 (compatible; BLEXBot/1.0; +https://help.seranking.com/en/blex-crawler)"
18.205.127.11 - - [20/Nov/2025:01:29:29 -0800] "GET /?path=//sys/class/tty/ptype/subsystem/ttyS1/subsystem/ttype/subsystem/ttyqb/subsystem/ttyp0 HTTP/1.1" 200 3415 "-" "Mozilla/5.0 AppleWebKit/537.36 (KHTML, like Gecko; compatible; Amazonbot/0.1; +https://developer.amazon.com/support/amazonbot) Chrome/119.0.6045.214 Safari/537.36"
114.119.147.6 - - [20/Nov/2025:01:29:32 -0800] "GET /search.php?moderate086048622.html HTTP/1.1" 200 87746 "http://mollywoppersnyb.com/search.php?sitemap525.xml" "Mozilla/5.0 (Linux; Android 7.0;) AppleWebKit/537.36 (KHTML, like Gecko) Mobile Safari/537.36 (compatible; PetalBot;+https://webmaster.petalsearch.com/site/petalbot)"
144.76.32.120 - - [20/Nov/2025:01:29:36 -0800] "GET /?path=/sys/block/nvme4n1/mq/102 HTTP/1.1" 200 3396 "-" "Mozilla/5.0 (compatible; BLEXBot/1.0; +https://help.seranking.com/en/blex-crawler)"
66.249.75.132 - - [20/Nov/2025:01:29:37 -0800] "GET /market/130036310 HTTP/1.1" 200 27535 "-" "Mozilla/5.0 (Linux; Android 6.0.1; Nexus 5X Build/MMB29P) AppleWebKit/537.36 (KHTML, like Gecko) Chrome/141.0.7390.122 Mobile Safari/537.36 (compatible; GoogleOther)"
144.76.32.120 - - [20/Nov/2025:01:29:45 -0800] "GET /?path=/sys/block/nvme4n1/mq/103 HTTP/1.1" 200 3431 "-" "Mozilla/5.0 (compatible; BLEXBot/1.0; +https://help.seranking.com/en/blex-crawler)"
34.235.239.240 - - [20/Nov/2025:01:29:45 -0800] "GET /?path=//sys/class/tty/ptype/subsystem/ptype/subsystem/ttype/subsystem/ttyv0/subsystem/ttyre HTTP/1.1" 200 3415 "-" "Mozilla/5.0 AppleWebKit/537.36 (KHTML, like Gecko; compatible; Amazonbot/0.1; +https://developer.amazon.com/support/amazonbot) Chrome/119.0.6045.214 Safari/537.36"
52.54.15.103 - - [20/Nov/2025:01:29:50 -0800] "GET /?path=//sys/class/tty/ptype/subsystem/ptyp0/subsystem/ttype/subsystem/ttyp0/subsystem/ttywf HTTP/1.1" 200 3420 "-" "Mozilla/5.0 AppleWebKit/537.36 (KHTML, like Gecko; compatible; Amazonbot/0.1; +https://developer.amazon.com/support/amazonbot) Chrome/119.0.6045.214 Safari/537.36"
66.249.75.132 - - [20/Nov/2025:01:29:51 -0800] "GET /market/101096825 HTTP/1.1" 200 26822 "-" "Mozilla/5.0 (Linux; Android 6.0.1; Nexus 5X Build/MMB29P) AppleWebKit/537.36 (KHTML, like Gecko) Chrome/141.0.7390.122 Mobile Safari/537.36 (compatible; GoogleOther)"
54.144.185.255 - - [20/Nov/2025:01:29:53 -0800] "GET /?path=//sys/class/tty/ptype/subsystem/ttyv1/subsystem/ttysc/subsystem/ttyp0/subsystem/ttypc HTTP/1.1" 200 3432 "-" "Mozilla/5.0 AppleWebKit/537.36 (KHTML, like Gecko; compatible; Amazonbot/0.1; +https://developer.amazon.com/support/amazonbot) Chrome/119.0.6045.214 Safari/537.36"
144.76.32.120 - - [20/Nov/2025:01:29:57 -0800] "GET /?path=/sys/block/nvme4n1/mq/104 HTTP/1.1" 200 3452 "-" "Mozilla/5.0 (compatible; BLEXBot/1.0; +https://help.seranking.com/en/blex-crawler)"
98.82.214.73 - - [20/Nov/2025:01:29:59 -0800] "GET /?path=//sys/class/tty/ptype/subsystem/ptype/subsystem/ttyv0/subsystem/ttypc/subsystem/ttynull HTTP/1.1" 200 3445 "-" "Mozilla/5.0 AppleWebKit/537.36 (KHTML, like Gecko; compatible; Amazonbot/0.1; +https://developer.amazon.com/support/amazonbot) Chrome/119.0.6045.214 Safari/537.36"
144.76.32.120 - - [20/Nov/2025:01:30:01 -0800] "GET /?path=/sys/block/nvme4n1/mq/105 HTTP/1.1" 200 3391 "-" "Mozilla/5.0 (compatible; BLEXBot/1.0; +https://help.seranking.com/en/blex-crawler)"
98.84.60.17 - - [20/Nov/2025:01:30:05 -0800] "GET /?path=//sys/class/tty/ptype/subsystem/ptype/subsystem/ttyp1/subsystem/tty0/subsystem/ttynull HTTP/1.1" 500 209 "-" "Mozilla/5.0 AppleWebKit/537.36 (KHTML, like Gecko; compatible; Amazonbot/0.1; +https://developer.amazon.com/support/amazonbot) Chrome/119.0.6045.214 Safari/537.36"
52.45.194.165 - - [20/Nov/2025:01:30:09 -0800] "GET /?path=//sys/class/tty/ptype/subsystem/ptype/subsystem/ttyv1/subsystem/ttyS0/device HTTP/1.1" 200 3664 "-" "Mozilla/5.0 AppleWebKit/537.36 (KHTML, like Gecko; compatible; Amazonbot/0.1; +https://developer.amazon.com/support/amazonbot) Chrome/119.0.6045.214 Safari/537.36"
144.76.32.120 - - [20/Nov/2025:01:30:10 -0800] "GET /?path=/sys/block/nvme4n1/mq/106 HTTP/1.1" 200 3437 "-" "Mozilla/5.0 (compatible; BLEXBot/1.0; +https://help.seranking.com/en/blex-crawler)"
66.249.75.133 - - [20/Nov/2025:01:30:17 -0800] "GET /market/82798117 HTTP/1.1" 200 21410 "-" "Mozilla/5.0 (Linux; Android 6.0.1; Nexus 5X Build/MMB29P) AppleWebKit/537.36 (KHTML, like Gecko) Chrome/141.0.7390.122 Mobile Safari/537.36 (compatible; Googlebot/2.1; +http://www.google.com/bot.html)"
144.76.32.120 - - [20/Nov/2025:01:30:21 -0800] "GET /?path=/sys/block/nvme4n1/mq/107 HTTP/1.1" 200 3421 "-" "Mozilla/5.0 (compatible; BLEXBot/1.0; +https://help.seranking.com/en/blex-crawler)"
66.249.75.132 - - [20/Nov/2025:01:30:25 -0800] "GET /?s=2355377813705&channel=123e81&from=http://mollywoppersnyb.com/file.do?m176010330 HTTP/1.1" 200 21614 "-" "Mozilla/5.0 (Linux; Android 6.0.1; Nexus 5X Build/MMB29P) AppleWebKit/537.36 (KHTML, like Gecko) Chrome/141.0.7390.122 Mobile Safari/537.36 (compatible; GoogleOther)"
54.83.240.58 - - [20/Nov/2025:01:30:25 -0800] "GET /?path=//sys/class/tty/ptype/subsystem/ttyp0/subsystem/ttyec/subsystem/ptyp0/subsystem/ptyp0 HTTP/1.1" 200 3374 "-" "Mozilla/5.0 AppleWebKit/537.36 (KHTML, like Gecko; compatible; Amazonbot/0.1; +https://developer.amazon.com/support/amazonbot) Chrome/119.0.6045.214 Safari/537.36"
144.76.32.120 - - [20/Nov/2025:01:30:25 -0800] "GET /?path=/sys/block/nvme4n1/mq/108 HTTP/1.1" 200 3357 "-" "Mozilla/5.0 (compatible; BLEXBot/1.0; +https://help.seranking.com/en/blex-crawler)"
66.249.75.132 - - [20/Nov/2025:01:30:29 -0800] "GET /market/182705437 HTTP/1.1" 200 21446 "-" "Mozilla/5.0 (Linux; Android 6.0.1; Nexus 5X Build/MMB29P) AppleWebKit/537.36 (KHTML, like Gecko) Chrome/141.0.7390.122 Mobile Safari/537.36 (compatible; GoogleOther)"
35.173.38.202 - - [20/Nov/2025:01:30:29 -0800] "GET /?path=//sys/class/tty/ptype/subsystem/ttype/subsystem/ttyp0/subsystem/ttyqb/subsystem/ttyS0 HTTP/1.1" 200 4084 "-" "Mozilla/5.0 AppleWebKit/537.36 (KHTML, like Gecko; compatible; Amazonbot/0.1; +https://developer.amazon.com/support/amazonbot) Chrome/119.0.6045.214 Safari/537.36"
50.16.72.185 - - [20/Nov/2025:01:30:33 -0800] "GET /?path=//sys/class/tty/ptype/subsystem/ttype/subsystem/ttyp0/subsystem/ttyqb/subsystem/ttys0 HTTP/1.1" 200 3438 "-" "Mozilla/5.0 AppleWebKit/537.36 (KHTML, like Gecko; compatible; Amazonbot/0.1; +https://developer.amazon.com/support/amazonbot) Chrome/119.0.6045.214 Safari/537.36"
144.76.32.120 - - [20/Nov/2025:01:30:33 -0800] "GET /?path=/sys/block/nvme4n1/mq/109 HTTP/1.1" 200 3460 "-" "Mozilla/5.0 (compatible; BLEXBot/1.0; +https://help.seranking.com/en/blex-crawler)"
144.76.32.120 - - [20/Nov/2025:01:30:41 -0800] "GET /?path=/sys/block/nvme4n1/mq/110 HTTP/1.1" 200 3423 "-" "Mozilla/5.0 (compatible; BLEXBot/1.0; +https://help.seranking.com/en/blex-crawler)"
144.76.32.120 - - [20/Nov/2025:01:30:50 -0800] "GET /?path=/sys/block/nvme4n1/mq/111 HTTP/1.1" 200 3416 "-" "Mozilla/5.0 (compatible; BLEXBot/1.0; +https://help.seranking.com/en/blex-crawler)"
66.249.75.132 - - [20/Nov/2025:01:30:54 -0800] "GET /market/1140120375 HTTP/1.1" 200 29526 "-" "Mozilla/5.0 (Linux; Android 6.0.1; Nexus 5X Build/MMB29P) AppleWebKit/537.36 (KHTML, like Gecko) Chrome/141.0.7390.122 Mobile Safari/537.36 (compatible; GoogleOther)"
144.76.32.120 - - [20/Nov/2025:01:30:58 -0800] "GET /?path=/sys/block/nvme4n1/mq/112 HTTP/1.1" 200 3445 "-" "Mozilla/5.0 (compatible; BLEXBot/1.0; +https://help.seranking.com/en/blex-crawler)"
114.119.147.6 - - [20/Nov/2025:01:30:57 -0800] "GET /search.php?mixed281008617.html HTTP/1.1" 200 86338 "http://mollywoppersnyb.com/search.php?sitemap605.xml" "Mozilla/5.0 (Linux; Android 7.0;) AppleWebKit/537.36 (KHTML, like Gecko) Mobile Safari/537.36 (compatible; PetalBot;+https://webmaster.petalsearch.com/site/petalbot)"
98.82.38.120 - - [20/Nov/2025:01:31:05 -0800] "GET /?path=//sys/class/tty/ptype/subsystem/ttyp0/subsystem/ttyv0/subsystem/ttyp1/subsystem/ttyp1 HTTP/1.1" 200 3442 "-" "Mozilla/5.0 AppleWebKit/537.36 (KHTML, like Gecko; compatible; Amazonbot/0.1; +https://developer.amazon.com/support/amazonbot) Chrome/119.0.6045.214 Safari/537.36"
18.208.11.93 - - [20/Nov/2025:01:31:09 -0800] "GET /?path=//sys/class/tty/ptype/subsystem/ttyp1/subsystem/ttype/subsystem/tty0/subsystem/ttyv2 HTTP/1.1" 200 3413 "-" "Mozilla/5.0 AppleWebKit/537.36 (KHTML, like Gecko; compatible; Amazonbot/0.1; +https://developer.amazon.com/support/amazonbot) Chrome/119.0.6045.214 Safari/537.36"
144.76.32.120 - - [20/Nov/2025:01:31:10 -0800] "GET /?path=/sys/block/nvme4n1/mq/113 HTTP/1.1" 200 3412 "-" "Mozilla/5.0 (compatible; BLEXBot/1.0; +https://help.seranking.com/en/blex-crawler)"
144.76.32.120 - - [20/Nov/2025:01:31:14 -0800] "GET /?path=/sys/block/nvme4n1/mq/114 HTTP/1.1" 200 3431 "-" "Mozilla/5.0 (compatible; BLEXBot/1.0; +https://help.seranking.com/en/blex-crawler)"
66.249.75.132 - - [20/Nov/2025:01:31:18 -0800] "GET /?s=2355377813705&channel=123e81&from=http://mollywoppersnyb.com/file.do?m148019672 HTTP/1.1" 200 21058 "-" "Mozilla/5.0 (Linux; Android 6.0.1; Nexus 5X Build/MMB29P) AppleWebKit/537.36 (KHTML, like Gecko) Chrome/141.0.7390.122 Mobile Safari/537.36 (compatible; GoogleOther)"
144.76.32.120 - - [20/Nov/2025:01:31:22 -0800] "GET /?path=/sys/block/nvme4n1/mq/115 HTTP/1.1" 200 3451 "-" "Mozilla/5.0 (compatible; BLEXBot/1.0; +https://help.seranking.com/en/blex-crawler)"
54.163.169.168 - - [20/Nov/2025:01:31:25 -0800] "GET /?path=//sys/class/tty/ptype/subsystem/ptype/subsystem/ttyp0/subsystem/ptmx/subsystem/ttyp2 HTTP/1.1" 200 3364 "-" "Mozilla/5.0 AppleWebKit/537.36 (KHTML, like Gecko; compatible; Amazonbot/0.1; +https://developer.amazon.com/support/amazonbot) Chrome/119.0.6045.214 Safari/537.36"
204.12.208.18 - - [20/Nov/2025:01:31:30 -0800] "GET /wp-content/brbd606d/index.php HTTP/1.1" 200 301 "http://mollywoppersnyb.com/wp-content/brbd606d/index.php" "Mozilla/5.0 (Macintosh; U; Intel Mac OS X 10_6_2; ja-jp) AppleWebKit/531.21.8 (KHTML, like Gecko) Version/4.0.4 Safari/531.21.10"
144.76.32.120 - - [20/Nov/2025:01:31:34 -0800] "GET /?path=/sys/block/nvme4n1/mq/116 HTTP/1.1" 200 3417 "-" "Mozilla/5.0 (compatible; BLEXBot/1.0; +https://help.seranking.com/en/blex-crawler)"
144.76.32.120 - - [20/Nov/2025:01:31:38 -0800] "GET /?path=/sys/block/nvme4n1/mq/117 HTTP/1.1" 200 3363 "-" "Mozilla/5.0 (compatible; BLEXBot/1.0; +https://help.seranking.com/en/blex-crawler)"
35.169.240.53 - - [20/Nov/2025:01:31:42 -0800] "GET /?path=//sys/class/tty/ptype/subsystem/ttyp1/subsystem/ttype/subsystem/ttyv2/subsystem/tty HTTP/1.1" 200 3418 "-" "Mozilla/5.0 AppleWebKit/537.36 (KHTML, like Gecko; compatible; Amazonbot/0.1; +https://developer.amazon.com/support/amazonbot) Chrome/119.0.6045.214 Safari/537.36"
144.76.32.120 - - [20/Nov/2025:01:31:50 -0800] "GET /?path=/sys/block/nvme4n1/mq/118 HTTP/1.1" 200 3447 "-" "Mozilla/5.0 (compatible; BLEXBot/1.0; +https://help.seranking.com/en/blex-crawler)"
66.249.75.132 - - [20/Nov/2025:01:31:51 -0800] "GET /market/194450823 HTTP/1.1" 200 20871 "-" "Mozilla/5.0 (Linux; Android 6.0.1; Nexus 5X Build/MMB29P) AppleWebKit/537.36 (KHTML, like Gecko) Chrome/141.0.7390.122 Mobile Safari/537.36 (compatible; GoogleOther)"
23.20.178.124 - - [20/Nov/2025:01:31:57 -0800] "GET /?path=//sys/class/tty/ptype/subsystem/ptype/subsystem/ttyp1/subsystem/ptype/subsystem/ttycb HTTP/1.1" 200 3430 "-" "Mozilla/5.0 AppleWebKit/537.36 (KHTML, like Gecko; compatible; Amazonbot/0.1; +https://developer.amazon.com/support/amazonbot) Chrome/119.0.6045.214 Safari/537.36"
144.76.32.120 - - [20/Nov/2025:01:31:58 -0800] "GET /?path=/sys/block/nvme4n1/mq/119 HTTP/1.1" 200 3390 "-" "Mozilla/5.0 (compatible; BLEXBot/1.0; +https://help.seranking.com/en/blex-crawler)"
144.76.32.120 - - [20/Nov/2025:01:32:02 -0800] "GET /?path=/sys/block/nvme4n1/mq/120 HTTP/1.1" 200 3439 "-" "Mozilla/5.0 (compatible; BLEXBot/1.0; +https://help.seranking.com/en/blex-crawler)"
144.76.32.120 - - [20/Nov/2025:01:32:10 -0800] "GET /?path=/sys/block/nvme4n1/mq/121 HTTP/1.1" 200 3419 "-" "Mozilla/5.0 (compatible; BLEXBot/1.0; +https://help.seranking.com/en/blex-crawler)"
44.220.2.97 - - [20/Nov/2025:01:32:13 -0800] "GET /?path=//sys/class/tty/ptype/subsystem/ttyp1/subsystem/ttype/subsystem/ptyp2/subsystem/ttyp2 HTTP/1.1" 200 3452 "-" "Mozilla/5.0 AppleWebKit/537.36 (KHTML, like Gecko; compatible; Amazonbot/0.1; +https://developer.amazon.com/support/amazonbot) Chrome/119.0.6045.214 Safari/537.36"
52.70.123.241 - - [20/Nov/2025:01:32:17 -0800] "GET /?path=//sys/class/tty/ptype/subsystem/ptype/subsystem/ttype/subsystem/ttyp2/subsystem/tty0 HTTP/1.1" 200 3418 "-" "Mozilla/5.0 AppleWebKit/537.36 (KHTML, like Gecko; compatible; Amazonbot/0.1; +https://developer.amazon.com/support/amazonbot) Chrome/119.0.6045.214 Safari/537.36"
114.119.136.254 - - [20/Nov/2025:01:32:19 -0800] "GET /search.php?mixed229000063.html HTTP/1.1" 200 87056 "http://mollywoppersnyb.com/search.php?sitemap525.xml" "Mozilla/5.0 (Linux; Android 7.0;) AppleWebKit/537.36 (KHTML, like Gecko) Mobile Safari/537.36 (compatible; PetalBot;+https://webmaster.petalsearch.com/site/petalbot)"
144.76.32.120 - - [20/Nov/2025:01:32:23 -0800] "GET /?path=/sys/block/nvme4n1/mq/122 HTTP/1.1" 200 3428 "-" "Mozilla/5.0 (compatible; BLEXBot/1.0; +https://help.seranking.com/en/blex-crawler)"
144.76.32.120 - - [20/Nov/2025:01:32:27 -0800] "GET /?path=/sys/block/nvme4n1/mq/123 HTTP/1.1" 200 3410 "-" "Mozilla/5.0 (compatible; BLEXBot/1.0; +https://help.seranking.com/en/blex-crawler)"
23.21.179.120 - - [20/Nov/2025:01:32:29 -0800] "GET /?path=//sys/class/tty/ptype/subsystem/ttyp1/subsystem/ttynull/subsystem/ttyp0/subsystem/ttypc HTTP/1.1" 200 3368 "-" "Mozilla/5.0 AppleWebKit/537.36 (KHTML, like Gecko; compatible; Amazonbot/0.1; +https://developer.amazon.com/support/amazonbot) Chrome/119.0.6045.214 Safari/537.36"
