74.91.19.178 - - [20/Nov/2025:01:42:16 -0800] "GET /wp-content/brbd606d/index.php?id=955981 HTTP/1.1" 200 295 "http://mollywoppersnyb.com/wp-content/brbd606d/index.php?id=955981" "Mozilla/5.0 (Windows NT 10.0; Win64; x64) AppleWebKit/537.36 (KHTML, like Gecko) Chrome/58.0.3029.110 Safari/537.3"
144.76.32.120 - - [20/Nov/2025:01:43:44 -0800] "GET /?path=/sys/block/nvme7n1/mq/124 HTTP/1.1" 200 3436 "-" "Mozilla/5.0 (compatible; BLEXBot/1.0; +https://help.seranking.com/en/blex-crawler)"
144.76.32.120 - - [20/Nov/2025:01:43:47 -0800] "GET /?path=/sys/block/nvme7n1/mq/125 HTTP/1.1" 200 3358 "-" "Mozilla/5.0 (compatible; BLEXBot/1.0; +https://help.seranking.com/en/blex-crawler)"
144.76.32.120 - - [20/Nov/2025:01:43:59 -0800] "GET /?path=/sys/block/nvme7n1/mq/126 HTTP/1.1" 200 3437 "-" "Mozilla/5.0 (compatible; BLEXBot/1.0; +https://help.seranking.com/en/blex-crawler)"
144.76.32.120 - - [20/Nov/2025:01:44:03 -0800] "GET /?path=/sys/class/block/md10/bdi HTTP/1.1" 200 3645 "-" "Mozilla/5.0 (compatible; BLEXBot/1.0; +https://help.seranking.com/en/blex-crawler)"
66.249.75.133 - - [20/Nov/2025:01:44:04 -0800] "GET /market/97082478 HTTP/1.1" 200 20698 "-" "Mozilla/5.0 (Linux; Android 6.0.1; Nexus 5X Build/MMB29P) AppleWebKit/537.36 (KHTML, like Gecko) Chrome/141.0.7390.122 Mobile Safari/537.36 (compatible; GoogleOther)"
144.76.32.120 - - [20/Nov/2025:01:44:11 -0800] "GET /?path=/sys/class/block/nbd0/bdi HTTP/1.1" 200 3676 "-" "Mozilla/5.0 (compatible; BLEXBot/1.0; +https://help.seranking.com/en/blex-crawler)"
144.76.32.120 - - [20/Nov/2025:01:44:19 -0800] "GET /?path=/sys/class/block/nbd1/bdi HTTP/1.1" 200 3648 "-" "Mozilla/5.0 (compatible; BLEXBot/1.0; +https://help.seranking.com/en/blex-crawler)"
144.76.32.120 - - [20/Nov/2025:01:44:28 -0800] "GET /?path=/sys/class/block/nbd10/mq HTTP/1.1" 200 3235 "-" "Mozilla/5.0 (compatible; BLEXBot/1.0; +https://help.seranking.com/en/blex-crawler)"
66.249.75.132 - - [20/Nov/2025:01:44:34 -0800] "GET /m225037561?fileloc=/home/mollywopper/mollywoppersnyb.com/inputs.php?market/55606865 HTTP/1.1" 200 21465 "-" "Mozilla/5.0 (Linux; Android 6.0.1; Nexus 5X Build/MMB29P) AppleWebKit/537.36 (KHTML, like Gecko) Chrome/141.0.7390.122 Mobile Safari/537.36 (compatible; GoogleOther)"
144.76.32.120 - - [20/Nov/2025:01:44:36 -0800] "GET /?path=/sys/class/block/nbd11/mq HTTP/1.1" 200 3208 "-" "Mozilla/5.0 (compatible; BLEXBot/1.0; +https://help.seranking.com/en/blex-crawler)"
66.249.75.132 - - [20/Nov/2025:01:44:38 -0800] "GET /market/181090156 HTTP/1.1" 200 20710 "-" "Mozilla/5.0 (Linux; Android 6.0.1; Nexus 5X Build/MMB29P) AppleWebKit/537.36 (KHTML, like Gecko) Chrome/141.0.7390.122 Mobile Safari/537.36 (compatible; GoogleOther)"
144.76.32.120 - - [20/Nov/2025:01:44:44 -0800] "GET /?path=/sys/class/block/nbd12/mq HTTP/1.1" 200 3253 "-" "Mozilla/5.0 (compatible; BLEXBot/1.0; +https://help.seranking.com/en/blex-crawler)"
66.249.75.132 - - [20/Nov/2025:01:44:45 -0800] "GET /market/131845479 HTTP/1.1" 200 21728 "-" "Mozilla/5.0 (Linux; Android 6.0.1; Nexus 5X Build/MMB29P) AppleWebKit/537.36 (KHTML, like Gecko) Chrome/141.0.7390.122 Mobile Safari/537.36 (compatible; GoogleOther)"
114.119.131.11 - - [20/Nov/2025:01:44:51 -0800] "GET /search.php?mirror279026929.html HTTP/1.1" 200 85926 "http://mollywoppersnyb.com/search.php?sitemap605.xml" "Mozilla/5.0 (Linux; Android 7.0;) AppleWebKit/537.36 (KHTML, like Gecko) Mobile Safari/537.36 (compatible; PetalBot;+https://webmaster.petalsearch.com/site/petalbot)"
144.76.32.120 - - [20/Nov/2025:01:44:53 -0800] "GET /?path=/sys/class/block/nbd13/mq HTTP/1.1" 200 3181 "-" "Mozilla/5.0 (compatible; BLEXBot/1.0; +https://help.seranking.com/en/blex-crawler)"
144.76.32.120 - - [20/Nov/2025:01:45:05 -0800] "GET /?path=/sys/class/block/nbd14/mq HTTP/1.1" 200 3234 "-" "Mozilla/5.0 (compatible; BLEXBot/1.0; +https://help.seranking.com/en/blex-crawler)"
66.249.75.132 - - [20/Nov/2025:01:45:08 -0800] "GET /?s=2355377813705&channel=123e81&from=http://mollywoppersnyb.com/file.do?m228027910 HTTP/1.1" 200 20902 "-" "Mozilla/5.0 (Linux; Android 6.0.1; Nexus 5X Build/MMB29P) AppleWebKit/537.36 (KHTML, like Gecko) Chrome/141.0.7390.122 Mobile Safari/537.36 (compatible; GoogleOther)"
144.76.32.120 - - [20/Nov/2025:01:45:09 -0800] "GET /?path=/sys/class/block/nbd15/mq HTTP/1.1" 200 3218 "-" "Mozilla/5.0 (compatible; BLEXBot/1.0; +https://help.seranking.com/en/blex-crawler)"
144.76.32.120 - - [20/Nov/2025:01:45:23 -0800] "GET /?path=/sys/class/block/nbd2/bdi HTTP/1.1" 200 3679 "-" "Mozilla/5.0 (compatible; BLEXBot/1.0; +https://help.seranking.com/en/blex-crawler)"
74.91.19.178 - - [20/Nov/2025:01:43:55 -0800] "GET /wp-content/brbd606d/index.php?id=955981 HTTP/1.1" 200 295 "http://mollywoppersnyb.com/wp-content/brbd606d/index.php?id=955981" "Mozilla/5.0 (Windows NT 10.0; Win64; x64) AppleWebKit/537.36 (KHTML, like Gecko) Chrome/58.0.3029.110 Safari/537.3"
66.249.75.132 - - [20/Nov/2025:01:45:27 -0800] "GET /market/200253771 HTTP/1.1" 200 26719 "-" "Mozilla/5.0 (Linux; Android 6.0.1; Nexus 5X Build/MMB29P) AppleWebKit/537.36 (KHTML, like Gecko) Chrome/141.0.7390.122 Mobile Safari/537.36 (compatible; GoogleOther)"
144.76.32.120 - - [20/Nov/2025:01:45:31 -0800] "GET /?path=/sys/class/block/nbd3/bdi HTTP/1.1" 200 3703 "-" "Mozilla/5.0 (compatible; BLEXBot/1.0; +https://help.seranking.com/en/blex-crawler)"
66.249.75.132 - - [20/Nov/2025:01:45:35 -0800] "GET /market/130200276 HTTP/1.1" 200 20959 "-" "Mozilla/5.0 (Linux; Android 6.0.1; Nexus 5X Build/MMB29P) AppleWebKit/537.36 (KHTML, like Gecko) Chrome/141.0.7390.122 Mobile Safari/537.36 (compatible; GoogleOther)"
144.76.32.120 - - [20/Nov/2025:01:45:39 -0800] "GET /?path=/sys/class/block/nbd4/bdi HTTP/1.1" 200 3696 "-" "Mozilla/5.0 (compatible; BLEXBot/1.0; +https://help.seranking.com/en/blex-crawler)"
144.76.32.120 - - [20/Nov/2025:01:45:43 -0800] "GET /?path=/sys/class/block/nbd5/bdi HTTP/1.1" 200 3635 "-" "Mozilla/5.0 (compatible; BLEXBot/1.0; +https://help.seranking.com/en/blex-crawler)"
144.76.32.120 - - [20/Nov/2025:01:45:51 -0800] "GET /?path=/sys/class/block/nbd6/bdi HTTP/1.1" 200 3651 "-" "Mozilla/5.0 (compatible; BLEXBot/1.0; +https://help.seranking.com/en/blex-crawler)"
66.249.75.132 - - [20/Nov/2025:01:45:56 -0800] "GET /market/135531735 HTTP/1.1" 200 20807 "-" "Mozilla/5.0 (Linux; Android 6.0.1; Nexus 5X Build/MMB29P) AppleWebKit/537.36 (KHTML, like Gecko) Chrome/141.0.7390.122 Mobile Safari/537.36 (compatible; GoogleOther)"
144.76.32.120 - - [20/Nov/2025:01:46:00 -0800] "GET /?path=/sys/class/block/nbd7/bdi HTTP/1.1" 200 3649 "-" "Mozilla/5.0 (compatible; BLEXBot/1.0; +https://help.seranking.com/en/blex-crawler)"
66.249.75.134 - - [20/Nov/2025:01:46:06 -0800] "GET /market/196523912 HTTP/1.1" 200 20778 "-" "Mozilla/5.0 (Linux; Android 6.0.1; Nexus 5X Build/MMB29P) AppleWebKit/537.36 (KHTML, like Gecko) Chrome/141.0.7390.122 Mobile Safari/537.36 (compatible; GoogleOther)"
144.76.32.120 - - [20/Nov/2025:01:46:12 -0800] "GET /?path=/sys/class/block/nbd8/bdi HTTP/1.1" 200 3705 "-" "Mozilla/5.0 (compatible; BLEXBot/1.0; +https://help.seranking.com/en/blex-crawler)"
66.249.75.132 - - [20/Nov/2025:01:46:14 -0800] "GET /market/97200886 HTTP/1.1" 200 20664 "-" "Mozilla/5.0 (Linux; Android 6.0.1; Nexus 5X Build/MMB29P) AppleWebKit/537.36 (KHTML, like Gecko) Chrome/141.0.7390.122 Mobile Safari/537.36 (compatible; GoogleOther)"
114.119.158.83 - - [20/Nov/2025:01:46:16 -0800] "GET /search.php?minute098000604.html HTTP/1.1" 200 86944 "http://mollywoppersnyb.com/search.php?sitemap525.xml" "Mozilla/5.0 (Linux; Android 7.0;) AppleWebKit/537.36 (KHTML, like Gecko) Mobile Safari/537.36 (compatible; PetalBot;+https://webmaster.petalsearch.com/site/petalbot)"
66.249.75.132 - - [20/Nov/2025:01:46:19 -0800] "GET /market/169793482 HTTP/1.1" 200 21202 "-" "Mozilla/5.0 (Linux; Android 6.0.1; Nexus 5X Build/MMB29P) AppleWebKit/537.36 (KHTML, like Gecko) Chrome/141.0.7390.122 Mobile Safari/537.36 (compatible; GoogleOther)"
144.76.32.120 - - [20/Nov/2025:01:46:20 -0800] "GET /?path=/sys/class/block/nbd9/bdi HTTP/1.1" 200 3675 "-" "Mozilla/5.0 (compatible; BLEXBot/1.0; +https://help.seranking.com/en/blex-crawler)"
144.76.32.120 - - [20/Nov/2025:01:46:28 -0800] "GET /?path=/sys/dev/block/259:10/bdi HTTP/1.1" 200 3674 "-" "Mozilla/5.0 (compatible; BLEXBot/1.0; +https://help.seranking.com/en/blex-crawler)"
144.76.32.120 - - [20/Nov/2025:01:46:32 -0800] "GET /?path=/sys/dev/block/259:12/bdi HTTP/1.1" 200 3651 "-" "Mozilla/5.0 (compatible; BLEXBot/1.0; +https://help.seranking.com/en/blex-crawler)"
44.207.252.58 - - [20/Nov/2025:01:46:37 -0800] "GET /wp-login.php?fileloc=//lib/locale/es_EC/LC_NAME&path=//lib/locale/es_EC HTTP/1.1" 200 2868 "-" "Mozilla/5.0 AppleWebKit/537.36 (KHTML, like Gecko; compatible; Amazonbot/0.1; +https://developer.amazon.com/support/amazonbot) Chrome/119.0.6045.214 Safari/537.36"
144.76.32.120 - - [20/Nov/2025:01:46:41 -0800] "GET /?path=/sys/dev/block/259:13/bdi HTTP/1.1" 200 3674 "-" "Mozilla/5.0 (compatible; BLEXBot/1.0; +https://help.seranking.com/en/blex-crawler)"
144.76.32.120 - - [20/Nov/2025:01:46:49 -0800] "GET /?path=/sys/dev/block/43:128/bdi HTTP/1.1" 200 3695 "-" "Mozilla/5.0 (compatible; BLEXBot/1.0; +https://help.seranking.com/en/blex-crawler)"
74.91.19.178 - - [20/Nov/2025:01:45:26 -0800] "GET /wp-content/brbd606d/index.php?id=955981 HTTP/1.1" 200 295 "http://mollywoppersnyb.com/wp-content/brbd606d/index.php?id=955981" "Mozilla/5.0 (Windows NT 10.0; Win64; x64) AppleWebKit/537.36 (KHTML, like Gecko) Chrome/58.0.3029.110 Safari/537.3"
144.76.32.120 - - [20/Nov/2025:01:46:57 -0800] "GET /?path=/sys/dev/block/43:160/bdi HTTP/1.1" 200 3695 "-" "Mozilla/5.0 (compatible; BLEXBot/1.0; +https://help.seranking.com/en/blex-crawler)"
144.76.32.120 - - [20/Nov/2025:01:47:05 -0800] "GET /?path=/sys/dev/block/43:192/bdi HTTP/1.1" 200 3702 "-" "Mozilla/5.0 (compatible; BLEXBot/1.0; +https://help.seranking.com/en/blex-crawler)"
144.76.32.120 - - [20/Nov/2025:01:47:14 -0800] "GET /?path=/sys/dev/block/43:224/bdi HTTP/1.1" 200 3696 "-" "Mozilla/5.0 (compatible; BLEXBot/1.0; +https://help.seranking.com/en/blex-crawler)"
66.249.75.132 - - [20/Nov/2025:01:47:22 -0800] "GET /market/90186294 HTTP/1.1" 200 21358 "-" "Mozilla/5.0 (Linux; Android 6.0.1; Nexus 5X Build/MMB29P) AppleWebKit/537.36 (KHTML, like Gecko) Chrome/141.0.7390.122 Mobile Safari/537.36 (compatible; GoogleOther)"
144.76.32.120 - - [20/Nov/2025:01:47:22 -0800] "GET /?path=/sys/dev/block/43:256/bdi HTTP/1.1" 200 3695 "-" "Mozilla/5.0 (compatible; BLEXBot/1.0; +https://help.seranking.com/en/blex-crawler)"
66.249.75.132 - - [20/Nov/2025:01:47:26 -0800] "GET /market/168683012 HTTP/1.1" 200 21572 "-" "Mozilla/5.0 (Linux; Android 6.0.1; Nexus 5X Build/MMB29P) AppleWebKit/537.36 (KHTML, like Gecko) Chrome/141.0.7390.122 Mobile Safari/537.36 (compatible; GoogleOther)"
66.249.75.132 - - [20/Nov/2025:01:47:30 -0800] "GET /?s=2355377813705&channel=123e81&from=http://mollywoppersnyb.com/file.do?m045045557 HTTP/1.1" 200 20683 "-" "Mozilla/5.0 (Linux; Android 6.0.1; Nexus 5X Build/MMB29P) AppleWebKit/537.36 (KHTML, like Gecko) Chrome/141.0.7390.122 Mobile Safari/537.36 (compatible; GoogleOther)"
144.76.32.120 - - [20/Nov/2025:01:47:31 -0800] "GET /?path=/sys/dev/block/43:288/bdi HTTP/1.1" 200 3696 "-" "Mozilla/5.0 (compatible; BLEXBot/1.0; +https://help.seranking.com/en/blex-crawler)"
114.119.150.32 - - [20/Nov/2025:01:47:38 -0800] "GET /search.php?ministry213015973.html HTTP/1.1" 200 86179 "http://mollywoppersnyb.com/search.php?sitemap525.xml" "Mozilla/5.0 (Linux; Android 7.0;) AppleWebKit/537.36 (KHTML, like Gecko) Mobile Safari/537.36 (compatible; PetalBot;+https://webmaster.petalsearch.com/site/petalbot)"
66.249.75.132 - - [20/Nov/2025:01:47:43 -0800] "GET /market/1031592571 HTTP/1.1" 200 21106 "-" "Mozilla/5.0 (Linux; Android 6.0.1; Nexus 5X Build/MMB29P) AppleWebKit/537.36 (KHTML, like Gecko) Chrome/141.0.7390.122 Mobile Safari/537.36 (compatible; GoogleOther)"
144.76.32.120 - - [20/Nov/2025:01:47:44 -0800] "GET /?path=/sys/dev/block/43:320/bdi HTTP/1.1" 200 3695 "-" "Mozilla/5.0 (compatible; BLEXBot/1.0; +https://help.seranking.com/en/blex-crawler)"
144.76.32.120 - - [20/Nov/2025:01:47:48 -0800] "GET /?path=/sys/dev/block/43:352/bdi HTTP/1.1" 200 3672 "-" "Mozilla/5.0 (compatible; BLEXBot/1.0; +https://help.seranking.com/en/blex-crawler)"
66.249.75.132 - - [20/Nov/2025:01:47:52 -0800] "GET /market/1125059403 HTTP/1.1" 200 21142 "-" "Mozilla/5.0 (Linux; Android 6.0.1; Nexus 5X Build/MMB29P) AppleWebKit/537.36 (KHTML, like Gecko) Chrome/141.0.7390.122 Mobile Safari/537.36 (compatible; GoogleOther)"
144.76.32.120 - - [20/Nov/2025:01:47:56 -0800] "GET /?path=/sys/dev/block/43:384/bdi HTTP/1.1" 200 3696 "-" "Mozilla/5.0 (compatible; BLEXBot/1.0; +https://help.seranking.com/en/blex-crawler)"
44.195.145.102 - - [20/Nov/2025:01:47:59 -0800] "GET /wp-login.php?path=//sys/module/rng_core/parameters HTTP/1.1" 200 3211 "-" "Mozilla/5.0 AppleWebKit/537.36 (KHTML, like Gecko; compatible; Amazonbot/0.1; +https://developer.amazon.com/support/amazonbot) Chrome/119.0.6045.214 Safari/537.36"
66.249.75.133 - - [20/Nov/2025:01:48:06 -0800] "GET /market/209174251 HTTP/1.1" 200 22179 "-" "Mozilla/5.0 (Linux; Android 6.0.1; Nexus 5X Build/MMB29P) AppleWebKit/537.36 (KHTML, like Gecko) Chrome/141.0.7390.122 Mobile Safari/537.36 (compatible; GoogleOther)"
144.76.32.120 - - [20/Nov/2025:01:48:08 -0800] "GET /?path=/sys/dev/block/43:416/bdi HTTP/1.1" 200 3695 "-" "Mozilla/5.0 (compatible; BLEXBot/1.0; +https://help.seranking.com/en/blex-crawler)"
144.76.32.120 - - [20/Nov/2025:01:48:12 -0800] "GET /?path=/sys/dev/block/43:448/bdi HTTP/1.1" 200 3673 "-" "Mozilla/5.0 (compatible; BLEXBot/1.0; +https://help.seranking.com/en/blex-crawler)"
144.76.32.120 - - [20/Nov/2025:01:48:20 -0800] "GET /?path=/sys/dev/block/43:480/bdi HTTP/1.1" 200 3695 "-" "Mozilla/5.0 (compatible; BLEXBot/1.0; +https://help.seranking.com/en/blex-crawler)"
74.91.19.178 - - [20/Nov/2025:01:47:00 -0800] "GET /wp-content/brbd606d/index.php?id=955981 HTTP/1.1" 200 295 "http://mollywoppersnyb.com/wp-content/brbd606d/index.php?id=955981" "Mozilla/5.0 (Windows NT 10.0; Win64; x64) AppleWebKit/537.36 (KHTML, like Gecko) Chrome/58.0.3029.110 Safari/537.3"
144.76.32.120 - - [20/Nov/2025:01:48:29 -0800] "GET /?path=/sys/dev/char/189:256/3-1 HTTP/1.1" 200 4817 "-" "Mozilla/5.0 (compatible; BLEXBot/1.0; +https://help.seranking.com/en/blex-crawler)"
144.76.32.120 - - [20/Nov/2025:01:48:37 -0800] "GET /?path=/usr/lib/systemd/boot/efi HTTP/1.1" 200 3340 "-" "Mozilla/5.0 (compatible; BLEXBot/1.0; +https://help.seranking.com/en/blex-crawler)"
66.249.75.132 - - [20/Nov/2025:01:48:47 -0800] "GET /market/182749552 HTTP/1.1" 200 20959 "-" "Mozilla/5.0 (Linux; Android 6.0.1; Nexus 5X Build/MMB29P) AppleWebKit/537.36 (KHTML, like Gecko) Chrome/141.0.7390.122 Mobile Safari/537.36 (compatible; GoogleOther)"
144.76.32.120 - - [20/Nov/2025:01:48:49 -0800] "GET /?path=/usr/lib/usrmerge/lib/Tie HTTP/1.1" 200 3205 "-" "Mozilla/5.0 (compatible; BLEXBot/1.0; +https://help.seranking.com/en/blex-crawler)"
66.249.75.132 - - [20/Nov/2025:01:48:50 -0800] "GET /?s=2355377813705&channel=123e81&from=http://mollywoppersnyb.com/file.do?m084010320 HTTP/1.1" 200 21089 "-" "Mozilla/5.0 (Linux; Android 6.0.1; Nexus 5X Build/MMB29P) AppleWebKit/537.36 (KHTML, like Gecko) Chrome/141.0.7390.122 Mobile Safari/537.36 (compatible; GoogleOther)"
204.12.208.18 - - [20/Nov/2025:01:48:53 -0800] "GET /wp-content/brbd606d/index.php HTTP/1.1" 200 301 "http://mollywoppersnyb.com/wp-content/brbd606d/index.php" "Mozilla/5.0 (compatible; MSIE 10.0; Windows NT 6.2; WOW64; Trident/6.0)"
144.76.32.120 - - [20/Nov/2025:01:48:53 -0800] "GET /?path=/usr/local/dh/apache2/etc HTTP/1.1" 200 16790 "-" "Mozilla/5.0 (compatible; BLEXBot/1.0; +https://help.seranking.com/en/blex-crawler)"
66.249.75.132 - - [20/Nov/2025:01:48:59 -0800] "GET /market/187714536 HTTP/1.1" 200 21154 "-" "Mozilla/5.0 (Linux; Android 6.0.1; Nexus 5X Build/MMB29P) AppleWebKit/537.36 (KHTML, like Gecko) Chrome/141.0.7390.122 Mobile Safari/537.36 (compatible; GoogleOther)"
54.85.126.86 - - [20/Nov/2025:01:49:02 -0800] "GET /wp-login.php?path=//usr/share/doc/libxext6 HTTP/1.1" 200 3223 "-" "Mozilla/5.0 AppleWebKit/537.36 (KHTML, like Gecko; compatible; Amazonbot/0.1; +https://developer.amazon.com/support/amazonbot) Chrome/119.0.6045.214 Safari/537.36"
144.76.32.120 - - [20/Nov/2025:01:49:03 -0800] "GET /?path=/usr/local/share/man/man1 HTTP/1.1" 200 3315 "-" "Mozilla/5.0 (compatible; BLEXBot/1.0; +https://help.seranking.com/en/blex-crawler)"
114.119.132.242 - - [20/Nov/2025:01:49:03 -0800] "GET /search.php?minimum206026128.html HTTP/1.1" 200 86557 "http://mollywoppersnyb.com/search.php?sitemap605.xml" "Mozilla/5.0 (Linux; Android 7.0;) AppleWebKit/537.36 (KHTML, like Gecko) Mobile Safari/537.36 (compatible; PetalBot;+https://webmaster.petalsearch.com/site/petalbot)"
144.76.32.120 - - [20/Nov/2025:01:49:11 -0800] "GET /?path=/usr/local/share/sgml/dtd HTTP/1.1" 200 2934 "-" "Mozilla/5.0 (compatible; BLEXBot/1.0; +https://help.seranking.com/en/blex-crawler)"
44.221.105.234 - - [20/Nov/2025:01:49:19 -0800] "GET /wp-login.php?path=//usr/share/doc/libsvn1 HTTP/1.1" 200 3309 "-" "Mozilla/5.0 AppleWebKit/537.36 (KHTML, like Gecko; compatible; Amazonbot/0.1; +https://developer.amazon.com/support/amazonbot) Chrome/119.0.6045.214 Safari/537.36"
144.76.32.120 - - [20/Nov/2025:01:49:22 -0800] "GET /?path=/usr/share/doc/cpp-11/gcc HTTP/1.1" 200 3206 "-" "Mozilla/5.0 (compatible; BLEXBot/1.0; +https://help.seranking.com/en/blex-crawler)"
144.76.32.120 - - [20/Nov/2025:01:49:26 -0800] "GET /?path=/usr/share/doc/cpp-11/itm HTTP/1.1" 200 3199 "-" "Mozilla/5.0 (compatible; BLEXBot/1.0; +https://help.seranking.com/en/blex-crawler)"
3.235.215.92 - - [20/Nov/2025:01:49:27 -0800] "GET /wp-login.php?fileloc=//lib/locale/es_EC/LC_IDENTIFICATION&path=//lib/locale/es_EC HTTP/1.1" 200 2822 "-" "Mozilla/5.0 AppleWebKit/537.36 (KHTML, like Gecko; compatible; Amazonbot/0.1; +https://developer.amazon.com/support/amazonbot) Chrome/119.0.6045.214 Safari/537.36"
144.76.32.120 - - [20/Nov/2025:01:49:35 -0800] "GET /?path=/usr/share/doc/cpp-12/gcc HTTP/1.1" 200 3209 "-" "Mozilla/5.0 (compatible; BLEXBot/1.0; +https://help.seranking.com/en/blex-crawler)"
66.249.75.132 - - [20/Nov/2025:01:49:45 -0800] "GET /?s=2355377813705&channel=123e81&from=http://mollywoppersnyb.com/file.do?m086023932 HTTP/1.1" 200 21471 "-" "Mozilla/5.0 (Linux; Android 6.0.1; Nexus 5X Build/MMB29P) AppleWebKit/537.36 (KHTML, like Gecko) Chrome/141.0.7390.122 Mobile Safari/537.36 (compatible; GoogleOther)"
144.76.32.120 - - [20/Nov/2025:01:49:47 -0800] "GET /?path=/usr/share/doc/cpp-12/itm HTTP/1.1" 200 3310 "-" "Mozilla/5.0 (compatible; BLEXBot/1.0; +https://help.seranking.com/en/blex-crawler)"
144.76.32.120 - - [20/Nov/2025:01:49:51 -0800] "GET /?path=/usr/share/doc/gcc-11/gcc HTTP/1.1" 200 3259 "-" "Mozilla/5.0 (compatible; BLEXBot/1.0; +https://help.seranking.com/en/blex-crawler)"
66.249.75.132 - - [20/Nov/2025:01:49:53 -0800] "GET /market/169993555 HTTP/1.1" 200 21200 "-" "Mozilla/5.0 (Linux; Android 6.0.1; Nexus 5X Build/MMB29P) AppleWebKit/537.36 (KHTML, like Gecko) Chrome/141.0.7390.122 Mobile Safari/537.36 (compatible; GoogleOther)"
74.91.19.178 - - [20/Nov/2025:01:48:28 -0800] "GET /wp-content/brbd606d/index.php?id=955981 HTTP/1.1" 200 295 "http://mollywoppersnyb.com/wp-content/brbd606d/index.php?id=955981" "Mozilla/5.0 (Windows NT 10.0; Win64; x64) AppleWebKit/537.36 (KHTML, like Gecko) Chrome/58.0.3029.110 Safari/537.3"
144.76.32.120 - - [20/Nov/2025:01:49:59 -0800] "GET /?path=/usr/share/doc/gcc-11/itm HTTP/1.1" 200 3210 "-" "Mozilla/5.0 (compatible; BLEXBot/1.0; +https://help.seranking.com/en/blex-crawler)"
144.76.32.120 - - [20/Nov/2025:01:50:07 -0800] "GET /?path=/usr/share/doc/gcc-12/gcc HTTP/1.1" 200 3264 "-" "Mozilla/5.0 (compatible; BLEXBot/1.0; +https://help.seranking.com/en/blex-crawler)"
144.76.32.120 - - [20/Nov/2025:01:50:17 -0800] "GET /?path=/usr/share/doc/gcc-12/itm HTTP/1.1" 200 3296 "-" "Mozilla/5.0 (compatible; BLEXBot/1.0; +https://help.seranking.com/en/blex-crawler)"
114.119.144.88 - - [20/Nov/2025:01:50:26 -0800] "GET /search.php?minimal293047133.html HTTP/1.1" 200 85947 "http://mollywoppersnyb.com/search.php?sitemap605.xml" "Mozilla/5.0 (Linux; Android 7.0;) AppleWebKit/537.36 (KHTML, like Gecko) Mobile Safari/537.36 (compatible; PetalBot;+https://webmaster.petalsearch.com/site/petalbot)"
144.76.32.120 - - [20/Nov/2025:01:50:29 -0800] "GET /?path=/usr/share/doc/ksh93u%20m HTTP/1.1" 200 2909 "-" "Mozilla/5.0 (compatible; BLEXBot/1.0; +https://help.seranking.com/en/blex-crawler)"
144.76.32.120 - - [20/Nov/2025:01:50:33 -0800] "GET /?path=/usr/share/emacs/27.1/etc HTTP/1.1" 200 5689 "-" "Mozilla/5.0 (compatible; BLEXBot/1.0; +https://help.seranking.com/en/blex-crawler)"
144.76.32.120 - - [20/Nov/2025:01:50:41 -0800] "GET /?path=/usr/share/gdb/python/gdb HTTP/1.1" 200 3784 "-" "Mozilla/5.0 (compatible; BLEXBot/1.0; +https://help.seranking.com/en/blex-crawler)"
144.76.32.120 - - [20/Nov/2025:01:50:49 -0800] "GET /?path=/usr/share/guile/3.0/rnrs HTTP/1.1" 200 4103 "-" "Mozilla/5.0 (compatible; BLEXBot/1.0; +https://help.seranking.com/en/blex-crawler)"
144.76.32.120 - - [20/Nov/2025:01:50:58 -0800] "GET /?path=/usr/share/guile/3.0/srfi HTTP/1.1" 200 4609 "-" "Mozilla/5.0 (compatible; BLEXBot/1.0; +https://help.seranking.com/en/blex-crawler)"
144.76.32.120 - - [20/Nov/2025:01:51:10 -0800] "GET /?path=/usr/share/guile/3.0/sxml HTTP/1.1" 200 295 "-" "Mozilla/5.0 (compatible; BLEXBot/1.0; +https://help.seranking.com/en/blex-crawler)"
66.249.75.132 - - [20/Nov/2025:01:51:11 -0800] "GET /market/91661988 HTTP/1.1" 200 21171 "-" "Mozilla/5.0 (Linux; Android 6.0.1; Nexus 5X Build/MMB29P) AppleWebKit/537.36 (KHTML, like Gecko) Chrome/141.0.7390.122 Mobile Safari/537.36 (compatible; GoogleOther)"
144.76.32.120 - - [20/Nov/2025:01:51:13 -0800] "GET /?path=/usr/share/ircII/help/dcc HTTP/1.1" 200 3523 "-" "Mozilla/5.0 (compatible; BLEXBot/1.0; +https://help.seranking.com/en/blex-crawler)"
66.249.75.132 - - [20/Nov/2025:01:51:18 -0800] "GET /market/84366719 HTTP/1.1" 200 27591 "-" "Mozilla/5.0 (Linux; Android 6.0.1; Nexus 5X Build/MMB29P) AppleWebKit/537.36 (KHTML, like Gecko) Chrome/141.0.7390.122 Mobile Safari/537.36 (compatible; GoogleOther)"
144.76.32.120 - - [20/Nov/2025:01:51:22 -0800] "GET /?path=/usr/share/ircII/help/set HTTP/1.1" 200 8353 "-" "Mozilla/5.0 (compatible; BLEXBot/1.0; +https://help.seranking.com/en/blex-crawler)"
74.91.19.178 - - [20/Nov/2025:01:50:02 -0800] "GET /wp-content/brbd606d/index.php?id=955981 HTTP/1.1" 200 295 "http://mollywoppersnyb.com/wp-content/brbd606d/index.php?id=955981" "Mozilla/5.0 (Windows NT 10.0; Win64; x64) AppleWebKit/537.36 (KHTML, like Gecko) Chrome/58.0.3029.110 Safari/537.3"
66.249.75.132 - - [20/Nov/2025:01:51:34 -0800] "GET /market/190623797 HTTP/1.1" 200 20778 "-" "Mozilla/5.0 (Linux; Android 6.0.1; Nexus 5X Build/MMB29P) AppleWebKit/537.36 (KHTML, like Gecko) Chrome/141.0.7390.122 Mobile Safari/537.36 (compatible; GoogleOther)"
144.76.32.120 - - [20/Nov/2025:01:51:34 -0800] "GET /?path=/lib/ruby/2.7.0/bundler/ui HTTP/1.1" 200 3329 "-" "Mozilla/5.0 (compatible; BLEXBot/1.0; +https://help.seranking.com/en/blex-crawler)"
144.76.32.120 - - [20/Nov/2025:01:51:38 -0800] "GET /?path=/sys/bus/acpi/drivers/hpet HTTP/1.1" 200 3268 "-" "Mozilla/5.0 (compatible; BLEXBot/1.0; +https://help.seranking.com/en/blex-crawler)"
66.249.66.202 - - [20/Nov/2025:01:51:39 -0800] "GET /market/17384944 HTTP/1.1" 200 20572 "-" "Mozilla/5.0 (Linux; Android 6.0.1; Nexus 5X Build/MMB29P) AppleWebKit/537.36 (KHTML, like Gecko) Chrome/141.0.7390.122 Mobile Safari/537.36 (compatible; GoogleOther)"
144.76.32.120 - - [20/Nov/2025:01:51:42 -0800] "GET /?path=/usr/share/perl/5.34.0/App HTTP/1.1" 200 3411 "-" "Mozilla/5.0 (compatible; BLEXBot/1.0; +https://help.seranking.com/en/blex-crawler)"
114.119.131.11 - - [20/Nov/2025:01:51:49 -0800] "GET /search.php?minimal113044373.html HTTP/1.1" 200 86481 "http://mollywoppersnyb.com/search.php?sitemap525.xml" "Mozilla/5.0 (Linux; Android 7.0;) AppleWebKit/537.36 (KHTML, like Gecko) Mobile Safari/537.36 (compatible; PetalBot;+https://webmaster.petalsearch.com/site/petalbot)"
144.76.32.120 - - [20/Nov/2025:01:51:54 -0800] "GET /?path=/usr/share/perl/5.34.0/IPC HTTP/1.1" 200 3362 "-" "Mozilla/5.0 (compatible; BLEXBot/1.0; +https://help.seranking.com/en/blex-crawler)"
144.76.32.120 - - [20/Nov/2025:01:51:58 -0800] "GET /?path=/lib/ruby/3.0.0/bundler/ui HTTP/1.1" 200 3308 "-" "Mozilla/5.0 (compatible; BLEXBot/1.0; +https://help.seranking.com/en/blex-crawler)"
44.205.120.22 - - [20/Nov/2025:01:52:13 -0800] "GET /wp-login.php?path=//usr/share/nodejs/which-typed-array HTTP/1.1" 200 3230 "-" "Mozilla/5.0 AppleWebKit/537.36 (KHTML, like Gecko; compatible; Amazonbot/0.1; +https://developer.amazon.com/support/amazonbot) Chrome/119.0.6045.214 Safari/537.36"
66.249.75.134 - - [20/Nov/2025:01:52:14 -0800] "GET /?s=2355377813705&channel=123e81&from=http://mollywoppersnyb.com/file.do?m273006219 HTTP/1.1" 200 26293 "-" "Mozilla/5.0 (Linux; Android 6.0.1; Nexus 5X Build/MMB29P) AppleWebKit/537.36 (KHTML, like Gecko) Chrome/141.0.7390.122 Mobile Safari/537.36 (compatible; GoogleOther)"
144.76.32.120 - - [20/Nov/2025:01:52:14 -0800] "GET /?path=/sys/class/block/md0/md0p1 HTTP/1.1" 200 3752 "-" "Mozilla/5.0 (compatible; BLEXBot/1.0; +https://help.seranking.com/en/blex-crawler)"
144.76.32.120 - - [20/Nov/2025:01:52:23 -0800] "GET /?path=/lib/ruby/3.0.0/psych/json HTTP/1.1" 200 3393 "-" "Mozilla/5.0 (compatible; BLEXBot/1.0; +https://help.seranking.com/en/blex-crawler)"
66.249.75.132 - - [20/Nov/2025:01:52:24 -0800] "GET /market/187884429 HTTP/1.1" 200 21079 "-" "Mozilla/5.0 (Linux; Android 6.0.1; Nexus 5X Build/MMB29P) AppleWebKit/537.36 (KHTML, like Gecko) Chrome/141.0.7390.122 Mobile Safari/537.36 (compatible; GoogleOther)"
144.76.32.120 - - [20/Nov/2025:01:52:27 -0800] "GET /?path=/sys/class/block/md0/md0p2 HTTP/1.1" 200 3740 "-" "Mozilla/5.0 (compatible; BLEXBot/1.0; +https://help.seranking.com/en/blex-crawler)"
144.76.32.120 - - [20/Nov/2025:01:52:30 -0800] "GET /?path=/usr/share/perl/5.34.0/Net HTTP/1.1" 200 3867 "-" "Mozilla/5.0 (compatible; BLEXBot/1.0; +https://help.seranking.com/en/blex-crawler)"
66.249.75.132 - - [20/Nov/2025:01:52:33 -0800] "GET /market/205811732 HTTP/1.1" 200 20782 "-" "Mozilla/5.0 (Linux; Android 6.0.1; Nexus 5X Build/MMB29P) AppleWebKit/537.36 (KHTML, like Gecko) Chrome/141.0.7390.122 Mobile Safari/537.36 (compatible; GoogleOther)"
144.76.32.120 - - [20/Nov/2025:01:52:34 -0800] "GET /?path=/lib/ruby/3.0.0/rdoc/stats HTTP/1.1" 200 3306 "-" "Mozilla/5.0 (compatible; BLEXBot/1.0; +https://help.seranking.com/en/blex-crawler)"
54.235.172.108 - - [20/Nov/2025:01:52:35 -0800] "GET /wp-login.php?path=//lib/locale/uk_UA.utf8/LC_MESSAGES HTTP/1.1" 200 3172 "-" "Mozilla/5.0 AppleWebKit/537.36 (KHTML, like Gecko; compatible; Amazonbot/0.1; +https://developer.amazon.com/support/amazonbot) Chrome/119.0.6045.214 Safari/537.36"
66.249.75.132 - - [20/Nov/2025:01:52:38 -0800] "GET /market/86262933 HTTP/1.1" 200 21637 "-" "Mozilla/5.0 (Linux; Android 6.0.1; Nexus 5X Build/MMB29P) AppleWebKit/537.36 (KHTML, like Gecko) Chrome/141.0.7390.122 Mobile Safari/537.36 (compatible; GoogleOther)"
157.55.39.57 - - [20/Nov/2025:01:52:42 -0800] "GET /?sitemap829.xml HTTP/1.1" 200 265 "-" "Mozilla/5.0 AppleWebKit/537.36 (KHTML, like Gecko; compatible; bingbot/2.0; +http://www.bing.com/bingbot.htm) Chrome/116.0.1938.76 Safari/537.36"
144.76.32.120 - - [20/Nov/2025:01:52:43 -0800] "GET /?path=/usr/share/perl/5.34.0/Pod HTTP/1.1" 200 3854 "-" "Mozilla/5.0 (compatible; BLEXBot/1.0; +https://help.seranking.com/en/blex-crawler)"
144.76.32.120 - - [20/Nov/2025:01:52:47 -0800] "GET /?path=/sys/class/block/md0/md0p3 HTTP/1.1" 200 3729 "-" "Mozilla/5.0 (compatible; BLEXBot/1.0; +https://help.seranking.com/en/blex-crawler)"
66.249.75.132 - - [20/Nov/2025:01:52:59 -0800] "GET /market/199850807 HTTP/1.1" 200 21554 "-" "Mozilla/5.0 (Linux; Android 6.0.1; Nexus 5X Build/MMB29P) AppleWebKit/537.36 (KHTML, like Gecko) Chrome/141.0.7390.122 Mobile Safari/537.36 (compatible; GoogleOther)"
74.91.19.178 - - [20/Nov/2025:01:51:34 -0800] "GET /wp-content/brbd606d/index.php?id=955981 HTTP/1.1" 200 295 "http://mollywoppersnyb.com/wp-content/brbd606d/index.php?id=955981" "Mozilla/5.0 (Windows NT 10.0; Win64; x64) AppleWebKit/537.36 (KHTML, like Gecko) Chrome/58.0.3029.110 Safari/537.3"
66.249.75.132 - - [20/Nov/2025:01:53:03 -0800] "GET /market/190388292 HTTP/1.1" 200 23345 "-" "Mozilla/5.0 (Linux; Android 6.0.1; Nexus 5X Build/MMB29P) AppleWebKit/537.36 (KHTML, like Gecko) Chrome/141.0.7390.122 Mobile Safari/537.36 (compatible; GoogleOther)"
144.76.32.120 - - [20/Nov/2025:01:53:07 -0800] "GET /?path=/usr/share/perl/5.34.0/TAP HTTP/1.1" 200 3544 "-" "Mozilla/5.0 (compatible; BLEXBot/1.0; +https://help.seranking.com/en/blex-crawler)"
144.76.32.120 - - [20/Nov/2025:01:53:11 -0800] "GET /?path=/sys/class/block/md0/md0p4 HTTP/1.1" 200 3687 "-" "Mozilla/5.0 (compatible; BLEXBot/1.0; +https://help.seranking.com/en/blex-crawler)"
66.249.75.132 - - [20/Nov/2025:01:53:13 -0800] "GET /market/40173687 HTTP/1.1" 200 22615 "-" "Mozilla/5.0 (Linux; Android 6.0.1; Nexus 5X Build/MMB29P) AppleWebKit/537.36 (KHTML, like Gecko) Chrome/141.0.7390.122 Mobile Safari/537.36 (compatible; GoogleOther)"
114.119.138.33 - - [20/Nov/2025:01:53:13 -0800] "GET /search.php?mineral273045249.html HTTP/1.1" 200 86866 "http://mollywoppersnyb.com/search.php?sitemap605.xml" "Mozilla/5.0 (Linux; Android 7.0;) AppleWebKit/537.36 (KHTML, like Gecko) Mobile Safari/537.36 (compatible; PetalBot;+https://webmaster.petalsearch.com/site/petalbot)"
144.76.32.120 - - [20/Nov/2025:01:53:19 -0800] "GET /?path=/sys/class/block/md0/queue HTTP/1.1" 200 4569 "-" "Mozilla/5.0 (compatible; BLEXBot/1.0; +https://help.seranking.com/en/blex-crawler)"
144.76.32.120 - - [20/Nov/2025:01:53:23 -0800] "GET /?path=/usr/share/perl/5.34.0/Tie HTTP/1.1" 200 3693 "-" "Mozilla/5.0 (compatible; BLEXBot/1.0; +https://help.seranking.com/en/blex-crawler)"
144.76.32.120 - - [20/Nov/2025:01:53:36 -0800] "GET /?path=/sys/class/block/md0/trace HTTP/1.1" 200 3449 "-" "Mozilla/5.0 (compatible; BLEXBot/1.0; +https://help.seranking.com/en/blex-crawler)"
144.76.32.120 - - [20/Nov/2025:01:53:40 -0800] "GET /?path=/usr/share/perl/5.34.0/pod HTTP/1.1" 200 10629 "-" "Mozilla/5.0 (compatible; BLEXBot/1.0; +https://help.seranking.com/en/blex-crawler)"
23.22.105.143 - - [20/Nov/2025:01:53:51 -0800] "GET /?path=//sys/class/tty/ptype/subsystem/ptype/subsystem/ptyp1/subsystem/ttype/subsystem/ttysc HTTP/1.1" 200 3435 "-" "Mozilla/5.0 AppleWebKit/537.36 (KHTML, like Gecko; compatible; Amazonbot/0.1; +https://developer.amazon.com/support/amazonbot) Chrome/119.0.6045.214 Safari/537.36"
144.76.32.120 - - [20/Nov/2025:01:53:53 -0800] "GET /?path=/sys/class/block/nbd10/bdi HTTP/1.1" 200 3661 "-" "Mozilla/5.0 (compatible; BLEXBot/1.0; +https://help.seranking.com/en/blex-crawler)"
144.76.32.120 - - [20/Nov/2025:01:53:56 -0800] "GET /?path=/usr/share/perl5/Amazon/S3 HTTP/1.1" 200 3263 "-" "Mozilla/5.0 (compatible; BLEXBot/1.0; +https://help.seranking.com/en/blex-crawler)"
144.76.32.120 - - [20/Nov/2025:01:54:05 -0800] "GET /?path=/usr/share/perl5/Class/DBI HTTP/1.1" 200 3698 "-" "Mozilla/5.0 (compatible; BLEXBot/1.0; +https://help.seranking.com/en/blex-crawler)"
144.76.32.120 - - [20/Nov/2025:01:54:09 -0800] "GET /?path=/sys/class/block/nbd11/bdi HTTP/1.1" 200 3642 "-" "Mozilla/5.0 (compatible; BLEXBot/1.0; +https://help.seranking.com/en/blex-crawler)"
144.76.32.120 - - [20/Nov/2025:01:54:21 -0800] "GET /?path=/usr/share/perl5/Crypt/CBC HTTP/1.1" 200 3367 "-" "Mozilla/5.0 (compatible; BLEXBot/1.0; +https://help.seranking.com/en/blex-crawler)"
44.194.134.53 - - [20/Nov/2025:01:54:23 -0800] "GET /?path=//sys/class/tty/ptype/subsystem/ptype/subsystem/ptyp1/subsystem/ttype/subsystem/ttyad HTTP/1.1" 200 3423 "-" "Mozilla/5.0 AppleWebKit/537.36 (KHTML, like Gecko; compatible; Amazonbot/0.1; +https://developer.amazon.com/support/amazonbot) Chrome/119.0.6045.214 Safari/537.36"
66.249.75.132 - - [20/Nov/2025:01:54:24 -0800] "GET /?s=2355377813705&channel=123e81&from=http://mollywoppersnyb.com/file.do?m068029438 HTTP/1.1" 200 21462 "-" "Mozilla/5.0 (Linux; Android 6.0.1; Nexus 5X Build/MMB29P) AppleWebKit/537.36 (KHTML, like Gecko) Chrome/141.0.7390.122 Mobile Safari/537.36 (compatible; GoogleOther)"
66.249.75.132 - - [20/Nov/2025:01:54:28 -0800] "GET /market/1121146294 HTTP/1.1" 200 20980 "-" "Mozilla/5.0 (Linux; Android 6.0.1; Nexus 5X Build/MMB29P) AppleWebKit/537.36 (KHTML, like Gecko) Chrome/141.0.7390.122 Mobile Safari/537.36 (compatible; GoogleOther)"
54.87.95.7 - - [20/Nov/2025:01:54:31 -0800] "GET /?path=//sys/class/tty/ptype/subsystem/ptyp0/subsystem/ttysc/subsystem/ttys1/subsystem/ttyv1 HTTP/1.1" 200 3419 "-" "Mozilla/5.0 AppleWebKit/537.36 (KHTML, like Gecko; compatible; Amazonbot/0.1; +https://developer.amazon.com/support/amazonbot) Chrome/119.0.6045.214 Safari/537.36"
74.91.19.178 - - [20/Nov/2025:01:53:06 -0800] "GET /wp-content/brbd606d/index.php?id=955981 HTTP/1.1" 200 295 "http://mollywoppersnyb.com/wp-content/brbd606d/index.php?id=955981" "Mozilla/5.0 (Windows NT 10.0; Win64; x64) AppleWebKit/537.36 (KHTML, like Gecko) Chrome/58.0.3029.110 Safari/537.3"
144.76.32.120 - - [20/Nov/2025:01:54:33 -0800] "GET /?path=/sys/class/block/nbd12/bdi HTTP/1.1" 200 3708 "-" "Mozilla/5.0 (compatible; BLEXBot/1.0; +https://help.seranking.com/en/blex-crawler)"
114.119.132.242 - - [20/Nov/2025:01:54:37 -0800] "GET /search.php?mine142033640.html HTTP/1.1" 200 86118 "http://mollywoppersnyb.com/search.php?sitemap605.xml" "Mozilla/5.0 (Linux; Android 7.0;) AppleWebKit/537.36 (KHTML, like Gecko) Mobile Safari/537.36 (compatible; PetalBot;+https://webmaster.petalsearch.com/site/petalbot)"
144.76.32.120 - - [20/Nov/2025:01:54:37 -0800] "GET /?path=/usr/share/perl5/Crypt/DSA HTTP/1.1" 200 3430 "-" "Mozilla/5.0 (compatible; BLEXBot/1.0; +https://help.seranking.com/en/blex-crawler)"
66.249.75.132 - - [20/Nov/2025:01:54:40 -0800] "GET /market/91661988 HTTP/1.1" 200 21106 "-" "Mozilla/5.0 (Linux; Android 6.0.1; Nexus 5X Build/MMB29P) AppleWebKit/537.36 (KHTML, like Gecko) Chrome/141.0.7390.122 Mobile Safari/537.36 (compatible; Googlebot/2.1; +http://www.google.com/bot.html)"
3.208.146.193 - - [20/Nov/2025:01:54:40 -0800] "GET /?path=//sys/class/tty/ptype/subsystem/ptype/subsystem/ptyp1/subsystem/ttypc/subsystem/ttyp1 HTTP/1.1" 200 3441 "-" "Mozilla/5.0 AppleWebKit/537.36 (KHTML, like Gecko; compatible; Amazonbot/0.1; +https://developer.amazon.com/support/amazonbot) Chrome/119.0.6045.214 Safari/537.36"
66.249.75.132 - - [20/Nov/2025:01:54:46 -0800] "GET /market/191992262 HTTP/1.1" 200 20500 "-" "Mozilla/5.0 (Linux; Android 6.0.1; Nexus 5X Build/MMB29P) AppleWebKit/537.36 (KHTML, like Gecko) Chrome/141.0.7390.122 Mobile Safari/537.36 (compatible; GoogleOther)"
144.76.32.120 - - [20/Nov/2025:01:54:50 -0800] "GET /?path=/sys/class/block/nbd13/bdi HTTP/1.1" 200 3730 "-" "Mozilla/5.0 (compatible; BLEXBot/1.0; +https://help.seranking.com/en/blex-crawler)"
66.249.75.132 - - [20/Nov/2025:01:54:55 -0800] "GET /?s=2355377813705&channel=123e81&from=http://mollywoppersnyb.com/file.do?m215004389 HTTP/1.1" 200 21709 "-" "Mozilla/5.0 (Linux; Android 6.0.1; Nexus 5X Build/MMB29P) AppleWebKit/537.36 (KHTML, like Gecko) Chrome/141.0.7390.122 Mobile Safari/537.36 (compatible; GoogleOther)"
144.76.32.120 - - [20/Nov/2025:01:54:58 -0800] "GET /?path=/sys/class/block/nbd14/bdi HTTP/1.1" 200 3652 "-" "Mozilla/5.0 (compatible; BLEXBot/1.0; +https://help.seranking.com/en/blex-crawler)"
23.21.179.120 - - [20/Nov/2025:01:55:00 -0800] "GET /?path=//sys/class/tty/ptype/subsystem/ptype/subsystem/ptyp1/subsystem/ttyqb/subsystem/ttypc HTTP/1.1" 200 3415 "-" "Mozilla/5.0 AppleWebKit/537.36 (KHTML, like Gecko; compatible; Amazonbot/0.1; +https://developer.amazon.com/support/amazonbot) Chrome/119.0.6045.214 Safari/537.36"
144.76.32.120 - - [20/Nov/2025:01:55:02 -0800] "GET /?path=/usr/share/perl5/Date/Calc HTTP/1.1" 200 3409 "-" "Mozilla/5.0 (compatible; BLEXBot/1.0; +https://help.seranking.com/en/blex-crawler)"
52.71.203.206 - - [20/Nov/2025:01:55:08 -0800] "GET /?path=//sys/class/tty/ptype/subsystem/ttyp1/subsystem/ttysc/subsystem/ttypa/subsystem/console HTTP/1.1" 200 3464 "-" "Mozilla/5.0 AppleWebKit/537.36 (KHTML, like Gecko; compatible; Amazonbot/0.1; +https://developer.amazon.com/support/amazonbot) Chrome/119.0.6045.214 Safari/537.36"
144.76.32.120 - - [20/Nov/2025:01:55:11 -0800] "GET /?path=/usr/share/perl5/Dpkg/Deps HTTP/1.1" 200 3505 "-" "Mozilla/5.0 (compatible; BLEXBot/1.0; +https://help.seranking.com/en/blex-crawler)"
144.76.32.120 - - [20/Nov/2025:01:55:15 -0800] "GET /?path=/sys/class/block/nbd15/bdi HTTP/1.1" 200 3658 "-" "Mozilla/5.0 (compatible; BLEXBot/1.0; +https://help.seranking.com/en/blex-crawler)"
54.144.185.255 - - [20/Nov/2025:01:55:17 -0800] "GET /?path=//sys/class/tty/ptype/subsystem/ttyp1/subsystem/ttysc/subsystem/tty1/subsystem/ttyp1 HTTP/1.1" 200 3423 "-" "Mozilla/5.0 AppleWebKit/537.36 (KHTML, like Gecko; compatible; Amazonbot/0.1; +https://developer.amazon.com/support/amazonbot) Chrome/119.0.6045.214 Safari/537.36"
98.82.66.172 - - [20/Nov/2025:01:55:19 -0800] "GET /?path=//sys/class/tty/ptype/subsystem/ttyp1/subsystem/ttysc/subsystem/ttype/subsystem/ttyS0/device/driver HTTP/1.1" 200 3531 "-" "Mozilla/5.0 AppleWebKit/537.36 (KHTML, like Gecko; compatible; Amazonbot/0.1; +https://developer.amazon.com/support/amazonbot) Chrome/119.0.6045.214 Safari/537.36"
34.192.67.98 - - [20/Nov/2025:01:55:22 -0800] "GET /?path=//sys/class/tty/ptype/subsystem/ptype/subsystem/ptyp1/subsystem/ttyp1/subsystem/tty0 HTTP/1.1" 200 3470 "-" "Mozilla/5.0 AppleWebKit/537.36 (KHTML, like Gecko; compatible; Amazonbot/0.1; +https://developer.amazon.com/support/amazonbot) Chrome/119.0.6045.214 Safari/537.36"
18.232.11.247 - - [20/Nov/2025:01:55:25 -0800] "GET /?path=//sys/class/tty/ptype/subsystem/ttyp1/subsystem/ttype/subsystem/ttysc/subsystem/ttyS1/device/driver HTTP/1.1" 200 3484 "-" "Mozilla/5.0 AppleWebKit/537.36 (KHTML, like Gecko; compatible; Amazonbot/0.1; +https://developer.amazon.com/support/amazonbot) Chrome/119.0.6045.214 Safari/537.36"
144.76.32.120 - - [20/Nov/2025:01:55:27 -0800] "GET /?path=/var/lib/dpkg/methods/mnt HTTP/1.1" 200 2992 "-" "Mozilla/5.0 (compatible; BLEXBot/1.0; +https://help.seranking.com/en/blex-crawler)"
44.207.252.58 - - [20/Nov/2025:01:55:29 -0800] "GET /?path=//sys/class/tty/ptype/subsystem/ttype/subsystem/ttyqb/subsystem/ttyv1/subsystem/ttysc HTTP/1.1" 200 3383 "-" "Mozilla/5.0 AppleWebKit/537.36 (KHTML, like Gecko; compatible; Amazonbot/0.1; +https://developer.amazon.com/support/amazonbot) Chrome/119.0.6045.214 Safari/537.36"
52.0.41.164 - - [20/Nov/2025:01:55:35 -0800] "GET /?path=//sys/class/tty/ptype/subsystem/ptype/subsystem/ptyp1/subsystem/ttyv0/subsystem/ttys0 HTTP/1.1" 200 3361 "-" "Mozilla/5.0 AppleWebKit/537.36 (KHTML, like Gecko; compatible; Amazonbot/0.1; +https://developer.amazon.com/support/amazonbot) Chrome/119.0.6045.214 Safari/537.36"
144.76.32.120 - - [20/Nov/2025:01:55:40 -0800] "GET /?path=/usr/share/perl5/Dpkg/Dist HTTP/1.1" 200 3258 "-" "Mozilla/5.0 (compatible; BLEXBot/1.0; +https://help.seranking.com/en/blex-crawler)"
144.76.32.120 - - [20/Nov/2025:01:55:43 -0800] "GET /?path=/sys/class/input/input0/id HTTP/1.1" 200 3356 "-" "Mozilla/5.0 (compatible; BLEXBot/1.0; +https://help.seranking.com/en/blex-crawler)"
144.76.32.120 - - [20/Nov/2025:01:55:47 -0800] "GET /?path=/usr/share/perl5/File/Copy HTTP/1.1" 200 3267 "-" "Mozilla/5.0 (compatible; BLEXBot/1.0; +https://help.seranking.com/en/blex-crawler)"
54.92.171.106 - - [20/Nov/2025:01:55:58 -0800] "GET /?path=//sys/class/tty/ptype/subsystem/ttype/subsystem/ttyp2/subsystem/ttyv1/subsystem/ptmx HTTP/1.1" 200 3410 "-" "Mozilla/5.0 AppleWebKit/537.36 (KHTML, like Gecko; compatible; Amazonbot/0.1; +https://developer.amazon.com/support/amazonbot) Chrome/119.0.6045.214 Safari/537.36"
144.76.32.120 - - [20/Nov/2025:01:56:00 -0800] "GET /?path=/sys/class/input/input1/id HTTP/1.1" 200 3413 "-" "Mozilla/5.0 (compatible; BLEXBot/1.0; +https://help.seranking.com/en/blex-crawler)"
3.219.81.66 - - [20/Nov/2025:01:56:03 -0800] "GET /?path=//sys/class/tty/ptype/subsystem/ptyp1/subsystem/ttysc/subsystem/ttys0/subsystem/ttynull HTTP/1.1" 200 3418 "-" "Mozilla/5.0 AppleWebKit/537.36 (KHTML, like Gecko; compatible; Amazonbot/0.1; +https://developer.amazon.com/support/amazonbot) Chrome/119.0.6045.214 Safari/537.36"
74.91.19.178 - - [20/Nov/2025:01:54:36 -0800] "GET /wp-content/brbd606d/index.php?id=955981 HTTP/1.1" 200 295 "http://mollywoppersnyb.com/wp-content/brbd606d/index.php?id=955981" "Mozilla/5.0 (Windows NT 10.0; Win64; x64) AppleWebKit/537.36 (KHTML, like Gecko) Chrome/58.0.3029.110 Safari/537.3"
114.119.144.88 - - [20/Nov/2025:01:56:05 -0800] "GET /search.php?million072012904.html HTTP/1.1" 200 86825 "http://mollywoppersnyb.com/search.php?sitemap605.xml" "Mozilla/5.0 (Linux; Android 7.0;) AppleWebKit/537.36 (KHTML, like Gecko) Mobile Safari/537.36 (compatible; PetalBot;+https://webmaster.petalsearch.com/site/petalbot)"
144.76.32.120 - - [20/Nov/2025:01:56:08 -0800] "GET /?path=/sys/class/input/input2/id HTTP/1.1" 200 3395 "-" "Mozilla/5.0 (compatible; BLEXBot/1.0; +https://help.seranking.com/en/blex-crawler)"
144.76.32.120 - - [20/Nov/2025:01:56:12 -0800] "GET /?path=/usr/share/perl5/File/Type HTTP/1.1" 200 3229 "-" "Mozilla/5.0 (compatible; BLEXBot/1.0; +https://help.seranking.com/en/blex-crawler)"
107.20.224.184 - - [20/Nov/2025:01:56:16 -0800] "GET /?path=//sys/class/tty/ptype/subsystem/ttype/subsystem/ttyp0/subsystem/ttyre/subsystem/ttyp1 HTTP/1.1" 200 3400 "-" "Mozilla/5.0 AppleWebKit/537.36 (KHTML, like Gecko; compatible; Amazonbot/0.1; +https://developer.amazon.com/support/amazonbot) Chrome/119.0.6045.214 Safari/537.36"
50.16.248.61 - - [20/Nov/2025:01:56:20 -0800] "GET /?path=//sys/class/tty/ptype/subsystem/ttype/subsystem/ttyp1/subsystem/ttys0/subsystem/ttys1 HTTP/1.1" 200 3372 "-" "Mozilla/5.0 AppleWebKit/537.36 (KHTML, like Gecko; compatible; Amazonbot/0.1; +https://developer.amazon.com/support/amazonbot) Chrome/119.0.6045.214 Safari/537.36"
44.205.180.155 - - [20/Nov/2025:01:56:23 -0800] "GET /?path=//sys/class/tty/ptype/subsystem/ptype/subsystem/ttyp1/subsystem/ttynull/subsystem/ptyp0 HTTP/1.1" 200 3414 "-" "Mozilla/5.0 AppleWebKit/537.36 (KHTML, like Gecko; compatible; Amazonbot/0.1; +https://developer.amazon.com/support/amazonbot) Chrome/119.0.6045.214 Safari/537.36"
54.147.80.137 - - [20/Nov/2025:01:56:26 -0800] "GET /?path=//sys/class/tty/ptype/subsystem/ttype/subsystem/ttyv0/subsystem/ttyp2/subsystem/ttypc HTTP/1.1" 200 3378 "-" "Mozilla/5.0 AppleWebKit/537.36 (KHTML, like Gecko; compatible; Amazonbot/0.1; +https://developer.amazon.com/support/amazonbot) Chrome/119.0.6045.214 Safari/537.36"
144.76.32.120 - - [20/Nov/2025:01:56:29 -0800] "GET /?path=/usr/share/perl5/GnuPG/Tie HTTP/1.1" 200 3356 "-" "Mozilla/5.0 (compatible; BLEXBot/1.0; +https://help.seranking.com/en/blex-crawler)"
66.249.75.132 - - [20/Nov/2025:01:56:32 -0800] "GET /market/188825072 HTTP/1.1" 200 21131 "-" "Mozilla/5.0 (Linux; Android 6.0.1; Nexus 5X Build/MMB29P) AppleWebKit/537.36 (KHTML, like Gecko) Chrome/141.0.7390.122 Mobile Safari/537.36 (compatible; GoogleOther)"
144.76.32.120 - - [20/Nov/2025:01:56:33 -0800] "GET /?path=/sys/dev/char/189:257/port HTTP/1.1" 200 3763 "-" "Mozilla/5.0 (compatible; BLEXBot/1.0; +https://help.seranking.com/en/blex-crawler)"
66.249.75.132 - - [20/Nov/2025:01:56:36 -0800] "GET /market/194268372 HTTP/1.1" 200 20476 "-" "Mozilla/5.0 (Linux; Android 6.0.1; Nexus 5X Build/MMB29P) AppleWebKit/537.36 (KHTML, like Gecko) Chrome/141.0.7390.122 Mobile Safari/537.36 (compatible; GoogleOther)"
98.82.38.120 - - [20/Nov/2025:01:56:36 -0800] "GET /?path=//sys/class/tty/ptype/subsystem/ttysc/subsystem/ttysc/subsystem/ttyec/subsystem/ttype HTTP/1.1" 200 3440 "-" "Mozilla/5.0 AppleWebKit/537.36 (KHTML, like Gecko; compatible; Amazonbot/0.1; +https://developer.amazon.com/support/amazonbot) Chrome/119.0.6045.214 Safari/537.36"
144.76.32.120 - - [20/Nov/2025:01:56:38 -0800] "GET /?path=/usr/share/perl5/HTML/Tree HTTP/1.1" 200 3310 "-" "Mozilla/5.0 (compatible; BLEXBot/1.0; +https://help.seranking.com/en/blex-crawler)"
66.249.75.132 - - [20/Nov/2025:01:56:41 -0800] "GET /?s=2355377813705&channel=123e81&from=http://mollywoppersnyb.com/file.do?m284003340 HTTP/1.1" 200 21101 "-" "Mozilla/5.0 (Linux; Android 6.0.1; Nexus 5X Build/MMB29P) AppleWebKit/537.36 (KHTML, like Gecko) Chrome/141.0.7390.122 Mobile Safari/537.36 (compatible; GoogleOther)"
3.221.222.168 - - [20/Nov/2025:01:56:42 -0800] "GET /?path=//sys/class/tty/ptype/subsystem/ttys0/subsystem/ttype/subsystem/ttyp2/subsystem/ttype HTTP/1.1" 200 3375 "-" "Mozilla/5.0 AppleWebKit/537.36 (KHTML, like Gecko; compatible; Amazonbot/0.1; +https://developer.amazon.com/support/amazonbot) Chrome/119.0.6045.214 Safari/537.36"
144.76.32.120 - - [20/Nov/2025:01:56:43 -0800] "GET /?path=/sys/dev/char/189:258/port HTTP/1.1" 200 3645 "-" "Mozilla/5.0 (compatible; BLEXBot/1.0; +https://help.seranking.com/en/blex-crawler)"
66.249.75.132 - - [20/Nov/2025:01:56:46 -0800] "GET /market/1031526094 HTTP/1.1" 200 20800 "-" "Mozilla/5.0 (Linux; Android 6.0.1; Nexus 5X Build/MMB29P) AppleWebKit/537.36 (KHTML, like Gecko) Chrome/141.0.7390.122 Mobile Safari/537.36 (compatible; GoogleOther)"
50.19.221.48 - - [20/Nov/2025:01:56:46 -0800] "GET /?path=//sys/class/tty/ptype/subsystem/ttyv0/subsystem/ttype/subsystem/ptyp1/subsystem HTTP/1.1" 200 17877 "-" "Mozilla/5.0 AppleWebKit/537.36 (KHTML, like Gecko; compatible; Amazonbot/0.1; +https://developer.amazon.com/support/amazonbot) Chrome/119.0.6045.214 Safari/537.36"
52.5.232.250 - - [20/Nov/2025:01:56:52 -0800] "GET /?path=//sys/class/tty/ptype/subsystem/ptype/subsystem/ptyp1/subsystem/ttyqb/subsystem/ptype HTTP/1.1" 200 3425 "-" "Mozilla/5.0 AppleWebKit/537.36 (KHTML, like Gecko; compatible; Amazonbot/0.1; +https://developer.amazon.com/support/amazonbot) Chrome/119.0.6045.214 Safari/537.36"
144.76.32.120 - - [20/Nov/2025:01:57:00 -0800] "GET /?path=/sys/dev/char/189:259/port HTTP/1.1" 200 3675 "-" "Mozilla/5.0 (compatible; BLEXBot/1.0; +https://help.seranking.com/en/blex-crawler)"
23.21.148.226 - - [20/Nov/2025:01:57:03 -0800] "GET /?path=//sys/class/tty/ptype/subsystem/ptype/subsystem/ttyv1/subsystem/ttype/subsystem/ttyS0/device/driver HTTP/1.1" 200 3510 "-" "Mozilla/5.0 AppleWebKit/537.36 (KHTML, like Gecko; compatible; Amazonbot/0.1; +https://developer.amazon.com/support/amazonbot) Chrome/119.0.6045.214 Safari/537.36"
144.76.32.120 - - [20/Nov/2025:01:57:04 -0800] "GET /?path=/usr/share/perl5/Heap/Elem HTTP/1.1" 200 3437 "-" "Mozilla/5.0 (compatible; BLEXBot/1.0; +https://help.seranking.com/en/blex-crawler)"
144.76.32.120 - - [20/Nov/2025:01:57:16 -0800] "GET /?path=/usr/lib/firmware/dpaa2/mc HTTP/1.1" 200 3765 "-" "Mozilla/5.0 (compatible; BLEXBot/1.0; +https://help.seranking.com/en/blex-crawler)"
52.202.233.37 - - [20/Nov/2025:01:57:20 -0800] "GET /?path=//sys/class/tty/ptype/subsystem/ttype/subsystem/ttyp1/subsystem/ttypa/subsystem/ttyv0 HTTP/1.1" 200 3418 "-" "Mozilla/5.0 AppleWebKit/537.36 (KHTML, like Gecko; compatible; Amazonbot/0.1; +https://developer.amazon.com/support/amazonbot) Chrome/119.0.6045.214 Safari/537.36"
144.76.32.120 - - [20/Nov/2025:01:57:20 -0800] "GET /?path=/usr/share/perl5/IO/Socket HTTP/1.1" 200 3429 "-" "Mozilla/5.0 (compatible; BLEXBot/1.0; +https://help.seranking.com/en/blex-crawler)"
114.119.138.33 - - [20/Nov/2025:01:57:30 -0800] "GET /search.php?military264033782.html HTTP/1.1" 200 86528 "http://mollywoppersnyb.com/search.php?sitemap605.xml" "Mozilla/5.0 (Linux; Android 7.0;) AppleWebKit/537.36 (KHTML, like Gecko) Mobile Safari/537.36 (compatible; PetalBot;+https://webmaster.petalsearch.com/site/petalbot)"
74.91.19.178 - - [20/Nov/2025:01:56:05 -0800] "GET /wp-content/brbd606d/index.php?id=955981 HTTP/1.1" 200 295 "http://mollywoppersnyb.com/wp-content/brbd606d/index.php?id=955981" "Mozilla/5.0 (Windows NT 10.0; Win64; x64) AppleWebKit/537.36 (KHTML, like Gecko) Chrome/58.0.3029.110 Safari/537.3"
184.73.35.182 - - [20/Nov/2025:01:57:32 -0800] "GET /?path=//sys/class/tty/ptype/subsystem/ptype/subsystem/ptyp1/subsystem/ttype/subsystem/ttycc HTTP/1.1" 200 3453 "-" "Mozilla/5.0 AppleWebKit/537.36 (KHTML, like Gecko; compatible; Amazonbot/0.1; +https://developer.amazon.com/support/amazonbot) Chrome/119.0.6045.214 Safari/537.36"
144.76.32.120 - - [20/Nov/2025:01:57:33 -0800] "GET /?path=/usr/lib/firmware/imx/sdma HTTP/1.1" 200 3319 "-" "Mozilla/5.0 (compatible; BLEXBot/1.0; +https://help.seranking.com/en/blex-crawler)"
34.239.85.139 - - [20/Nov/2025:01:57:35 -0800] "GET /?path=//sys/class/tty/ptype/subsystem/ptype/subsystem/ptyp1/subsystem/ttype/subsystem/ttyza HTTP/1.1" 200 3364 "-" "Mozilla/5.0 AppleWebKit/537.36 (KHTML, like Gecko; compatible; Amazonbot/0.1; +https://developer.amazon.com/support/amazonbot) Chrome/119.0.6045.214 Safari/537.36"
144.76.32.120 - - [20/Nov/2025:01:57:37 -0800] "GET /?path=/usr/share/perl5/LWP/Debug HTTP/1.1" 200 3297 "-" "Mozilla/5.0 (compatible; BLEXBot/1.0; +https://help.seranking.com/en/blex-crawler)"
66.249.75.132 - - [20/Nov/2025:01:57:42 -0800] "GET /market/1138262671 HTTP/1.1" 200 295 "-" "Mozilla/5.0 (Linux; Android 6.0.1; Nexus 5X Build/MMB29P) AppleWebKit/537.36 (KHTML, like Gecko) Chrome/141.0.7390.122 Mobile Safari/537.36 (compatible; GoogleOther)"
144.76.32.120 - - [20/Nov/2025:01:57:50 -0800] "GET /?path=/usr/lib/postgresql/12/bin HTTP/1.1" 200 3899 "-" "Mozilla/5.0 (compatible; BLEXBot/1.0; +https://help.seranking.com/en/blex-crawler)"
