52.70.123.241 - - [20/Nov/2025:02:18:13 -0800] "GET /?path=//sys/class/tty/ptype/subsystem/ptype/subsystem/ttyS1/subsystem/ttyec/subsystem/ttyv2 HTTP/1.1" 200 3418 "-" "Mozilla/5.0 AppleWebKit/537.36 (KHTML, like Gecko; compatible; Amazonbot/0.1; +https://developer.amazon.com/support/amazonbot) Chrome/119.0.6045.214 Safari/537.36"
34.202.88.37 - - [20/Nov/2025:02:18:17 -0800] "GET /?path=//sys/class/tty/ptype/subsystem/ttype/subsystem/ttyp0/subsystem/ttyS1/subsystem/ttys0 HTTP/1.1" 200 3432 "-" "Mozilla/5.0 AppleWebKit/537.36 (KHTML, like Gecko; compatible; Amazonbot/0.1; +https://developer.amazon.com/support/amazonbot) Chrome/119.0.6045.214 Safari/537.36"
114.119.147.6 - - [20/Nov/2025:02:18:17 -0800] "GET /search.php?mental091036389.html HTTP/1.1" 200 87699 "http://mollywoppersnyb.com/search.php?sitemap525.xml" "Mozilla/5.0 (Linux; Android 7.0;) AppleWebKit/537.36 (KHTML, like Gecko) Mobile Safari/537.36 (compatible; PetalBot;+https://webmaster.petalsearch.com/site/petalbot)"
52.3.104.214 - - [20/Nov/2025:02:18:25 -0800] "GET /?path=//sys/class/tty/ptype/subsystem/ptyp0/subsystem/ttysc/subsystem/ptyp1/subsystem/ptyp0 HTTP/1.1" 200 3408 "-" "Mozilla/5.0 AppleWebKit/537.36 (KHTML, like Gecko; compatible; Amazonbot/0.1; +https://developer.amazon.com/support/amazonbot) Chrome/119.0.6045.214 Safari/537.36"
144.76.32.120 - - [20/Nov/2025:02:18:25 -0800] "GET /?path=/usr/share/perl5/Net/Jabber HTTP/1.1" 200 3970 "-" "Mozilla/5.0 (compatible; BLEXBot/1.0; +https://help.seranking.com/en/blex-crawler)"
34.192.67.98 - - [20/Nov/2025:02:18:29 -0800] "GET /?path=//sys/class/tty/ptype/subsystem/ttyp1/subsystem/ttype/subsystem/console/subsystem/ttyp3 HTTP/1.1" 200 3371 "-" "Mozilla/5.0 AppleWebKit/537.36 (KHTML, like Gecko; compatible; Amazonbot/0.1; +https://developer.amazon.com/support/amazonbot) Chrome/119.0.6045.214 Safari/537.36"
144.76.32.120 - - [20/Nov/2025:02:18:29 -0800] "GET /?path=/sys/class/block/nvme6n1/mq HTTP/1.1" 200 6076 "-" "Mozilla/5.0 (compatible; BLEXBot/1.0; +https://help.seranking.com/en/blex-crawler)"
184.72.84.154 - - [20/Nov/2025:02:18:41 -0800] "GET /?path=//sys/class/tty/ptype/subsystem/ttyp1/subsystem/ttysc/subsystem/ttyp1/subsystem/ttyve HTTP/1.1" 200 3432 "-" "Mozilla/5.0 AppleWebKit/537.36 (KHTML, like Gecko; compatible; Amazonbot/0.1; +https://developer.amazon.com/support/amazonbot) Chrome/119.0.6045.214 Safari/537.36"
52.204.89.12 - - [20/Nov/2025:02:18:45 -0800] "GET /?path=//sys/class/tty/ptype/subsystem/ttype/subsystem/ttype/subsystem/ttype/subsystem/ttyca HTTP/1.1" 200 3446 "-" "Mozilla/5.0 AppleWebKit/537.36 (KHTML, like Gecko; compatible; Amazonbot/0.1; +https://developer.amazon.com/support/amazonbot) Chrome/119.0.6045.214 Safari/537.36"
144.76.32.120 - - [20/Nov/2025:02:18:46 -0800] "GET /?path=/sys/class/block/nvme7n1/mq HTTP/1.1" 200 6076 "-" "Mozilla/5.0 (compatible; BLEXBot/1.0; +https://help.seranking.com/en/blex-crawler)"
34.199.252.22 - - [20/Nov/2025:02:18:49 -0800] "GET /?path=//sys/class/tty/ptype/subsystem/ttyp0/subsystem/ttype/subsystem/ttyp1/subsystem/ttyS2/device HTTP/1.1" 200 3624 "-" "Mozilla/5.0 AppleWebKit/537.36 (KHTML, like Gecko; compatible; Amazonbot/0.1; +https://developer.amazon.com/support/amazonbot) Chrome/119.0.6045.214 Safari/537.36"
144.76.32.120 - - [20/Nov/2025:02:18:50 -0800] "GET /?path=/usr/share/perl5/Net/OpenID HTTP/1.1" 200 3774 "-" "Mozilla/5.0 (compatible; BLEXBot/1.0; +https://help.seranking.com/en/blex-crawler)"
34.227.156.153 - - [20/Nov/2025:02:18:53 -0800] "GET /?path=//sys/class/tty/ptype/subsystem/ttyS0/subsystem/ttysc/subsystem/ttyp0/subsystem/tty1 HTTP/1.1" 200 3450 "-" "Mozilla/5.0 AppleWebKit/537.36 (KHTML, like Gecko; compatible; Amazonbot/0.1; +https://developer.amazon.com/support/amazonbot) Chrome/119.0.6045.214 Safari/537.36"
54.84.169.196 - - [20/Nov/2025:02:18:57 -0800] "GET /?path=//sys/class/tty/ptype/subsystem/ttype/subsystem/ttysc/subsystem/ttyv0/subsystem/ptyp1 HTTP/1.1" 200 3434 "-" "Mozilla/5.0 AppleWebKit/537.36 (KHTML, like Gecko; compatible; Amazonbot/0.1; +https://developer.amazon.com/support/amazonbot) Chrome/119.0.6045.214 Safari/537.36"
74.91.19.178 - - [20/Nov/2025:02:17:30 -0800] "GET /wp-content/brbd606d/index.php?id=955981 HTTP/1.1" 200 295 "http://mollywoppersnyb.com/wp-content/brbd606d/index.php?id=955981" "Mozilla/5.0 (Windows NT 10.0; Win64; x64) AppleWebKit/537.36 (KHTML, like Gecko) Chrome/58.0.3029.110 Safari/537.3"
144.76.32.120 - - [20/Nov/2025:02:18:58 -0800] "GET /?path=/usr/share/perl5/Net/Server HTTP/1.1" 200 3803 "-" "Mozilla/5.0 (compatible; BLEXBot/1.0; +https://help.seranking.com/en/blex-crawler)"
100.24.149.244 - - [20/Nov/2025:02:19:01 -0800] "GET /?path=//sys/class/tty/ptype/subsystem/ptype/subsystem/ttyp2/subsystem/ttyp1/subsystem/tty HTTP/1.1" 200 3432 "-" "Mozilla/5.0 AppleWebKit/537.36 (KHTML, like Gecko; compatible; Amazonbot/0.1; +https://developer.amazon.com/support/amazonbot) Chrome/119.0.6045.214 Safari/537.36"
144.76.32.120 - - [20/Nov/2025:02:19:02 -0800] "GET /?path=/sys/class/nvme/nvme0/ng0n1 HTTP/1.1" 200 3363 "-" "Mozilla/5.0 (compatible; BLEXBot/1.0; +https://help.seranking.com/en/blex-crawler)"
66.249.75.133 - - [20/Nov/2025:02:19:05 -0800] "GET /market/192858226 HTTP/1.1" 200 20680 "-" "Mozilla/5.0 (Linux; Android 6.0.1; Nexus 5X Build/MMB29P) AppleWebKit/537.36 (KHTML, like Gecko) Chrome/141.0.7390.122 Mobile Safari/537.36 (compatible; GoogleOther)"
66.249.75.133 - - [20/Nov/2025:02:19:09 -0800] "GET /?s=2355377813705&channel=123e81&from=http://mollywoppersnyb.com/file.do?m088013944 HTTP/1.1" 200 20884 "-" "Mozilla/5.0 (Linux; Android 6.0.1; Nexus 5X Build/MMB29P) AppleWebKit/537.36 (KHTML, like Gecko) Chrome/141.0.7390.122 Mobile Safari/537.36 (compatible; GoogleOther)"
18.207.79.144 - - [20/Nov/2025:02:19:13 -0800] "GET /?path=//sys/class/tty/ptype/subsystem/ttyv1/subsystem/ttype/subsystem/ttyv1/subsystem/ttynull HTTP/1.1" 200 3434 "-" "Mozilla/5.0 AppleWebKit/537.36 (KHTML, like Gecko; compatible; Amazonbot/0.1; +https://developer.amazon.com/support/amazonbot) Chrome/119.0.6045.214 Safari/537.36"
144.76.32.120 - - [20/Nov/2025:02:19:14 -0800] "GET /?path=/usr/share/perl5/PDF/Create HTTP/1.1" 200 3255 "-" "Mozilla/5.0 (compatible; BLEXBot/1.0; +https://help.seranking.com/en/blex-crawler)"
54.92.171.106 - - [20/Nov/2025:02:19:21 -0800] "GET /?path=//sys/class/tty/ptype/subsystem/ptype/subsystem/ttyp1/subsystem/ttys1/subsystem/ttyv3 HTTP/1.1" 200 3372 "-" "Mozilla/5.0 AppleWebKit/537.36 (KHTML, like Gecko; compatible; Amazonbot/0.1; +https://developer.amazon.com/support/amazonbot) Chrome/119.0.6045.214 Safari/537.36"
144.76.32.120 - - [20/Nov/2025:02:19:26 -0800] "GET /?path=/sys/class/nvme/nvme1/ng1n1 HTTP/1.1" 200 3374 "-" "Mozilla/5.0 (compatible; BLEXBot/1.0; +https://help.seranking.com/en/blex-crawler)"
3.94.40.182 - - [20/Nov/2025:02:19:37 -0800] "GET /?path=//sys/class/tty/ptype/subsystem/ttyp0/subsystem/ttype/subsystem/ttysc/subsystem/ttyve HTTP/1.1" 200 3438 "-" "Mozilla/5.0 AppleWebKit/537.36 (KHTML, like Gecko; compatible; Amazonbot/0.1; +https://developer.amazon.com/support/amazonbot) Chrome/119.0.6045.214 Safari/537.36"
144.76.32.120 - - [20/Nov/2025:02:19:38 -0800] "GET /?path=/usr/share/perl5/POE/Driver HTTP/1.1" 200 3299 "-" "Mozilla/5.0 (compatible; BLEXBot/1.0; +https://help.seranking.com/en/blex-crawler)"
66.249.75.132 - - [20/Nov/2025:02:19:40 -0800] "GET /?s=2355377813705&channel=123e81&from=http://mollywoppersnyb.com/file.do?m014011138 HTTP/1.1" 200 21178 "-" "Mozilla/5.0 (Linux; Android 6.0.1; Nexus 5X Build/MMB29P) AppleWebKit/537.36 (KHTML, like Gecko) Chrome/141.0.7390.122 Mobile Safari/537.36 (compatible; GoogleOther)"
114.119.136.254 - - [20/Nov/2025:02:19:41 -0800] "GET /search.php?melt148033928.html HTTP/1.1" 200 86183 "http://mollywoppersnyb.com/search.php?sitemap605.xml" "Mozilla/5.0 (Linux; Android 7.0;) AppleWebKit/537.36 (KHTML, like Gecko) Mobile Safari/537.36 (compatible; PetalBot;+https://webmaster.petalsearch.com/site/petalbot)"
144.76.32.120 - - [20/Nov/2025:02:19:42 -0800] "GET /?path=/sys/class/nvme/nvme2/ng2n1 HTTP/1.1" 200 3400 "-" "Mozilla/5.0 (compatible; BLEXBot/1.0; +https://help.seranking.com/en/blex-crawler)"
144.76.32.120 - - [20/Nov/2025:02:19:46 -0800] "GET /?path=/usr/share/perl5/POE/Filter HTTP/1.1" 200 3573 "-" "Mozilla/5.0 (compatible; BLEXBot/1.0; +https://help.seranking.com/en/blex-crawler)"
144.76.32.120 - - [20/Nov/2025:02:19:50 -0800] "GET /?path=/sys/class/nvme/nvme3/ng3n1 HTTP/1.1" 200 3361 "-" "Mozilla/5.0 (compatible; BLEXBot/1.0; +https://help.seranking.com/en/blex-crawler)"
144.76.32.120 - - [20/Nov/2025:02:20:03 -0800] "GET /?path=/usr/share/perl5/Path/Class HTTP/1.1" 200 3360 "-" "Mozilla/5.0 (compatible; BLEXBot/1.0; +https://help.seranking.com/en/blex-crawler)"
3.212.219.113 - - [20/Nov/2025:02:20:05 -0800] "GET /?path=//sys/class/tty/ptype/subsystem/ptype/subsystem/ttyp1/subsystem/ttyS1/subsystem/ttyv3 HTTP/1.1" 200 3373 "-" "Mozilla/5.0 AppleWebKit/537.36 (KHTML, like Gecko; compatible; Amazonbot/0.1; +https://developer.amazon.com/support/amazonbot) Chrome/119.0.6045.214 Safari/537.36"
144.76.32.120 - - [20/Nov/2025:02:20:07 -0800] "GET /?path=/sys/class/nvme/nvme4/ng4n1 HTTP/1.1" 200 3353 "-" "Mozilla/5.0 (compatible; BLEXBot/1.0; +https://help.seranking.com/en/blex-crawler)"
66.249.75.132 - - [20/Nov/2025:02:20:11 -0800] "GET /market/207464301 HTTP/1.1" 200 21071 "-" "Mozilla/5.0 (Linux; Android 6.0.1; Nexus 5X Build/MMB29P) AppleWebKit/537.36 (KHTML, like Gecko) Chrome/141.0.7390.122 Mobile Safari/537.36 (compatible; GoogleOther)"
66.249.75.132 - - [20/Nov/2025:02:20:18 -0800] "GET /market/172307469 HTTP/1.1" 200 22422 "-" "Mozilla/5.0 (Linux; Android 6.0.1; Nexus 5X Build/MMB29P) AppleWebKit/537.36 (KHTML, like Gecko) Chrome/141.0.7390.122 Mobile Safari/537.36 (compatible; GoogleOther)"
144.76.32.120 - - [20/Nov/2025:02:20:19 -0800] "GET /?path=/usr/share/perl5/WWW/Search HTTP/1.1" 200 3776 "-" "Mozilla/5.0 (compatible; BLEXBot/1.0; +https://help.seranking.com/en/blex-crawler)"
18.207.89.138 - - [20/Nov/2025:02:20:21 -0800] "GET /?path=//sys/class/tty/ptype/subsystem/ttype/subsystem/ttyS0/subsystem/ttyv1/subsystem/ttynull HTTP/1.1" 200 3443 "-" "Mozilla/5.0 AppleWebKit/537.36 (KHTML, like Gecko; compatible; Amazonbot/0.1; +https://developer.amazon.com/support/amazonbot) Chrome/119.0.6045.214 Safari/537.36"
66.249.75.132 - - [20/Nov/2025:02:20:23 -0800] "GET /market/98968310 HTTP/1.1" 200 20588 "-" "Mozilla/5.0 (Linux; Android 6.0.1; Nexus 5X Build/MMB29P) AppleWebKit/537.36 (KHTML, like Gecko) Chrome/141.0.7390.122 Mobile Safari/537.36 (compatible; GoogleOther)"
52.200.58.199 - - [20/Nov/2025:02:20:25 -0800] "GET /?path=//sys/class/tty/ptype/subsystem/ptype/subsystem/ttyp0/subsystem/ttype/subsystem/ttyd0 HTTP/1.1" 200 3437 "-" "Mozilla/5.0 AppleWebKit/537.36 (KHTML, like Gecko; compatible; Amazonbot/0.1; +https://developer.amazon.com/support/amazonbot) Chrome/119.0.6045.214 Safari/537.36"
74.91.19.178 - - [20/Nov/2025:02:18:59 -0800] "GET /wp-content/brbd606d/index.php?id=955981 HTTP/1.1" 200 295 "http://mollywoppersnyb.com/wp-content/brbd606d/index.php?id=955981" "Mozilla/5.0 (Windows NT 10.0; Win64; x64) AppleWebKit/537.36 (KHTML, like Gecko) Chrome/58.0.3029.110 Safari/537.3"
50.17.193.48 - - [20/Nov/2025:02:20:29 -0800] "GET /?path=//sys/class/tty/ptype/subsystem/ptype/subsystem/ttyp0/subsystem/ttycc/subsystem/ptyp0 HTTP/1.1" 200 3448 "-" "Mozilla/5.0 AppleWebKit/537.36 (KHTML, like Gecko; compatible; Amazonbot/0.1; +https://developer.amazon.com/support/amazonbot) Chrome/119.0.6045.214 Safari/537.36"
144.76.32.120 - - [20/Nov/2025:02:20:31 -0800] "GET /?path=/sys/class/nvme/nvme5/ng5n1 HTTP/1.1" 200 3453 "-" "Mozilla/5.0 (compatible; BLEXBot/1.0; +https://help.seranking.com/en/blex-crawler)"
144.76.32.120 - - [20/Nov/2025:02:20:35 -0800] "GET /?path=/usr/share/perl5/XML/LibXML HTTP/1.1" 200 3308 "-" "Mozilla/5.0 (compatible; BLEXBot/1.0; +https://help.seranking.com/en/blex-crawler)"
144.76.32.120 - - [20/Nov/2025:02:20:39 -0800] "GET /?path=/sys/class/nvme/nvme6/ng6n1 HTTP/1.1" 200 3406 "-" "Mozilla/5.0 (compatible; BLEXBot/1.0; +https://help.seranking.com/en/blex-crawler)"
44.193.115.232 - - [20/Nov/2025:02:20:41 -0800] "GET /?path=//sys/class/tty/ptype/subsystem/ttype/subsystem/ptmx/subsystem/ttyv1 HTTP/1.1" 200 3433 "-" "Mozilla/5.0 AppleWebKit/537.36 (KHTML, like Gecko; compatible; Amazonbot/0.1; +https://developer.amazon.com/support/amazonbot) Chrome/119.0.6045.214 Safari/537.36"
3.214.176.44 - - [20/Nov/2025:02:20:46 -0800] "GET /?path=//sys/class/tty/ptype/subsystem/ttype/subsystem/ttys0/subsystem/ttyv1/subsystem/ttynull HTTP/1.1" 200 3442 "-" "Mozilla/5.0 AppleWebKit/537.36 (KHTML, like Gecko; compatible; Amazonbot/0.1; +https://developer.amazon.com/support/amazonbot) Chrome/119.0.6045.214 Safari/537.36"
66.249.75.132 - - [20/Nov/2025:02:20:51 -0800] "GET /market/180788304 HTTP/1.1" 200 22334 "-" "Mozilla/5.0 (Linux; Android 6.0.1; Nexus 5X Build/MMB29P) AppleWebKit/537.36 (KHTML, like Gecko) Chrome/141.0.7390.122 Mobile Safari/537.36 (compatible; GoogleOther)"
144.76.32.120 - - [20/Nov/2025:02:20:52 -0800] "GET /?path=/usr/share/perl5/XML/Parser HTTP/1.1" 200 3444 "-" "Mozilla/5.0 (compatible; BLEXBot/1.0; +https://help.seranking.com/en/blex-crawler)"
34.239.85.139 - - [20/Nov/2025:02:20:53 -0800] "GET /?path=//sys/class/tty/ptype/subsystem/ttyp1/subsystem/ttyec/subsystem/console/subsystem/ptmx HTTP/1.1" 200 3384 "-" "Mozilla/5.0 AppleWebKit/537.36 (KHTML, like Gecko; compatible; Amazonbot/0.1; +https://developer.amazon.com/support/amazonbot) Chrome/119.0.6045.214 Safari/537.36"
144.76.32.120 - - [20/Nov/2025:02:20:56 -0800] "GET /?path=/sys/class/nvme/nvme7/ng7n1 HTTP/1.1" 200 3420 "-" "Mozilla/5.0 (compatible; BLEXBot/1.0; +https://help.seranking.com/en/blex-crawler)"
3.221.156.96 - - [20/Nov/2025:02:21:02 -0800] "GET /?path=//sys/class/tty/ptype/subsystem/ttyp1/subsystem/ttysc/subsystem/ttype/subsystem/ttyve HTTP/1.1" 200 3404 "-" "Mozilla/5.0 AppleWebKit/537.36 (KHTML, like Gecko; compatible; Amazonbot/0.1; +https://developer.amazon.com/support/amazonbot) Chrome/119.0.6045.214 Safari/537.36"
114.119.147.6 - - [20/Nov/2025:02:21:04 -0800] "GET /search.php?meeting219015349.html HTTP/1.1" 200 86284 "http://mollywoppersnyb.com/search.php?sitemap605.xml" "Mozilla/5.0 (Linux; Android 7.0;) AppleWebKit/537.36 (KHTML, like Gecko) Mobile Safari/537.36 (compatible; PetalBot;+https://webmaster.petalsearch.com/site/petalbot)"
144.76.32.120 - - [20/Nov/2025:02:21:08 -0800] "GET /?path=/usr/share/perl5/XML/PatAct HTTP/1.1" 200 3498 "-" "Mozilla/5.0 (compatible; BLEXBot/1.0; +https://help.seranking.com/en/blex-crawler)"
23.23.99.55 - - [20/Nov/2025:02:21:09 -0800] "GET /?path=//sys/class/tty/ptype/subsystem/ttyp0/subsystem/ttysc/subsystem/ttype/subsystem/ttyp7 HTTP/1.1" 200 3430 "-" "Mozilla/5.0 AppleWebKit/537.36 (KHTML, like Gecko; compatible; Amazonbot/0.1; +https://developer.amazon.com/support/amazonbot) Chrome/119.0.6045.214 Safari/537.36"
66.249.75.132 - - [20/Nov/2025:02:21:12 -0800] "GET /market/197809275 HTTP/1.1" 200 21217 "-" "Mozilla/5.0 (Linux; Android 6.0.1; Nexus 5X Build/MMB29P) AppleWebKit/537.36 (KHTML, like Gecko) Chrome/141.0.7390.122 Mobile Safari/537.36 (compatible; GoogleOther)"
144.76.32.120 - - [20/Nov/2025:02:21:12 -0800] "GET /?path=/sys/dev/block/259:10/queue HTTP/1.1" 200 4701 "-" "Mozilla/5.0 (compatible; BLEXBot/1.0; +https://help.seranking.com/en/blex-crawler)"
107.22.208.39 - - [20/Nov/2025:02:21:18 -0800] "GET /?path=//sys/class/tty/ptype/subsystem/ttyp1/subsystem/ttype/subsystem/ttyS2/subsystem/ttype HTTP/1.1" 200 3454 "-" "Mozilla/5.0 AppleWebKit/537.36 (KHTML, like Gecko; compatible; Amazonbot/0.1; +https://developer.amazon.com/support/amazonbot) Chrome/119.0.6045.214 Safari/537.36"
66.249.75.132 - - [20/Nov/2025:02:21:20 -0800] "GET /market/201683907 HTTP/1.1" 200 21263 "-" "Mozilla/5.0 (Linux; Android 6.0.1; Nexus 5X Build/MMB29P) AppleWebKit/537.36 (KHTML, like Gecko) Chrome/141.0.7390.122 Mobile Safari/537.36 (compatible; GoogleOther)"
34.205.170.13 - - [20/Nov/2025:02:21:21 -0800] "GET /?path=//sys/class/tty/ptype/subsystem/ttyp0/subsystem/ttydb/subsystem/ttyv0/subsystem HTTP/1.1" 200 17833 "-" "Mozilla/5.0 AppleWebKit/537.36 (KHTML, like Gecko; compatible; Amazonbot/0.1; +https://developer.amazon.com/support/amazonbot) Chrome/119.0.6045.214 Safari/537.36"
144.76.32.120 - - [20/Nov/2025:02:21:24 -0800] "GET /?path=/usr/share/perl5/XML/Simple HTTP/1.1" 200 3283 "-" "Mozilla/5.0 (compatible; BLEXBot/1.0; +https://help.seranking.com/en/blex-crawler)"
18.215.24.66 - - [20/Nov/2025:02:21:25 -0800] "GET /?path=//sys/class/tty/ptype/subsystem/ptyp1/subsystem/ttysc/subsystem/ttyS1/subsystem/ttyp0 HTTP/1.1" 200 3370 "-" "Mozilla/5.0 AppleWebKit/537.36 (KHTML, like Gecko; compatible; Amazonbot/0.1; +https://developer.amazon.com/support/amazonbot) Chrome/119.0.6045.214 Safari/537.36"
44.206.65.8 - - [20/Nov/2025:02:21:30 -0800] "GET /?path=//sys/class/tty/ptype/subsystem/ttyS0/subsystem/ttype/subsystem/ttyqb/subsystem/console HTTP/1.1" 200 3474 "-" "Mozilla/5.0 AppleWebKit/537.36 (KHTML, like Gecko; compatible; Amazonbot/0.1; +https://developer.amazon.com/support/amazonbot) Chrome/119.0.6045.214 Safari/537.36"
66.249.75.132 - - [20/Nov/2025:02:21:34 -0800] "GET /market/175507399 HTTP/1.1" 200 21547 "-" "Mozilla/5.0 (Linux; Android 6.0.1; Nexus 5X Build/MMB29P) AppleWebKit/537.36 (KHTML, like Gecko) Chrome/141.0.7390.122 Mobile Safari/537.36 (compatible; GoogleOther)"
144.76.32.120 - - [20/Nov/2025:02:21:37 -0800] "GET /?path=/sys/dev/block/259:10/trace HTTP/1.1" 200 3439 "-" "Mozilla/5.0 (compatible; BLEXBot/1.0; +https://help.seranking.com/en/blex-crawler)"
144.76.32.120 - - [20/Nov/2025:02:21:40 -0800] "GET /?path=/usr/share/perl5/XML/Stream HTTP/1.1" 200 3641 "-" "Mozilla/5.0 (compatible; BLEXBot/1.0; +https://help.seranking.com/en/blex-crawler)"
144.76.32.120 - - [20/Nov/2025:02:21:44 -0800] "GET /?path=/sys/dev/block/259:11/trace HTTP/1.1" 200 3412 "-" "Mozilla/5.0 (compatible; BLEXBot/1.0; +https://help.seranking.com/en/blex-crawler)"
66.249.75.132 - - [20/Nov/2025:02:21:49 -0800] "GET /?s=2355377813705&channel=123e81&from=http://mollywoppersnyb.com/file.do?m140039602 HTTP/1.1" 200 20806 "-" "Mozilla/5.0 (Linux; Android 6.0.1; Nexus 5X Build/MMB29P) AppleWebKit/537.36 (KHTML, like Gecko) Chrome/141.0.7390.122 Mobile Safari/537.36 (compatible; GoogleOther)"
66.249.75.132 - - [20/Nov/2025:02:21:53 -0800] "GET /market/199708530 HTTP/1.1" 200 26603 "-" "Mozilla/5.0 (Linux; Android 6.0.1; Nexus 5X Build/MMB29P) AppleWebKit/537.36 (KHTML, like Gecko) Chrome/141.0.7390.122 Mobile Safari/537.36 (compatible; GoogleOther)"
144.76.32.120 - - [20/Nov/2025:02:21:57 -0800] "GET /?path=/usr/share/perl5/XML/Writer HTTP/1.1" 200 3248 "-" "Mozilla/5.0 (compatible; BLEXBot/1.0; +https://help.seranking.com/en/blex-crawler)"
98.83.226.125 - - [20/Nov/2025:02:21:57 -0800] "GET /?path=//sys/class/tty/ptype/subsystem/ptyp0/subsystem/ttype/subsystem/ttyqb/subsystem/ttyde HTTP/1.1" 200 3377 "-" "Mozilla/5.0 AppleWebKit/537.36 (KHTML, like Gecko; compatible; Amazonbot/0.1; +https://developer.amazon.com/support/amazonbot) Chrome/119.0.6045.214 Safari/537.36"
66.249.75.132 - - [20/Nov/2025:02:21:58 -0800] "GET /market/168316923 HTTP/1.1" 200 20677 "-" "Mozilla/5.0 (Linux; Android 6.0.1; Nexus 5X Build/MMB29P) AppleWebKit/537.36 (KHTML, like Gecko) Chrome/141.0.7390.122 Mobile Safari/537.36 (compatible; GoogleOther)"
74.91.19.178 - - [20/Nov/2025:02:20:32 -0800] "GET /wp-content/brbd606d/index.php?id=955981 HTTP/1.1" 200 295 "http://mollywoppersnyb.com/wp-content/brbd606d/index.php?id=955981" "Mozilla/5.0 (Windows NT 10.0; Win64; x64) AppleWebKit/537.36 (KHTML, like Gecko) Chrome/58.0.3029.110 Safari/537.3"
144.76.32.120 - - [20/Nov/2025:02:22:01 -0800] "GET /?path=/sys/dev/block/259:12/queue HTTP/1.1" 200 4701 "-" "Mozilla/5.0 (compatible; BLEXBot/1.0; +https://help.seranking.com/en/blex-crawler)"
44.217.255.167 - - [20/Nov/2025:02:22:06 -0800] "GET /?path=//sys/class/tty/ptype/subsystem/ttys0/subsystem/ttype/subsystem/ttysc/subsystem/tty1 HTTP/1.1" 200 3449 "-" "Mozilla/5.0 AppleWebKit/537.36 (KHTML, like Gecko; compatible; Amazonbot/0.1; +https://developer.amazon.com/support/amazonbot) Chrome/119.0.6045.214 Safari/537.36"
44.215.210.112 - - [20/Nov/2025:02:22:09 -0800] "GET /?path=//sys/class/tty/ptype/subsystem/ttyp0/subsystem/ttysc/subsystem/ttyvd/subsystem/ttynull HTTP/1.1" 200 3439 "-" "Mozilla/5.0 AppleWebKit/537.36 (KHTML, like Gecko; compatible; Amazonbot/0.1; +https://developer.amazon.com/support/amazonbot) Chrome/119.0.6045.214 Safari/537.36"
66.249.75.132 - - [20/Nov/2025:02:22:13 -0800] "GET /market/205504302 HTTP/1.1" 200 27167 "-" "Mozilla/5.0 (Linux; Android 6.0.1; Nexus 5X Build/MMB29P) AppleWebKit/537.36 (KHTML, like Gecko) Chrome/141.0.7390.122 Mobile Safari/537.36 (compatible; GoogleOther)"
23.21.179.27 - - [20/Nov/2025:02:22:14 -0800] "GET /?path=//sys/class/tty/ptype/subsystem/ptype/subsystem/ptype/subsystem/ttyp0/subsystem/ttyu0 HTTP/1.1" 200 3356 "-" "Mozilla/5.0 AppleWebKit/537.36 (KHTML, like Gecko; compatible; Amazonbot/0.1; +https://developer.amazon.com/support/amazonbot) Chrome/119.0.6045.214 Safari/537.36"
144.76.32.120 - - [20/Nov/2025:02:22:17 -0800] "GET /?path=/sys/dev/block/259:12/trace HTTP/1.1" 200 3435 "-" "Mozilla/5.0 (compatible; BLEXBot/1.0; +https://help.seranking.com/en/blex-crawler)"
144.76.32.120 - - [20/Nov/2025:02:22:21 -0800] "GET /?path=/usr/share/perl5/auto/share HTTP/1.1" 200 3204 "-" "Mozilla/5.0 (compatible; BLEXBot/1.0; +https://help.seranking.com/en/blex-crawler)"
66.249.75.132 - - [20/Nov/2025:02:22:26 -0800] "GET /market/22597607 HTTP/1.1" 200 38852 "-" "Mozilla/5.0 (Linux; Android 6.0.1; Nexus 5X Build/MMB29P) AppleWebKit/537.36 (KHTML, like Gecko) Chrome/141.0.7390.122 Mobile Safari/537.36 (compatible; GoogleOther)"
34.234.197.175 - - [20/Nov/2025:02:22:30 -0800] "GET /?path=//sys/class/tty/ptype/subsystem/ttype/subsystem/ttyp1/subsystem/ttyp1/subsystem/ttysa HTTP/1.1" 200 3428 "-" "Mozilla/5.0 AppleWebKit/537.36 (KHTML, like Gecko; compatible; Amazonbot/0.1; +https://developer.amazon.com/support/amazonbot) Chrome/119.0.6045.214 Safari/537.36"
114.119.138.33 - - [20/Nov/2025:02:22:31 -0800] "GET /search.php?medium180035690.html HTTP/1.1" 200 86660 "http://mollywoppersnyb.com/search.php?sitemap525.xml" "Mozilla/5.0 (Linux; Android 7.0;) AppleWebKit/537.36 (KHTML, like Gecko) Mobile Safari/537.36 (compatible; PetalBot;+https://webmaster.petalsearch.com/site/petalbot)"
98.83.94.113 - - [20/Nov/2025:02:22:38 -0800] "GET /?path=//sys/class/tty/ptype/subsystem/ttysc/subsystem/ttype/subsystem/ttyp1/subsystem/ttynull HTTP/1.1" 200 3407 "-" "Mozilla/5.0 AppleWebKit/537.36 (KHTML, like Gecko; compatible; Amazonbot/0.1; +https://developer.amazon.com/support/amazonbot) Chrome/119.0.6045.214 Safari/537.36"
54.145.82.217 - - [20/Nov/2025:02:22:52 -0800] "GET /?path=//sys/class/tty/ptype/subsystem/ttyS0/subsystem/ttype/subsystem/ttysc/subsystem/tty1 HTTP/1.1" 200 3452 "-" "Mozilla/5.0 AppleWebKit/537.36 (KHTML, like Gecko; compatible; Amazonbot/0.1; +https://developer.amazon.com/support/amazonbot) Chrome/119.0.6045.214 Safari/537.36"
43.131.32.36 - - [20/Nov/2025:02:22:54 -0800] "GET /?path=/home/mollywopper/mollywoppersnyb.com/.dh-diag HTTP/1.1" 200 3249 "-" "Mozilla/5.0 (iPhone; CPU iPhone OS 13_2_3 like Mac OS X) AppleWebKit/605.1.15 (KHTML, like Gecko) Version/13.0.3 Mobile/15E148 Safari/604.1"
52.202.233.37 - - [20/Nov/2025:02:22:57 -0800] "GET /?path=//sys/class/tty/ptype/subsystem/ttyp1/subsystem/ttysc/subsystem/ttyec/subsystem/ttys0 HTTP/1.1" 200 3428 "-" "Mozilla/5.0 AppleWebKit/537.36 (KHTML, like Gecko; compatible; Amazonbot/0.1; +https://developer.amazon.com/support/amazonbot) Chrome/119.0.6045.214 Safari/537.36"
66.249.75.132 - - [20/Nov/2025:02:23:14 -0800] "GET /market/162932540 HTTP/1.1" 200 22109 "-" "Mozilla/5.0 (Linux; Android 6.0.1; Nexus 5X Build/MMB29P) AppleWebKit/537.36 (KHTML, like Gecko) Chrome/141.0.7390.122 Mobile Safari/537.36 (compatible; GoogleOther)"
66.249.75.132 - - [20/Nov/2025:02:23:17 -0800] "GET /market/89911864 HTTP/1.1" 200 20554 "-" "Mozilla/5.0 (Linux; Android 6.0.1; Nexus 5X Build/MMB29P) AppleWebKit/537.36 (KHTML, like Gecko) Chrome/141.0.7390.122 Mobile Safari/537.36 (compatible; Googlebot/2.1; +http://www.google.com/bot.html)"
54.147.80.137 - - [20/Nov/2025:02:23:30 -0800] "GET /?path=//sys/class/tty/ptype/subsystem/ttyS1/subsystem/ttype/subsystem/ttyp2/subsystem/console HTTP/1.1" 200 3419 "-" "Mozilla/5.0 AppleWebKit/537.36 (KHTML, like Gecko; compatible; Amazonbot/0.1; +https://developer.amazon.com/support/amazonbot) Chrome/119.0.6045.214 Safari/537.36"
74.91.19.178 - - [20/Nov/2025:02:22:01 -0800] "GET /wp-content/brbd606d/index.php?id=955981 HTTP/1.1" 200 295 "http://mollywoppersnyb.com/wp-content/brbd606d/index.php?id=955981" "Mozilla/5.0 (Windows NT 10.0; Win64; x64) AppleWebKit/537.36 (KHTML, like Gecko) Chrome/58.0.3029.110 Safari/537.3"
66.249.75.132 - - [20/Nov/2025:02:23:44 -0800] "GET /market/176106943 HTTP/1.1" 200 20551 "-" "Mozilla/5.0 (Linux; Android 6.0.1; Nexus 5X Build/MMB29P) AppleWebKit/537.36 (KHTML, like Gecko) Chrome/141.0.7390.122 Mobile Safari/537.36 (compatible; GoogleOther)"
66.249.75.132 - - [20/Nov/2025:02:23:49 -0800] "GET /?s=2355377813705&channel=123e81&from=http://mollywoppersnyb.com/file.do?m053017951 HTTP/1.1" 200 21496 "-" "Mozilla/5.0 (Linux; Android 6.0.1; Nexus 5X Build/MMB29P) AppleWebKit/537.36 (KHTML, like Gecko) Chrome/141.0.7390.122 Mobile Safari/537.36 (compatible; GoogleOther)"
114.119.131.11 - - [20/Nov/2025:02:23:52 -0800] "GET /search.php?medium087017033.html HTTP/1.1" 200 86302 "http://mollywoppersnyb.com/search.php?sitemap525.xml" "Mozilla/5.0 (Linux; Android 7.0;) AppleWebKit/537.36 (KHTML, like Gecko) Mobile Safari/537.36 (compatible; PetalBot;+https://webmaster.petalsearch.com/site/petalbot)"
3.225.9.97 - - [20/Nov/2025:02:24:05 -0800] "GET /?path=//sys/class/tty/ptype/subsystem/ttyp0/subsystem/ttyv0/subsystem/ttyp0/subsystem/ttyec HTTP/1.1" 200 3387 "-" "Mozilla/5.0 AppleWebKit/537.36 (KHTML, like Gecko; compatible; Amazonbot/0.1; +https://developer.amazon.com/support/amazonbot) Chrome/119.0.6045.214 Safari/537.36"
66.249.75.133 - - [20/Nov/2025:02:24:05 -0800] "GET /?s=2355377813705&channel=123e81&from=http://mollywoppersnyb.com/file.do?m139009521 HTTP/1.1" 200 22775 "-" "Mozilla/5.0 (Linux; Android 6.0.1; Nexus 5X Build/MMB29P) AppleWebKit/537.36 (KHTML, like Gecko) Chrome/141.0.7390.122 Mobile Safari/537.36 (compatible; GoogleOther)"
23.22.59.87 - - [20/Nov/2025:02:24:11 -0800] "GET /?path=//sys/class/tty/ptype/subsystem/ttype/subsystem/ttyp1/subsystem/ptyp0/subsystem/tty0 HTTP/1.1" 200 3411 "-" "Mozilla/5.0 AppleWebKit/537.36 (KHTML, like Gecko; compatible; Amazonbot/0.1; +https://developer.amazon.com/support/amazonbot) Chrome/119.0.6045.214 Safari/537.36"
66.249.75.132 - - [20/Nov/2025:02:24:12 -0800] "GET /market/173569155 HTTP/1.1" 200 20738 "-" "Mozilla/5.0 (Linux; Android 6.0.1; Nexus 5X Build/MMB29P) AppleWebKit/537.36 (KHTML, like Gecko) Chrome/141.0.7390.122 Mobile Safari/537.36 (compatible; GoogleOther)"
44.214.19.8 - - [20/Nov/2025:02:24:18 -0800] "GET /?path=//sys/class/tty/ptype/subsystem/ttyp1/subsystem/ttysc/subsystem/ttyec/subsystem/ttyS0 HTTP/1.1" 200 4074 "-" "Mozilla/5.0 AppleWebKit/537.36 (KHTML, like Gecko; compatible; Amazonbot/0.1; +https://developer.amazon.com/support/amazonbot) Chrome/119.0.6045.214 Safari/537.36"
18.210.58.238 - - [20/Nov/2025:02:24:25 -0800] "GET /?path=//sys/class/tty/ptype/subsystem/ttyp0/subsystem/ttyp0/subsystem/ttyp0/subsystem/ttydb HTTP/1.1" 200 3369 "-" "Mozilla/5.0 AppleWebKit/537.36 (KHTML, like Gecko; compatible; Amazonbot/0.1; +https://developer.amazon.com/support/amazonbot) Chrome/119.0.6045.214 Safari/537.36"
54.235.191.179 - - [20/Nov/2025:02:24:29 -0800] "GET /?path=//sys/class/tty/ptype/subsystem/ptype/subsystem/console/subsystem/ttyS0/subsystem/ttys0 HTTP/1.1" 200 3453 "-" "Mozilla/5.0 AppleWebKit/537.36 (KHTML, like Gecko; compatible; Amazonbot/0.1; +https://developer.amazon.com/support/amazonbot) Chrome/119.0.6045.214 Safari/537.36"
66.249.75.132 - - [20/Nov/2025:02:24:33 -0800] "GET /market/90207983 HTTP/1.1" 200 20946 "-" "Mozilla/5.0 (Linux; Android 6.0.1; Nexus 5X Build/MMB29P) AppleWebKit/537.36 (KHTML, like Gecko) Chrome/141.0.7390.122 Mobile Safari/537.36 (compatible; GoogleOther)"
34.194.95.99 - - [20/Nov/2025:02:24:34 -0800] "GET /?path=//sys/class/tty/ptype/subsystem/ptyp1/subsystem/ttype/subsystem/ttype/subsystem/ttyv7 HTTP/1.1" 200 3400 "-" "Mozilla/5.0 AppleWebKit/537.36 (KHTML, like Gecko; compatible; Amazonbot/0.1; +https://developer.amazon.com/support/amazonbot) Chrome/119.0.6045.214 Safari/537.36"
54.157.84.74 - - [20/Nov/2025:02:24:37 -0800] "GET /?path=//sys/class/tty/ptype/subsystem/ptyp1/subsystem/ttype/subsystem/ttyp0/subsystem/ttycd HTTP/1.1" 200 3426 "-" "Mozilla/5.0 AppleWebKit/537.36 (KHTML, like Gecko; compatible; Amazonbot/0.1; +https://developer.amazon.com/support/amazonbot) Chrome/119.0.6045.214 Safari/537.36"
52.45.29.57 - - [20/Nov/2025:02:24:50 -0800] "GET /?path=//sys/class/tty/ptype/subsystem/ttyp0/subsystem/ttyec/subsystem/ttyp1/subsystem/ttywb HTTP/1.1" 200 3375 "-" "Mozilla/5.0 AppleWebKit/537.36 (KHTML, like Gecko; compatible; Amazonbot/0.1; +https://developer.amazon.com/support/amazonbot) Chrome/119.0.6045.214 Safari/537.36"
66.249.75.132 - - [20/Nov/2025:02:24:51 -0800] "GET /market/15276101 HTTP/1.1" 200 20531 "-" "Mozilla/5.0 (Linux; Android 6.0.1; Nexus 5X Build/MMB29P) AppleWebKit/537.36 (KHTML, like Gecko) Chrome/141.0.7390.122 Mobile Safari/537.36 (compatible; GoogleOther)"
20.27.30.201 - - [20/Nov/2025:02:24:56 -0800] "GET /wp-content/plugins/hellopress/wp_filemanager.php HTTP/1.1" 429 429 "-" "-"
20.27.30.201 - - [20/Nov/2025:02:24:56 -0800] "GET /shoha.php HTTP/1.1" 429 429 "-" "-"
20.27.30.201 - - [20/Nov/2025:02:24:56 -0800] "GET /ze.php HTTP/1.1" 429 429 "-" "-"
20.27.30.201 - - [20/Nov/2025:02:24:56 -0800] "GET /xo.php HTTP/1.1" 429 429 "-" "-"
20.27.30.201 - - [20/Nov/2025:02:24:57 -0800] "GET /wp-the1me.php HTTP/1.1" 429 429 "-" "-"
20.27.30.201 - - [20/Nov/2025:02:24:57 -0800] "GET /m.php HTTP/1.1" 429 429 "-" "-"
20.27.30.201 - - [20/Nov/2025:02:24:57 -0800] "GET /e.php HTTP/1.1" 429 429 "-" "-"
20.27.30.201 - - [20/Nov/2025:02:24:57 -0800] "GET /dd1.php HTTP/1.1" 429 429 "-" "-"
20.27.30.201 - - [20/Nov/2025:02:24:57 -0800] "GET /conn.php HTTP/1.1" 429 429 "-" "-"
20.27.30.201 - - [20/Nov/2025:02:24:57 -0800] "GET /card.php HTTP/1.1" 429 429 "-" "-"
20.27.30.201 - - [20/Nov/2025:02:24:58 -0800] "GET /asas.php HTTP/1.1" 429 429 "-" "-"
20.27.30.201 - - [20/Nov/2025:02:24:58 -0800] "GET /kki.php HTTP/1.1" 429 429 "-" "-"
20.27.30.201 - - [20/Nov/2025:02:24:58 -0800] "GET /js.php HTTP/1.1" 429 429 "-" "-"
20.27.30.201 - - [20/Nov/2025:02:24:58 -0800] "GET /view.php HTTP/1.1" 429 429 "-" "-"
20.27.30.201 - - [20/Nov/2025:02:24:58 -0800] "GET /wso.php HTTP/1.1" 429 429 "-" "-"
20.27.30.201 - - [20/Nov/2025:02:24:58 -0800] "GET /sid3.php HTTP/1.1" 429 429 "-" "-"
3.212.219.113 - - [20/Nov/2025:02:24:57 -0800] "GET /?path=//sys/class/tty/ptype/subsystem/ttype/subsystem/ptype/subsystem/ttyqb/subsystem/ttyse HTTP/1.1" 200 3433 "-" "Mozilla/5.0 AppleWebKit/537.36 (KHTML, like Gecko; compatible; Amazonbot/0.1; +https://developer.amazon.com/support/amazonbot) Chrome/119.0.6045.214 Safari/537.36"
20.27.30.201 - - [20/Nov/2025:02:24:59 -0800] "GET /mans.php HTTP/1.1" 429 429 "-" "-"
20.27.30.201 - - [20/Nov/2025:02:24:59 -0800] "GET /111.php HTTP/1.1" 429 429 "-" "-"
20.27.30.201 - - [20/Nov/2025:02:24:59 -0800] "GET /403.php HTTP/1.1" 429 429 "-" "-"
20.27.30.201 - - [20/Nov/2025:02:24:59 -0800] "GET /4yps5d.php HTTP/1.1" 429 429 "-" "-"
20.27.30.201 - - [20/Nov/2025:02:25:00 -0800] "GET /fs6.php HTTP/1.1" 429 429 "-" "-"
20.27.30.201 - - [20/Nov/2025:02:25:00 -0800] "GET /lv.php HTTP/1.1" 429 429 "-" "-"
20.27.30.201 - - [20/Nov/2025:02:25:00 -0800] "GET /habhan.php HTTP/1.1" 429 429 "-" "-"
20.27.30.201 - - [20/Nov/2025:02:25:00 -0800] "GET /akcc.php HTTP/1.1" 429 429 "-" "-"
20.27.30.201 - - [20/Nov/2025:02:25:01 -0800] "GET /bi1f.php HTTP/1.1" 429 429 "-" "-"
20.27.30.201 - - [20/Nov/2025:02:25:01 -0800] "GET /lib.php HTTP/1.1" 429 429 "-" "-"
20.27.30.201 - - [20/Nov/2025:02:25:01 -0800] "GET /luxe.php HTTP/1.1" 429 429 "-" "-"
20.27.30.201 - - [20/Nov/2025:02:25:01 -0800] "GET /wsd.php HTTP/1.1" 429 429 "-" "-"
20.27.30.201 - - [20/Nov/2025:02:25:01 -0800] "GET /404.php HTTP/1.1" 429 429 "-" "-"
20.27.30.201 - - [20/Nov/2025:02:25:02 -0800] "GET /an7.php HTTP/1.1" 429 429 "-" "-"
20.27.30.201 - - [20/Nov/2025:02:25:02 -0800] "GET /fs7.php HTTP/1.1" 429 429 "-" "-"
20.27.30.201 - - [20/Nov/2025:02:25:02 -0800] "GET /new4.php HTTP/1.1" 429 429 "-" "-"
20.27.30.201 - - [20/Nov/2025:02:25:02 -0800] "GET /icon.php HTTP/1.1" 429 429 "-" "-"
20.27.30.201 - - [20/Nov/2025:02:25:02 -0800] "GET /blox.php HTTP/1.1" 429 429 "-" "-"
20.27.30.201 - - [20/Nov/2025:02:25:02 -0800] "GET /gm.php HTTP/1.1" 429 429 "-" "-"
20.27.30.201 - - [20/Nov/2025:02:25:02 -0800] "GET /iko.php HTTP/1.1" 429 429 "-" "-"
20.27.30.201 - - [20/Nov/2025:02:25:03 -0800] "GET /miso.php HTTP/1.1" 429 429 "-" "-"
20.27.30.201 - - [20/Nov/2025:02:25:03 -0800] "GET /moie.php HTTP/1.1" 429 429 "-" "-"
20.27.30.201 - - [20/Nov/2025:02:25:03 -0800] "GET /shelp.php HTTP/1.1" 429 429 "-" "-"
20.27.30.201 - - [20/Nov/2025:02:25:03 -0800] "GET /siln.php HTTP/1.1" 429 429 "-" "-"
20.27.30.201 - - [20/Nov/2025:02:25:03 -0800] "GET /sko.php HTTP/1.1" 429 429 "-" "-"
20.27.30.201 - - [20/Nov/2025:02:25:03 -0800] "GET /3.php HTTP/1.1" 429 429 "-" "-"
20.27.30.201 - - [20/Nov/2025:02:25:04 -0800] "GET /wp-gif.php HTTP/1.1" 429 429 "-" "-"
20.27.30.201 - - [20/Nov/2025:02:25:04 -0800] "GET /wp-good.php HTTP/1.1" 429 429 "-" "-"
20.27.30.201 - - [20/Nov/2025:02:25:04 -0800] "GET /rrr.php HTTP/1.1" 429 429 "-" "-"
20.27.30.201 - - [20/Nov/2025:02:25:04 -0800] "GET /tj.php HTTP/1.1" 429 429 "-" "-"
20.27.30.201 - - [20/Nov/2025:02:25:04 -0800] "GET /vansec.php HTTP/1.1" 429 429 "-" "-"
20.27.30.201 - - [20/Nov/2025:02:25:05 -0800] "GET /filesss.php HTTP/1.1" 429 429 "-" "-"
74.91.19.178 - - [20/Nov/2025:02:23:37 -0800] "GET /wp-content/brbd606d/index.php?id=955981 HTTP/1.1" 200 295 "http://mollywoppersnyb.com/wp-content/brbd606d/index.php?id=955981" "Mozilla/5.0 (Windows NT 10.0; Win64; x64) AppleWebKit/537.36 (KHTML, like Gecko) Chrome/58.0.3029.110 Safari/537.3"
20.27.30.201 - - [20/Nov/2025:02:25:05 -0800] "GET /ss.php HTTP/1.1" 429 429 "-" "-"
20.27.30.201 - - [20/Nov/2025:02:25:05 -0800] "GET /wp-is.php HTTP/1.1" 429 429 "-" "-"
20.27.30.201 - - [20/Nov/2025:02:25:05 -0800] "GET /jmfi2.php HTTP/1.1" 429 429 "-" "-"
20.27.30.201 - - [20/Nov/2025:02:25:05 -0800] "GET /scx.php7 HTTP/1.1" 429 429 "-" "-"
20.27.30.201 - - [20/Nov/2025:02:25:05 -0800] "GET /777.php HTTP/1.1" 429 429 "-" "-"
20.27.30.201 - - [20/Nov/2025:02:25:06 -0800] "GET /f35.php HTTP/1.1" 429 429 "-" "-"
20.27.30.201 - - [20/Nov/2025:02:25:06 -0800] "GET /ioxi-o.php HTTP/1.1" 429 429 "-" "-"
20.27.30.201 - - [20/Nov/2025:02:25:06 -0800] "GET /csv.php HTTP/1.1" 429 429 "-" "-"
20.27.30.201 - - [20/Nov/2025:02:25:06 -0800] "GET /shlo.php HTTP/1.1" 429 429 "-" "-"
20.27.30.201 - - [20/Nov/2025:02:25:06 -0800] "GET /abc.php HTTP/1.1" 429 429 "-" "-"
100.28.118.16 - - [20/Nov/2025:02:25:05 -0800] "GET /?path=//sys/class/tty/ptype/subsystem/ptype/subsystem/ttys0/subsystem/ptyp0 HTTP/1.1" 200 3401 "-" "Mozilla/5.0 AppleWebKit/537.36 (KHTML, like Gecko; compatible; Amazonbot/0.1; +https://developer.amazon.com/support/amazonbot) Chrome/119.0.6045.214 Safari/537.36"
20.27.30.201 - - [20/Nov/2025:02:25:06 -0800] "GET /wpc1.php HTTP/1.1" 429 429 "-" "-"
20.27.30.201 - - [20/Nov/2025:02:25:07 -0800] "GET /ww.php HTTP/1.1" 429 429 "-" "-"
20.27.30.201 - - [20/Nov/2025:02:25:07 -0800] "GET /raw.php HTTP/1.1" 429 429 "-" "-"
20.27.30.201 - - [20/Nov/2025:02:25:07 -0800] "GET /mah.php HTTP/1.1" 429 429 "-" "-"
20.27.30.201 - - [20/Nov/2025:02:25:07 -0800] "GET /p.php HTTP/1.1" 429 429 "-" "-"
20.27.30.201 - - [20/Nov/2025:02:25:07 -0800] "GET /xpas22.php HTTP/1.1" 429 429 "-" "-"
20.27.30.201 - - [20/Nov/2025:02:25:07 -0800] "GET /wp1.php HTTP/1.1" 429 429 "-" "-"
20.27.30.201 - - [20/Nov/2025:02:25:08 -0800] "GET /fm.php HTTP/1.1" 429 429 "-" "-"
20.27.30.201 - - [20/Nov/2025:02:25:08 -0800] "GET /eauu.php HTTP/1.1" 429 429 "-" "-"
20.27.30.201 - - [20/Nov/2025:02:25:08 -0800] "GET /css.php HTTP/1.1" 429 429 "-" "-"
20.27.30.201 - - [20/Nov/2025:02:25:08 -0800] "GET /ru.php HTTP/1.1" 429 429 "-" "-"
20.27.30.201 - - [20/Nov/2025:02:25:08 -0800] "GET /tmpls.php HTTP/1.1" 429 429 "-" "-"
20.27.30.201 - - [20/Nov/2025:02:25:09 -0800] "GET /shell.php HTTP/1.1" 429 429 "-" "-"
20.27.30.201 - - [20/Nov/2025:02:25:09 -0800] "GET /ae.php HTTP/1.1" 429 429 "-" "-"
20.27.30.201 - - [20/Nov/2025:02:25:09 -0800] "GET /smpx.php HTTP/1.1" 429 429 "-" "-"
20.27.30.201 - - [20/Nov/2025:02:25:09 -0800] "GET /wp-asd.php HTTP/1.1" 429 429 "-" "-"
20.27.30.201 - - [20/Nov/2025:02:25:09 -0800] "GET /class5.php HTTP/1.1" 429 429 "-" "-"
20.27.30.201 - - [20/Nov/2025:02:25:10 -0800] "GET /yas.php HTTP/1.1" 429 429 "-" "-"
66.249.75.133 - - [20/Nov/2025:02:25:09 -0800] "GET /market/190508814 HTTP/1.1" 200 21169 "-" "Mozilla/5.0 (Linux; Android 6.0.1; Nexus 5X Build/MMB29P) AppleWebKit/537.36 (KHTML, like Gecko) Chrome/141.0.7390.122 Mobile Safari/537.36 (compatible; GoogleOther)"
20.27.30.201 - - [20/Nov/2025:02:25:10 -0800] "GET /yanki.php HTTP/1.1" 429 429 "-" "-"
20.27.30.201 - - [20/Nov/2025:02:25:10 -0800] "GET /g7y.php HTTP/1.1" 429 429 "-" "-"
20.27.30.201 - - [20/Nov/2025:02:25:10 -0800] "GET /ok.php HTTP/1.1" 429 429 "-" "-"
20.27.30.201 - - [20/Nov/2025:02:25:10 -0800] "GET /yasnu.php HTTP/1.1" 429 429 "-" "-"
20.27.30.201 - - [20/Nov/2025:02:25:11 -0800] "GET /moon.php HTTP/1.1" 429 429 "-" "-"
20.27.30.201 - - [20/Nov/2025:02:25:11 -0800] "GET /wio.php HTTP/1.1" 429 429 "-" "-"
20.27.30.201 - - [20/Nov/2025:02:25:11 -0800] "GET /oswkk.php HTTP/1.1" 429 429 "-" "-"
20.27.30.201 - - [20/Nov/2025:02:25:11 -0800] "GET /rex.php HTTP/1.1" 429 429 "-" "-"
20.27.30.201 - - [20/Nov/2025:02:25:11 -0800] "GET /aj.php HTTP/1.1" 429 429 "-" "-"
20.27.30.201 - - [20/Nov/2025:02:25:11 -0800] "GET /snus.php HTTP/1.1" 429 429 "-" "-"
34.227.156.153 - - [20/Nov/2025:02:25:10 -0800] "GET /?path=//sys/class/tty/ptype/subsystem/ttype/subsystem/ttypc/subsystem/ttyv1/subsystem/ttyp0 HTTP/1.1" 200 3434 "-" "Mozilla/5.0 AppleWebKit/537.36 (KHTML, like Gecko; compatible; Amazonbot/0.1; +https://developer.amazon.com/support/amazonbot) Chrome/119.0.6045.214 Safari/537.36"
20.27.30.201 - - [20/Nov/2025:02:25:12 -0800] "GET /naxc.php HTTP/1.1" 429 429 "-" "-"
20.27.30.201 - - [20/Nov/2025:02:25:12 -0800] "GET /v3.php HTTP/1.1" 429 429 "-" "-"
20.27.30.201 - - [20/Nov/2025:02:25:12 -0800] "GET /nc4.php HTTP/1.1" 429 429 "-" "-"
20.27.30.201 - - [20/Nov/2025:02:25:13 -0800] "GET /api137.php HTTP/1.1" 429 429 "-" "-"
20.27.30.201 - - [20/Nov/2025:02:25:13 -0800] "GET /class629.php HTTP/1.1" 429 429 "-" "-"
20.27.30.201 - - [20/Nov/2025:02:25:13 -0800] "GET /wp-x7.php HTTP/1.1" 429 429 "-" "-"
20.27.30.201 - - [20/Nov/2025:02:25:13 -0800] "GET /wp670.php HTTP/1.1" 429 429 "-" "-"
20.27.30.201 - - [20/Nov/2025:02:25:14 -0800] "GET /Okxob.php HTTP/1.1" 429 429 "-" "-"
20.27.30.201 - - [20/Nov/2025:02:25:14 -0800] "GET /Sanskrit.php HTTP/1.1" 429 429 "-" "-"
20.27.30.201 - - [20/Nov/2025:02:25:14 -0800] "GET /jq.php HTTP/1.1" 429 429 "-" "-"
20.27.30.201 - - [20/Nov/2025:02:25:14 -0800] "GET /x7.php HTTP/1.1" 429 429 "-" "-"
20.27.30.201 - - [20/Nov/2025:02:25:14 -0800] "GET /zex.php HTTP/1.1" 429 429 "-" "-"
20.27.30.201 - - [20/Nov/2025:02:25:14 -0800] "GET /zxin.php HTTP/1.1" 429 429 "-" "-"
3.223.181.32 - - [20/Nov/2025:02:25:13 -0800] "GET /?path=//sys/class/tty/ptype/subsystem/ttysc/subsystem/ptype/subsystem/ttype/subsystem/tty HTTP/1.1" 200 3421 "-" "Mozilla/5.0 AppleWebKit/537.36 (KHTML, like Gecko; compatible; Amazonbot/0.1; +https://developer.amazon.com/support/amazonbot) Chrome/119.0.6045.214 Safari/537.36"
20.27.30.201 - - [20/Nov/2025:02:25:15 -0800] "GET /asd67.php HTTP/1.1" 429 429 "-" "-"
20.27.30.201 - - [20/Nov/2025:02:25:15 -0800] "GET /st.php HTTP/1.1" 429 448 "-" "-"
20.27.30.201 - - [20/Nov/2025:02:25:16 -0800] "GET /an.php HTTP/1.1" 429 429 "-" "-"
20.27.30.201 - - [20/Nov/2025:02:25:16 -0800] "GET /enkkk.php HTTP/1.1" 429 429 "-" "-"
114.119.150.32 - - [20/Nov/2025:02:25:15 -0800] "GET /search.php?medicine203032825.html HTTP/1.1" 200 86607 "http://mollywoppersnyb.com/search.php?sitemap525.xml" "Mozilla/5.0 (Linux; Android 7.0;) AppleWebKit/537.36 (KHTML, like Gecko) Mobile Safari/537.36 (compatible; PetalBot;+https://webmaster.petalsearch.com/site/petalbot)"
20.27.30.201 - - [20/Nov/2025:02:25:16 -0800] "GET /ext.php HTTP/1.1" 429 429 "-" "-"
20.27.30.201 - - [20/Nov/2025:02:25:17 -0800] "GET /fe5.php HTTP/1.1" 429 429 "-" "-"
20.27.30.201 - - [20/Nov/2025:02:25:17 -0800] "GET /13.php HTTP/1.1" 429 429 "-" "-"
66.249.75.132 - - [20/Nov/2025:02:25:15 -0800] "GET /market/93960652 HTTP/1.1" 200 22764 "-" "Mozilla/5.0 (Linux; Android 6.0.1; Nexus 5X Build/MMB29P) AppleWebKit/537.36 (KHTML, like Gecko) Chrome/141.0.7390.122 Mobile Safari/537.36 (compatible; GoogleOther)"
20.27.30.201 - - [20/Nov/2025:02:25:17 -0800] "GET /wp.php HTTP/1.1" 429 429 "-" "-"
20.27.30.201 - - [20/Nov/2025:02:25:17 -0800] "GET /wp-freya.php HTTP/1.1" 429 429 "-" "-"
20.27.30.201 - - [20/Nov/2025:02:25:17 -0800] "GET /hello.php HTTP/1.1" 429 429 "-" "-"
20.27.30.201 - - [20/Nov/2025:02:25:17 -0800] "GET /ex.php HTTP/1.1" 429 429 "-" "-"
20.27.30.201 - - [20/Nov/2025:02:25:18 -0800] "GET /lock1.php HTTP/1.1" 429 429 "-" "-"
20.27.30.201 - - [20/Nov/2025:02:25:18 -0800] "GET /mini.php HTTP/1.1" 429 429 "-" "-"
20.27.30.201 - - [20/Nov/2025:02:25:18 -0800] "GET /ups.php HTTP/1.1" 429 429 "-" "-"
20.27.30.201 - - [20/Nov/2025:02:25:18 -0800] "GET /bes.php HTTP/1.1" 429 429 "-" "-"
20.27.30.201 - - [20/Nov/2025:02:25:18 -0800] "GET /wp-swa.php HTTP/1.1" 429 429 "-" "-"
20.27.30.201 - - [20/Nov/2025:02:25:18 -0800] "GET /42u.php HTTP/1.1" 429 429 "-" "-"
20.27.30.201 - - [20/Nov/2025:02:25:19 -0800] "GET /lc.php HTTP/1.1" 429 429 "-" "-"
20.27.30.201 - - [20/Nov/2025:02:25:19 -0800] "GET /gmo.php HTTP/1.1" 429 429 "-" "-"
20.27.30.201 - - [20/Nov/2025:02:25:19 -0800] "GET /CLA.php HTTP/1.1" 429 429 "-" "-"
20.27.30.201 - - [20/Nov/2025:02:25:19 -0800] "GET /gfile.php HTTP/1.1" 429 429 "-" "-"
20.27.30.201 - - [20/Nov/2025:02:25:19 -0800] "GET /ahax.php HTTP/1.1" 429 429 "-" "-"
3.215.59.93 - - [20/Nov/2025:02:25:17 -0800] "GET /?path=//sys/class/tty/ptype/subsystem/ttysc/subsystem/ttyv0/subsystem/ttyp1/subsystem/ttypc HTTP/1.1" 200 3427 "-" "Mozilla/5.0 AppleWebKit/537.36 (KHTML, like Gecko; compatible; Amazonbot/0.1; +https://developer.amazon.com/support/amazonbot) Chrome/119.0.6045.214 Safari/537.36"
20.27.30.201 - - [20/Nov/2025:02:25:19 -0800] "GET /gold.php HTTP/1.1" 429 429 "-" "-"
20.27.30.201 - - [20/Nov/2025:02:25:20 -0800] "GET /ol.php HTTP/1.1" 429 429 "-" "-"
20.27.30.201 - - [20/Nov/2025:02:25:20 -0800] "GET /wp-gr.php HTTP/1.1" 429 429 "-" "-"
20.27.30.201 - - [20/Nov/2025:02:25:20 -0800] "GET /co.php HTTP/1.1" 429 429 "-" "-"
20.27.30.201 - - [20/Nov/2025:02:25:20 -0800] "GET /aua.php HTTP/1.1" 429 429 "-" "-"
20.27.30.201 - - [20/Nov/2025:02:25:21 -0800] "GET /aa.php HTTP/1.1" 429 429 "-" "-"
20.27.30.201 - - [20/Nov/2025:02:25:21 -0800] "GET /great.php HTTP/1.1" 429 429 "-" "-"
20.27.30.201 - - [20/Nov/2025:02:25:21 -0800] "GET /class9.php HTTP/1.1" 429 429 "-" "-"
20.27.30.201 - - [20/Nov/2025:02:25:21 -0800] "GET /pass.php HTTP/1.1" 429 429 "-" "-"
20.27.30.201 - - [20/Nov/2025:02:25:21 -0800] "GET /lock360.php HTTP/1.1" 429 429 "-" "-"
20.27.30.201 - - [20/Nov/2025:02:25:21 -0800] "GET /ot.php HTTP/1.1" 429 429 "-" "-"
20.27.30.201 - - [20/Nov/2025:02:25:22 -0800] "GET /witmm.php HTTP/1.1" 429 429 "-" "-"
20.27.30.201 - - [20/Nov/2025:02:25:22 -0800] "GET /lo.php HTTP/1.1" 429 429 "-" "-"
20.27.30.201 - - [20/Nov/2025:02:25:22 -0800] "GET /vxrl.php HTTP/1.1" 429 429 "-" "-"
20.27.30.201 - - [20/Nov/2025:02:25:22 -0800] "GET /vxonb.php HTTP/1.1" 429 429 "-" "-"
20.27.30.201 - - [20/Nov/2025:02:25:23 -0800] "GET /wozxsh.php HTTP/1.1" 429 429 "-" "-"
20.27.30.201 - - [20/Nov/2025:02:25:23 -0800] "GET /whf.php HTTP/1.1" 429 429 "-" "-"
20.27.30.201 - - [20/Nov/2025:02:25:23 -0800] "GET /bkxzo.php HTTP/1.1" 429 429 "-" "-"
20.27.30.201 - - [20/Nov/2025:02:25:23 -0800] "GET /okxoby.php HTTP/1.1" 429 429 "-" "-"
20.27.30.201 - - [20/Nov/2025:02:25:23 -0800] "GET /error1.php HTTP/1.1" 429 429 "-" "-"
20.27.30.201 - - [20/Nov/2025:02:25:23 -0800] "GET /xtt.php HTTP/1.1" 429 429 "-" "-"
20.27.30.201 - - [20/Nov/2025:02:25:23 -0800] "GET /autoload_classmap.php HTTP/1.1" 429 429 "-" "-"
20.27.30.201 - - [20/Nov/2025:02:25:24 -0800] "GET /wcas.php HTTP/1.1" 429 429 "-" "-"
20.27.30.201 - - [20/Nov/2025:02:25:24 -0800] "GET /class-db.php HTTP/1.1" 429 429 "-" "-"
20.27.30.201 - - [20/Nov/2025:02:25:24 -0800] "GET /xxx.php HTTP/1.1" 429 429 "-" "-"
20.27.30.201 - - [20/Nov/2025:02:25:24 -0800] "GET /acp.php HTTP/1.1" 429 429 "-" "-"
20.27.30.201 - - [20/Nov/2025:02:25:24 -0800] "GET /awh77.php HTTP/1.1" 429 429 "-" "-"
20.27.30.201 - - [20/Nov/2025:02:25:24 -0800] "GET /nax.php HTTP/1.1" 429 429 "-" "-"
20.27.30.201 - - [20/Nov/2025:02:25:25 -0800] "GET /wolv2.php HTTP/1.1" 429 429 "-" "-"
20.27.30.201 - - [20/Nov/2025:02:25:25 -0800] "GET /mtvcrew.php HTTP/1.1" 429 429 "-" "-"
20.27.30.201 - - [20/Nov/2025:02:25:25 -0800] "GET /twso.php HTTP/1.1" 429 429 "-" "-"
20.27.30.201 - - [20/Nov/2025:02:25:25 -0800] "GET /144.php HTTP/1.1" 429 429 "-" "-"
20.27.30.201 - - [20/Nov/2025:02:25:25 -0800] "GET /exhitrgp.php HTTP/1.1" 429 429 "-" "-"
20.27.30.201 - - [20/Nov/2025:02:25:25 -0800] "GET /n3.php HTTP/1.1" 429 429 "-" "-"
52.44.229.124 - - [20/Nov/2025:02:25:30 -0800] "GET /?path=//sys/class/tty/ptype/subsystem/ttyp1/subsystem/ttyec/subsystem/ttyp0/subsystem/ttywb HTTP/1.1" 200 3411 "-" "Mozilla/5.0 AppleWebKit/537.36 (KHTML, like Gecko; compatible; Amazonbot/0.1; +https://developer.amazon.com/support/amazonbot) Chrome/119.0.6045.214 Safari/537.36"
52.44.174.136 - - [20/Nov/2025:02:25:34 -0800] "GET /?path=//sys/class/tty/ptype/subsystem/ptype/subsystem/console/subsystem/ttys0/subsystem/ttys0 HTTP/1.1" 200 3448 "-" "Mozilla/5.0 AppleWebKit/537.36 (KHTML, like Gecko; compatible; Amazonbot/0.1; +https://developer.amazon.com/support/amazonbot) Chrome/119.0.6045.214 Safari/537.36"
18.206.47.187 - - [20/Nov/2025:02:25:41 -0800] "GET /?path=//sys/class/tty/ptype/subsystem/ptype/subsystem/console/subsystem/ttys0/subsystem/ttyS0 HTTP/1.1" 200 4103 "-" "Mozilla/5.0 AppleWebKit/537.36 (KHTML, like Gecko; compatible; Amazonbot/0.1; +https://developer.amazon.com/support/amazonbot) Chrome/119.0.6045.214 Safari/537.36"
66.249.75.132 - - [20/Nov/2025:02:25:54 -0800] "GET /market/15352636 HTTP/1.1" 200 21835 "-" "Mozilla/5.0 (Linux; Android 6.0.1; Nexus 5X Build/MMB29P) AppleWebKit/537.36 (KHTML, like Gecko) Chrome/141.0.7390.122 Mobile Safari/537.36 (compatible; GoogleOther)"
35.153.86.200 - - [20/Nov/2025:02:25:54 -0800] "GET /?path=//sys/class/tty/ptype/subsystem/ptype/subsystem/ttyS0/subsystem/ptyp0 HTTP/1.1" 200 3401 "-" "Mozilla/5.0 AppleWebKit/537.36 (KHTML, like Gecko; compatible; Amazonbot/0.1; +https://developer.amazon.com/support/amazonbot) Chrome/119.0.6045.214 Safari/537.36"
44.194.139.149 - - [20/Nov/2025:02:25:58 -0800] "GET /?path=//sys/class/tty/ptype/subsystem/ttyp0/subsystem/ttyvd/subsystem/ttype/subsystem/ttyv3 HTTP/1.1" 200 3446 "-" "Mozilla/5.0 AppleWebKit/537.36 (KHTML, like Gecko; compatible; Amazonbot/0.1; +https://developer.amazon.com/support/amazonbot) Chrome/119.0.6045.214 Safari/537.36"
66.249.75.132 - - [20/Nov/2025:02:26:00 -0800] "GET /?s=2355377813705&channel=123e81&from=http://mollywoppersnyb.com/file.do?m014012484 HTTP/1.1" 200 20968 "-" "Mozilla/5.0 (Linux; Android 6.0.1; Nexus 5X Build/MMB29P) AppleWebKit/537.36 (KHTML, like Gecko) Chrome/141.0.7390.122 Mobile Safari/537.36 (compatible; GoogleOther)"
66.249.75.132 - - [20/Nov/2025:02:26:07 -0800] "GET /market/192484385 HTTP/1.1" 200 21239 "-" "Mozilla/5.0 (Linux; Android 6.0.1; Nexus 5X Build/MMB29P) AppleWebKit/537.36 (KHTML, like Gecko) Chrome/141.0.7390.122 Mobile Safari/537.36 (compatible; GoogleOther)"
54.89.90.224 - - [20/Nov/2025:02:26:17 -0800] "GET /?path=//sys/class/tty/ptype/subsystem/ptype/subsystem/console/subsystem/ttyS0/subsystem/ttyS0 HTTP/1.1" 200 4098 "-" "Mozilla/5.0 AppleWebKit/537.36 (KHTML, like Gecko; compatible; Amazonbot/0.1; +https://developer.amazon.com/support/amazonbot) Chrome/119.0.6045.214 Safari/537.36"
44.205.192.249 - - [20/Nov/2025:02:26:21 -0800] "GET /?path=//sys/class/tty/ptype/subsystem/ptype/subsystem/ttysc/subsystem/ttyp1/subsystem/ttycb HTTP/1.1" 200 3421 "-" "Mozilla/5.0 AppleWebKit/537.36 (KHTML, like Gecko; compatible; Amazonbot/0.1; +https://developer.amazon.com/support/amazonbot) Chrome/119.0.6045.214 Safari/537.36"
44.215.235.20 - - [20/Nov/2025:02:26:29 -0800] "GET /?path=//sys/class/tty/ptype/subsystem/ptyp1/subsystem/ttysc/subsystem/ttys1/subsystem/ttype HTTP/1.1" 200 3417 "-" "Mozilla/5.0 AppleWebKit/537.36 (KHTML, like Gecko; compatible; Amazonbot/0.1; +https://developer.amazon.com/support/amazonbot) Chrome/119.0.6045.214 Safari/537.36"
74.91.19.178 - - [20/Nov/2025:02:25:06 -0800] "GET /wp-content/brbd606d/index.php?id=955981 HTTP/1.1" 200 295 "http://mollywoppersnyb.com/wp-content/brbd606d/index.php?id=955981" "Mozilla/5.0 (Windows NT 10.0; Win64; x64) AppleWebKit/537.36 (KHTML, like Gecko) Chrome/58.0.3029.110 Safari/537.3"
