66.249.75.104 - - [22/Nov/2025:01:39:36 -0800] "GET /?market=1021916975 HTTP/1.1" 200 25191 "-" "Mozilla/5.0 (Linux; Android 6.0.1; Nexus 5X Build/MMB29P) AppleWebKit/537.36 (KHTML, like Gecko) Chrome/141.0.7390.122 Mobile Safari/537.36 (compatible; Googlebot/2.1; +http://www.google.com/bot.html)"
74.7.243.224 - - [22/Nov/2025:01:39:36 -0800] "GET /search.php?channel=156e34&from=https://mollywoppersnyb.com/chat.htm?war001004359.html&m=2921046028692 HTTP/2.0" 200 88155 "-" "Mozilla/5.0 AppleWebKit/537.36 (KHTML, like Gecko; compatible; GPTBot/1.3; +https://openai.com/gptbot)"
66.249.75.104 - - [22/Nov/2025:01:39:37 -0800] "GET /?market=1947966739 HTTP/1.1" 200 21291 "-" "Mozilla/5.0 (Linux; Android 6.0.1; Nexus 5X Build/MMB29P) AppleWebKit/537.36 (KHTML, like Gecko) Chrome/141.0.7390.122 Mobile Safari/537.36 (compatible; Googlebot/2.1; +http://www.google.com/bot.html)"
74.7.243.224 - - [22/Nov/2025:01:39:37 -0800] "GET /search.php?channel=156e34&from=https://mollywoppersnyb.com/chat.htm?agree071034259.html&m=2921046028692 HTTP/2.0" 200 85997 "-" "Mozilla/5.0 AppleWebKit/537.36 (KHTML, like Gecko; compatible; GPTBot/1.3; +https://openai.com/gptbot)"
66.249.75.104 - - [22/Nov/2025:01:39:38 -0800] "GET /?market=1947809340 HTTP/1.1" 200 21283 "-" "Mozilla/5.0 (Linux; Android 6.0.1; Nexus 5X Build/MMB29P) AppleWebKit/537.36 (KHTML, like Gecko) Chrome/141.0.7390.122 Mobile Safari/537.36 (compatible; Googlebot/2.1; +http://www.google.com/bot.html)"
74.7.243.224 - - [22/Nov/2025:01:39:38 -0800] "GET /search.php?channel=156e34&from=https://mollywoppersnyb.com/chat.htm?items/018039215.html&m=2921046028692 HTTP/2.0" 200 86202 "-" "Mozilla/5.0 AppleWebKit/537.36 (KHTML, like Gecko; compatible; GPTBot/1.3; +https://openai.com/gptbot)"
66.249.75.104 - - [22/Nov/2025:01:39:40 -0800] "GET /?s=2355377813705&channel=123e81&from=http://mollywoppersnyb.com/file.do?m162027288 HTTP/1.1" 200 23915 "-" "Mozilla/5.0 (Linux; Android 6.0.1; Nexus 5X Build/MMB29P) AppleWebKit/537.36 (KHTML, like Gecko) Chrome/141.0.7390.122 Mobile Safari/537.36 (compatible; GoogleOther)"
74.7.243.224 - - [22/Nov/2025:01:39:40 -0800] "GET /search.php?items/024004643.html HTTP/2.0" 200 85926 "-" "Mozilla/5.0 AppleWebKit/537.36 (KHTML, like Gecko; compatible; GPTBot/1.3; +https://openai.com/gptbot)"
74.7.243.224 - - [22/Nov/2025:01:39:41 -0800] "GET /search.php?channel=156e34&from=https://mollywoppersnyb.com/chat.htm?items/248017261.html&m=2921046028692 HTTP/2.0" 200 85989 "-" "Mozilla/5.0 AppleWebKit/537.36 (KHTML, like Gecko; compatible; GPTBot/1.3; +https://openai.com/gptbot)"
74.7.243.224 - - [22/Nov/2025:01:39:42 -0800] "GET /search.php?channel=156e34&from=https://mollywoppersnyb.com/chat.htm?items/165003594.html&m=2921046028692 HTTP/2.0" 200 86013 "-" "Mozilla/5.0 AppleWebKit/537.36 (KHTML, like Gecko; compatible; GPTBot/1.3; +https://openai.com/gptbot)"
74.7.243.224 - - [22/Nov/2025:01:39:44 -0800] "GET /search.php?channel=156e34&from=https://mollywoppersnyb.com/chat.htm?items/055035498.html&m=2921046028692 HTTP/2.0" 200 86068 "-" "Mozilla/5.0 AppleWebKit/537.36 (KHTML, like Gecko; compatible; GPTBot/1.3; +https://openai.com/gptbot)"
54.87.62.248 - - [22/Nov/2025:01:39:44 -0800] "GET /?path=//sys/devices/virtual/net/lo/queues HTTP/1.1" 200 6415 "-" "Mozilla/5.0 AppleWebKit/537.36 (KHTML, like Gecko; compatible; Amazonbot/0.1; +https://developer.amazon.com/support/amazonbot) Chrome/119.0.6045.214 Safari/537.36"
74.7.243.224 - - [22/Nov/2025:01:39:45 -0800] "GET /search.php?channel=156e34&from=https://mollywoppersnyb.com/chat.htm?items/220010859.html&m=2921046028692 HTTP/2.0" 200 85693 "-" "Mozilla/5.0 AppleWebKit/537.36 (KHTML, like Gecko; compatible; GPTBot/1.3; +https://openai.com/gptbot)"
74.7.243.224 - - [22/Nov/2025:01:39:46 -0800] "GET /search.php?channel=156e34&from=https://mollywoppersnyb.com/chat.htm?items/168030633.html&m=2921046028692 HTTP/2.0" 200 87137 "-" "Mozilla/5.0 AppleWebKit/537.36 (KHTML, like Gecko; compatible; GPTBot/1.3; +https://openai.com/gptbot)"
74.7.243.224 - - [22/Nov/2025:01:39:48 -0800] "GET /search.php?channel=156e34&from=https://mollywoppersnyb.com/chat.htm?items/001004998.html&m=2921046028692 HTTP/2.0" 200 88094 "-" "Mozilla/5.0 AppleWebKit/537.36 (KHTML, like Gecko; compatible; GPTBot/1.3; +https://openai.com/gptbot)"
3.94.156.104 - - [22/Nov/2025:01:39:48 -0800] "GET /?path=//sys/devices/platform/PCCT/driver/PCCT HTTP/1.1" 200 6612 "-" "Mozilla/5.0 AppleWebKit/537.36 (KHTML, like Gecko; compatible; Amazonbot/0.1; +https://developer.amazon.com/support/amazonbot) Chrome/119.0.6045.214 Safari/537.36"
74.7.243.224 - - [22/Nov/2025:01:39:49 -0800] "GET /search.php?channel=156e34&from=https://mollywoppersnyb.com/chat.htm?items/208030259.html&m=2921046028692 HTTP/2.0" 200 85862 "-" "Mozilla/5.0 AppleWebKit/537.36 (KHTML, like Gecko; compatible; GPTBot/1.3; +https://openai.com/gptbot)"
74.7.243.224 - - [22/Nov/2025:01:39:50 -0800] "GET /search.php?channel=156e34&from=https://mollywoppersnyb.com/chat.htm?items/273010802.html&m=2921046028692 HTTP/2.0" 200 86562 "-" "Mozilla/5.0 AppleWebKit/537.36 (KHTML, like Gecko; compatible; GPTBot/1.3; +https://openai.com/gptbot)"
74.7.243.224 - - [22/Nov/2025:01:39:51 -0800] "GET /search.php?channel=156e34&from=https://mollywoppersnyb.com/chat.htm?items/263037834.html&m=2921046028692 HTTP/2.0" 200 86063 "-" "Mozilla/5.0 AppleWebKit/537.36 (KHTML, like Gecko; compatible; GPTBot/1.3; +https://openai.com/gptbot)"
54.147.182.90 - - [22/Nov/2025:01:39:52 -0800] "GET /?path=//lib/python3/dist-packages/botocore/data/databrew HTTP/1.1" 200 6394 "-" "Mozilla/5.0 AppleWebKit/537.36 (KHTML, like Gecko; compatible; Amazonbot/0.1; +https://developer.amazon.com/support/amazonbot) Chrome/119.0.6045.214 Safari/537.36"
74.7.243.224 - - [22/Nov/2025:01:39:52 -0800] "GET /search.php?channel=156e34&from=https://mollywoppersnyb.com/chat.htm?items/206007077.html&m=2921046028692 HTTP/2.0" 200 86467 "-" "Mozilla/5.0 AppleWebKit/537.36 (KHTML, like Gecko; compatible; GPTBot/1.3; +https://openai.com/gptbot)"
74.7.243.224 - - [22/Nov/2025:01:39:54 -0800] "GET /search.php?channel=156e34&from=https://mollywoppersnyb.com/chat.htm?pillow001004351.html&m=2921046028692 HTTP/2.0" 200 87373 "-" "Mozilla/5.0 AppleWebKit/537.36 (KHTML, like Gecko; compatible; GPTBot/1.3; +https://openai.com/gptbot)"
74.7.243.224 - - [22/Nov/2025:01:39:55 -0800] "GET /search.php?channel=156e34&from=https://mollywoppersnyb.com/chat.htm?items/011004964.html&m=2921046028692 HTTP/2.0" 200 86410 "-" "Mozilla/5.0 AppleWebKit/537.36 (KHTML, like Gecko; compatible; GPTBot/1.3; +https://openai.com/gptbot)"
98.83.10.183 - - [22/Nov/2025:01:39:57 -0800] "GET /home/?path=//lib/python3/dist-packages/numpy/random/_examples/cython HTTP/1.1" 200 6587 "-" "Mozilla/5.0 AppleWebKit/537.36 (KHTML, like Gecko; compatible; Amazonbot/0.1; +https://developer.amazon.com/support/amazonbot) Chrome/119.0.6045.214 Safari/537.36"
74.7.243.224 - - [22/Nov/2025:01:39:57 -0800] "GET /search.php?product/edit/isa-003374 HTTP/2.0" 200 86494 "-" "Mozilla/5.0 AppleWebKit/537.36 (KHTML, like Gecko; compatible; GPTBot/1.3; +https://openai.com/gptbot)"
74.7.243.224 - - [22/Nov/2025:01:39:58 -0800] "GET /search.php?ruling253046985.html HTTP/2.0" 200 87224 "-" "Mozilla/5.0 AppleWebKit/537.36 (KHTML, like Gecko; compatible; GPTBot/1.3; +https://openai.com/gptbot)"
74.7.243.224 - - [22/Nov/2025:01:39:59 -0800] "GET /search.php?combine253046987.html HTTP/2.0" 200 87318 "-" "Mozilla/5.0 AppleWebKit/537.36 (KHTML, like Gecko; compatible; GPTBot/1.3; +https://openai.com/gptbot)"
74.7.243.224 - - [22/Nov/2025:01:40:00 -0800] "GET /search.php?info161020959.html HTTP/2.0" 200 86024 "-" "Mozilla/5.0 AppleWebKit/537.36 (KHTML, like Gecko; compatible; GPTBot/1.3; +https://openai.com/gptbot)"
54.156.248.117 - - [22/Nov/2025:01:40:00 -0800] "GET /home/?path=//usr/lib/python3/dist-packages/botocore/data/sso-oidc HTTP/1.1" 200 6405 "-" "Mozilla/5.0 AppleWebKit/537.36 (KHTML, like Gecko; compatible; Amazonbot/0.1; +https://developer.amazon.com/support/amazonbot) Chrome/119.0.6045.214 Safari/537.36"
74.7.243.224 - - [22/Nov/2025:01:40:01 -0800] "GET /search.php?dust199027345.html HTTP/2.0" 200 86190 "-" "Mozilla/5.0 AppleWebKit/537.36 (KHTML, like Gecko; compatible; GPTBot/1.3; +https://openai.com/gptbot)"
74.7.243.224 - - [22/Nov/2025:01:40:03 -0800] "GET /search.php?channel=156e34&from=https://mollywoppersnyb.com/chat.htm?items/273009840.html&m=2921046028692 HTTP/2.0" 200 87699 "-" "Mozilla/5.0 AppleWebKit/537.36 (KHTML, like Gecko; compatible; GPTBot/1.3; +https://openai.com/gptbot)"
74.7.243.224 - - [22/Nov/2025:01:40:04 -0800] "GET /search.php?channel=156e34&from=https://mollywoppersnyb.com/chat.htm?items/206007105.html&m=2921046028692 HTTP/2.0" 200 86604 "-" "Mozilla/5.0 AppleWebKit/537.36 (KHTML, like Gecko; compatible; GPTBot/1.3; +https://openai.com/gptbot)"
3.213.46.222 - - [22/Nov/2025:01:40:05 -0800] "GET /home/?path=//sys/class/input/input2/device/driver/module HTTP/1.1" 200 6483 "-" "Mozilla/5.0 AppleWebKit/537.36 (KHTML, like Gecko; compatible; Amazonbot/0.1; +https://developer.amazon.com/support/amazonbot) Chrome/119.0.6045.214 Safari/537.36"
74.7.243.224 - - [22/Nov/2025:01:40:05 -0800] "GET /search.php?channel=156e34&from=https://mollywoppersnyb.com/chat.htm?letter199009237.html&m=2921046028692 HTTP/2.0" 200 85729 "-" "Mozilla/5.0 AppleWebKit/537.36 (KHTML, like Gecko; compatible; GPTBot/1.3; +https://openai.com/gptbot)"
74.7.243.224 - - [22/Nov/2025:01:40:06 -0800] "GET /search.php?channel=156e34&from=https://mollywoppersnyb.com/chat.htm?items/023044916.html&m=2921046028692 HTTP/2.0" 200 86416 "-" "Mozilla/5.0 AppleWebKit/537.36 (KHTML, like Gecko; compatible; GPTBot/1.3; +https://openai.com/gptbot)"
74.7.243.224 - - [22/Nov/2025:01:40:08 -0800] "GET /search.php?minor273009845.html HTTP/2.0" 200 87490 "-" "Mozilla/5.0 AppleWebKit/537.36 (KHTML, like Gecko; compatible; GPTBot/1.3; +https://openai.com/gptbot)"
74.7.243.224 - - [22/Nov/2025:01:40:09 -0800] "GET /search.php?faith253046847.html HTTP/2.0" 200 86444 "-" "Mozilla/5.0 AppleWebKit/537.36 (KHTML, like Gecko; compatible; GPTBot/1.3; +https://openai.com/gptbot)"
18.205.91.101 - - [22/Nov/2025:01:40:10 -0800] "GET /2015/08/21/ladies-and-gentlemen-theonion/?path=//lib/python3/dist-packages/CommandNotFound HTTP/1.1" 200 6642 "-" "Mozilla/5.0 AppleWebKit/537.36 (KHTML, like Gecko; compatible; Amazonbot/0.1; +https://developer.amazon.com/support/amazonbot) Chrome/119.0.6045.214 Safari/537.36"
74.7.243.224 - - [22/Nov/2025:01:40:10 -0800] "GET /search.php?now253046845.html HTTP/2.0" 200 86659 "-" "Mozilla/5.0 AppleWebKit/537.36 (KHTML, like Gecko; compatible; GPTBot/1.3; +https://openai.com/gptbot)"
100.28.133.214 - - [22/Nov/2025:01:40:12 -0800] "GET /about/?path=//etc/logcheck HTTP/1.1" 200 6455 "-" "Mozilla/5.0 AppleWebKit/537.36 (KHTML, like Gecko; compatible; Amazonbot/0.1; +https://developer.amazon.com/support/amazonbot) Chrome/119.0.6045.214 Safari/537.36"
74.7.243.224 - - [22/Nov/2025:01:40:11 -0800] "GET /search.php?items/110020977.html HTTP/2.0" 200 85856 "-" "Mozilla/5.0 AppleWebKit/537.36 (KHTML, like Gecko; compatible; GPTBot/1.3; +https://openai.com/gptbot)"
74.7.243.224 - - [22/Nov/2025:01:40:13 -0800] "GET /search.php?bow253046987.html HTTP/2.0" 200 86937 "-" "Mozilla/5.0 AppleWebKit/537.36 (KHTML, like Gecko; compatible; GPTBot/1.3; +https://openai.com/gptbot)"
74.7.243.224 - - [22/Nov/2025:01:40:14 -0800] "GET /search.php?channel=156e34&from=https://mollywoppersnyb.com/chat.htm?bread076027870.html&m=2921046028692 HTTP/2.0" 200 86169 "-" "Mozilla/5.0 AppleWebKit/537.36 (KHTML, like Gecko; compatible; GPTBot/1.3; +https://openai.com/gptbot)"
74.7.243.224 - - [22/Nov/2025:01:40:15 -0800] "GET /search.php?channel=156e34&from=https://mollywoppersnyb.com/chat.htm?brief016049648.html&m=2921046028692 HTTP/2.0" 200 85828 "-" "Mozilla/5.0 AppleWebKit/537.36 (KHTML, like Gecko; compatible; GPTBot/1.3; +https://openai.com/gptbot)"
34.236.185.101 - - [22/Nov/2025:01:40:16 -0800] "GET /?path=//lib/python3/dist-packages/trac/locale/hu HTTP/1.1" 200 6382 "-" "Mozilla/5.0 AppleWebKit/537.36 (KHTML, like Gecko; compatible; Amazonbot/0.1; +https://developer.amazon.com/support/amazonbot) Chrome/119.0.6045.214 Safari/537.36"
74.7.243.224 - - [22/Nov/2025:01:40:16 -0800] "GET /search.php?channel=156e34&from=https://mollywoppersnyb.com/chat.htm?items/014033135.html&m=2921046028692 HTTP/2.0" 200 86180 "-" "Mozilla/5.0 AppleWebKit/537.36 (KHTML, like Gecko; compatible; GPTBot/1.3; +https://openai.com/gptbot)"
74.7.243.224 - - [22/Nov/2025:01:40:18 -0800] "GET /search.php?channel=156e34&from=https://mollywoppersnyb.com/chat.htm?items/206006133.html&m=2921046028692 HTTP/2.0" 200 86879 "-" "Mozilla/5.0 AppleWebKit/537.36 (KHTML, like Gecko; compatible; GPTBot/1.3; +https://openai.com/gptbot)"
100.29.128.75 - - [22/Nov/2025:01:40:20 -0800] "GET /about/?path=//dh/cgi-system HTTP/1.1" 200 7037 "-" "Mozilla/5.0 AppleWebKit/537.36 (KHTML, like Gecko; compatible; Amazonbot/0.1; +https://developer.amazon.com/support/amazonbot) Chrome/119.0.6045.214 Safari/537.36"
74.7.243.224 - - [22/Nov/2025:01:40:19 -0800] "GET /search.php?channel=156e34&from=https://mollywoppersnyb.com/chat.htm?ethics253046553.html&m=2921046028692 HTTP/2.0" 200 86887 "-" "Mozilla/5.0 AppleWebKit/537.36 (KHTML, like Gecko; compatible; GPTBot/1.3; +https://openai.com/gptbot)"
74.7.243.224 - - [22/Nov/2025:01:40:21 -0800] "GET /search.php?channel=156e34&from=https://mollywoppersnyb.com/chat.htm?items/273007600.html&m=2921046028692 HTTP/2.0" 200 88762 "-" "Mozilla/5.0 AppleWebKit/537.36 (KHTML, like Gecko; compatible; GPTBot/1.3; +https://openai.com/gptbot)"
74.7.243.224 - - [22/Nov/2025:01:40:22 -0800] "GET /search.php?channel=156e34&from=https://mollywoppersnyb.com/chat.htm?milk253046719.html&m=2921046028692 HTTP/2.0" 200 86890 "-" "Mozilla/5.0 AppleWebKit/537.36 (KHTML, like Gecko; compatible; GPTBot/1.3; +https://openai.com/gptbot)"
66.249.75.104 - - [22/Nov/2025:01:40:23 -0800] "GET /implement/m6?pid=549 HTTP/1.1" 200 25845 "-" "Mozilla/5.0 (Linux; Android 6.0.1; Nexus 5X Build/MMB29P) AppleWebKit/537.36 (KHTML, like Gecko) Chrome/141.0.7390.122 Mobile Safari/537.36 (compatible; GoogleOther)"
74.7.243.224 - - [22/Nov/2025:01:40:23 -0800] "GET /search.php?kid253046717.html HTTP/2.0" 200 86722 "-" "Mozilla/5.0 AppleWebKit/537.36 (KHTML, like Gecko; compatible; GPTBot/1.3; +https://openai.com/gptbot)"
100.29.107.38 - - [22/Nov/2025:01:40:25 -0800] "GET /?path=//sys/devices/breakpoint/subsystem/devices/ibs_fetch HTTP/1.1" 200 6677 "-" "Mozilla/5.0 AppleWebKit/537.36 (KHTML, like Gecko; compatible; Amazonbot/0.1; +https://developer.amazon.com/support/amazonbot) Chrome/119.0.6045.214 Safari/537.36"
74.7.243.224 - - [22/Nov/2025:01:40:25 -0800] "GET /search.php?channel=156e34&from=https://mollywoppersnyb.com/chat.htm?sharp253046987.html&m=2921046028692 HTTP/2.0" 200 86609 "-" "Mozilla/5.0 AppleWebKit/537.36 (KHTML, like Gecko; compatible; GPTBot/1.3; +https://openai.com/gptbot)"
74.7.243.224 - - [22/Nov/2025:01:40:26 -0800] "GET /search.php?channel=156e34&from=https://mollywoppersnyb.com/chat.htm?items/293033918.html&m=2921046028692 HTTP/2.0" 200 87145 "-" "Mozilla/5.0 AppleWebKit/537.36 (KHTML, like Gecko; compatible; GPTBot/1.3; +https://openai.com/gptbot)"
74.7.243.224 - - [22/Nov/2025:01:40:27 -0800] "GET /search.php?newly253046691.html HTTP/2.0" 200 86588 "-" "Mozilla/5.0 AppleWebKit/537.36 (KHTML, like Gecko; compatible; GPTBot/1.3; +https://openai.com/gptbot)"
50.19.102.70 - - [22/Nov/2025:01:40:28 -0800] "GET /home/?path=//sys/bus/pci/drivers/bnxt_en/module HTTP/1.1" 200 6447 "-" "Mozilla/5.0 AppleWebKit/537.36 (KHTML, like Gecko; compatible; Amazonbot/0.1; +https://developer.amazon.com/support/amazonbot) Chrome/119.0.6045.214 Safari/537.36"
74.7.243.224 - - [22/Nov/2025:01:40:28 -0800] "GET /search.php?known253046845.html HTTP/2.0" 200 86786 "-" "Mozilla/5.0 AppleWebKit/537.36 (KHTML, like Gecko; compatible; GPTBot/1.3; +https://openai.com/gptbot)"
74.7.243.224 - - [22/Nov/2025:01:40:29 -0800] "GET /search.php?channel=156e34&from=https://mollywoppersnyb.com/chat.htm?items/206007491.html&m=2921046028692 HTTP/2.0" 200 86419 "-" "Mozilla/5.0 AppleWebKit/537.36 (KHTML, like Gecko; compatible; GPTBot/1.3; +https://openai.com/gptbot)"
74.7.243.224 - - [22/Nov/2025:01:40:31 -0800] "GET /search.php?channel=156e34&from=https://mollywoppersnyb.com/chat.htm?intent253046607.html&m=2921046028692 HTTP/2.0" 200 86375 "-" "Mozilla/5.0 AppleWebKit/537.36 (KHTML, like Gecko; compatible; GPTBot/1.3; +https://openai.com/gptbot)"
74.7.243.224 - - [22/Nov/2025:01:40:32 -0800] "GET /search.php?channel=156e34&from=https://mollywoppersnyb.com/chat.htm?items/129021202.html&m=2921046028692 HTTP/2.0" 200 86081 "-" "Mozilla/5.0 AppleWebKit/537.36 (KHTML, like Gecko; compatible; GPTBot/1.3; +https://openai.com/gptbot)"
18.207.79.144 - - [22/Nov/2025:01:40:33 -0800] "GET /about/?path=//etc/irc HTTP/1.1" 200 6428 "-" "Mozilla/5.0 AppleWebKit/537.36 (KHTML, like Gecko; compatible; Amazonbot/0.1; +https://developer.amazon.com/support/amazonbot) Chrome/119.0.6045.214 Safari/537.36"
74.7.243.224 - - [22/Nov/2025:01:40:33 -0800] "GET /search.php?enjoy099046285.html HTTP/2.0" 200 86470 "-" "Mozilla/5.0 AppleWebKit/537.36 (KHTML, like Gecko; compatible; GPTBot/1.3; +https://openai.com/gptbot)"
74.7.243.224 - - [22/Nov/2025:01:40:34 -0800] "GET /search.php?wagon273007605.html HTTP/2.0" 200 86851 "-" "Mozilla/5.0 AppleWebKit/537.36 (KHTML, like Gecko; compatible; GPTBot/1.3; +https://openai.com/gptbot)"
74.7.243.224 - - [22/Nov/2025:01:40:36 -0800] "GET /search.php?channel=156e34&from=https://mollywoppersnyb.com/chat.htm?gross253046779.html&m=2921046028692 HTTP/2.0" 200 86404 "-" "Mozilla/5.0 AppleWebKit/537.36 (KHTML, like Gecko; compatible; GPTBot/1.3; +https://openai.com/gptbot)"
18.215.77.19 - - [22/Nov/2025:01:40:36 -0800] "GET /?path=//sys/bus/event_source/devices/ibs_fetch/caps HTTP/1.1" 200 6133 "-" "Mozilla/5.0 AppleWebKit/537.36 (KHTML, like Gecko; compatible; Amazonbot/0.1; +https://developer.amazon.com/support/amazonbot) Chrome/119.0.6045.214 Safari/537.36"
74.7.243.224 - - [22/Nov/2025:01:40:37 -0800] "GET /search.php?soldier253046987.html HTTP/2.0" 200 86661 "-" "Mozilla/5.0 AppleWebKit/537.36 (KHTML, like Gecko; compatible; GPTBot/1.3; +https://openai.com/gptbot)"
74.7.243.224 - - [22/Nov/2025:01:40:38 -0800] "GET /search.php?channel=156e34&from=https://mollywoppersnyb.com/chat.htm?slave253046691.html&m=2921046028692 HTTP/2.0" 200 86370 "-" "Mozilla/5.0 AppleWebKit/537.36 (KHTML, like Gecko; compatible; GPTBot/1.3; +https://openai.com/gptbot)"
66.249.75.104 - - [22/Nov/2025:01:40:39 -0800] "GET /?market=1948204550 HTTP/1.1" 200 24678 "-" "Mozilla/5.0 (Linux; Android 6.0.1; Nexus 5X Build/MMB29P) AppleWebKit/537.36 (KHTML, like Gecko) Chrome/141.0.7390.122 Mobile Safari/537.36 (compatible; Googlebot/2.1; +http://www.google.com/bot.html)"
74.7.243.224 - - [22/Nov/2025:01:40:39 -0800] "GET /search.php?channel=156e34&from=https://mollywoppersnyb.com/chat.htm?items/189016902.html&m=2921046028692 HTTP/2.0" 200 85687 "-" "Mozilla/5.0 AppleWebKit/537.36 (KHTML, like Gecko; compatible; GPTBot/1.3; +https://openai.com/gptbot)"
44.205.180.155 - - [22/Nov/2025:01:40:41 -0800] "GET /home/?path=//sys/class/tty/ptype/subsystem/ttyS8/device/subsystem/drivers/reg-dummy/reg-dummy/driver/reg-dummy/driver/reg-dummy/subsystem/devices/PCCT/subsystem/drivers/acpi-fan HTTP/1.1" 200 6636 "-" "Mozilla/5.0 AppleWebKit/537.36 (KHTML, like Gecko; compatible; Amazonbot/0.1; +https://developer.amazon.com/support/amazonbot) Chrome/119.0.6045.214 Safari/537.36"
74.7.243.224 - - [22/Nov/2025:01:40:41 -0800] "GET /search.php?channel=156e34&from=https://mollywoppersnyb.com/chat.htm?items/206005685.html&m=2921046028692 HTTP/2.0" 200 86597 "-" "Mozilla/5.0 AppleWebKit/537.36 (KHTML, like Gecko; compatible; GPTBot/1.3; +https://openai.com/gptbot)"
74.7.243.224 - - [22/Nov/2025:01:40:43 -0800] "GET /search.php?channel=156e34&from=https://mollywoppersnyb.com/chat.htm?items/167005588.html&m=2921046028692 HTTP/2.0" 200 85643 "-" "Mozilla/5.0 AppleWebKit/537.36 (KHTML, like Gecko; compatible; GPTBot/1.3; +https://openai.com/gptbot)"
74.7.243.224 - - [22/Nov/2025:01:40:44 -0800] "GET /search.php?channel=156e34&from=https://mollywoppersnyb.com/chat.htm?hot253046919.html&m=2921046028692 HTTP/2.0" 200 86673 "-" "Mozilla/5.0 AppleWebKit/537.36 (KHTML, like Gecko; compatible; GPTBot/1.3; +https://openai.com/gptbot)"
74.7.243.224 - - [22/Nov/2025:01:40:46 -0800] "GET /search.php?channel=156e34&from=https://mollywoppersnyb.com/chat.htm?silent253046971.html&m=2921046028692 HTTP/2.0" 200 86940 "-" "Mozilla/5.0 AppleWebKit/537.36 (KHTML, like Gecko; compatible; GPTBot/1.3; +https://openai.com/gptbot)"
74.7.243.224 - - [22/Nov/2025:01:40:47 -0800] "GET /search.php?son253046719.html HTTP/2.0" 200 86725 "-" "Mozilla/5.0 AppleWebKit/537.36 (KHTML, like Gecko; compatible; GPTBot/1.3; +https://openai.com/gptbot)"
74.7.243.224 - - [22/Nov/2025:01:40:49 -0800] "GET /search.php?abuse074008142.html HTTP/2.0" 200 85509 "-" "Mozilla/5.0 AppleWebKit/537.36 (KHTML, like Gecko; compatible; GPTBot/1.3; +https://openai.com/gptbot)"
50.16.248.61 - - [22/Nov/2025:01:40:49 -0800] "GET /home/?path=//sys/class/tty/ptype/subsystem/ttyS10/device/subsystem/drivers/reg-dummy/reg-dummy/driver/reg-dummy/subsystem/devices/reg-dummy/subsystem/devices/PCCT/driver/PCCT HTTP/1.1" 200 6752 "-" "Mozilla/5.0 AppleWebKit/537.36 (KHTML, like Gecko; compatible; Amazonbot/0.1; +https://developer.amazon.com/support/amazonbot) Chrome/119.0.6045.214 Safari/537.36"
74.7.243.224 - - [22/Nov/2025:01:40:50 -0800] "GET /search.php?channel=156e34&from=https://mollywoppersnyb.com/chat.htm?items/053044964.html&m=2921046028692 HTTP/2.0" 200 85663 "-" "Mozilla/5.0 AppleWebKit/537.36 (KHTML, like Gecko; compatible; GPTBot/1.3; +https://openai.com/gptbot)"
74.7.243.224 - - [22/Nov/2025:01:40:51 -0800] "GET /search.php?channel=156e34&from=https://mollywoppersnyb.com/chat.htm?check273007605.html&m=2921046028692 HTTP/2.0" 200 87270 "-" "Mozilla/5.0 AppleWebKit/537.36 (KHTML, like Gecko; compatible; GPTBot/1.3; +https://openai.com/gptbot)"
74.7.243.224 - - [22/Nov/2025:01:40:53 -0800] "GET /search.php?channel=156e34&from=https://mollywoppersnyb.com/chat.htm?items/232025403.html&m=2921046028692 HTTP/2.0" 200 86312 "-" "Mozilla/5.0 AppleWebKit/537.36 (KHTML, like Gecko; compatible; GPTBot/1.3; +https://openai.com/gptbot)"
40.77.167.235 - - [22/Nov/2025:01:40:55 -0800] "GET /?market=2009590209 HTTP/2.0" 200 132 "-" "Mozilla/5.0 AppleWebKit/537.36 (KHTML, like Gecko; compatible; bingbot/2.0; +http://www.bing.com/bingbot.htm) Chrome/116.0.1938.76 Safari/537.36"
74.7.243.224 - - [22/Nov/2025:01:40:54 -0800] "GET /search.php?channel=156e34&from=https://mollywoppersnyb.com/chat.htm?sheet029037493.html&m=2921046028692 HTTP/2.0" 200 86030 "-" "Mozilla/5.0 AppleWebKit/537.36 (KHTML, like Gecko; compatible; GPTBot/1.3; +https://openai.com/gptbot)"
74.7.243.224 - - [22/Nov/2025:01:40:56 -0800] "GET /search.php?channel=156e34&from=https://mollywoppersnyb.com/chat.htm?items/148036527.html&m=2921046028692 HTTP/2.0" 200 86137 "-" "Mozilla/5.0 AppleWebKit/537.36 (KHTML, like Gecko; compatible; GPTBot/1.3; +https://openai.com/gptbot)"
74.7.243.224 - - [22/Nov/2025:01:40:57 -0800] "GET /search.php?mixture253046713.html HTTP/2.0" 200 86373 "-" "Mozilla/5.0 AppleWebKit/537.36 (KHTML, like Gecko; compatible; GPTBot/1.3; +https://openai.com/gptbot)"
74.7.243.224 - - [22/Nov/2025:01:40:58 -0800] "GET /search.php?dignity253046717.html HTTP/2.0" 200 87047 "-" "Mozilla/5.0 AppleWebKit/537.36 (KHTML, like Gecko; compatible; GPTBot/1.3; +https://openai.com/gptbot)"
74.7.243.224 - - [22/Nov/2025:01:40:59 -0800] "GET /search.php?channel=156e34&from=https://mollywoppersnyb.com/chat.htm?wake253046715.html&m=2921046028692 HTTP/2.0" 200 86578 "-" "Mozilla/5.0 AppleWebKit/537.36 (KHTML, like Gecko; compatible; GPTBot/1.3; +https://openai.com/gptbot)"
74.7.243.224 - - [22/Nov/2025:01:41:00 -0800] "GET /search.php?channel=156e34&from=https://mollywoppersnyb.com/chat.htm?garden253046721.html&m=2921046028692 HTTP/2.0" 200 86763 "-" "Mozilla/5.0 AppleWebKit/537.36 (KHTML, like Gecko; compatible; GPTBot/1.3; +https://openai.com/gptbot)"
74.7.243.224 - - [22/Nov/2025:01:41:01 -0800] "GET /search.php?channel=156e34&from=https://mollywoppersnyb.com/chat.htm?rider215000393.html&m=2921046028692 HTTP/2.0" 200 86361 "-" "Mozilla/5.0 AppleWebKit/537.36 (KHTML, like Gecko; compatible; GPTBot/1.3; +https://openai.com/gptbot)"
74.7.243.224 - - [22/Nov/2025:01:41:02 -0800] "GET /search.php?pcmypage?callback=/product%2Fdetail%2ajimura4861-b0000ayjqp HTTP/2.0" 200 85648 "-" "Mozilla/5.0 AppleWebKit/537.36 (KHTML, like Gecko; compatible; GPTBot/1.3; +https://openai.com/gptbot)"
74.7.243.224 - - [22/Nov/2025:01:41:03 -0800] "GET /search.php?wisdom253046971.html HTTP/2.0" 200 87219 "-" "Mozilla/5.0 AppleWebKit/537.36 (KHTML, like Gecko; compatible; GPTBot/1.3; +https://openai.com/gptbot)"
74.7.243.224 - - [22/Nov/2025:01:41:04 -0800] "GET /search.php?channel=156e34&from=https://mollywoppersnyb.com/chat.htm?after017035485.html&m=2921046028692 HTTP/2.0" 200 86010 "-" "Mozilla/5.0 AppleWebKit/537.36 (KHTML, like Gecko; compatible; GPTBot/1.3; +https://openai.com/gptbot)"
66.249.75.105 - - [22/Nov/2025:01:41:06 -0800] "GET /m036015670 HTTP/1.1" 200 24156 "-" "Mozilla/5.0 (Linux; Android 6.0.1; Nexus 5X Build/MMB29P) AppleWebKit/537.36 (KHTML, like Gecko) Chrome/141.0.7390.122 Mobile Safari/537.36 (compatible; GoogleOther)"
74.7.243.224 - - [22/Nov/2025:01:41:06 -0800] "GET /search.php?channel=156e34&from=https://mollywoppersnyb.com/chat.htm?weave266034272.html&m=2921046028692 HTTP/2.0" 200 85677 "-" "Mozilla/5.0 AppleWebKit/537.36 (KHTML, like Gecko; compatible; GPTBot/1.3; +https://openai.com/gptbot)"
74.7.243.224 - - [22/Nov/2025:01:41:07 -0800] "GET /search.php?gain253046769.html HTTP/2.0" 200 87393 "-" "Mozilla/5.0 AppleWebKit/537.36 (KHTML, like Gecko; compatible; GPTBot/1.3; +https://openai.com/gptbot)"
3.227.180.70 - - [22/Nov/2025:01:41:08 -0800] "GET /home/?path=//sys/class/tty/ptype/subsystem/ttywa/subsystem/ptype/subsystem/ttyS1/subsystem/ttyp1 HTTP/1.1" 200 6589 "-" "Mozilla/5.0 AppleWebKit/537.36 (KHTML, like Gecko; compatible; Amazonbot/0.1; +https://developer.amazon.com/support/amazonbot) Chrome/119.0.6045.214 Safari/537.36"
74.7.243.224 - - [22/Nov/2025:01:41:09 -0800] "GET /search.php?vital253046719.html HTTP/2.0" 200 86490 "-" "Mozilla/5.0 AppleWebKit/537.36 (KHTML, like Gecko; compatible; GPTBot/1.3; +https://openai.com/gptbot)"
74.7.243.224 - - [22/Nov/2025:01:41:10 -0800] "GET /search.php?boast253046717.html HTTP/2.0" 200 86592 "-" "Mozilla/5.0 AppleWebKit/537.36 (KHTML, like Gecko; compatible; GPTBot/1.3; +https://openai.com/gptbot)"
74.7.243.224 - - [22/Nov/2025:01:41:11 -0800] "GET /search.php?channel=156e34&from=https://mollywoppersnyb.com/chat.htm?Dutch046044172.html&m=2921046028692 HTTP/2.0" 200 85695 "-" "Mozilla/5.0 AppleWebKit/537.36 (KHTML, like Gecko; compatible; GPTBot/1.3; +https://openai.com/gptbot)"
74.7.243.224 - - [22/Nov/2025:01:41:13 -0800] "GET /search.php?channel=156e34&from=https://mollywoppersnyb.com/chat.htm?wing239034177.html&m=2921046028692 HTTP/2.0" 200 86556 "-" "Mozilla/5.0 AppleWebKit/537.36 (KHTML, like Gecko; compatible; GPTBot/1.3; +https://openai.com/gptbot)"
3.213.106.226 - - [22/Nov/2025:01:41:13 -0800] "GET /home/?path=//sys/class/tty/ptype/subsystem/ttysc/subsystem/ttype/subsystem/ttype/subsystem/ttyS1/device/driver HTTP/1.1" 200 6689 "-" "Mozilla/5.0 AppleWebKit/537.36 (KHTML, like Gecko; compatible; Amazonbot/0.1; +https://developer.amazon.com/support/amazonbot) Chrome/119.0.6045.214 Safari/537.36"
74.7.243.224 - - [22/Nov/2025:01:41:14 -0800] "GET /search.php?channel=156e34&from=https://mollywoppersnyb.com/chat.htm?items/253046888.html&m=2921046028692 HTTP/2.0" 200 86604 "-" "Mozilla/5.0 AppleWebKit/537.36 (KHTML, like Gecko; compatible; GPTBot/1.3; +https://openai.com/gptbot)"
74.7.243.224 - - [22/Nov/2025:01:41:15 -0800] "GET /search.php?easily144004268.html HTTP/2.0" 200 86861 "-" "Mozilla/5.0 AppleWebKit/537.36 (KHTML, like Gecko; compatible; GPTBot/1.3; +https://openai.com/gptbot)"
66.249.75.104 - - [22/Nov/2025:01:41:17 -0800] "GET /market/7009338 HTTP/1.1" 200 29860 "-" "Mozilla/5.0 (Linux; Android 6.0.1; Nexus 5X Build/MMB29P) AppleWebKit/537.36 (KHTML, like Gecko) Chrome/141.0.7390.122 Mobile Safari/537.36 (compatible; GoogleOther)"
74.7.243.224 - - [22/Nov/2025:01:41:17 -0800] "GET /search.php?channel=156e34&from=https://mollywoppersnyb.com/chat.htm?watch215001309.html&m=2921046028692 HTTP/2.0" 200 86555 "-" "Mozilla/5.0 AppleWebKit/537.36 (KHTML, like Gecko; compatible; GPTBot/1.3; +https://openai.com/gptbot)"
74.7.243.224 - - [22/Nov/2025:01:41:18 -0800] "GET /search.php?channel=156e34&from=https://mollywoppersnyb.com/chat.htm?items/203003708.html&m=2921046028692 HTTP/2.0" 200 85806 "-" "Mozilla/5.0 AppleWebKit/537.36 (KHTML, like Gecko; compatible; GPTBot/1.3; +https://openai.com/gptbot)"
74.7.243.224 - - [22/Nov/2025:01:41:19 -0800] "GET /search.php?channel=156e34&from=https://mollywoppersnyb.com/chat.htm?stream253046731.html&m=2921046028692 HTTP/2.0" 200 86789 "-" "Mozilla/5.0 AppleWebKit/537.36 (KHTML, like Gecko; compatible; GPTBot/1.3; +https://openai.com/gptbot)"
74.7.243.224 - - [22/Nov/2025:01:41:20 -0800] "GET /search.php?channel=156e34&from=https://mollywoppersnyb.com/chat.htm?tap022020926.html&m=2921046028692 HTTP/2.0" 200 86152 "-" "Mozilla/5.0 AppleWebKit/537.36 (KHTML, like Gecko; compatible; GPTBot/1.3; +https://openai.com/gptbot)"
74.7.243.224 - - [22/Nov/2025:01:41:22 -0800] "GET /search.php?channel=156e34&from=https://mollywoppersnyb.com/chat.htm?round073002681.html&m=2921046028692 HTTP/2.0" 200 86558 "-" "Mozilla/5.0 AppleWebKit/537.36 (KHTML, like Gecko; compatible; GPTBot/1.3; +https://openai.com/gptbot)"
74.7.243.224 - - [22/Nov/2025:01:41:23 -0800] "GET /search.php?channel=156e34&from=https://mollywoppersnyb.com/chat.htm?items/028012297.html&m=2921046028692 HTTP/2.0" 200 86276 "-" "Mozilla/5.0 AppleWebKit/537.36 (KHTML, like Gecko; compatible; GPTBot/1.3; +https://openai.com/gptbot)"
3.216.13.10 - - [22/Nov/2025:01:41:24 -0800] "GET /?path=//sys/class/tty/ptype/subsystem/ptype/subsystem/ptmx/subsystem/ttysc/subsystem/ttyS1/device/driver HTTP/1.1" 200 6653 "-" "Mozilla/5.0 AppleWebKit/537.36 (KHTML, like Gecko; compatible; Amazonbot/0.1; +https://developer.amazon.com/support/amazonbot) Chrome/119.0.6045.214 Safari/537.36"
74.7.243.224 - - [22/Nov/2025:01:41:24 -0800] "GET /search.php?product/edit/tkonline-yz-5505291 HTTP/2.0" 200 85522 "-" "Mozilla/5.0 AppleWebKit/537.36 (KHTML, like Gecko; compatible; GPTBot/1.3; +https://openai.com/gptbot)"
74.7.243.224 - - [22/Nov/2025:01:41:25 -0800] "GET /search.php?wave207000105.html HTTP/2.0" 200 86408 "-" "Mozilla/5.0 AppleWebKit/537.36 (KHTML, like Gecko; compatible; GPTBot/1.3; +https://openai.com/gptbot)"
74.7.243.224 - - [22/Nov/2025:01:41:26 -0800] "GET /search.php?funding197021397.html HTTP/2.0" 200 85873 "-" "Mozilla/5.0 AppleWebKit/537.36 (KHTML, like Gecko; compatible; GPTBot/1.3; +https://openai.com/gptbot)"
66.249.75.104 - - [22/Nov/2025:01:41:27 -0800] "GET /?s=2355377813705&channel=123e81&from=http://mollywoppersnyb.com/file.do?m058000228 HTTP/1.1" 200 24327 "-" "Mozilla/5.0 (Linux; Android 6.0.1; Nexus 5X Build/MMB29P) AppleWebKit/537.36 (KHTML, like Gecko) Chrome/141.0.7390.122 Mobile Safari/537.36 (compatible; GoogleOther)"
74.7.243.224 - - [22/Nov/2025:01:41:27 -0800] "GET /search.php?channel=156e34&from=https://mollywoppersnyb.com/chat.htm?items/239030412.html&m=2921046028692 HTTP/2.0" 200 86647 "-" "Mozilla/5.0 AppleWebKit/537.36 (KHTML, like Gecko; compatible; GPTBot/1.3; +https://openai.com/gptbot)"
74.7.243.224 - - [22/Nov/2025:01:41:28 -0800] "GET /search.php?safe_search/config?return_url=%2Fproduct%2Fdetail%2Ftheclockhouse-dz4566 HTTP/2.0" 200 86172 "-" "Mozilla/5.0 AppleWebKit/537.36 (KHTML, like Gecko; compatible; GPTBot/1.3; +https://openai.com/gptbot)"
74.7.243.224 - - [22/Nov/2025:01:41:30 -0800] "GET /search.php?channel=156e34&from=https://mollywoppersnyb.com/chat.htm?bias164048744.html&m=2921046028692 HTTP/2.0" 200 85779 "-" "Mozilla/5.0 AppleWebKit/537.36 (KHTML, like Gecko; compatible; GPTBot/1.3; +https://openai.com/gptbot)"
74.7.243.224 - - [22/Nov/2025:01:41:31 -0800] "GET /search.php?govern189044635.html HTTP/2.0" 200 85757 "-" "Mozilla/5.0 AppleWebKit/537.36 (KHTML, like Gecko; compatible; GPTBot/1.3; +https://openai.com/gptbot)"
74.7.243.224 - - [22/Nov/2025:01:41:32 -0800] "GET /search.php?channel=156e34&from=https://mollywoppersnyb.com/chat.htm?items/090010425.html&m=2921046028692 HTTP/2.0" 200 85802 "-" "Mozilla/5.0 AppleWebKit/537.36 (KHTML, like Gecko; compatible; GPTBot/1.3; +https://openai.com/gptbot)"
74.7.243.224 - - [22/Nov/2025:01:41:33 -0800] "GET /search.php?woman253046731.html HTTP/2.0" 200 87000 "-" "Mozilla/5.0 AppleWebKit/537.36 (KHTML, like Gecko; compatible; GPTBot/1.3; +https://openai.com/gptbot)"
52.205.141.124 - - [22/Nov/2025:01:41:34 -0800] "GET /?path=//sys/class/tty/ptype/subsystem/ttyp2/subsystem/ttysc/subsystem/ttyv0/subsystem/tty HTTP/1.1" 200 6599 "-" "Mozilla/5.0 AppleWebKit/537.36 (KHTML, like Gecko; compatible; Amazonbot/0.1; +https://developer.amazon.com/support/amazonbot) Chrome/119.0.6045.214 Safari/537.36"
74.7.243.224 - - [22/Nov/2025:01:41:34 -0800] "GET /search.php?channel=156e34&from=https://mollywoppersnyb.com/chat.htm?mixed295027327.html&m=2921046028692 HTTP/2.0" 200 85998 "-" "Mozilla/5.0 AppleWebKit/537.36 (KHTML, like Gecko; compatible; GPTBot/1.3; +https://openai.com/gptbot)"
74.7.243.224 - - [22/Nov/2025:01:41:35 -0800] "GET /search.php?pcmypage?callback=product%2Fdetail%2Fdreamsecond-ets-aaf-04605 HTTP/2.0" 200 85696 "-" "Mozilla/5.0 AppleWebKit/537.36 (KHTML, like Gecko; compatible; GPTBot/1.3; +https://openai.com/gptbot)"
217.113.194.30 - - [22/Nov/2025:01:41:36 -0800] "GET /2019/06/04/meetingrepost-spaghetti_breath%E3%83%BB%E3%83%BB%E3%83%BBreminder-mollywoppersnyb-meeting-tomorrow-night-730pm-at-omalley-come-on-out-drink-a-couple-of-cold-boys-and-kick-around-s/?fileloc=/home/mollywopper/mollywoppersnyb.com/wp-rdf.php&path=/home/mollywopper/mollywoppersnyb.com HTTP/1.1" 200 3351 "-" "Mozilla/5.0 (compatible; Barkrowler/0.9; +https://babbar.tech/crawler)"
74.7.243.224 - - [22/Nov/2025:01:41:37 -0800] "GET /search.php?confuse253046895.html HTTP/2.0" 200 86656 "-" "Mozilla/5.0 AppleWebKit/537.36 (KHTML, like Gecko; compatible; GPTBot/1.3; +https://openai.com/gptbot)"
74.7.243.224 - - [22/Nov/2025:01:41:38 -0800] "GET /search.php?channel=156e34&from=https://mollywoppersnyb.com/chat.htm?items/198019729.html&m=2921046028692 HTTP/2.0" 200 85662 "-" "Mozilla/5.0 AppleWebKit/537.36 (KHTML, like Gecko; compatible; GPTBot/1.3; +https://openai.com/gptbot)"
66.249.75.104 - - [22/Nov/2025:01:41:39 -0800] "GET /market/20036945 HTTP/1.1" 200 30338 "-" "Mozilla/5.0 (Linux; Android 6.0.1; Nexus 5X Build/MMB29P) AppleWebKit/537.36 (KHTML, like Gecko) Chrome/141.0.7390.122 Mobile Safari/537.36 (compatible; GoogleOther)"
74.7.243.224 - - [22/Nov/2025:01:41:39 -0800] "GET /search.php?proof253046991.html HTTP/2.0" 200 86613 "-" "Mozilla/5.0 AppleWebKit/537.36 (KHTML, like Gecko; compatible; GPTBot/1.3; +https://openai.com/gptbot)"
74.7.243.224 - - [22/Nov/2025:01:41:40 -0800] "GET /search.php?channel=156e34&from=https://mollywoppersnyb.com/chat.htm?pour072032106.html&m=2921046028692 HTTP/2.0" 200 86504 "-" "Mozilla/5.0 AppleWebKit/537.36 (KHTML, like Gecko; compatible; GPTBot/1.3; +https://openai.com/gptbot)"
74.7.243.224 - - [22/Nov/2025:01:41:41 -0800] "GET /search.php?channel=156e34&from=https://mollywoppersnyb.com/chat.htm?items/199040334.html&m=2921046028692 HTTP/2.0" 200 85505 "-" "Mozilla/5.0 AppleWebKit/537.36 (KHTML, like Gecko; compatible; GPTBot/1.3; +https://openai.com/gptbot)"
74.7.243.224 - - [22/Nov/2025:01:41:43 -0800] "GET /search.php?channel=156e34&from=https://mollywoppersnyb.com/chat.htm?items/239030408.html&m=2921046028692 HTTP/2.0" 200 87861 "-" "Mozilla/5.0 AppleWebKit/537.36 (KHTML, like Gecko; compatible; GPTBot/1.3; +https://openai.com/gptbot)"
74.7.243.224 - - [22/Nov/2025:01:41:44 -0800] "GET /search.php?channel=156e34&from=https://mollywoppersnyb.com/chat.htm?items/161022148.html&m=2921046028692 HTTP/2.0" 200 85744 "-" "Mozilla/5.0 AppleWebKit/537.36 (KHTML, like Gecko; compatible; GPTBot/1.3; +https://openai.com/gptbot)"
74.7.243.224 - - [22/Nov/2025:01:41:45 -0800] "GET /search.php?voting168023902.html HTTP/2.0" 200 85605 "-" "Mozilla/5.0 AppleWebKit/537.36 (KHTML, like Gecko; compatible; GPTBot/1.3; +https://openai.com/gptbot)"
74.7.243.224 - - [22/Nov/2025:01:41:46 -0800] "GET /search.php?channel=156e34&from=https://mollywoppersnyb.com/chat.htm?items/180007269.html&m=2921046028692 HTTP/2.0" 200 85921 "-" "Mozilla/5.0 AppleWebKit/537.36 (KHTML, like Gecko; compatible; GPTBot/1.3; +https://openai.com/gptbot)"
74.7.243.224 - - [22/Nov/2025:01:41:47 -0800] "GET /search.php?channel=156e34&from=https://mollywoppersnyb.com/chat.htm?kneel047030309.html&m=2921046028692 HTTP/2.0" 200 85882 "-" "Mozilla/5.0 AppleWebKit/537.36 (KHTML, like Gecko; compatible; GPTBot/1.3; +https://openai.com/gptbot)"
74.7.243.224 - - [22/Nov/2025:01:41:49 -0800] "GET /search.php?channel=156e34&from=https://mollywoppersnyb.com/chat.htm?items/091040058.html&m=2921046028692 HTTP/2.0" 200 86281 "-" "Mozilla/5.0 AppleWebKit/537.36 (KHTML, like Gecko; compatible; GPTBot/1.3; +https://openai.com/gptbot)"
74.7.243.224 - - [22/Nov/2025:01:41:50 -0800] "GET /search.php?channel=156e34&from=https://mollywoppersnyb.com/chat.htm?items/122017627.html&m=2921046028692 HTTP/2.0" 200 86018 "-" "Mozilla/5.0 AppleWebKit/537.36 (KHTML, like Gecko; compatible; GPTBot/1.3; +https://openai.com/gptbot)"
66.249.75.104 - - [22/Nov/2025:01:41:50 -0800] "GET /SSYS2071DGU5538EW014079?path=/home HTTP/1.1" 200 24551 "-" "Mozilla/5.0 (Linux; Android 6.0.1; Nexus 5X Build/MMB29P) AppleWebKit/537.36 (KHTML, like Gecko) Chrome/141.0.7390.122 Mobile Safari/537.36 (compatible; GoogleOther)"
74.7.243.224 - - [22/Nov/2025:01:41:51 -0800] "GET /search.php?channel=156e34&from=https://mollywoppersnyb.com/chat.htm?items/253046958.html&m=2921046028692 HTTP/2.0" 200 86528 "-" "Mozilla/5.0 AppleWebKit/537.36 (KHTML, like Gecko; compatible; GPTBot/1.3; +https://openai.com/gptbot)"
74.7.243.224 - - [22/Nov/2025:01:41:52 -0800] "GET /search.php?Bible253046987.html HTTP/2.0" 200 86673 "-" "Mozilla/5.0 AppleWebKit/537.36 (KHTML, like Gecko; compatible; GPTBot/1.3; +https://openai.com/gptbot)"
74.7.243.224 - - [22/Nov/2025:01:41:53 -0800] "GET /search.php?channel=156e34&from=https://mollywoppersnyb.com/chat.htm?items/239030426.html&m=2921046028692 HTTP/2.0" 200 86253 "-" "Mozilla/5.0 AppleWebKit/537.36 (KHTML, like Gecko; compatible; GPTBot/1.3; +https://openai.com/gptbot)"
74.7.243.224 - - [22/Nov/2025:01:41:54 -0800] "GET /search.php?dock253046895.html HTTP/2.0" 200 86736 "-" "Mozilla/5.0 AppleWebKit/537.36 (KHTML, like Gecko; compatible; GPTBot/1.3; +https://openai.com/gptbot)"
74.7.243.224 - - [22/Nov/2025:01:41:55 -0800] "GET /search.php?channel=156e34&from=https://mollywoppersnyb.com/chat.htm?ally253046969.html&m=2921046028692 HTTP/2.0" 200 87012 "-" "Mozilla/5.0 AppleWebKit/537.36 (KHTML, like Gecko; compatible; GPTBot/1.3; +https://openai.com/gptbot)"
74.7.243.224 - - [22/Nov/2025:01:41:56 -0800] "GET /search.php?known285013339.html HTTP/2.0" 200 85881 "-" "Mozilla/5.0 AppleWebKit/537.36 (KHTML, like Gecko; compatible; GPTBot/1.3; +https://openai.com/gptbot)"
18.208.11.93 - - [22/Nov/2025:01:41:57 -0800] "GET /home/?path=//sys/class/tty/ptype/subsystem/ttyS10/device/subsystem/drivers/reg-dummy/reg-dummy/driver/reg-dummy/subsystem/devices/microcode/subsystem/drivers/PCCT/PCCT/driver HTTP/1.1" 200 6640 "-" "Mozilla/5.0 AppleWebKit/537.36 (KHTML, like Gecko; compatible; Amazonbot/0.1; +https://developer.amazon.com/support/amazonbot) Chrome/119.0.6045.214 Safari/537.36"
74.7.243.224 - - [22/Nov/2025:01:41:57 -0800] "GET /search.php?channel=156e34&from=https://mollywoppersnyb.com/chat.htm?items/261026818.html&m=2921046028692 HTTP/2.0" 200 85546 "-" "Mozilla/5.0 AppleWebKit/537.36 (KHTML, like Gecko; compatible; GPTBot/1.3; +https://openai.com/gptbot)"
74.7.243.224 - - [22/Nov/2025:01:41:58 -0800] "GET /search.php?channel=156e34&from=https://mollywoppersnyb.com/chat.htm?items/062027245.html&m=2921046028692 HTTP/2.0" 200 87040 "-" "Mozilla/5.0 AppleWebKit/537.36 (KHTML, like Gecko; compatible; GPTBot/1.3; +https://openai.com/gptbot)"
74.7.243.224 - - [22/Nov/2025:01:42:00 -0800] "GET /search.php?channel=156e34&from=https://mollywoppersnyb.com/chat.htm?aluminum046005422.html&m=2921046028692 HTTP/2.0" 200 86784 "-" "Mozilla/5.0 AppleWebKit/537.36 (KHTML, like Gecko; compatible; GPTBot/1.3; +https://openai.com/gptbot)"
74.7.243.224 - - [22/Nov/2025:01:42:00 -0800] "GET /search.php?queen234031378.html HTTP/2.0" 200 85690 "-" "Mozilla/5.0 AppleWebKit/537.36 (KHTML, like Gecko; compatible; GPTBot/1.3; +https://openai.com/gptbot)"
66.249.75.105 - - [22/Nov/2025:01:42:02 -0800] "GET /SSTJ2175DAN3247AW014394 HTTP/1.1" 200 25292 "-" "Mozilla/5.0 (Linux; Android 6.0.1; Nexus 5X Build/MMB29P) AppleWebKit/537.36 (KHTML, like Gecko) Chrome/141.0.7390.122 Mobile Safari/537.36 (compatible; GoogleOther)"
74.7.243.224 - - [22/Nov/2025:01:42:02 -0800] "GET /search.php?product/edit/kg-maido-tr-3728536 HTTP/2.0" 200 85975 "-" "Mozilla/5.0 AppleWebKit/537.36 (KHTML, like Gecko; compatible; GPTBot/1.3; +https://openai.com/gptbot)"
74.7.243.224 - - [22/Nov/2025:01:42:03 -0800] "GET /search.php?channel=156e34&from=https://mollywoppersnyb.com/chat.htm?items/253046840.html&m=2921046028692 HTTP/2.0" 200 86466 "-" "Mozilla/5.0 AppleWebKit/537.36 (KHTML, like Gecko; compatible; GPTBot/1.3; +https://openai.com/gptbot)"
3.213.213.161 - - [22/Nov/2025:01:42:03 -0800] "GET /?path=//sys/class/tty/ptype/subsystem/ttyp0/subsystem/ttysc/subsystem/ttycb/subsystem/ttypc HTTP/1.1" 200 6579 "-" "Mozilla/5.0 AppleWebKit/537.36 (KHTML, like Gecko; compatible; Amazonbot/0.1; +https://developer.amazon.com/support/amazonbot) Chrome/119.0.6045.214 Safari/537.36"
74.7.243.224 - - [22/Nov/2025:01:42:04 -0800] "GET /search.php?channel=156e34&from=https://mollywoppersnyb.com/chat.htm?yes239030479.html&m=2921046028692 HTTP/2.0" 200 86332 "-" "Mozilla/5.0 AppleWebKit/537.36 (KHTML, like Gecko; compatible; GPTBot/1.3; +https://openai.com/gptbot)"
74.7.243.224 - - [22/Nov/2025:01:42:05 -0800] "GET /search.php?channel=156e34&from=https://mollywoppersnyb.com/chat.htm?work258027056.html&m=2921046028692 HTTP/2.0" 200 86109 "-" "Mozilla/5.0 AppleWebKit/537.36 (KHTML, like Gecko; compatible; GPTBot/1.3; +https://openai.com/gptbot)"
107.20.25.33 - - [22/Nov/2025:01:42:06 -0800] "GET /?path=//sys/class/tty/ptype/subsystem/ptype/subsystem/ttyv2/subsystem/console/subsystem/ttynull HTTP/1.1" 200 6594 "-" "Mozilla/5.0 AppleWebKit/537.36 (KHTML, like Gecko; compatible; Amazonbot/0.1; +https://developer.amazon.com/support/amazonbot) Chrome/119.0.6045.214 Safari/537.36"
74.7.243.224 - - [22/Nov/2025:01:42:06 -0800] "GET /search.php?bank253046839.html HTTP/2.0" 200 87250 "-" "Mozilla/5.0 AppleWebKit/537.36 (KHTML, like Gecko; compatible; GPTBot/1.3; +https://openai.com/gptbot)"
74.7.243.224 - - [22/Nov/2025:01:42:08 -0800] "GET /search.php?proof253046795.html HTTP/2.0" 200 86569 "-" "Mozilla/5.0 AppleWebKit/537.36 (KHTML, like Gecko; compatible; GPTBot/1.3; +https://openai.com/gptbot)"
66.249.75.104 - - [22/Nov/2025:01:42:09 -0800] "GET /market/276421453 HTTP/1.1" 200 26082 "-" "Mozilla/5.0 (Linux; Android 6.0.1; Nexus 5X Build/MMB29P) AppleWebKit/537.36 (KHTML, like Gecko) Chrome/141.0.7390.122 Mobile Safari/537.36 (compatible; GoogleOther)"
74.7.243.224 - - [22/Nov/2025:01:42:09 -0800] "GET /search.php?issue253046809.html HTTP/2.0" 200 86535 "-" "Mozilla/5.0 AppleWebKit/537.36 (KHTML, like Gecko; compatible; GPTBot/1.3; +https://openai.com/gptbot)"
44.221.227.90 - - [22/Nov/2025:01:42:09 -0800] "GET /?path=//sys/class/tty/ptype/subsystem/console/subsystem/ttyp1/subsystem/console/subsystem/ttyS0 HTTP/1.1" 200 7214 "-" "Mozilla/5.0 AppleWebKit/537.36 (KHTML, like Gecko; compatible; Amazonbot/0.1; +https://developer.amazon.com/support/amazonbot) Chrome/119.0.6045.214 Safari/537.36"
74.7.243.224 - - [22/Nov/2025:01:42:10 -0800] "GET /search.php?channel=156e34&from=https://mollywoppersnyb.com/chat.htm?version253046729.html&m=2921046028692 HTTP/2.0" 200 87177 "-" "Mozilla/5.0 AppleWebKit/537.36 (KHTML, like Gecko; compatible; GPTBot/1.3; +https://openai.com/gptbot)"
74.7.243.224 - - [22/Nov/2025:01:42:12 -0800] "GET /search.php?channel=156e34&from=https://mollywoppersnyb.com/chat.htm?items/216013857.html&m=2921046028692 HTTP/2.0" 200 85819 "-" "Mozilla/5.0 AppleWebKit/537.36 (KHTML, like Gecko; compatible; GPTBot/1.3; +https://openai.com/gptbot)"
34.192.125.239 - - [22/Nov/2025:01:42:12 -0800] "GET /?path=//sys/class/tty/ptype/subsystem/ptyp0/subsystem/ttype/subsystem/tty1/subsystem/ttyv2 HTTP/1.1" 200 6583 "-" "Mozilla/5.0 AppleWebKit/537.36 (KHTML, like Gecko; compatible; Amazonbot/0.1; +https://developer.amazon.com/support/amazonbot) Chrome/119.0.6045.214 Safari/537.36"
74.7.243.224 - - [22/Nov/2025:01:42:13 -0800] "GET /search.php?channel=156e34&from=https://mollywoppersnyb.com/chat.htm?items/048025459.html&m=2921046028692 HTTP/2.0" 200 86373 "-" "Mozilla/5.0 AppleWebKit/537.36 (KHTML, like Gecko; compatible; GPTBot/1.3; +https://openai.com/gptbot)"
74.7.243.224 - - [22/Nov/2025:01:42:14 -0800] "GET /search.php?day152019738.html HTTP/2.0" 200 85953 "-" "Mozilla/5.0 AppleWebKit/537.36 (KHTML, like Gecko; compatible; GPTBot/1.3; +https://openai.com/gptbot)"
74.7.243.224 - - [22/Nov/2025:01:42:15 -0800] "GET /search.php?gay165048773.html HTTP/2.0" 200 86521 "-" "Mozilla/5.0 AppleWebKit/537.36 (KHTML, like Gecko; compatible; GPTBot/1.3; +https://openai.com/gptbot)"
74.7.243.224 - - [22/Nov/2025:01:42:17 -0800] "GET /search.php?channel=156e34&from=https://mollywoppersnyb.com/chat.htm?allow253046759.html&m=2921046028692 HTTP/2.0" 200 86431 "-" "Mozilla/5.0 AppleWebKit/537.36 (KHTML, like Gecko; compatible; GPTBot/1.3; +https://openai.com/gptbot)"
34.227.156.153 - - [22/Nov/2025:01:42:17 -0800] "GET /home/?path=//sys/class/tty/ptype/subsystem/ttyS10/device/subsystem/devices/reg-dummy/driver/reg-dummy/driver/reg-dummy/subsystem/drivers/vga16fb HTTP/1.1" 200 6605 "-" "Mozilla/5.0 AppleWebKit/537.36 (KHTML, like Gecko; compatible; Amazonbot/0.1; +https://developer.amazon.com/support/amazonbot) Chrome/119.0.6045.214 Safari/537.36"
74.7.243.224 - - [22/Nov/2025:01:42:18 -0800] "GET /search.php?channel=156e34&from=https://mollywoppersnyb.com/chat.htm?cost039005911.html&m=2921046028692 HTTP/2.0" 200 85930 "-" "Mozilla/5.0 AppleWebKit/537.36 (KHTML, like Gecko; compatible; GPTBot/1.3; +https://openai.com/gptbot)"
74.7.243.224 - - [22/Nov/2025:01:42:20 -0800] "GET /search.php?channel=156e34&from=https://mollywoppersnyb.com/chat.htm?retail253046671.html&m=2921046028692 HTTP/2.0" 200 86644 "-" "Mozilla/5.0 AppleWebKit/537.36 (KHTML, like Gecko; compatible; GPTBot/1.3; +https://openai.com/gptbot)"
74.7.243.224 - - [22/Nov/2025:01:42:21 -0800] "GET /search.php?channel=156e34&from=https://mollywoppersnyb.com/chat.htm?debris253046795.html&m=2921046028692 HTTP/2.0" 200 86450 "-" "Mozilla/5.0 AppleWebKit/537.36 (KHTML, like Gecko; compatible; GPTBot/1.3; +https://openai.com/gptbot)"
74.7.243.224 - - [22/Nov/2025:01:42:22 -0800] "GET /search.php?channel=156e34&from=https://mollywoppersnyb.com/chat.htm?entry285018267.html&m=2921046028692 HTTP/2.0" 200 86512 "-" "Mozilla/5.0 AppleWebKit/537.36 (KHTML, like Gecko; compatible; GPTBot/1.3; +https://openai.com/gptbot)"
74.7.243.224 - - [22/Nov/2025:01:42:23 -0800] "GET /search.php?channel=156e34&from=https://mollywoppersnyb.com/chat.htm?items/169013258.html&m=2921046028692 HTTP/2.0" 200 85900 "-" "Mozilla/5.0 AppleWebKit/537.36 (KHTML, like Gecko; compatible; GPTBot/1.3; +https://openai.com/gptbot)"
66.249.75.104 - - [22/Nov/2025:01:42:24 -0800] "GET /market/3826512 HTTP/1.1" 200 24834 "-" "Mozilla/5.0 (Linux; Android 6.0.1; Nexus 5X Build/MMB29P) AppleWebKit/537.36 (KHTML, like Gecko) Chrome/141.0.7390.122 Mobile Safari/537.36 (compatible; GoogleOther)"
74.7.243.224 - - [22/Nov/2025:01:42:25 -0800] "GET /search.php?channel=156e34&from=https://mollywoppersnyb.com/chat.htm?harsh284007974.html&m=2921046028692 HTTP/2.0" 200 85487 "-" "Mozilla/5.0 AppleWebKit/537.36 (KHTML, like Gecko; compatible; GPTBot/1.3; +https://openai.com/gptbot)"
74.7.243.224 - - [22/Nov/2025:01:42:26 -0800] "GET /search.php?tail253046719.html HTTP/2.0" 200 86781 "-" "Mozilla/5.0 AppleWebKit/537.36 (KHTML, like Gecko; compatible; GPTBot/1.3; +https://openai.com/gptbot)"
74.7.243.224 - - [22/Nov/2025:01:42:27 -0800] "GET /search.php?channel=156e34&from=https://mollywoppersnyb.com/chat.htm?items/194041925.html&m=2921046028692 HTTP/2.0" 200 85604 "-" "Mozilla/5.0 AppleWebKit/537.36 (KHTML, like Gecko; compatible; GPTBot/1.3; +https://openai.com/gptbot)"
74.7.243.224 - - [22/Nov/2025:01:42:28 -0800] "GET /search.php?swing152019738.html HTTP/2.0" 200 85758 "-" "Mozilla/5.0 AppleWebKit/537.36 (KHTML, like Gecko; compatible; GPTBot/1.3; +https://openai.com/gptbot)"
74.7.243.224 - - [22/Nov/2025:01:42:29 -0800] "GET /search.php?channel=156e34&from=https://mollywoppersnyb.com/chat.htm?items/055038876.html&m=2921046028692 HTTP/2.0" 200 85895 "-" "Mozilla/5.0 AppleWebKit/537.36 (KHTML, like Gecko; compatible; GPTBot/1.3; +https://openai.com/gptbot)"
107.23.62.75 - - [22/Nov/2025:01:42:30 -0800] "GET /?path=//sys/class/tty/ptype/subsystem/ttys0/subsystem/ttysc/subsystem/ttypc/subsystem/ttyec HTTP/1.1" 200 6556 "-" "Mozilla/5.0 AppleWebKit/537.36 (KHTML, like Gecko; compatible; Amazonbot/0.1; +https://developer.amazon.com/support/amazonbot) Chrome/119.0.6045.214 Safari/537.36"
