34.235.239.240 - - [22/Nov/2025:02:03:48 -0800] "GET /?path=//sys/class/tty/ptype/subsystem/ttyqb/subsystem/ttysc/subsystem/ttyp1/subsystem/ttyv0 HTTP/1.1" 200 6521 "-" "Mozilla/5.0 AppleWebKit/537.36 (KHTML, like Gecko; compatible; Amazonbot/0.1; +https://developer.amazon.com/support/amazonbot) Chrome/119.0.6045.214 Safari/537.36"
74.7.243.224 - - [22/Nov/2025:02:03:48 -0800] "GET /search.php?pcmypage?callback=/product%2Fdetail%2date27-pica-dxa-13bt HTTP/2.0" 200 86257 "-" "Mozilla/5.0 AppleWebKit/537.36 (KHTML, like Gecko; compatible; GPTBot/1.3; +https://openai.com/gptbot)"
74.7.243.224 - - [22/Nov/2025:02:03:50 -0800] "GET /search.php?channel=156e34&from=https://mollywoppersnyb.com/chat.htm?items/014034261.html&m=2921046028692 HTTP/2.0" 200 85811 "-" "Mozilla/5.0 AppleWebKit/537.36 (KHTML, like Gecko; compatible; GPTBot/1.3; +https://openai.com/gptbot)"
74.7.243.224 - - [22/Nov/2025:02:03:51 -0800] "GET /search.php?channel=156e34&from=https://mollywoppersnyb.com/chat.htm?items/071040580.html&m=2921046028692 HTTP/2.0" 200 86661 "-" "Mozilla/5.0 AppleWebKit/537.36 (KHTML, like Gecko; compatible; GPTBot/1.3; +https://openai.com/gptbot)"
74.7.243.224 - - [22/Nov/2025:02:03:53 -0800] "GET /search.php?channel=156e34&from=https://mollywoppersnyb.com/chat.htm?items/076016583.html&m=2921046028692 HTTP/2.0" 200 86106 "-" "Mozilla/5.0 AppleWebKit/537.36 (KHTML, like Gecko; compatible; GPTBot/1.3; +https://openai.com/gptbot)"
74.7.243.224 - - [22/Nov/2025:02:03:54 -0800] "GET /search.php?channel=156e34&from=https://mollywoppersnyb.com/chat.htm?items/171025648.html&m=2921046028692 HTTP/2.0" 200 87168 "-" "Mozilla/5.0 AppleWebKit/537.36 (KHTML, like Gecko; compatible; GPTBot/1.3; +https://openai.com/gptbot)"
66.249.75.104 - - [22/Nov/2025:02:03:55 -0800] "GET /m209034151 HTTP/1.1" 200 25637 "-" "Mozilla/5.0 (Linux; Android 6.0.1; Nexus 5X Build/MMB29P) AppleWebKit/537.36 (KHTML, like Gecko) Chrome/141.0.7390.122 Mobile Safari/537.36 (compatible; GoogleOther)"
74.7.243.224 - - [22/Nov/2025:02:03:55 -0800] "GET /search.php?channel=156e34&from=https://mollywoppersnyb.com/chat.htm?items/292048673.html&m=2921046028692 HTTP/2.0" 200 86273 "-" "Mozilla/5.0 AppleWebKit/537.36 (KHTML, like Gecko; compatible; GPTBot/1.3; +https://openai.com/gptbot)"
3.229.164.203 - - [22/Nov/2025:02:03:56 -0800] "GET /?path=//sys/class/tty/ptype/subsystem/ptype/subsystem/ttyvd/subsystem/ttynull/subsystem/ttyec HTTP/1.1" 200 6563 "-" "Mozilla/5.0 AppleWebKit/537.36 (KHTML, like Gecko; compatible; Amazonbot/0.1; +https://developer.amazon.com/support/amazonbot) Chrome/119.0.6045.214 Safari/537.36"
74.7.243.224 - - [22/Nov/2025:02:03:57 -0800] "GET /search.php?channel=156e34&from=https://mollywoppersnyb.com/chat.htm?carpet186010874.html&m=2921046028692 HTTP/2.0" 200 85660 "-" "Mozilla/5.0 AppleWebKit/537.36 (KHTML, like Gecko; compatible; GPTBot/1.3; +https://openai.com/gptbot)"
66.249.75.104 - - [22/Nov/2025:02:03:58 -0800] "GET /?market=375047545 HTTP/1.1" 200 25545 "-" "Mozilla/5.0 (Linux; Android 6.0.1; Nexus 5X Build/MMB29P) AppleWebKit/537.36 (KHTML, like Gecko) Chrome/141.0.7390.122 Mobile Safari/537.36 (compatible; Googlebot/2.1; +http://www.google.com/bot.html)"
74.7.243.224 - - [22/Nov/2025:02:03:58 -0800] "GET /search.php?judge253046847.html HTTP/2.0" 200 86710 "-" "Mozilla/5.0 AppleWebKit/537.36 (KHTML, like Gecko; compatible; GPTBot/1.3; +https://openai.com/gptbot)"
98.82.214.73 - - [22/Nov/2025:02:04:00 -0800] "GET /home/?path=//sys/class/tty/ptype/subsystem/ttyp0/subsystem/ttyp1/subsystem/ttyre/subsystem/ttyp2 HTTP/1.1" 200 6520 "-" "Mozilla/5.0 AppleWebKit/537.36 (KHTML, like Gecko; compatible; Amazonbot/0.1; +https://developer.amazon.com/support/amazonbot) Chrome/119.0.6045.214 Safari/537.36"
74.7.243.224 - - [22/Nov/2025:02:04:00 -0800] "GET /search.php?channel=156e34&from=https://mollywoppersnyb.com/chat.htm?items/273044230.html&m=2921046028692 HTTP/2.0" 200 86474 "-" "Mozilla/5.0 AppleWebKit/537.36 (KHTML, like Gecko; compatible; GPTBot/1.3; +https://openai.com/gptbot)"
74.7.243.224 - - [22/Nov/2025:02:04:02 -0800] "GET /search.php?channel=156e34&from=https://mollywoppersnyb.com/chat.htm?fast135012101.html&m=2921046028692 HTTP/2.0" 200 86759 "-" "Mozilla/5.0 AppleWebKit/537.36 (KHTML, like Gecko; compatible; GPTBot/1.3; +https://openai.com/gptbot)"
74.7.243.224 - - [22/Nov/2025:02:04:04 -0800] "GET /search.php?cousin253046769.html HTTP/2.0" 200 87146 "-" "Mozilla/5.0 AppleWebKit/537.36 (KHTML, like Gecko; compatible; GPTBot/1.3; +https://openai.com/gptbot)"
74.7.243.224 - - [22/Nov/2025:02:04:05 -0800] "GET /search.php?channel=156e34&from=https://mollywoppersnyb.com/chat.htm?jury195036601.html&m=2921046028692 HTTP/2.0" 200 86131 "-" "Mozilla/5.0 AppleWebKit/537.36 (KHTML, like Gecko; compatible; GPTBot/1.3; +https://openai.com/gptbot)"
74.7.243.224 - - [22/Nov/2025:02:04:07 -0800] "GET /search.php?product/edit/retro-241885 HTTP/2.0" 200 85750 "-" "Mozilla/5.0 AppleWebKit/537.36 (KHTML, like Gecko; compatible; GPTBot/1.3; +https://openai.com/gptbot)"
74.7.243.224 - - [22/Nov/2025:02:04:08 -0800] "GET /search.php?dawn290034584.html HTTP/2.0" 200 86634 "-" "Mozilla/5.0 AppleWebKit/537.36 (KHTML, like Gecko; compatible; GPTBot/1.3; +https://openai.com/gptbot)"
74.7.243.224 - - [22/Nov/2025:02:04:09 -0800] "GET /search.php?channel=156e34&from=https://mollywoppersnyb.com/chat.htm?theory131025329.html&m=2921046028692 HTTP/2.0" 200 86899 "-" "Mozilla/5.0 AppleWebKit/537.36 (KHTML, like Gecko; compatible; GPTBot/1.3; +https://openai.com/gptbot)"
74.7.243.224 - - [22/Nov/2025:02:04:11 -0800] "GET /search.php?product/edit/kys-tr-1259058 HTTP/2.0" 200 85694 "-" "Mozilla/5.0 AppleWebKit/537.36 (KHTML, like Gecko; compatible; GPTBot/1.3; +https://openai.com/gptbot)"
74.7.243.224 - - [22/Nov/2025:02:04:12 -0800] "GET /search.php?bike290034588.html HTTP/2.0" 200 86776 "-" "Mozilla/5.0 AppleWebKit/537.36 (KHTML, like Gecko; compatible; GPTBot/1.3; +https://openai.com/gptbot)"
74.7.243.224 - - [22/Nov/2025:02:04:13 -0800] "GET /search.php?channel=156e34&from=https://mollywoppersnyb.com/chat.htm?Mrs253046825.html&m=2921046028692 HTTP/2.0" 200 86888 "-" "Mozilla/5.0 AppleWebKit/537.36 (KHTML, like Gecko; compatible; GPTBot/1.3; +https://openai.com/gptbot)"
74.7.243.224 - - [22/Nov/2025:02:04:15 -0800] "GET /search.php?channel=156e34&from=https://mollywoppersnyb.com/chat.htm?items/050028273.html&m=2921046028692 HTTP/2.0" 200 85875 "-" "Mozilla/5.0 AppleWebKit/537.36 (KHTML, like Gecko; compatible; GPTBot/1.3; +https://openai.com/gptbot)"
54.235.172.108 - - [22/Nov/2025:02:04:16 -0800] "GET /home/?path=//sys/class/tty/ptype/subsystem/ttyS3/device/subsystem/devices/reg-dummy/driver/reg-dummy/driver/reg-dummy/driver/reg-dummy/subsystem/devices/microcode/subsystem/devices/IPI0001:00 HTTP/1.1" 200 6814 "-" "Mozilla/5.0 AppleWebKit/537.36 (KHTML, like Gecko; compatible; Amazonbot/0.1; +https://developer.amazon.com/support/amazonbot) Chrome/119.0.6045.214 Safari/537.36"
74.7.243.224 - - [22/Nov/2025:02:04:16 -0800] "GET /search.php?zone181026045.html HTTP/2.0" 200 85967 "-" "Mozilla/5.0 AppleWebKit/537.36 (KHTML, like Gecko; compatible; GPTBot/1.3; +https://openai.com/gptbot)"
74.7.243.224 - - [22/Nov/2025:02:04:17 -0800] "GET /search.php?channel=156e34&from=https://mollywoppersnyb.com/chat.htm?Olympics253046813.html&m=2921046028692 HTTP/2.0" 200 86311 "-" "Mozilla/5.0 AppleWebKit/537.36 (KHTML, like Gecko; compatible; GPTBot/1.3; +https://openai.com/gptbot)"
74.7.243.224 - - [22/Nov/2025:02:04:19 -0800] "GET /search.php?pcmypage?callback=/product%2Fdetail%2cocodecow-r0254f HTTP/2.0" 200 86075 "-" "Mozilla/5.0 AppleWebKit/537.36 (KHTML, like Gecko; compatible; GPTBot/1.3; +https://openai.com/gptbot)"
74.7.243.224 - - [22/Nov/2025:02:04:20 -0800] "GET /search.php?channel=156e34&from=https://mollywoppersnyb.com/chat.htm?warmth290034234.html&m=2921046028692 HTTP/2.0" 200 86865 "-" "Mozilla/5.0 AppleWebKit/537.36 (KHTML, like Gecko; compatible; GPTBot/1.3; +https://openai.com/gptbot)"
74.7.243.224 - - [22/Nov/2025:02:04:21 -0800] "GET /search.php?unity008027198.html HTTP/2.0" 200 86241 "-" "Mozilla/5.0 AppleWebKit/537.36 (KHTML, like Gecko; compatible; GPTBot/1.3; +https://openai.com/gptbot)"
74.7.243.224 - - [22/Nov/2025:02:04:22 -0800] "GET /search.php?channel=156e34&from=https://mollywoppersnyb.com/chat.htm?items/160012829.html&m=2921046028692 HTTP/2.0" 200 86440 "-" "Mozilla/5.0 AppleWebKit/537.36 (KHTML, like Gecko; compatible; GPTBot/1.3; +https://openai.com/gptbot)"
74.7.243.224 - - [22/Nov/2025:02:04:23 -0800] "GET /search.php?channel=156e34&from=https://mollywoppersnyb.com/chat.htm?items/124020043.html&m=2921046028692 HTTP/2.0" 200 85822 "-" "Mozilla/5.0 AppleWebKit/537.36 (KHTML, like Gecko; compatible; GPTBot/1.3; +https://openai.com/gptbot)"
74.7.243.224 - - [22/Nov/2025:02:04:24 -0800] "GET /search.php?AIDS099045923.html HTTP/2.0" 200 86114 "-" "Mozilla/5.0 AppleWebKit/537.36 (KHTML, like Gecko; compatible; GPTBot/1.3; +https://openai.com/gptbot)"
66.249.75.104 - - [22/Nov/2025:02:04:25 -0800] "GET /market/72732245 HTTP/1.1" 200 31353 "-" "Mozilla/5.0 (Linux; Android 6.0.1; Nexus 5X Build/MMB29P) AppleWebKit/537.36 (KHTML, like Gecko) Chrome/141.0.7390.122 Mobile Safari/537.36 (compatible; GoogleOther)"
74.7.243.224 - - [22/Nov/2025:02:04:25 -0800] "GET /search.php?field273047415.html HTTP/2.0" 200 86604 "-" "Mozilla/5.0 AppleWebKit/537.36 (KHTML, like Gecko; compatible; GPTBot/1.3; +https://openai.com/gptbot)"
74.7.243.224 - - [22/Nov/2025:02:04:26 -0800] "GET /search.php?curve253046919.html HTTP/2.0" 200 86730 "-" "Mozilla/5.0 AppleWebKit/537.36 (KHTML, like Gecko; compatible; GPTBot/1.3; +https://openai.com/gptbot)"
57.141.6.66 - - [22/Nov/2025:02:04:27 -0800] "GET /2012/12/12/3-meetings-left/ HTTP/2.0" 429 351 "-" "meta-externalagent/1.1 (+https://developers.facebook.com/docs/sharing/webmasters/crawler)"
74.7.243.224 - - [22/Nov/2025:02:04:27 -0800] "GET /search.php?fund293026959.html HTTP/2.0" 200 86186 "-" "Mozilla/5.0 AppleWebKit/537.36 (KHTML, like Gecko; compatible; GPTBot/1.3; +https://openai.com/gptbot)"
52.1.157.90 - - [22/Nov/2025:02:04:28 -0800] "GET /home/?path=//sys/devices/platform/PCCT/subsystem/drivers/reg-dummy/reg-dummy/subsystem/drivers/reg-dummy/reg-dummy/subsystem/drivers/ohci-platform HTTP/1.1" 200 6593 "-" "Mozilla/5.0 AppleWebKit/537.36 (KHTML, like Gecko; compatible; Amazonbot/0.1; +https://developer.amazon.com/support/amazonbot) Chrome/119.0.6045.214 Safari/537.36"
74.7.243.224 - - [22/Nov/2025:02:04:28 -0800] "GET /search.php?channel=156e34&from=https://mollywoppersnyb.com/chat.htm?fabric253046813.html&m=2921046028692 HTTP/2.0" 200 86392 "-" "Mozilla/5.0 AppleWebKit/537.36 (KHTML, like Gecko; compatible; GPTBot/1.3; +https://openai.com/gptbot)"
66.249.75.104 - - [22/Nov/2025:02:04:30 -0800] "GET /market/242916391 HTTP/1.1" 200 24700 "-" "Mozilla/5.0 (Linux; Android 6.0.1; Nexus 5X Build/MMB29P) AppleWebKit/537.36 (KHTML, like Gecko) Chrome/141.0.7390.122 Mobile Safari/537.36 (compatible; GoogleOther)"
74.7.243.224 - - [22/Nov/2025:02:04:30 -0800] "GET /search.php?channel=156e34&from=https://mollywoppersnyb.com/chat.htm?costly253046803.html&m=2921046028692 HTTP/2.0" 200 86419 "-" "Mozilla/5.0 AppleWebKit/537.36 (KHTML, like Gecko; compatible; GPTBot/1.3; +https://openai.com/gptbot)"
74.7.243.224 - - [22/Nov/2025:02:04:31 -0800] "GET /search.php?media127043581.html HTTP/2.0" 200 85897 "-" "Mozilla/5.0 AppleWebKit/537.36 (KHTML, like Gecko; compatible; GPTBot/1.3; +https://openai.com/gptbot)"
74.7.243.224 - - [22/Nov/2025:02:04:32 -0800] "GET /search.php?northeast253046813.html HTTP/2.0" 200 86485 "-" "Mozilla/5.0 AppleWebKit/537.36 (KHTML, like Gecko; compatible; GPTBot/1.3; +https://openai.com/gptbot)"
74.7.243.224 - - [22/Nov/2025:02:04:34 -0800] "GET /search.php?channel=156e34&from=https://mollywoppersnyb.com/chat.htm?until067005135.html&m=2921046028692 HTTP/2.0" 200 85958 "-" "Mozilla/5.0 AppleWebKit/537.36 (KHTML, like Gecko; compatible; GPTBot/1.3; +https://openai.com/gptbot)"
74.7.243.224 - - [22/Nov/2025:02:04:35 -0800] "GET /search.php?blood196038922.html HTTP/2.0" 200 85523 "-" "Mozilla/5.0 AppleWebKit/537.36 (KHTML, like Gecko; compatible; GPTBot/1.3; +https://openai.com/gptbot)"
18.232.12.157 - - [22/Nov/2025:02:04:37 -0800] "GET /?path=//sys/class/tty/ptype/subsystem/ttype/subsystem/ttyp1/subsystem/ttyad/subsystem/ttyv2 HTTP/1.1" 200 6584 "-" "Mozilla/5.0 AppleWebKit/537.36 (KHTML, like Gecko; compatible; Amazonbot/0.1; +https://developer.amazon.com/support/amazonbot) Chrome/119.0.6045.214 Safari/537.36"
74.7.243.224 - - [22/Nov/2025:02:04:37 -0800] "GET /search.php?after253046987.html HTTP/2.0" 200 87026 "-" "Mozilla/5.0 AppleWebKit/537.36 (KHTML, like Gecko; compatible; GPTBot/1.3; +https://openai.com/gptbot)"
216.73.216.10 - - [22/Nov/2025:02:04:37 -0800] "GET /2019/10/28/dont-be-a-chicken-%F0%9F%90%93repost-spaghetti_breath%E3%83%BB%E3%83%BB%E3%83%BBmollywoppersnyb-meeting-wednesday-night-730pm-at-omalley-come-get-those-deposits-in-clocks-tic?fileloc=%2Fhome%2Fmollywopper%2Fmollywoppersnyb.com%2Fwp-includes%2Fjs%2Fadmin-bar.min.js&path=%2Fhome%2Fmollywopper%2Fmollywoppersnyb.com%2Fwp-includes%2Fjs HTTP/2.0" 200 5208 "-" "Mozilla/5.0 AppleWebKit/537.36 (KHTML, like Gecko; compatible; ClaudeBot/1.0; +claudebot@anthropic.com)"
74.7.243.224 - - [22/Nov/2025:02:04:38 -0800] "GET /search.php?brand253046599.html HTTP/2.0" 200 86933 "-" "Mozilla/5.0 AppleWebKit/537.36 (KHTML, like Gecko; compatible; GPTBot/1.3; +https://openai.com/gptbot)"
216.73.216.10 - - [22/Nov/2025:02:04:37 -0800] "GET /2019/10/28/dont-be-a-chicken-%F0%9F%90%93repost-spaghetti_breath%E3%83%BB%E3%83%BB%E3%83%BBmollywoppersnyb-meeting-wednesday-night-730pm-at-omalley-come-get-those-deposits-in-clocks-tic?fileloc=%2Fhome%2Fmollywopper%2Fmollywoppersnyb.com%2Fbsb%2Fcode%2Fajax.php&path=%2Fhome%2Fmollywopper%2Fmollywoppersnyb.com%2Fbsb%2Fcode HTTP/2.0" 200 3726 "-" "Mozilla/5.0 AppleWebKit/537.36 (KHTML, like Gecko; compatible; ClaudeBot/1.0; +claudebot@anthropic.com)"
216.73.216.10 - - [22/Nov/2025:02:04:39 -0800] "GET /2019/10/28/dont-be-a-chicken-%F0%9F%90%93repost-spaghetti_breath%E3%83%BB%E3%83%BB%E3%83%BBmollywoppersnyb-meeting-wednesday-night-730pm-at-omalley-come-get-those-deposits-in-clocks-tic?fileloc=%2Fhome%2Fmollywopper%2Fmollywoppersnyb.com%2Fwp-includes%2Fjs%2Fwp-backbone.min.js&path=%2Fhome%2Fmollywopper%2Fmollywoppersnyb.com%2Fwp-includes%2Fjs HTTP/2.0" 200 3805 "-" "Mozilla/5.0 AppleWebKit/537.36 (KHTML, like Gecko; compatible; ClaudeBot/1.0; +claudebot@anthropic.com)"
216.73.216.10 - - [22/Nov/2025:02:04:39 -0800] "GET /2019/10/28/dont-be-a-chicken-%F0%9F%90%93repost-spaghetti_breath%E3%83%BB%E3%83%BB%E3%83%BBmollywoppersnyb-meeting-wednesday-night-730pm-at-omalley-come-get-those-deposits-in-clocks-tic?fileloc=%2Fhome%2Fmollywopper%2Fmollywoppersnyb.com%2Fmfc%2Fcode%2Fsettings.php&path=%2Fhome%2Fmollywopper%2Fmollywoppersnyb.com%2Fmfc%2Fcode HTTP/2.0" 200 4789 "-" "Mozilla/5.0 AppleWebKit/537.36 (KHTML, like Gecko; compatible; ClaudeBot/1.0; +claudebot@anthropic.com)"
216.73.216.10 - - [22/Nov/2025:02:04:40 -0800] "GET /2019/10/28/dont-be-a-chicken-%F0%9F%90%93repost-spaghetti_breath%E3%83%BB%E3%83%BB%E3%83%BBmollywoppersnyb-meeting-wednesday-night-730pm-at-omalley-come-get-those-deposits-in-clocks-tic?fileloc=%2Fhome%2Fmollywopper%2Fmollywoppersnyb.com%2Fwp-includes%2Fwidgets%2Fclass-wp-widget-media.php&path=%2Fhome%2Fmollywopper%2Fmollywoppersnyb.com%2Fwp-includes%2Fwidgets HTTP/2.0" 200 6955 "-" "Mozilla/5.0 AppleWebKit/537.36 (KHTML, like Gecko; compatible; ClaudeBot/1.0; +claudebot@anthropic.com)"
74.7.243.224 - - [22/Nov/2025:02:04:39 -0800] "GET /search.php?channel=156e34&from=https://mollywoppersnyb.com/chat.htm?items/273043794.html&m=2921046028692 HTTP/2.0" 200 86543 "-" "Mozilla/5.0 AppleWebKit/537.36 (KHTML, like Gecko; compatible; GPTBot/1.3; +https://openai.com/gptbot)"
216.73.216.10 - - [22/Nov/2025:02:04:40 -0800] "GET /2019/10/28/dont-be-a-chicken-%F0%9F%90%93repost-spaghetti_breath%E3%83%BB%E3%83%BB%E3%83%BBmollywoppersnyb-meeting-wednesday-night-730pm-at-omalley-come-get-those-deposits-in-clocks-tic?fileloc=%2Fhome%2Fmollywopper%2Fmollywoppersnyb.com%2Fwp-includes%2Fjs%2Fmedia-grid.js&path=%2Fhome%2Fmollywopper%2Fmollywoppersnyb.com%2Fwp-includes%2Fjs HTTP/2.0" 200 9620 "-" "Mozilla/5.0 AppleWebKit/537.36 (KHTML, like Gecko; compatible; ClaudeBot/1.0; +claudebot@anthropic.com)"
54.163.169.168 - - [22/Nov/2025:02:04:40 -0800] "GET /?path=//sys/class/tty/ptype/subsystem/ttysd/subsystem/ttype/subsystem/ttyp0/subsystem/ttyec HTTP/1.1" 200 6520 "-" "Mozilla/5.0 AppleWebKit/537.36 (KHTML, like Gecko; compatible; Amazonbot/0.1; +https://developer.amazon.com/support/amazonbot) Chrome/119.0.6045.214 Safari/537.36"
216.73.216.10 - - [22/Nov/2025:02:04:41 -0800] "GET /2019/10/28/dont-be-a-chicken-%F0%9F%90%93repost-spaghetti_breath%E3%83%BB%E3%83%BB%E3%83%BBmollywoppersnyb-meeting-wednesday-night-730pm-at-omalley-come-get-those-deposits-in-clocks-tic?fileloc=%2Fhome%2Fmollywopper%2Fmollywoppersnyb.com%2Fmfc%2Fcode%2Fwarning.php&path=%2Fhome%2Fmollywopper%2Fmollywoppersnyb.com%2Fmfc%2Fcode HTTP/2.0" 200 3447 "-" "Mozilla/5.0 AppleWebKit/537.36 (KHTML, like Gecko; compatible; ClaudeBot/1.0; +claudebot@anthropic.com)"
216.73.216.10 - - [22/Nov/2025:02:04:41 -0800] "GET /2019/10/28/dont-be-a-chicken-%F0%9F%90%93repost-spaghetti_breath%E3%83%BB%E3%83%BB%E3%83%BBmollywoppersnyb-meeting-wednesday-night-730pm-at-omalley-come-get-those-deposits-in-clocks-tic?fileloc=%2Fhome%2Fmollywopper%2Fmollywoppersnyb.com%2Fwp-includes%2Fwidgets%2Fclass-wp-widget-calendar.php&path=%2Fhome%2Fmollywopper%2Fmollywoppersnyb.com%2Fwp-includes%2Fwidgets HTTP/2.0" 200 3667 "-" "Mozilla/5.0 AppleWebKit/537.36 (KHTML, like Gecko; compatible; ClaudeBot/1.0; +claudebot@anthropic.com)"
216.73.216.10 - - [22/Nov/2025:02:04:41 -0800] "GET /2019/10/28/dont-be-a-chicken-%F0%9F%90%93repost-spaghetti_breath%E3%83%BB%E3%83%BB%E3%83%BBmollywoppersnyb-meeting-wednesday-night-730pm-at-omalley-come-get-those-deposits-in-clocks-tic?fileloc=%2Fhome%2Fmollywopper%2Fmollywoppersnyb.com%2Fmfc%2Fcode%2Fgetid3.php&path=%2Fhome%2Fmollywopper%2Fmollywoppersnyb.com%2Fmfc%2Fcode HTTP/2.0" 200 14972 "-" "Mozilla/5.0 AppleWebKit/537.36 (KHTML, like Gecko; compatible; ClaudeBot/1.0; +claudebot@anthropic.com)"
74.7.243.224 - - [22/Nov/2025:02:04:41 -0800] "GET /search.php?below273043789.html HTTP/2.0" 200 86732 "-" "Mozilla/5.0 AppleWebKit/537.36 (KHTML, like Gecko; compatible; GPTBot/1.3; +https://openai.com/gptbot)"
216.73.216.10 - - [22/Nov/2025:02:04:42 -0800] "GET /2019/10/28/dont-be-a-chicken-%F0%9F%90%93repost-spaghetti_breath%E3%83%BB%E3%83%BB%E3%83%BBmollywoppersnyb-meeting-wednesday-night-730pm-at-omalley-come-get-those-deposits-in-clocks-tic?fileloc=%2Fhome%2Fmollywopper%2Fmollywoppersnyb.com%2Fwp-includes%2Fjs%2Fwp-auth-check.min.js&path=%2Fhome%2Fmollywopper%2Fmollywoppersnyb.com%2Fwp-includes%2Fjs HTTP/2.0" 200 3431 "-" "Mozilla/5.0 AppleWebKit/537.36 (KHTML, like Gecko; compatible; ClaudeBot/1.0; +claudebot@anthropic.com)"
216.73.216.10 - - [22/Nov/2025:02:04:42 -0800] "GET /2019/10/28/dont-be-a-chicken-%F0%9F%90%93repost-spaghetti_breath%E3%83%BB%E3%83%BB%E3%83%BBmollywoppersnyb-meeting-wednesday-night-730pm-at-omalley-come-get-those-deposits-in-clocks-tic?fileloc=%2Fhome%2Fmollywopper%2Fmollywoppersnyb.com%2Fwp-includes%2Fjs%2Fwp-sanitize.min.js&path=%2Fhome%2Fmollywopper%2Fmollywoppersnyb.com%2Fwp-includes%2Fjs HTTP/2.0" 200 2803 "-" "Mozilla/5.0 AppleWebKit/537.36 (KHTML, like Gecko; compatible; ClaudeBot/1.0; +claudebot@anthropic.com)"
216.73.216.10 - - [22/Nov/2025:02:04:42 -0800] "GET /2019/10/28/dont-be-a-chicken-%F0%9F%90%93repost-spaghetti_breath%E3%83%BB%E3%83%BB%E3%83%BBmollywoppersnyb-meeting-wednesday-night-730pm-at-omalley-come-get-those-deposits-in-clocks-tic?fileloc=%2Fhome%2Fmollywopper%2Fmollywoppersnyb.com%2Fwp-includes%2Fjs%2Fmedia-editor.min.js&path=%2Fhome%2Fmollywopper%2Fmollywoppersnyb.com%2Fwp-includes%2Fjs HTTP/2.0" 200 6270 "-" "Mozilla/5.0 AppleWebKit/537.36 (KHTML, like Gecko; compatible; ClaudeBot/1.0; +claudebot@anthropic.com)"
216.73.216.10 - - [22/Nov/2025:02:04:43 -0800] "GET /2019/10/28/dont-be-a-chicken-%F0%9F%90%93repost-spaghetti_breath%E3%83%BB%E3%83%BB%E3%83%BBmollywoppersnyb-meeting-wednesday-night-730pm-at-omalley-come-get-those-deposits-in-clocks-tic?fileloc=%2Fhome%2Fmollywopper%2Fmollywoppersnyb.com%2Fwp-includes%2Fjs%2Fwp-emoji-loader.js&path=%2Fhome%2Fmollywopper%2Fmollywoppersnyb.com%2Fwp-includes%2Fjs HTTP/2.0" 200 4423 "-" "Mozilla/5.0 AppleWebKit/537.36 (KHTML, like Gecko; compatible; ClaudeBot/1.0; +claudebot@anthropic.com)"
74.7.243.224 - - [22/Nov/2025:02:04:42 -0800] "GET /search.php?bond253046919.html HTTP/2.0" 200 86874 "-" "Mozilla/5.0 AppleWebKit/537.36 (KHTML, like Gecko; compatible; GPTBot/1.3; +https://openai.com/gptbot)"
216.73.216.10 - - [22/Nov/2025:02:04:43 -0800] "GET /2019/10/28/dont-be-a-chicken-%F0%9F%90%93repost-spaghetti_breath%E3%83%BB%E3%83%BB%E3%83%BBmollywoppersnyb-meeting-wednesday-night-730pm-at-omalley-come-get-those-deposits-in-clocks-tic?fileloc=%2Fhome%2Fmollywopper%2Fmollywoppersnyb.com%2Fwp-includes%2Fwidgets%2Fclass-wp-widget-meta.php&path=%2Fhome%2Fmollywopper%2Fmollywoppersnyb.com%2Fwp-includes%2Fwidgets HTTP/2.0" 200 48 "-" "Mozilla/5.0 AppleWebKit/537.36 (KHTML, like Gecko; compatible; ClaudeBot/1.0; +claudebot@anthropic.com)"
216.73.216.10 - - [22/Nov/2025:02:04:43 -0800] "GET /2019/10/28/dont-be-a-chicken-%F0%9F%90%93repost-spaghetti_breath%E3%83%BB%E3%83%BB%E3%83%BBmollywoppersnyb-meeting-wednesday-night-730pm-at-omalley-come-get-those-deposits-in-clocks-tic?fileloc=%2Fhome%2Fmollywopper%2Fmollywoppersnyb.com%2Fwp-includes%2Fjs%2Fmce-view.js&path=%2Fhome%2Fmollywopper%2Fmollywoppersnyb.com%2Fwp-includes%2Fjs HTTP/2.0" 200 9538 "-" "Mozilla/5.0 AppleWebKit/537.36 (KHTML, like Gecko; compatible; ClaudeBot/1.0; +claudebot@anthropic.com)"
216.73.216.10 - - [22/Nov/2025:02:04:43 -0800] "GET /2019/10/28/dont-be-a-chicken-%F0%9F%90%93repost-spaghetti_breath%E3%83%BB%E3%83%BB%E3%83%BBmollywoppersnyb-meeting-wednesday-night-730pm-at-omalley-come-get-those-deposits-in-clocks-tic?fileloc=%2Fhome%2Fmollywopper%2Fmollywoppersnyb.com%2Fmfc%2Fcode%2Flogout.php&path=%2Fhome%2Fmollywopper%2Fmollywoppersnyb.com%2Fmfc%2Fcode HTTP/2.0" 200 2686 "-" "Mozilla/5.0 AppleWebKit/537.36 (KHTML, like Gecko; compatible; ClaudeBot/1.0; +claudebot@anthropic.com)"
216.73.216.10 - - [22/Nov/2025:02:04:44 -0800] "GET /2019/10/28/dont-be-a-chicken-%F0%9F%90%93repost-spaghetti_breath%E3%83%BB%E3%83%BB%E3%83%BBmollywoppersnyb-meeting-wednesday-night-730pm-at-omalley-come-get-those-deposits-in-clocks-tic?fileloc=%2Fhome%2Fmollywopper%2Fmollywoppersnyb.com%2Fwp-includes%2Fjs%2Ftw-sack.js&path=%2Fhome%2Fmollywopper%2Fmollywoppersnyb.com%2Fwp-includes%2Fjs HTTP/2.0" 200 2615 "-" "Mozilla/5.0 AppleWebKit/537.36 (KHTML, like Gecko; compatible; ClaudeBot/1.0; +claudebot@anthropic.com)"
216.73.216.10 - - [22/Nov/2025:02:04:44 -0800] "GET /2019/10/28/dont-be-a-chicken-%F0%9F%90%93repost-spaghetti_breath%E3%83%BB%E3%83%BB%E3%83%BBmollywoppersnyb-meeting-wednesday-night-730pm-at-omalley-come-get-those-deposits-in-clocks-tic?fileloc=%2Fhome%2Fmollywopper%2Fmollywoppersnyb.com%2Fwp-includes%2Fcss%2Fjquery-ui-dialog-rtl.css&path=%2Fhome%2Fmollywopper%2Fmollywoppersnyb.com%2Fwp-includes%2Fcss HTTP/2.0" 200 4213 "-" "Mozilla/5.0 AppleWebKit/537.36 (KHTML, like Gecko; compatible; ClaudeBot/1.0; +claudebot@anthropic.com)"
74.7.243.224 - - [22/Nov/2025:02:04:44 -0800] "GET /search.php?badly253046569.html HTTP/2.0" 200 86322 "-" "Mozilla/5.0 AppleWebKit/537.36 (KHTML, like Gecko; compatible; GPTBot/1.3; +https://openai.com/gptbot)"
216.73.216.10 - - [22/Nov/2025:02:04:44 -0800] "GET /2019/10/28/dont-be-a-chicken-%F0%9F%90%93repost-spaghetti_breath%E3%83%BB%E3%83%BB%E3%83%BBmollywoppersnyb-meeting-wednesday-night-730pm-at-omalley-come-get-those-deposits-in-clocks-tic?fileloc=%2Fhome%2Fmollywopper%2Fmollywoppersnyb.com%2Fwp-includes%2Fjs%2Fwp-a11y.min.js&path=%2Fhome%2Fmollywopper%2Fmollywoppersnyb.com%2Fwp-includes%2Fjs HTTP/2.0" 200 2956 "-" "Mozilla/5.0 AppleWebKit/537.36 (KHTML, like Gecko; compatible; ClaudeBot/1.0; +claudebot@anthropic.com)"
216.73.216.10 - - [22/Nov/2025:02:04:44 -0800] "GET /2019/10/28/dont-be-a-chicken-%F0%9F%90%93repost-spaghetti_breath%E3%83%BB%E3%83%BB%E3%83%BBmollywoppersnyb-meeting-wednesday-night-730pm-at-omalley-come-get-those-deposits-in-clocks-tic?fileloc=%2Fhome%2Fmollywopper%2Fmollywoppersnyb.com%2Fwp-includes%2Fjs%2Fjson2.js&path=%2Fhome%2Fmollywopper%2Fmollywoppersnyb.com%2Fwp-includes%2Fjs HTTP/2.0" 200 8164 "-" "Mozilla/5.0 AppleWebKit/537.36 (KHTML, like Gecko; compatible; ClaudeBot/1.0; +claudebot@anthropic.com)"
216.73.216.10 - - [22/Nov/2025:02:04:45 -0800] "GET /2019/10/28/dont-be-a-chicken-%F0%9F%90%93repost-spaghetti_breath%E3%83%BB%E3%83%BB%E3%83%BBmollywoppersnyb-meeting-wednesday-night-730pm-at-omalley-come-get-those-deposits-in-clocks-tic?fileloc=%2Fhome%2Fmollywopper%2Fmollywoppersnyb.com%2Fwp-includes%2Fwidgets%2Fclass-wp-widget-archives.php&path=%2Fhome%2Fmollywopper%2Fmollywoppersnyb.com%2Fwp-includes%2Fwidgets HTTP/2.0" 200 4233 "-" "Mozilla/5.0 AppleWebKit/537.36 (KHTML, like Gecko; compatible; ClaudeBot/1.0; +claudebot@anthropic.com)"
216.73.216.10 - - [22/Nov/2025:02:04:45 -0800] "GET /2019/10/28/dont-be-a-chicken-%F0%9F%90%93repost-spaghetti_breath%E3%83%BB%E3%83%BB%E3%83%BBmollywoppersnyb-meeting-wednesday-night-730pm-at-omalley-come-get-those-deposits-in-clocks-tic?fileloc=%2Fhome%2Fmollywopper%2Fmollywoppersnyb.com%2Fwp-includes%2Fjs%2Fcustomize-base.min.js&path=%2Fhome%2Fmollywopper%2Fmollywoppersnyb.com%2Fwp-includes%2Fjs HTTP/2.0" 200 5097 "-" "Mozilla/5.0 AppleWebKit/537.36 (KHTML, like Gecko; compatible; ClaudeBot/1.0; +claudebot@anthropic.com)"
66.249.75.104 - - [22/Nov/2025:02:04:44 -0800] "GET /?market=375200138 HTTP/1.1" 200 30262 "-" "Mozilla/5.0 (Linux; Android 6.0.1; Nexus 5X Build/MMB29P) AppleWebKit/537.36 (KHTML, like Gecko) Chrome/141.0.7390.122 Mobile Safari/537.36 (compatible; Googlebot/2.1; +http://www.google.com/bot.html)"
74.7.243.224 - - [22/Nov/2025:02:04:45 -0800] "GET /search.php?blend203048461.html HTTP/2.0" 200 86143 "-" "Mozilla/5.0 AppleWebKit/537.36 (KHTML, like Gecko; compatible; GPTBot/1.3; +https://openai.com/gptbot)"
66.249.75.104 - - [22/Nov/2025:02:04:45 -0800] "GET /?market=2081855515 HTTP/1.1" 200 26768 "-" "Mozilla/5.0 (Linux; Android 6.0.1; Nexus 5X Build/MMB29P) AppleWebKit/537.36 (KHTML, like Gecko) Chrome/141.0.7390.122 Mobile Safari/537.36 (compatible; Googlebot/2.1; +http://www.google.com/bot.html)"
216.73.216.10 - - [22/Nov/2025:02:04:45 -0800] "GET /2019/10/28/dont-be-a-chicken-%F0%9F%90%93repost-spaghetti_breath%E3%83%BB%E3%83%BB%E3%83%BBmollywoppersnyb-meeting-wednesday-night-730pm-at-omalley-come-get-those-deposits-in-clocks-tic?fileloc=%2Fhome%2Fmollywopper%2Fmollywoppersnyb.com%2Fwp-includes%2Fjs%2FhoverIntent.min.js&path=%2Fhome%2Fmollywopper%2Fmollywoppersnyb.com%2Fwp-includes%2Fjs HTTP/2.0" 200 3057 "-" "Mozilla/5.0 AppleWebKit/537.36 (KHTML, like Gecko; compatible; ClaudeBot/1.0; +claudebot@anthropic.com)"
216.73.216.10 - - [22/Nov/2025:02:04:46 -0800] "GET /2019/10/28/dont-be-a-chicken-%F0%9F%90%93repost-spaghetti_breath%E3%83%BB%E3%83%BB%E3%83%BBmollywoppersnyb-meeting-wednesday-night-730pm-at-omalley-come-get-those-deposits-in-clocks-tic?fileloc=%2Fhome%2Fmollywopper%2Fmollywoppersnyb.com%2Fwp-includes%2Fjs%2Fwplink.js&path=%2Fhome%2Fmollywopper%2Fmollywoppersnyb.com%2Fwp-includes%2Fjs HTTP/2.0" 200 8634 "-" "Mozilla/5.0 AppleWebKit/537.36 (KHTML, like Gecko; compatible; ClaudeBot/1.0; +claudebot@anthropic.com)"
216.73.216.10 - - [22/Nov/2025:02:04:46 -0800] "GET /2019/10/28/dont-be-a-chicken-%F0%9F%90%93repost-spaghetti_breath%E3%83%BB%E3%83%BB%E3%83%BBmollywoppersnyb-meeting-wednesday-night-730pm-at-omalley-come-get-those-deposits-in-clocks-tic?fileloc=%2Fhome%2Fmollywopper%2Fmollywoppersnyb.com%2Fmfc%2Fcode%2Fgetid3.lib.php&path=%2Fhome%2Fmollywopper%2Fmollywoppersnyb.com%2Fmfc%2Fcode HTTP/2.0" 200 2568 "-" "Mozilla/5.0 AppleWebKit/537.36 (KHTML, like Gecko; compatible; ClaudeBot/1.0; +claudebot@anthropic.com)"
216.73.216.10 - - [22/Nov/2025:02:04:45 -0800] "GET /2019/10/28/dont-be-a-chicken-%F0%9F%90%93repost-spaghetti_breath%E3%83%BB%E3%83%BB%E3%83%BBmollywoppersnyb-meeting-wednesday-night-730pm-at-omalley-come-get-those-deposits-in-clocks-tic?fileloc=%2Fhome%2Fmollywopper%2Fmollywoppersnyb.com%2Fwp-includes%2Fwidgets%2Fclass-wp-widget-search.php&path=%2Fhome%2Fmollywopper%2Fmollywoppersnyb.com%2Fwp-includes%2Fwidgets HTTP/2.0" 200 3534 "-" "Mozilla/5.0 AppleWebKit/537.36 (KHTML, like Gecko; compatible; ClaudeBot/1.0; +claudebot@anthropic.com)"
216.73.216.10 - - [22/Nov/2025:02:04:46 -0800] "GET /2019/10/28/dont-be-a-chicken-%F0%9F%90%93repost-spaghetti_breath%E3%83%BB%E3%83%BB%E3%83%BBmollywoppersnyb-meeting-wednesday-night-730pm-at-omalley-come-get-those-deposits-in-clocks-tic?fileloc=%2Fhome%2Fmollywopper%2Fmollywoppersnyb.com%2Fwp-includes%2Fjs%2Fwp-embed-template.js&path=%2Fhome%2Fmollywopper%2Fmollywoppersnyb.com%2Fwp-includes%2Fjs HTTP/2.0" 200 4208 "-" "Mozilla/5.0 AppleWebKit/537.36 (KHTML, like Gecko; compatible; ClaudeBot/1.0; +claudebot@anthropic.com)"
216.73.216.10 - - [22/Nov/2025:02:04:47 -0800] "GET /2019/10/28/dont-be-a-chicken-%F0%9F%90%93repost-spaghetti_breath%E3%83%BB%E3%83%BB%E3%83%BBmollywoppersnyb-meeting-wednesday-night-730pm-at-omalley-come-get-those-deposits-in-clocks-tic?fileloc=%2Fhome%2Fmollywopper%2Fmollywoppersnyb.com%2Fwp-includes%2Frandom_compat%2Frandom_int.php&path=%2Fhome%2Fmollywopper%2Fmollywoppersnyb.com%2Fwp-includes%2Frandom_compat HTTP/2.0" 200 5077 "-" "Mozilla/5.0 AppleWebKit/537.36 (KHTML, like Gecko; compatible; ClaudeBot/1.0; +claudebot@anthropic.com)"
216.73.216.10 - - [22/Nov/2025:02:04:45 -0800] "GET /2019/10/28/dont-be-a-chicken-%F0%9F%90%93repost-spaghetti_breath%E3%83%BB%E3%83%BB%E3%83%BBmollywoppersnyb-meeting-wednesday-night-730pm-at-omalley-come-get-those-deposits-in-clocks-tic?fileloc=%2Fhome%2Fmollywopper%2Fmollywoppersnyb.com%2Fwp-includes%2Fcustomize%2Fclass-wp-customize-partial.php&path=%2Fhome%2Fmollywopper%2Fmollywoppersnyb.com%2Fwp-includes%2Fcustomize HTTP/2.0" 200 5164 "-" "Mozilla/5.0 AppleWebKit/537.36 (KHTML, like Gecko; compatible; ClaudeBot/1.0; +claudebot@anthropic.com)"
216.73.216.10 - - [22/Nov/2025:02:04:47 -0800] "GET /2019/10/28/dont-be-a-chicken-%F0%9F%90%93repost-spaghetti_breath%E3%83%BB%E3%83%BB%E3%83%BBmollywoppersnyb-meeting-wednesday-night-730pm-at-omalley-come-get-those-deposits-in-clocks-tic?fileloc=%2Fhome%2Fmollywopper%2Fmollywoppersnyb.com%2Fwp-includes%2Fjs%2Fwp-backbone.js&path=%2Fhome%2Fmollywopper%2Fmollywoppersnyb.com%2Fwp-includes%2Fjs HTTP/2.0" 200 5569 "-" "Mozilla/5.0 AppleWebKit/537.36 (KHTML, like Gecko; compatible; ClaudeBot/1.0; +claudebot@anthropic.com)"
216.73.216.10 - - [22/Nov/2025:02:04:45 -0800] "GET /2019/10/28/dont-be-a-chicken-%F0%9F%90%93repost-spaghetti_breath%E3%83%BB%E3%83%BB%E3%83%BBmollywoppersnyb-meeting-wednesday-night-730pm-at-omalley-come-get-those-deposits-in-clocks-tic?fileloc=%2Fhome%2Fmollywopper%2Fmollywoppersnyb.com%2Fwp-includes%2Fjs%2Fcustomize-models.min.js&path=%2Fhome%2Fmollywopper%2Fmollywoppersnyb.com%2Fwp-includes%2Fjs HTTP/2.0" 200 3764 "-" "Mozilla/5.0 AppleWebKit/537.36 (KHTML, like Gecko; compatible; ClaudeBot/1.0; +claudebot@anthropic.com)"
217.113.194.27 - - [22/Nov/2025:02:04:48 -0800] "GET /2019/10/01/repost-spaghetti_breath%E3%83%BB%E3%83%BB%E3%83%BBmollywoppersnyb-meeting-tomorrow-night-730pm-at-omalley-come-on-out-and-get-those-deposits-in-92daysaway-kodb-mummers/?fileloc=/home/mollywopper/mollywoppersnyb.com/postnews.php&path=/home/mollywopper/mollywoppersnyb.com HTTP/1.1" 200 5662 "-" "Mozilla/5.0 (compatible; Barkrowler/0.9; +https://babbar.tech/crawler)"
216.73.216.10 - - [22/Nov/2025:02:04:48 -0800] "GET /2019/10/28/dont-be-a-chicken-%F0%9F%90%93repost-spaghetti_breath%E3%83%BB%E3%83%BB%E3%83%BBmollywoppersnyb-meeting-wednesday-night-730pm-at-omalley-come-get-those-deposits-in-clocks-tic?fileloc=%2Fhome%2Fmollywopper%2Fmollywoppersnyb.com%2Fwp-includes%2Fjs%2Fcustomize-views.min.js&path=%2Fhome%2Fmollywopper%2Fmollywoppersnyb.com%2Fwp-includes%2Fjs HTTP/2.0" 200 3491 "-" "Mozilla/5.0 AppleWebKit/537.36 (KHTML, like Gecko; compatible; ClaudeBot/1.0; +claudebot@anthropic.com)"
74.7.243.224 - - [22/Nov/2025:02:04:46 -0800] "GET /search.php?knock215038939.html HTTP/2.0" 200 86810 "-" "Mozilla/5.0 AppleWebKit/537.36 (KHTML, like Gecko; compatible; GPTBot/1.3; +https://openai.com/gptbot)"
216.73.216.10 - - [22/Nov/2025:02:04:48 -0800] "GET /2019/10/28/dont-be-a-chicken-%F0%9F%90%93repost-spaghetti_breath%E3%83%BB%E3%83%BB%E3%83%BBmollywoppersnyb-meeting-wednesday-night-730pm-at-omalley-come-get-those-deposits-in-clocks-tic?fileloc=%2Fhome%2Fmollywopper%2Fmollywoppersnyb.com%2Fmfc%2Fcode%2Frss.php&path=%2Fhome%2Fmollywopper%2Fmollywoppersnyb.com%2Fmfc%2Fcode HTTP/2.0" 200 3377 "-" "Mozilla/5.0 AppleWebKit/537.36 (KHTML, like Gecko; compatible; ClaudeBot/1.0; +claudebot@anthropic.com)"
216.73.216.10 - - [22/Nov/2025:02:04:49 -0800] "GET /2019/10/28/dont-be-a-chicken-%F0%9F%90%93repost-spaghetti_breath%E3%83%BB%E3%83%BB%E3%83%BBmollywoppersnyb-meeting-wednesday-night-730pm-at-omalley-come-get-those-deposits-in-clocks-tic?fileloc=%2Fhome%2Fmollywopper%2Fmollywoppersnyb.com%2Fwp-includes%2Fjs%2Fwp-auth-check.js&path=%2Fhome%2Fmollywopper%2Fmollywoppersnyb.com%2Fwp-includes%2Fjs HTTP/2.0" 200 3946 "-" "Mozilla/5.0 AppleWebKit/537.36 (KHTML, like Gecko; compatible; ClaudeBot/1.0; +claudebot@anthropic.com)"
54.152.163.42 - - [22/Nov/2025:02:04:48 -0800] "GET /home/?path=//sys/class/tty/ptype/subsystem/ttyS8/device/subsystem/devices/reg-dummy/driver/reg-dummy/driver/reg-dummy/subsystem/devices/microcode/subsystem/drivers/ohci-platform HTTP/1.1" 200 6585 "-" "Mozilla/5.0 AppleWebKit/537.36 (KHTML, like Gecko; compatible; Amazonbot/0.1; +https://developer.amazon.com/support/amazonbot) Chrome/119.0.6045.214 Safari/537.36"
216.73.216.10 - - [22/Nov/2025:02:04:47 -0800] "GET /2019/10/28/dont-be-a-chicken-%F0%9F%90%93repost-spaghetti_breath%E3%83%BB%E3%83%BB%E3%83%BBmollywoppersnyb-meeting-wednesday-night-730pm-at-omalley-come-get-those-deposits-in-clocks-tic?fileloc=%2Fhome%2Fmollywopper%2Fmollywoppersnyb.com%2Fmfc%2Fcode%2Fedit.php&path=%2Fhome%2Fmollywopper%2Fmollywoppersnyb.com%2Fmfc%2Fcode HTTP/2.0" 200 6547 "-" "Mozilla/5.0 AppleWebKit/537.36 (KHTML, like Gecko; compatible; ClaudeBot/1.0; +claudebot@anthropic.com)"
216.73.216.10 - - [22/Nov/2025:02:04:48 -0800] "GET /2019/10/28/dont-be-a-chicken-%F0%9F%90%93repost-spaghetti_breath%E3%83%BB%E3%83%BB%E3%83%BBmollywoppersnyb-meeting-wednesday-night-730pm-at-omalley-come-get-those-deposits-in-clocks-tic?fileloc=%2Fhome%2Fmollywopper%2Fmollywoppersnyb.com%2Fwp-includes%2Fjs%2Fwp-util.min.js&path=%2Fhome%2Fmollywopper%2Fmollywoppersnyb.com%2Fwp-includes%2Fjs HTTP/2.0" 200 3172 "-" "Mozilla/5.0 AppleWebKit/537.36 (KHTML, like Gecko; compatible; ClaudeBot/1.0; +claudebot@anthropic.com)"
216.73.216.10 - - [22/Nov/2025:02:04:50 -0800] "GET /2019/10/28/dont-be-a-chicken-%F0%9F%90%93repost-spaghetti_breath%E3%83%BB%E3%83%BB%E3%83%BBmollywoppersnyb-meeting-wednesday-night-730pm-at-omalley-come-get-those-deposits-in-clocks-tic?fileloc=%2Fhome%2Fmollywopper%2Fmollywoppersnyb.com%2Fmfc%2Fcode%2Fopentape_common.php&path=%2Fhome%2Fmollywopper%2Fmollywoppersnyb.com%2Fmfc%2Fcode HTTP/2.0" 200 7939 "-" "Mozilla/5.0 AppleWebKit/537.36 (KHTML, like Gecko; compatible; ClaudeBot/1.0; +claudebot@anthropic.com)"
216.73.216.10 - - [22/Nov/2025:02:04:50 -0800] "GET /2019/10/28/dont-be-a-chicken-%F0%9F%90%93repost-spaghetti_breath%E3%83%BB%E3%83%BB%E3%83%BBmollywoppersnyb-meeting-wednesday-night-730pm-at-omalley-come-get-those-deposits-in-clocks-tic?fileloc=%2Fhome%2Fmollywopper%2Fmollywoppersnyb.com%2Fwp-includes%2Fjs%2Futils.min.js&path=%2Fhome%2Fmollywopper%2Fmollywoppersnyb.com%2Fwp-includes%2Fjs HTTP/2.0" 200 3407 "-" "Mozilla/5.0 AppleWebKit/537.36 (KHTML, like Gecko; compatible; ClaudeBot/1.0; +claudebot@anthropic.com)"
216.73.216.10 - - [22/Nov/2025:02:04:50 -0800] "GET /2019/10/28/dont-be-a-chicken-%F0%9F%90%93repost-spaghetti_breath%E3%83%BB%E3%83%BB%E3%83%BBmollywoppersnyb-meeting-wednesday-night-730pm-at-omalley-come-get-those-deposits-in-clocks-tic?fileloc=%2Fhome%2Fmollywopper%2Fmollywoppersnyb.com%2Fwp-includes%2Fjs%2Fshortcode.min.js&path=%2Fhome%2Fmollywopper%2Fmollywoppersnyb.com%2Fwp-includes%2Fjs HTTP/2.0" 200 3734 "-" "Mozilla/5.0 AppleWebKit/537.36 (KHTML, like Gecko; compatible; ClaudeBot/1.0; +claudebot@anthropic.com)"
74.7.243.224 - - [22/Nov/2025:02:04:49 -0800] "GET /search.php?worry253046889.html HTTP/2.0" 200 86636 "-" "Mozilla/5.0 AppleWebKit/537.36 (KHTML, like Gecko; compatible; GPTBot/1.3; +https://openai.com/gptbot)"
216.73.216.10 - - [22/Nov/2025:02:04:51 -0800] "GET /2019/10/28/dont-be-a-chicken-%F0%9F%90%93repost-spaghetti_breath%E3%83%BB%E3%83%BB%E3%83%BBmollywoppersnyb-meeting-wednesday-night-730pm-at-omalley-come-get-those-deposits-in-clocks-tic?fileloc=%2Fhome%2Fmollywopper%2Fmollywoppersnyb.com%2Fwp-includes%2Fjs%2Fwp-sanitize.js&path=%2Fhome%2Fmollywopper%2Fmollywoppersnyb.com%2Fwp-includes%2Fjs HTTP/2.0" 200 3075 "-" "Mozilla/5.0 AppleWebKit/537.36 (KHTML, like Gecko; compatible; ClaudeBot/1.0; +claudebot@anthropic.com)"
216.73.216.10 - - [22/Nov/2025:02:04:51 -0800] "GET /2019/10/28/dont-be-a-chicken-%F0%9F%90%93repost-spaghetti_breath%E3%83%BB%E3%83%BB%E3%83%BBmollywoppersnyb-meeting-wednesday-night-730pm-at-omalley-come-get-those-deposits-in-clocks-tic?fileloc=%2Fhome%2Fmollywopper%2Fmollywoppersnyb.com%2Fwp-includes%2Fjs%2Fwp-embed.min.js&path=%2Fhome%2Fmollywopper%2Fmollywoppersnyb.com%2Fwp-includes%2Fjs HTTP/2.0" 200 3375 "-" "Mozilla/5.0 AppleWebKit/537.36 (KHTML, like Gecko; compatible; ClaudeBot/1.0; +claudebot@anthropic.com)"
216.73.216.10 - - [22/Nov/2025:02:04:47 -0800] "GET /2019/10/28/dont-be-a-chicken-%F0%9F%90%93repost-spaghetti_breath%E3%83%BB%E3%83%BB%E3%83%BBmollywoppersnyb-meeting-wednesday-night-730pm-at-omalley-come-get-those-deposits-in-clocks-tic?fileloc=%2Fhome%2Fmollywopper%2Fmollywoppersnyb.com%2Fwp-includes%2FIXR%2Fclass-IXR-request.php&path=%2Fhome%2Fmollywopper%2Fmollywoppersnyb.com%2Fwp-includes%2FIXR HTTP/2.0" 200 2986 "-" "Mozilla/5.0 AppleWebKit/537.36 (KHTML, like Gecko; compatible; ClaudeBot/1.0; +claudebot@anthropic.com)"
216.73.216.10 - - [22/Nov/2025:02:04:51 -0800] "GET /2019/10/28/dont-be-a-chicken-%F0%9F%90%93repost-spaghetti_breath%E3%83%BB%E3%83%BB%E3%83%BBmollywoppersnyb-meeting-wednesday-night-730pm-at-omalley-come-get-those-deposits-in-clocks-tic?fileloc=%2Fhome%2Fmollywopper%2Fmollywoppersnyb.com%2Fwp-includes%2Fjs%2Fmedia-editor.js&path=%2Fhome%2Fmollywopper%2Fmollywoppersnyb.com%2Fwp-includes%2Fjs HTTP/2.0" 200 10140 "-" "Mozilla/5.0 AppleWebKit/537.36 (KHTML, like Gecko; compatible; ClaudeBot/1.0; +claudebot@anthropic.com)"
216.73.216.10 - - [22/Nov/2025:02:04:50 -0800] "GET /2019/10/28/dont-be-a-chicken-%F0%9F%90%93repost-spaghetti_breath%E3%83%BB%E3%83%BB%E3%83%BBmollywoppersnyb-meeting-wednesday-night-730pm-at-omalley-come-get-those-deposits-in-clocks-tic?fileloc=%2Fhome%2Fmollywopper%2Fmollywoppersnyb.com%2Fwp-includes%2Fjs%2Fwp-lists.min.js&path=%2Fhome%2Fmollywopper%2Fmollywoppersnyb.com%2Fwp-includes%2Fjs HTTP/2.0" 200 5142 "-" "Mozilla/5.0 AppleWebKit/537.36 (KHTML, like Gecko; compatible; ClaudeBot/1.0; +claudebot@anthropic.com)"
216.73.216.10 - - [22/Nov/2025:02:04:51 -0800] "GET /2019/10/28/dont-be-a-chicken-%F0%9F%90%93repost-spaghetti_breath%E3%83%BB%E3%83%BB%E3%83%BBmollywoppersnyb-meeting-wednesday-night-730pm-at-omalley-come-get-those-deposits-in-clocks-tic?fileloc=%2Fhome%2Fmollywopper%2Fmollywoppersnyb.com%2Fwp-includes%2Fwidgets%2Fclass-wp-widget-links.php&path=%2Fhome%2Fmollywopper%2Fmollywoppersnyb.com%2Fwp-includes%2Fwidgets HTTP/2.0" 200 4447 "-" "Mozilla/5.0 AppleWebKit/537.36 (KHTML, like Gecko; compatible; ClaudeBot/1.0; +claudebot@anthropic.com)"
216.73.216.10 - - [22/Nov/2025:02:04:52 -0800] "GET /2019/10/28/dont-be-a-chicken-%F0%9F%90%93repost-spaghetti_breath%E3%83%BB%E3%83%BB%E3%83%BBmollywoppersnyb-meeting-wednesday-night-730pm-at-omalley-come-get-those-deposits-in-clocks-tic?fileloc=%2Fhome%2Fmollywopper%2Fmollywoppersnyb.com%2Fwp-includes%2Fjs%2Fwp-a11y.js&path=%2Fhome%2Fmollywopper%2Fmollywoppersnyb.com%2Fwp-includes%2Fjs HTTP/2.0" 200 3650 "-" "Mozilla/5.0 AppleWebKit/537.36 (KHTML, like Gecko; compatible; ClaudeBot/1.0; +claudebot@anthropic.com)"
23.21.204.95 - - [22/Nov/2025:02:04:52 -0800] "GET /home/?path=//sys/class/tty/ptype/subsystem/tty0/subsystem/ptype/subsystem/ttyqb/subsystem/ptyp0 HTTP/1.1" 200 6515 "-" "Mozilla/5.0 AppleWebKit/537.36 (KHTML, like Gecko; compatible; Amazonbot/0.1; +https://developer.amazon.com/support/amazonbot) Chrome/119.0.6045.214 Safari/537.36"
216.73.216.10 - - [22/Nov/2025:02:04:52 -0800] "GET /2019/10/28/dont-be-a-chicken-%F0%9F%90%93repost-spaghetti_breath%E3%83%BB%E3%83%BB%E3%83%BBmollywoppersnyb-meeting-wednesday-night-730pm-at-omalley-come-get-those-deposits-in-clocks-tic?fileloc=%2Fhome%2Fmollywopper%2Fmollywoppersnyb.com%2Fwp-includes%2Fwidgets%2Fclass-wp-widget-text.php&path=%2Fhome%2Fmollywopper%2Fmollywoppersnyb.com%2Fwp-includes%2Fwidgets HTTP/2.0" 200 8637 "-" "Mozilla/5.0 AppleWebKit/537.36 (KHTML, like Gecko; compatible; ClaudeBot/1.0; +claudebot@anthropic.com)"
216.73.216.10 - - [22/Nov/2025:02:04:49 -0800] "GET /2019/10/28/dont-be-a-chicken-%F0%9F%90%93repost-spaghetti_breath%E3%83%BB%E3%83%BB%E3%83%BBmollywoppersnyb-meeting-wednesday-night-730pm-at-omalley-come-get-those-deposits-in-clocks-tic?fileloc=%2Fhome%2Fmollywopper%2Fmollywoppersnyb.com%2Fwp-includes%2Fjs%2Fcustomize-preview.min.js&path=%2Fhome%2Fmollywopper%2Fmollywoppersnyb.com%2Fwp-includes%2Fjs HTTP/2.0" 200 5753 "-" "Mozilla/5.0 AppleWebKit/537.36 (KHTML, like Gecko; compatible; ClaudeBot/1.0; +claudebot@anthropic.com)"
216.73.216.10 - - [22/Nov/2025:02:04:53 -0800] "GET /2019/10/28/dont-be-a-chicken-%F0%9F%90%93repost-spaghetti_breath%E3%83%BB%E3%83%BB%E3%83%BBmollywoppersnyb-meeting-wednesday-night-730pm-at-omalley-come-get-those-deposits-in-clocks-tic?fileloc=%2Fhome%2Fmollywopper%2Fmollywoppersnyb.com%2Fwp-includes%2Fjs%2Fcustomize-models.js&path=%2Fhome%2Fmollywopper%2Fmollywoppersnyb.com%2Fwp-includes%2Fjs HTTP/2.0" 200 4529 "-" "Mozilla/5.0 AppleWebKit/537.36 (KHTML, like Gecko; compatible; ClaudeBot/1.0; +claudebot@anthropic.com)"
216.73.216.10 - - [22/Nov/2025:02:04:52 -0800] "GET /2019/10/28/dont-be-a-chicken-%F0%9F%90%93repost-spaghetti_breath%E3%83%BB%E3%83%BB%E3%83%BBmollywoppersnyb-meeting-wednesday-night-730pm-at-omalley-come-get-those-deposits-in-clocks-tic?fileloc=%2Fhome%2Fmollywopper%2Fmollywoppersnyb.com%2Fwp-includes%2Fjs%2Fwpdialog.min.js&path=%2Fhome%2Fmollywopper%2Fmollywoppersnyb.com%2Fwp-includes%2Fjs HTTP/2.0" 200 2727 "-" "Mozilla/5.0 AppleWebKit/537.36 (KHTML, like Gecko; compatible; ClaudeBot/1.0; +claudebot@anthropic.com)"
216.73.216.10 - - [22/Nov/2025:02:04:53 -0800] "GET /2019/10/28/dont-be-a-chicken-%F0%9F%90%93repost-spaghetti_breath%E3%83%BB%E3%83%BB%E3%83%BBmollywoppersnyb-meeting-wednesday-night-730pm-at-omalley-come-get-those-deposits-in-clocks-tic?fileloc=%2Fhome%2Fmollywopper%2Fmollywoppersnyb.com%2Fwp-includes%2Fwidgets%2Fclass-wp-widget-pages.php&path=%2Fhome%2Fmollywopper%2Fmollywoppersnyb.com%2Fwp-includes%2Fwidgets HTTP/2.0" 200 4027 "-" "Mozilla/5.0 AppleWebKit/537.36 (KHTML, like Gecko; compatible; ClaudeBot/1.0; +claudebot@anthropic.com)"
216.73.216.10 - - [22/Nov/2025:02:04:52 -0800] "GET /2019/10/28/dont-be-a-chicken-%F0%9F%90%93repost-spaghetti_breath%E3%83%BB%E3%83%BB%E3%83%BBmollywoppersnyb-meeting-wednesday-night-730pm-at-omalley-come-get-those-deposits-in-clocks-tic?fileloc=%2Fhome%2Fmollywopper%2Fmollywoppersnyb.com%2Fmfc%2Fcode%2FJSON.php&path=%2Fhome%2Fmollywopper%2Fmollywoppersnyb.com%2Fmfc%2Fcode HTTP/2.0" 200 9973 "-" "Mozilla/5.0 AppleWebKit/537.36 (KHTML, like Gecko; compatible; ClaudeBot/1.0; +claudebot@anthropic.com)"
216.73.216.10 - - [22/Nov/2025:02:04:53 -0800] "GET /2019/10/28/dont-be-a-chicken-%F0%9F%90%93repost-spaghetti_breath%E3%83%BB%E3%83%BB%E3%83%BBmollywoppersnyb-meeting-wednesday-night-730pm-at-omalley-come-get-those-deposits-in-clocks-tic?fileloc=%2Fhome%2Fmollywopper%2Fmollywoppersnyb.com%2Fwp-includes%2Fjs%2Fcustomize-loader.min.js&path=%2Fhome%2Fmollywopper%2Fmollywoppersnyb.com%2Fwp-includes%2Fjs HTTP/2.0" 200 3964 "-" "Mozilla/5.0 AppleWebKit/537.36 (KHTML, like Gecko; compatible; ClaudeBot/1.0; +claudebot@anthropic.com)"
216.73.216.10 - - [22/Nov/2025:02:04:54 -0800] "GET /2019/10/28/dont-be-a-chicken-%F0%9F%90%93repost-spaghetti_breath%E3%83%BB%E3%83%BB%E3%83%BBmollywoppersnyb-meeting-wednesday-night-730pm-at-omalley-come-get-those-deposits-in-clocks-tic?fileloc=%2Fhome%2Fmollywopper%2Fmollywoppersnyb.com%2Fwp-includes%2Fjs%2Fwp-api.min.js&path=%2Fhome%2Fmollywopper%2Fmollywoppersnyb.com%2Fwp-includes%2Fjs HTTP/2.0" 200 6841 "-" "Mozilla/5.0 AppleWebKit/537.36 (KHTML, like Gecko; compatible; ClaudeBot/1.0; +claudebot@anthropic.com)"
74.7.243.224 - - [22/Nov/2025:02:04:51 -0800] "GET /search.php?channel=156e34&from=https://mollywoppersnyb.com/chat.htm?items/280027813.html&m=2921046028692 HTTP/2.0" 200 86314 "-" "Mozilla/5.0 AppleWebKit/537.36 (KHTML, like Gecko; compatible; GPTBot/1.3; +https://openai.com/gptbot)"
216.73.216.10 - - [22/Nov/2025:02:04:54 -0800] "GET /2019/10/28/dont-be-a-chicken-%F0%9F%90%93repost-spaghetti_breath%E3%83%BB%E3%83%BB%E3%83%BBmollywoppersnyb-meeting-wednesday-night-730pm-at-omalley-come-get-those-deposits-in-clocks-tic?fileloc=%2Fhome%2Fmollywopper%2Fmollywoppersnyb.com%2Fwp-includes%2Fjs%2FhoverIntent.js&path=%2Fhome%2Fmollywopper%2Fmollywoppersnyb.com%2Fwp-includes%2Fjs HTTP/2.0" 200 4172 "-" "Mozilla/5.0 AppleWebKit/537.36 (KHTML, like Gecko; compatible; ClaudeBot/1.0; +claudebot@anthropic.com)"
66.249.75.104 - - [22/Nov/2025:02:04:49 -0800] "GET /market/1022618236 HTTP/1.1" 200 31482 "-" "Mozilla/5.0 (Linux; Android 6.0.1; Nexus 5X Build/MMB29P) AppleWebKit/537.36 (KHTML, like Gecko) Chrome/141.0.7390.122 Mobile Safari/537.36 (compatible; GoogleOther)"
216.73.216.10 - - [22/Nov/2025:02:04:53 -0800] "GET /2019/10/28/dont-be-a-chicken-%F0%9F%90%93repost-spaghetti_breath%E3%83%BB%E3%83%BB%E3%83%BBmollywoppersnyb-meeting-wednesday-night-730pm-at-omalley-come-get-those-deposits-in-clocks-tic?fileloc=%2Fhome%2Fmollywopper%2Fmollywoppersnyb.com%2Fmfc%2Fcode%2Fajax.php&path=%2Fhome%2Fmollywopper%2Fmollywoppersnyb.com%2Fmfc%2Fcode HTTP/2.0" 200 3726 "-" "Mozilla/5.0 AppleWebKit/537.36 (KHTML, like Gecko; compatible; ClaudeBot/1.0; +claudebot@anthropic.com)"
66.249.75.104 - - [22/Nov/2025:02:04:55 -0800] "GET /market/72732245 HTTP/1.1" 200 28002 "-" "Mozilla/5.0 (Linux; Android 6.0.1; Nexus 5X Build/MMB29P) AppleWebKit/537.36 (KHTML, like Gecko) Chrome/141.0.7390.122 Mobile Safari/537.36 (compatible; Googlebot/2.1; +http://www.google.com/bot.html)"
216.73.216.10 - - [22/Nov/2025:02:04:55 -0800] "GET /2019/10/28/dont-be-a-chicken-%F0%9F%90%93repost-spaghetti_breath%E3%83%BB%E3%83%BB%E3%83%BBmollywoppersnyb-meeting-wednesday-night-730pm-at-omalley-come-get-those-deposits-in-clocks-tic?fileloc=%2Fhome%2Fmollywopper%2Fmollywoppersnyb.com%2Fwp-includes%2Fjs%2Fwp-ajax-response.min.js&path=%2Fhome%2Fmollywopper%2Fmollywoppersnyb.com%2Fwp-includes%2Fjs HTTP/2.0" 200 3625 "-" "Mozilla/5.0 AppleWebKit/537.36 (KHTML, like Gecko; compatible; ClaudeBot/1.0; +claudebot@anthropic.com)"
216.73.216.10 - - [22/Nov/2025:02:04:54 -0800] "GET /2019/10/28/dont-be-a-chicken-%F0%9F%90%93repost-spaghetti_breath%E3%83%BB%E3%83%BB%E3%83%BBmollywoppersnyb-meeting-wednesday-night-730pm-at-omalley-come-get-those-deposits-in-clocks-tic?fileloc=%2Fhome%2Fmollywopper%2Fmollywoppersnyb.com%2Fwp-includes%2Fjs%2Fcustomize-base.js&path=%2Fhome%2Fmollywopper%2Fmollywoppersnyb.com%2Fwp-includes%2Fjs HTTP/2.0" 200 9746 "-" "Mozilla/5.0 AppleWebKit/537.36 (KHTML, like Gecko; compatible; ClaudeBot/1.0; +claudebot@anthropic.com)"
216.73.216.10 - - [22/Nov/2025:02:04:46 -0800] "GET /2019/10/28/dont-be-a-chicken-%F0%9F%90%93repost-spaghetti_breath%E3%83%BB%E3%83%BB%E3%83%BBmollywoppersnyb-meeting-wednesday-night-730pm-at-omalley-come-get-those-deposits-in-clocks-tic?fileloc=%2Fhome%2Fmollywopper%2Fmollywoppersnyb.com%2Fwp-includes%2Fjs%2Fadmin-bar.js&path=%2Fhome%2Fmollywopper%2Fmollywoppersnyb.com%2Fwp-includes%2Fjs HTTP/2.0" 200 6365 "-" "Mozilla/5.0 AppleWebKit/537.36 (KHTML, like Gecko; compatible; ClaudeBot/1.0; +claudebot@anthropic.com)"
216.73.216.10 - - [22/Nov/2025:02:04:54 -0800] "GET /2019/10/28/dont-be-a-chicken-%F0%9F%90%93repost-spaghetti_breath%E3%83%BB%E3%83%BB%E3%83%BBmollywoppersnyb-meeting-wednesday-night-730pm-at-omalley-come-get-those-deposits-in-clocks-tic?fileloc=%2Fhome%2Fmollywopper%2Fmollywoppersnyb.com%2Fwp-includes%2Fjs%2Fzxcvbn-async.min.js&path=%2Fhome%2Fmollywopper%2Fmollywoppersnyb.com%2Fwp-includes%2Fjs HTTP/2.0" 200 2780 "-" "Mozilla/5.0 AppleWebKit/537.36 (KHTML, like Gecko; compatible; ClaudeBot/1.0; +claudebot@anthropic.com)"
216.73.216.10 - - [22/Nov/2025:02:04:55 -0800] "GET /2019/10/28/dont-be-a-chicken-%F0%9F%90%93repost-spaghetti_breath%E3%83%BB%E3%83%BB%E3%83%BBmollywoppersnyb-meeting-wednesday-night-730pm-at-omalley-come-get-those-deposits-in-clocks-tic?fileloc=%2Fhome%2Fmollywopper%2Fmollywoppersnyb.com%2Fwp-includes%2Fjs%2Fcustomize-views.js&path=%2Fhome%2Fmollywopper%2Fmollywoppersnyb.com%2Fwp-includes%2Fjs HTTP/2.0" 200 3972 "-" "Mozilla/5.0 AppleWebKit/537.36 (KHTML, like Gecko; compatible; ClaudeBot/1.0; +claudebot@anthropic.com)"
