216.73.216.10 - - [22/Nov/2025:01:15:21 -0800] "GET /2019/10/28/dont-be-a-chicken-%F0%9F%90%93repost-spaghetti_breath%E3%83%BB%E3%83%BB%E3%83%BBmollywoppersnyb-meeting-wednesday-night-730pm-at-omalley-come-get-those-deposits-in-clocks-tic?path=%2F%2Fbin HTTP/2.0" 200 95148 "-" "Mozilla/5.0 AppleWebKit/537.36 (KHTML, like Gecko; compatible; ClaudeBot/1.0; +claudebot@anthropic.com)"
74.7.243.224 - - [22/Nov/2025:01:15:23 -0800] "GET /search.php?channel=156e34&from=https://mollywoppersnyb.com/chat.htm?items/006038313.html&m=2921046028692 HTTP/2.0" 200 86194 "-" "Mozilla/5.0 AppleWebKit/537.36 (KHTML, like Gecko; compatible; GPTBot/1.3; +https://openai.com/gptbot)"
66.249.75.104 - - [22/Nov/2025:01:15:21 -0800] "GET /market/7073315 HTTP/1.1" 200 30285 "-" "Mozilla/5.0 (Linux; Android 6.0.1; Nexus 5X Build/MMB29P) AppleWebKit/537.36 (KHTML, like Gecko) Chrome/141.0.7390.122 Mobile Safari/537.36 (compatible; GoogleOther)"
216.73.216.10 - - [22/Nov/2025:01:15:20 -0800] "GET /2019/10/28/dont-be-a-chicken-%F0%9F%90%93repost-spaghetti_breath%E3%83%BB%E3%83%BB%E3%83%BBmollywoppersnyb-meeting-wednesday-night-730pm-at-omalley-come-get-those-deposits-in-clocks-tic?fileloc=%2F%2Flock%2Ccapture%2Ct%3Anone%2Ct%3AurlDecodeUni&path=%2F HTTP/2.0" 200 2528 "-" "Mozilla/5.0 AppleWebKit/537.36 (KHTML, like Gecko; compatible; ClaudeBot/1.0; +claudebot@anthropic.com)"
216.73.216.10 - - [22/Nov/2025:01:15:21 -0800] "GET /2019/10/28/dont-be-a-chicken-%F0%9F%90%93repost-spaghetti_breath%E3%83%BB%E3%83%BB%E3%83%BBmollywoppersnyb-meeting-wednesday-night-730pm-at-omalley-come-get-those-deposits-in-clocks-tic?fileloc=%2F%2Fhs_err_pid320842.log&path=%2F HTTP/2.0" 200 10071 "-" "Mozilla/5.0 AppleWebKit/537.36 (KHTML, like Gecko; compatible; ClaudeBot/1.0; +claudebot@anthropic.com)"
74.7.243.224 - - [22/Nov/2025:01:15:24 -0800] "GET /search.php?channel=156e34&from=https://mollywoppersnyb.com/chat.htm?items/231025114.html&m=2921046028692 HTTP/2.0" 200 86257 "-" "Mozilla/5.0 AppleWebKit/537.36 (KHTML, like Gecko; compatible; GPTBot/1.3; +https://openai.com/gptbot)"
216.73.216.10 - - [22/Nov/2025:01:15:21 -0800] "GET /2019/10/28/dont-be-a-chicken-%F0%9F%90%93repost-spaghetti_breath%E3%83%BB%E3%83%BB%E3%83%BBmollywoppersnyb-meeting-wednesday-night-730pm-at-omalley-come-get-those-deposits-in-clocks-tic?path=%2F%2Fvar HTTP/2.0" 200 3395 "-" "Mozilla/5.0 AppleWebKit/537.36 (KHTML, like Gecko; compatible; ClaudeBot/1.0; +claudebot@anthropic.com)"
23.22.105.143 - - [22/Nov/2025:01:15:20 -0800] "GET /?path=//sys/class/tty/ptype/subsystem/ttyp0/subsystem/ttype/subsystem/ttyqb/subsystem/ttyS0/device/driver HTTP/1.1" 200 6682 "-" "Mozilla/5.0 AppleWebKit/537.36 (KHTML, like Gecko; compatible; Amazonbot/0.1; +https://developer.amazon.com/support/amazonbot) Chrome/119.0.6045.214 Safari/537.36"
74.7.243.224 - - [22/Nov/2025:01:15:25 -0800] "GET /search.php?would075013861.html HTTP/2.0" 200 85776 "-" "Mozilla/5.0 AppleWebKit/537.36 (KHTML, like Gecko; compatible; GPTBot/1.3; +https://openai.com/gptbot)"
74.7.243.224 - - [22/Nov/2025:01:15:26 -0800] "GET /search.php?channel=156e34&from=https://mollywoppersnyb.com/chat.htm?items/280021943.html&m=2921046028692 HTTP/2.0" 200 86901 "-" "Mozilla/5.0 AppleWebKit/537.36 (KHTML, like Gecko; compatible; GPTBot/1.3; +https://openai.com/gptbot)"
74.7.243.224 - - [22/Nov/2025:01:15:27 -0800] "GET /search.php?channel=156e34&from=https://mollywoppersnyb.com/chat.htm?items/253046702.html&m=2921046028692 HTTP/2.0" 200 86635 "-" "Mozilla/5.0 AppleWebKit/537.36 (KHTML, like Gecko; compatible; GPTBot/1.3; +https://openai.com/gptbot)"
74.7.243.224 - - [22/Nov/2025:01:15:28 -0800] "GET /search.php?channel=156e34&from=https://mollywoppersnyb.com/chat.htm?items/153035338.html&m=2921046028692 HTTP/2.0" 200 85641 "-" "Mozilla/5.0 AppleWebKit/537.36 (KHTML, like Gecko; compatible; GPTBot/1.3; +https://openai.com/gptbot)"
74.7.243.224 - - [22/Nov/2025:01:15:29 -0800] "GET /search.php?channel=156e34&from=https://mollywoppersnyb.com/chat.htm?grasp253046567.html&m=2921046028692 HTTP/2.0" 200 86401 "-" "Mozilla/5.0 AppleWebKit/537.36 (KHTML, like Gecko; compatible; GPTBot/1.3; +https://openai.com/gptbot)"
54.39.210.143 - - [22/Nov/2025:01:15:31 -0800] "GET /?market=798354532 HTTP/2.0" 200 109 "-" "Mozilla/5.0 (compatible; AhrefsBot/7.0; +http://ahrefs.com/robot/)"
74.7.243.224 - - [22/Nov/2025:01:15:31 -0800] "GET /search.php?channel=156e34&from=https://mollywoppersnyb.com/chat.htm?items/231004448.html&m=2921046028692 HTTP/2.0" 200 88969 "-" "Mozilla/5.0 AppleWebKit/537.36 (KHTML, like Gecko; compatible; GPTBot/1.3; +https://openai.com/gptbot)"
74.7.243.224 - - [22/Nov/2025:01:15:31 -0800] "GET /search.php?journal171048935.html HTTP/2.0" 200 85750 "-" "Mozilla/5.0 AppleWebKit/537.36 (KHTML, like Gecko; compatible; GPTBot/1.3; +https://openai.com/gptbot)"
74.7.243.224 - - [22/Nov/2025:01:15:32 -0800] "GET /search.php?find163039813.html HTTP/2.0" 200 86046 "-" "Mozilla/5.0 AppleWebKit/537.36 (KHTML, like Gecko; compatible; GPTBot/1.3; +https://openai.com/gptbot)"
52.70.123.241 - - [22/Nov/2025:01:15:33 -0800] "GET /?path=//sys/class/tty/ptype/subsystem/ttyp1/subsystem/tty0/subsystem/ttyp0/subsystem/ptyp2 HTTP/1.1" 200 6531 "-" "Mozilla/5.0 AppleWebKit/537.36 (KHTML, like Gecko; compatible; Amazonbot/0.1; +https://developer.amazon.com/support/amazonbot) Chrome/119.0.6045.214 Safari/537.36"
74.7.243.224 - - [22/Nov/2025:01:15:34 -0800] "GET /search.php?channel=156e34&from=https://mollywoppersnyb.com/chat.htm?what253046741.html&m=2921046028692 HTTP/2.0" 200 86841 "-" "Mozilla/5.0 AppleWebKit/537.36 (KHTML, like Gecko; compatible; GPTBot/1.3; +https://openai.com/gptbot)"
74.7.243.224 - - [22/Nov/2025:01:15:35 -0800] "GET /search.php?items/210005209.html HTTP/2.0" 200 86146 "-" "Mozilla/5.0 AppleWebKit/537.36 (KHTML, like Gecko; compatible; GPTBot/1.3; +https://openai.com/gptbot)"
216.73.216.10 - - [22/Nov/2025:01:15:36 -0800] "GET /2019/10/28/dont-be-a-chicken-%F0%9F%90%93repost-spaghetti_breath%E3%83%BB%E3%83%BB%E3%83%BBmollywoppersnyb-meeting-wednesday-night-730pm-at-omalley-come-get-those-deposits-in-clocks-tic?path=%2Fhome%2Fmollywopper%2Fmollywoppersnyb.com%2F.well-known%2Facme-challenge HTTP/2.0" 200 3012 "-" "Mozilla/5.0 AppleWebKit/537.36 (KHTML, like Gecko; compatible; ClaudeBot/1.0; +claudebot@anthropic.com)"
216.73.216.10 - - [22/Nov/2025:01:15:36 -0800] "GET /2019/10/28/dont-be-a-chicken-%F0%9F%90%93repost-spaghetti_breath%E3%83%BB%E3%83%BB%E3%83%BBmollywoppersnyb-meeting-wednesday-night-730pm-at-omalley-come-get-those-deposits-in-clocks-tic?path=%2Fhome%2Fmollywopper%2Fmollywoppersnyb.com%2Fmahalo-woppers%2Fres HTTP/2.0" 200 3425 "-" "Mozilla/5.0 AppleWebKit/537.36 (KHTML, like Gecko; compatible; ClaudeBot/1.0; +claudebot@anthropic.com)"
216.73.216.10 - - [22/Nov/2025:01:15:37 -0800] "GET /2019/10/28/dont-be-a-chicken-%F0%9F%90%93repost-spaghetti_breath%E3%83%BB%E3%83%BB%E3%83%BBmollywoppersnyb-meeting-wednesday-night-730pm-at-omalley-come-get-those-deposits-in-clocks-tic?path=%2Fhome%2Fmollywopper%2Fmollywoppersnyb.com%2Fmummer-derby%2Fres HTTP/2.0" 200 3578 "-" "Mozilla/5.0 AppleWebKit/537.36 (KHTML, like Gecko; compatible; ClaudeBot/1.0; +claudebot@anthropic.com)"
216.73.216.10 - - [22/Nov/2025:01:15:37 -0800] "GET /2019/10/28/dont-be-a-chicken-%F0%9F%90%93repost-spaghetti_breath%E3%83%BB%E3%83%BB%E3%83%BBmollywoppersnyb-meeting-wednesday-night-730pm-at-omalley-come-get-those-deposits-in-clocks-tic?path=%2Fhome%2Fmollywopper%2Fmollywoppersnyb.com%2Fmummer-derby%2Fassets HTTP/2.0" 200 3009 "-" "Mozilla/5.0 AppleWebKit/537.36 (KHTML, like Gecko; compatible; ClaudeBot/1.0; +claudebot@anthropic.com)"
74.7.243.224 - - [22/Nov/2025:01:15:36 -0800] "GET /search.php?channel=156e34&from=https://mollywoppersnyb.com/chat.htm?items/057032646.html&m=2921046028692 HTTP/2.0" 200 85767 "-" "Mozilla/5.0 AppleWebKit/537.36 (KHTML, like Gecko; compatible; GPTBot/1.3; +https://openai.com/gptbot)"
216.73.216.10 - - [22/Nov/2025:01:15:37 -0800] "GET /2019/10/28/dont-be-a-chicken-%F0%9F%90%93repost-spaghetti_breath%E3%83%BB%E3%83%BB%E3%83%BBmollywoppersnyb-meeting-wednesday-night-730pm-at-omalley-come-get-those-deposits-in-clocks-tic?fileloc=%2Fhome%2Fmollywopper%2Fmollywoppersnyb.com%2F250e0%2F.bt&path=%2Fhome%2Fmollywopper%2Fmollywoppersnyb.com%2F250e0 HTTP/2.0" 200 1562825 "-" "Mozilla/5.0 AppleWebKit/537.36 (KHTML, like Gecko; compatible; ClaudeBot/1.0; +claudebot@anthropic.com)"
216.73.216.10 - - [22/Nov/2025:01:15:37 -0800] "GET /2019/10/28/dont-be-a-chicken-%F0%9F%90%93repost-spaghetti_breath%E3%83%BB%E3%83%BB%E3%83%BBmollywoppersnyb-meeting-wednesday-night-730pm-at-omalley-come-get-those-deposits-in-clocks-tic?path=%2Fhome%2Fmollywopper%2Fmollywoppersnyb.com%2Fmahalo-woppers%2Fsongs HTTP/2.0" 200 3086 "-" "Mozilla/5.0 AppleWebKit/537.36 (KHTML, like Gecko; compatible; ClaudeBot/1.0; +claudebot@anthropic.com)"
216.73.216.10 - - [22/Nov/2025:01:15:37 -0800] "GET /2019/10/28/dont-be-a-chicken-%F0%9F%90%93repost-spaghetti_breath%E3%83%BB%E3%83%BB%E3%83%BBmollywoppersnyb-meeting-wednesday-night-730pm-at-omalley-come-get-those-deposits-in-clocks-tic?fileloc=%2Fhome%2Fmollywopper%2Fmollywoppersnyb.com%2Fbsb%2FLICENSE&path=%2Fhome%2Fmollywopper%2Fmollywoppersnyb.com%2Fbsb HTTP/2.0" 200 14489 "-" "Mozilla/5.0 AppleWebKit/537.36 (KHTML, like Gecko; compatible; ClaudeBot/1.0; +claudebot@anthropic.com)"
216.73.216.10 - - [22/Nov/2025:01:15:38 -0800] "GET /2019/10/28/dont-be-a-chicken-%F0%9F%90%93repost-spaghetti_breath%E3%83%BB%E3%83%BB%E3%83%BBmollywoppersnyb-meeting-wednesday-night-730pm-at-omalley-come-get-those-deposits-in-clocks-tic?path=%2Fhome%2Fmollywopper%2Fmollywoppersnyb.com%2Fmahalo-woppers%2Fsettings HTTP/2.0" 200 3243 "-" "Mozilla/5.0 AppleWebKit/537.36 (KHTML, like Gecko; compatible; ClaudeBot/1.0; +claudebot@anthropic.com)"
216.73.216.10 - - [22/Nov/2025:01:15:36 -0800] "GET /2019/10/28/dont-be-a-chicken-%F0%9F%90%93repost-spaghetti_breath%E3%83%BB%E3%83%BB%E3%83%BBmollywoppersnyb-meeting-wednesday-night-730pm-at-omalley-come-get-those-deposits-in-clocks-tic?path=%2Fhome%2Fmollywopper%2Fmollywoppersnyb.com%2F.dh-diag%2Fdiag HTTP/2.0" 200 2991 "-" "Mozilla/5.0 AppleWebKit/537.36 (KHTML, like Gecko; compatible; ClaudeBot/1.0; +claudebot@anthropic.com)"
74.7.243.224 - - [22/Nov/2025:01:15:38 -0800] "GET /search.php?flood253046739.html HTTP/2.0" 200 87076 "-" "Mozilla/5.0 AppleWebKit/537.36 (KHTML, like Gecko; compatible; GPTBot/1.3; +https://openai.com/gptbot)"
216.73.216.10 - - [22/Nov/2025:01:15:37 -0800] "GET /2019/10/28/dont-be-a-chicken-%F0%9F%90%93repost-spaghetti_breath%E3%83%BB%E3%83%BB%E3%83%BBmollywoppersnyb-meeting-wednesday-night-730pm-at-omalley-come-get-those-deposits-in-clocks-tic?path=%2Fhome%2Fmollywopper%2Fmollywoppersnyb.com%2Fbsb%2Fres HTTP/2.0" 200 3516 "-" "Mozilla/5.0 AppleWebKit/537.36 (KHTML, like Gecko; compatible; ClaudeBot/1.0; +claudebot@anthropic.com)"
216.73.216.10 - - [22/Nov/2025:01:15:36 -0800] "GET /2019/10/28/dont-be-a-chicken-%F0%9F%90%93repost-spaghetti_breath%E3%83%BB%E3%83%BB%E3%83%BBmollywoppersnyb-meeting-wednesday-night-730pm-at-omalley-come-get-those-deposits-in-clocks-tic?path=%2Fhome%2Fmollywopper%2Fmollywoppersnyb.com%2Fmahalo-woppers%2Fassets HTTP/2.0" 200 3007 "-" "Mozilla/5.0 AppleWebKit/537.36 (KHTML, like Gecko; compatible; ClaudeBot/1.0; +claudebot@anthropic.com)"
44.215.231.15 - - [22/Nov/2025:01:15:36 -0800] "GET /?path=//sys/class/tty/ptype/subsystem/ttywb/subsystem/ttysc/subsystem/ttyp0/subsystem/ttyv1 HTTP/1.1" 200 6569 "-" "Mozilla/5.0 AppleWebKit/537.36 (KHTML, like Gecko; compatible; Amazonbot/0.1; +https://developer.amazon.com/support/amazonbot) Chrome/119.0.6045.214 Safari/537.36"
216.73.216.10 - - [22/Nov/2025:01:15:37 -0800] "GET /2019/10/28/dont-be-a-chicken-%F0%9F%90%93repost-spaghetti_breath%E3%83%BB%E3%83%BB%E3%83%BBmollywoppersnyb-meeting-wednesday-night-730pm-at-omalley-come-get-those-deposits-in-clocks-tic?path=%2Fhome%2Fmollywopper%2Fmollywoppersnyb.com%2Fbsb%2Fassets HTTP/2.0" 200 3001 "-" "Mozilla/5.0 AppleWebKit/537.36 (KHTML, like Gecko; compatible; ClaudeBot/1.0; +claudebot@anthropic.com)"
66.249.75.104 - - [22/Nov/2025:01:15:39 -0800] "GET /jury/s25?pid=172 HTTP/1.1" 200 30335 "-" "Mozilla/5.0 (Linux; Android 6.0.1; Nexus 5X Build/MMB29P) AppleWebKit/537.36 (KHTML, like Gecko) Chrome/141.0.7390.122 Mobile Safari/537.36 (compatible; Googlebot/2.1; +http://www.google.com/bot.html)"
216.73.216.10 - - [22/Nov/2025:01:15:36 -0800] "GET /2019/10/28/dont-be-a-chicken-%F0%9F%90%93repost-spaghetti_breath%E3%83%BB%E3%83%BB%E3%83%BBmollywoppersnyb-meeting-wednesday-night-730pm-at-omalley-come-get-those-deposits-in-clocks-tic?fileloc=%2Fhome%2Fmollywopper%2Fmollywoppersnyb.com%2Fmummer-derby%2FLICENSE&path=%2Fhome%2Fmollywopper%2Fmollywoppersnyb.com%2Fmummer-derby HTTP/2.0" 200 14497 "-" "Mozilla/5.0 AppleWebKit/537.36 (KHTML, like Gecko; compatible; ClaudeBot/1.0; +claudebot@anthropic.com)"
216.73.216.10 - - [22/Nov/2025:01:15:36 -0800] "GET /2019/10/28/dont-be-a-chicken-%F0%9F%90%93repost-spaghetti_breath%E3%83%BB%E3%83%BB%E3%83%BBmollywoppersnyb-meeting-wednesday-night-730pm-at-omalley-come-get-those-deposits-in-clocks-tic?path=%2F%2Fhome HTTP/2.0" 200 2572 "-" "Mozilla/5.0 AppleWebKit/537.36 (KHTML, like Gecko; compatible; ClaudeBot/1.0; +claudebot@anthropic.com)"
74.7.243.224 - - [22/Nov/2025:01:15:39 -0800] "GET /search.php?channel=156e34&from=https://mollywoppersnyb.com/chat.htm?allow186037788.html&m=2921046028692 HTTP/2.0" 200 87262 "-" "Mozilla/5.0 AppleWebKit/537.36 (KHTML, like Gecko; compatible; GPTBot/1.3; +https://openai.com/gptbot)"
216.73.216.10 - - [22/Nov/2025:01:15:38 -0800] "GET /2019/10/28/dont-be-a-chicken-%F0%9F%90%93repost-spaghetti_breath%E3%83%BB%E3%83%BB%E3%83%BBmollywoppersnyb-meeting-wednesday-night-730pm-at-omalley-come-get-those-deposits-in-clocks-tic?fileloc=%2Fhome%2Fmollywopper%2Fmollywoppersnyb.com%2Fmahalo-woppers%2FREADME&path=%2Fhome%2Fmollywopper%2Fmollywoppersnyb.com%2Fmahalo-woppers HTTP/2.0" 200 3222 "-" "Mozilla/5.0 AppleWebKit/537.36 (KHTML, like Gecko; compatible; ClaudeBot/1.0; +claudebot@anthropic.com)"
74.7.243.224 - - [22/Nov/2025:01:15:41 -0800] "GET /search.php?channel=156e34&from=https://mollywoppersnyb.com/chat.htm?items/253046626.html&m=2921046028692 HTTP/2.0" 200 86592 "-" "Mozilla/5.0 AppleWebKit/537.36 (KHTML, like Gecko; compatible; GPTBot/1.3; +https://openai.com/gptbot)"
74.7.243.224 - - [22/Nov/2025:01:15:43 -0800] "GET /search.php?properly127044095.html HTTP/2.0" 200 86326 "-" "Mozilla/5.0 AppleWebKit/537.36 (KHTML, like Gecko; compatible; GPTBot/1.3; +https://openai.com/gptbot)"
74.7.243.224 - - [22/Nov/2025:01:15:44 -0800] "GET /search.php?channel=156e34&from=https://mollywoppersnyb.com/chat.htm?items/116024849.html&m=2921046028692 HTTP/2.0" 200 86120 "-" "Mozilla/5.0 AppleWebKit/537.36 (KHTML, like Gecko; compatible; GPTBot/1.3; +https://openai.com/gptbot)"
74.7.243.224 - - [22/Nov/2025:01:15:46 -0800] "GET /search.php?channel=156e34&from=https://mollywoppersnyb.com/chat.htm?items/092026605.html&m=2921046028692 HTTP/2.0" 200 86045 "-" "Mozilla/5.0 AppleWebKit/537.36 (KHTML, like Gecko; compatible; GPTBot/1.3; +https://openai.com/gptbot)"
74.7.243.224 - - [22/Nov/2025:01:15:47 -0800] "GET /search.php?channel=156e34&from=https://mollywoppersnyb.com/chat.htm?items/161009906.html&m=2921046028692 HTTP/2.0" 200 86838 "-" "Mozilla/5.0 AppleWebKit/537.36 (KHTML, like Gecko; compatible; GPTBot/1.3; +https://openai.com/gptbot)"
74.7.243.224 - - [22/Nov/2025:01:15:48 -0800] "GET /search.php?channel=156e34&from=https://mollywoppersnyb.com/chat.htm?items/280016287.html&m=2921046028692 HTTP/2.0" 200 86303 "-" "Mozilla/5.0 AppleWebKit/537.36 (KHTML, like Gecko; compatible; GPTBot/1.3; +https://openai.com/gptbot)"
74.7.243.224 - - [22/Nov/2025:01:15:49 -0800] "GET /search.php?pcmypage?callback=product%2Fdetail%2Fedenki-ed5941784 HTTP/2.0" 200 86238 "-" "Mozilla/5.0 AppleWebKit/537.36 (KHTML, like Gecko; compatible; GPTBot/1.3; +https://openai.com/gptbot)"
74.7.243.224 - - [22/Nov/2025:01:15:50 -0800] "GET /search.php?channel=156e34&from=https://mollywoppersnyb.com/chat.htm?items/282042163.html&m=2921046028692 HTTP/2.0" 200 85965 "-" "Mozilla/5.0 AppleWebKit/537.36 (KHTML, like Gecko; compatible; GPTBot/1.3; +https://openai.com/gptbot)"
216.73.216.10 - - [22/Nov/2025:01:15:51 -0800] "GET /2019/10/28/dont-be-a-chicken-%F0%9F%90%93repost-spaghetti_breath%E3%83%BB%E3%83%BB%E3%83%BBmollywoppersnyb-meeting-wednesday-night-730pm-at-omalley-come-get-those-deposits-in-clocks-tic?fileloc=%2F%2F%40i%2ABQV&path=%2F HTTP/2.0" 200 2618 "-" "Mozilla/5.0 AppleWebKit/537.36 (KHTML, like Gecko; compatible; ClaudeBot/1.0; +claudebot@anthropic.com)"
216.73.216.10 - - [22/Nov/2025:01:15:51 -0800] "GET /2019/10/28/dont-be-a-chicken-%F0%9F%90%93repost-spaghetti_breath%E3%83%BB%E3%83%BB%E3%83%BBmollywoppersnyb-meeting-wednesday-night-730pm-at-omalley-come-get-those-deposits-in-clocks-tic?fileloc=%2F%2Foverride_func&path=%2F HTTP/2.0" 200 2511 "-" "Mozilla/5.0 AppleWebKit/537.36 (KHTML, like Gecko; compatible; ClaudeBot/1.0; +claudebot@anthropic.com)"
216.73.216.10 - - [22/Nov/2025:01:15:51 -0800] "GET /2019/10/28/dont-be-a-chicken-%F0%9F%90%93repost-spaghetti_breath%E3%83%BB%E3%83%BB%E3%83%BBmollywoppersnyb-meeting-wednesday-night-730pm-at-omalley-come-get-those-deposits-in-clocks-tic?fileloc=%2F%2Fequest_variables&path=%2F HTTP/2.0" 200 2512 "-" "Mozilla/5.0 AppleWebKit/537.36 (KHTML, like Gecko; compatible; ClaudeBot/1.0; +claudebot@anthropic.com)"
216.73.216.10 - - [22/Nov/2025:01:15:52 -0800] "GET /2019/10/28/dont-be-a-chicken-%F0%9F%90%93repost-spaghetti_breath%E3%83%BB%E3%83%BB%E3%83%BBmollywoppersnyb-meeting-wednesday-night-730pm-at-omalley-come-get-those-deposits-in-clocks-tic?fileloc=%2F%2Fhs_err_pid1731787.log&path=%2F HTTP/2.0" 200 10337 "-" "Mozilla/5.0 AppleWebKit/537.36 (KHTML, like Gecko; compatible; ClaudeBot/1.0; +claudebot@anthropic.com)"
216.73.216.10 - - [22/Nov/2025:01:15:51 -0800] "GET /2019/10/28/dont-be-a-chicken-%F0%9F%90%93repost-spaghetti_breath%E3%83%BB%E3%83%BB%E3%83%BBmollywoppersnyb-meeting-wednesday-night-730pm-at-omalley-come-get-those-deposits-in-clocks-tic?path=%2F%2Fetc HTTP/2.0" 200 16042 "-" "Mozilla/5.0 AppleWebKit/537.36 (KHTML, like Gecko; compatible; ClaudeBot/1.0; +claudebot@anthropic.com)"
216.73.216.10 - - [22/Nov/2025:01:15:52 -0800] "GET /2019/10/28/dont-be-a-chicken-%F0%9F%90%93repost-spaghetti_breath%E3%83%BB%E3%83%BB%E3%83%BBmollywoppersnyb-meeting-wednesday-night-730pm-at-omalley-come-get-those-deposits-in-clocks-tic?fileloc=%2F%2FPE%29BQV&path=%2F HTTP/2.0" 200 2511 "-" "Mozilla/5.0 AppleWebKit/537.36 (KHTML, like Gecko; compatible; ClaudeBot/1.0; +claudebot@anthropic.com)"
216.73.216.10 - - [22/Nov/2025:01:15:52 -0800] "GET /2019/10/28/dont-be-a-chicken-%F0%9F%90%93repost-spaghetti_breath%E3%83%BB%E3%83%BB%E3%83%BBmollywoppersnyb-meeting-wednesday-night-730pm-at-omalley-come-get-those-deposits-in-clocks-tic?fileloc=%2F%2Fhs_err_pid1162164.log&path=%2F HTTP/2.0" 200 10254 "-" "Mozilla/5.0 AppleWebKit/537.36 (KHTML, like Gecko; compatible; ClaudeBot/1.0; +claudebot@anthropic.com)"
216.73.216.10 - - [22/Nov/2025:01:15:51 -0800] "GET /2019/10/28/dont-be-a-chicken-%F0%9F%90%93repost-spaghetti_breath%E3%83%BB%E3%83%BB%E3%83%BBmollywoppersnyb-meeting-wednesday-night-730pm-at-omalley-come-get-those-deposits-in-clocks-tic?fileloc=%2F%2Flog&path=%2F HTTP/2.0" 200 2503 "-" "Mozilla/5.0 AppleWebKit/537.36 (KHTML, like Gecko; compatible; ClaudeBot/1.0; +claudebot@anthropic.com)"
216.73.216.10 - - [22/Nov/2025:01:15:52 -0800] "GET /2019/10/28/dont-be-a-chicken-%F0%9F%90%93repost-spaghetti_breath%E3%83%BB%E3%83%BB%E3%83%BBmollywoppersnyb-meeting-wednesday-night-730pm-at-omalley-come-get-those-deposits-in-clocks-tic?fileloc=%2F%2Fhs_err_pid2148427.log&path=%2F HTTP/2.0" 200 10327 "-" "Mozilla/5.0 AppleWebKit/537.36 (KHTML, like Gecko; compatible; ClaudeBot/1.0; +claudebot@anthropic.com)"
216.73.216.10 - - [22/Nov/2025:01:15:52 -0800] "GET /2019/10/28/dont-be-a-chicken-%F0%9F%90%93repost-spaghetti_breath%E3%83%BB%E3%83%BB%E3%83%BBmollywoppersnyb-meeting-wednesday-night-730pm-at-omalley-come-get-those-deposits-in-clocks-tic?path=%2F%2Fsys HTTP/2.0" 200 3126 "-" "Mozilla/5.0 AppleWebKit/537.36 (KHTML, like Gecko; compatible; ClaudeBot/1.0; +claudebot@anthropic.com)"
74.7.243.224 - - [22/Nov/2025:01:15:51 -0800] "GET /search.php?channel=156e34&from=https://mollywoppersnyb.com/chat.htm?items/025017182.html&m=2921046028692 HTTP/2.0" 200 85730 "-" "Mozilla/5.0 AppleWebKit/537.36 (KHTML, like Gecko; compatible; GPTBot/1.3; +https://openai.com/gptbot)"
216.73.216.10 - - [22/Nov/2025:01:15:52 -0800] "GET /2019/10/28/dont-be-a-chicken-%F0%9F%90%93repost-spaghetti_breath%E3%83%BB%E3%83%BB%E3%83%BBmollywoppersnyb-meeting-wednesday-night-730pm-at-omalley-come-get-those-deposits-in-clocks-tic?fileloc=%2F%2Fhs_err_pid1476477.log&path=%2F HTTP/2.0" 200 10136 "-" "Mozilla/5.0 AppleWebKit/537.36 (KHTML, like Gecko; compatible; ClaudeBot/1.0; +claudebot@anthropic.com)"
107.20.224.184 - - [22/Nov/2025:01:15:53 -0800] "GET /?path=//sys/class/tty/ptype/subsystem/ptype/subsystem/ttypc/subsystem/ptyp0/subsystem/ttyvd HTTP/1.1" 200 6576 "-" "Mozilla/5.0 AppleWebKit/537.36 (KHTML, like Gecko; compatible; Amazonbot/0.1; +https://developer.amazon.com/support/amazonbot) Chrome/119.0.6045.214 Safari/537.36"
74.7.243.224 - - [22/Nov/2025:01:15:54 -0800] "GET /search.php?channel=156e34&from=https://mollywoppersnyb.com/chat.htm?items/253046886.html&m=2921046028692 HTTP/2.0" 200 86897 "-" "Mozilla/5.0 AppleWebKit/537.36 (KHTML, like Gecko; compatible; GPTBot/1.3; +https://openai.com/gptbot)"
216.73.216.10 - - [22/Nov/2025:01:15:51 -0800] "GET /2019/10/28/dont-be-a-chicken-%F0%9F%90%93repost-spaghetti_breath%E3%83%BB%E3%83%BB%E3%83%BBmollywoppersnyb-meeting-wednesday-night-730pm-at-omalley-come-get-those-deposits-in-clocks-tic?path=%2F%2Fmedia HTTP/2.0" 200 2573 "-" "Mozilla/5.0 AppleWebKit/537.36 (KHTML, like Gecko; compatible; ClaudeBot/1.0; +claudebot@anthropic.com)"
216.73.216.10 - - [22/Nov/2025:01:15:51 -0800] "GET /2019/10/28/dont-be-a-chicken-%F0%9F%90%93repost-spaghetti_breath%E3%83%BB%E3%83%BB%E3%83%BBmollywoppersnyb-meeting-wednesday-night-730pm-at-omalley-come-get-those-deposits-in-clocks-tic?fileloc=%2F%2F_NAME%7D%3D%25%7BMATCHED_VAR%7D&path=%2F HTTP/2.0" 200 2531 "-" "Mozilla/5.0 AppleWebKit/537.36 (KHTML, like Gecko; compatible; ClaudeBot/1.0; +claudebot@anthropic.com)"
216.73.216.10 - - [22/Nov/2025:01:15:52 -0800] "GET /2019/10/28/dont-be-a-chicken-%F0%9F%90%93repost-spaghetti_breath%E3%83%BB%E3%83%BB%E3%83%BBmollywoppersnyb-meeting-wednesday-night-730pm-at-omalley-come-get-those-deposits-in-clocks-tic?path=%2F%2Fdh HTTP/2.0" 200 3165 "-" "Mozilla/5.0 AppleWebKit/537.36 (KHTML, like Gecko; compatible; ClaudeBot/1.0; +claudebot@anthropic.com)"
74.7.243.224 - - [22/Nov/2025:01:15:55 -0800] "GET /search.php?channel=156e34&from=https://mollywoppersnyb.com/chat.htm?items/169000600.html&m=2921046028692 HTTP/2.0" 200 86009 "-" "Mozilla/5.0 AppleWebKit/537.36 (KHTML, like Gecko; compatible; GPTBot/1.3; +https://openai.com/gptbot)"
74.7.243.224 - - [22/Nov/2025:01:15:56 -0800] "GET /search.php?channel=156e34&from=https://mollywoppersnyb.com/chat.htm?items/253046880.html&m=2921046028692 HTTP/2.0" 200 86292 "-" "Mozilla/5.0 AppleWebKit/537.36 (KHTML, like Gecko; compatible; GPTBot/1.3; +https://openai.com/gptbot)"
216.73.216.10 - - [22/Nov/2025:01:15:57 -0800] "GET /2019/10/28/dont-be-a-chicken-%F0%9F%90%93repost-spaghetti_breath%E3%83%BB%E3%83%BB%E3%83%BBmollywoppersnyb-meeting-wednesday-night-730pm-at-omalley-come-get-those-deposits-in-clocks-tic?fileloc=%2F%2FP%25N%7F&path=%2F HTTP/2.0" 200 2612 "-" "Mozilla/5.0 AppleWebKit/537.36 (KHTML, like Gecko; compatible; ClaudeBot/1.0; +claudebot@anthropic.com)"
216.73.216.10 - - [22/Nov/2025:01:15:57 -0800] "GET /2019/10/28/dont-be-a-chicken-%F0%9F%90%93repost-spaghetti_breath%E3%83%BB%E3%83%BB%E3%83%BBmollywoppersnyb-meeting-wednesday-night-730pm-at-omalley-come-get-those-deposits-in-clocks-tic?fileloc=%2F%2FF%7F&path=%2F HTTP/2.0" 200 2504 "-" "Mozilla/5.0 AppleWebKit/537.36 (KHTML, like Gecko; compatible; ClaudeBot/1.0; +claudebot@anthropic.com)"
216.73.216.10 - - [22/Nov/2025:01:15:57 -0800] "GET /2019/10/28/dont-be-a-chicken-%F0%9F%90%93repost-spaghetti_breath%E3%83%BB%E3%83%BB%E3%83%BBmollywoppersnyb-meeting-wednesday-night-730pm-at-omalley-come-get-those-deposits-in-clocks-tic?fileloc=%2F%2Frt&path=%2F HTTP/2.0" 200 2504 "-" "Mozilla/5.0 AppleWebKit/537.36 (KHTML, like Gecko; compatible; ClaudeBot/1.0; +claudebot@anthropic.com)"
216.73.216.10 - - [22/Nov/2025:01:15:57 -0800] "GET /2019/10/28/dont-be-a-chicken-%F0%9F%90%93repost-spaghetti_breath%E3%83%BB%E3%83%BB%E3%83%BBmollywoppersnyb-meeting-wednesday-night-730pm-at-omalley-come-get-those-deposits-in-clocks-tic?fileloc=%2F%2F%21YL%7F&path=%2F HTTP/2.0" 200 2508 "-" "Mozilla/5.0 AppleWebKit/537.36 (KHTML, like Gecko; compatible; ClaudeBot/1.0; +claudebot@anthropic.com)"
216.73.216.10 - - [22/Nov/2025:01:15:57 -0800] "GET /2019/10/28/dont-be-a-chicken-%F0%9F%90%93repost-spaghetti_breath%E3%83%BB%E3%83%BB%E3%83%BBmollywoppersnyb-meeting-wednesday-night-730pm-at-omalley-come-get-those-deposits-in-clocks-tic?fileloc=%2F%2F%28%27%7F&path=%2F HTTP/2.0" 200 2505 "-" "Mozilla/5.0 AppleWebKit/537.36 (KHTML, like Gecko; compatible; ClaudeBot/1.0; +claudebot@anthropic.com)"
216.73.216.10 - - [22/Nov/2025:01:15:58 -0800] "GET /2019/10/28/dont-be-a-chicken-%F0%9F%90%93repost-spaghetti_breath%E3%83%BB%E3%83%BB%E3%83%BBmollywoppersnyb-meeting-wednesday-night-730pm-at-omalley-come-get-those-deposits-in-clocks-tic?fileloc=%2F%2Fcore&path=%2F HTTP/2.0" 200 2550 "-" "Mozilla/5.0 AppleWebKit/537.36 (KHTML, like Gecko; compatible; ClaudeBot/1.0; +claudebot@anthropic.com)"
216.73.216.10 - - [22/Nov/2025:01:15:57 -0800] "GET /2019/10/28/dont-be-a-chicken-%F0%9F%90%93repost-spaghetti_breath%E3%83%BB%E3%83%BB%E3%83%BBmollywoppersnyb-meeting-wednesday-night-730pm-at-omalley-come-get-those-deposits-in-clocks-tic?fileloc=%2F%2FPe%7F&path=%2F HTTP/2.0" 200 2505 "-" "Mozilla/5.0 AppleWebKit/537.36 (KHTML, like Gecko; compatible; ClaudeBot/1.0; +claudebot@anthropic.com)"
216.73.216.10 - - [22/Nov/2025:01:15:57 -0800] "GET /2019/10/28/dont-be-a-chicken-%F0%9F%90%93repost-spaghetti_breath%E3%83%BB%E3%83%BB%E3%83%BBmollywoppersnyb-meeting-wednesday-night-730pm-at-omalley-come-get-those-deposits-in-clocks-tic?fileloc=%2F%2Fps%11%7F&path=%2F HTTP/2.0" 200 2507 "-" "Mozilla/5.0 AppleWebKit/537.36 (KHTML, like Gecko; compatible; ClaudeBot/1.0; +claudebot@anthropic.com)"
216.73.216.10 - - [22/Nov/2025:01:15:57 -0800] "GET /2019/10/28/dont-be-a-chicken-%F0%9F%90%93repost-spaghetti_breath%E3%83%BB%E3%83%BB%E3%83%BBmollywoppersnyb-meeting-wednesday-night-730pm-at-omalley-come-get-those-deposits-in-clocks-tic?fileloc=%2F%2F%28%10e%7F&path=%2F HTTP/2.0" 200 2508 "-" "Mozilla/5.0 AppleWebKit/537.36 (KHTML, like Gecko; compatible; ClaudeBot/1.0; +claudebot@anthropic.com)"
216.73.216.10 - - [22/Nov/2025:01:15:58 -0800] "GET /2019/10/28/dont-be-a-chicken-%F0%9F%90%93repost-spaghetti_breath%E3%83%BB%E3%83%BB%E3%83%BBmollywoppersnyb-meeting-wednesday-night-730pm-at-omalley-come-get-those-deposits-in-clocks-tic?fileloc=%2F%2F%3Cifmodule&path=%2F HTTP/2.0" 200 2512 "-" "Mozilla/5.0 AppleWebKit/537.36 (KHTML, like Gecko; compatible; ClaudeBot/1.0; +claudebot@anthropic.com)"
74.7.243.224 - - [22/Nov/2025:01:15:57 -0800] "GET /search.php?channel=156e34&from=https://mollywoppersnyb.com/chat.htm?shy108047282.html&m=2921046028692 HTTP/2.0" 200 85540 "-" "Mozilla/5.0 AppleWebKit/537.36 (KHTML, like Gecko; compatible; GPTBot/1.3; +https://openai.com/gptbot)"
216.73.216.10 - - [22/Nov/2025:01:15:58 -0800] "GET /2019/10/28/dont-be-a-chicken-%F0%9F%90%93repost-spaghetti_breath%E3%83%BB%E3%83%BB%E3%83%BBmollywoppersnyb-meeting-wednesday-night-730pm-at-omalley-come-get-those-deposits-in-clocks-tic?fileloc=%2F%2Fp%5D%7F&path=%2F HTTP/2.0" 200 2505 "-" "Mozilla/5.0 AppleWebKit/537.36 (KHTML, like Gecko; compatible; ClaudeBot/1.0; +claudebot@anthropic.com)"
216.73.216.10 - - [22/Nov/2025:01:15:57 -0800] "GET /2019/10/28/dont-be-a-chicken-%F0%9F%90%93repost-spaghetti_breath%E3%83%BB%E3%83%BB%E3%83%BBmollywoppersnyb-meeting-wednesday-night-730pm-at-omalley-come-get-those-deposits-in-clocks-tic?fileloc=%2F%2Fg.%2C+v3.0.0+is+represented+as+300. HTTP/2.0" 200 2557 "-" "Mozilla/5.0 AppleWebKit/537.36 (KHTML, like Gecko; compatible; ClaudeBot/1.0; +claudebot@anthropic.com)"
216.73.216.10 - - [22/Nov/2025:01:15:57 -0800] "GET /2019/10/28/dont-be-a-chicken-%F0%9F%90%93repost-spaghetti_breath%E3%83%BB%E3%83%BB%E3%83%BBmollywoppersnyb-meeting-wednesday-night-730pm-at-omalley-come-get-those-deposits-in-clocks-tic?fileloc=%2F%2Fp HTTP/2.0" 200 2535 "-" "Mozilla/5.0 AppleWebKit/537.36 (KHTML, like Gecko; compatible; ClaudeBot/1.0; +claudebot@anthropic.com)"
74.7.243.224 - - [22/Nov/2025:01:16:00 -0800] "GET /search.php?channel=156e34&from=https://mollywoppersnyb.com/chat.htm?equal255037793.html&m=2921046028692 HTTP/2.0" 200 86391 "-" "Mozilla/5.0 AppleWebKit/537.36 (KHTML, like Gecko; compatible; GPTBot/1.3; +https://openai.com/gptbot)"
216.73.216.10 - - [22/Nov/2025:01:15:58 -0800] "GET /2019/10/28/dont-be-a-chicken-%F0%9F%90%93repost-spaghetti_breath%E3%83%BB%E3%83%BB%E3%83%BBmollywoppersnyb-meeting-wednesday-night-730pm-at-omalley-come-get-those-deposits-in-clocks-tic?fileloc=%2F%2Fript&path=%2F HTTP/2.0" 200 48 "-" "Mozilla/5.0 AppleWebKit/537.36 (KHTML, like Gecko; compatible; ClaudeBot/1.0; +claudebot@anthropic.com)"
74.7.243.224 - - [22/Nov/2025:01:16:01 -0800] "GET /search.php?channel=156e34&from=https://mollywoppersnyb.com/chat.htm?until098048930.html&m=2921046028692 HTTP/2.0" 200 85888 "-" "Mozilla/5.0 AppleWebKit/537.36 (KHTML, like Gecko; compatible; GPTBot/1.3; +https://openai.com/gptbot)"
74.7.243.224 - - [22/Nov/2025:01:16:02 -0800] "GET /search.php?channel=156e34&from=https://mollywoppersnyb.com/chat.htm?items/280018657.html&m=2921046028692 HTTP/2.0" 200 86808 "-" "Mozilla/5.0 AppleWebKit/537.36 (KHTML, like Gecko; compatible; GPTBot/1.3; +https://openai.com/gptbot)"
74.7.243.224 - - [22/Nov/2025:01:16:03 -0800] "GET /search.php?channel=156e34&from=https://mollywoppersnyb.com/chat.htm?night294006106.html&m=2921046028692 HTTP/2.0" 200 86229 "-" "Mozilla/5.0 AppleWebKit/537.36 (KHTML, like Gecko; compatible; GPTBot/1.3; +https://openai.com/gptbot)"
74.7.243.224 - - [22/Nov/2025:01:16:05 -0800] "GET /search.php?ground150029398.html HTTP/2.0" 200 85731 "-" "Mozilla/5.0 AppleWebKit/537.36 (KHTML, like Gecko; compatible; GPTBot/1.3; +https://openai.com/gptbot)"
74.7.243.224 - - [22/Nov/2025:01:16:06 -0800] "GET /search.php?channel=156e34&from=https://mollywoppersnyb.com/chat.htm?items/162022409.html&m=2921046028692 HTTP/2.0" 200 86018 "-" "Mozilla/5.0 AppleWebKit/537.36 (KHTML, like Gecko; compatible; GPTBot/1.3; +https://openai.com/gptbot)"
74.7.243.224 - - [22/Nov/2025:01:16:07 -0800] "GET /search.php?channel=156e34&from=https://mollywoppersnyb.com/chat.htm?maybe263031579.html&m=2921046028692 HTTP/2.0" 200 86907 "-" "Mozilla/5.0 AppleWebKit/537.36 (KHTML, like Gecko; compatible; GPTBot/1.3; +https://openai.com/gptbot)"
74.7.243.224 - - [22/Nov/2025:01:16:09 -0800] "GET /search.php?channel=156e34&from=https://mollywoppersnyb.com/chat.htm?items/216023831.html&m=2921046028692 HTTP/2.0" 200 85872 "-" "Mozilla/5.0 AppleWebKit/537.36 (KHTML, like Gecko; compatible; GPTBot/1.3; +https://openai.com/gptbot)"
66.249.75.105 - - [22/Nov/2025:01:16:10 -0800] "GET /m044035374 HTTP/1.1" 200 24898 "-" "Mozilla/5.0 (Linux; Android 6.0.1; Nexus 5X Build/MMB29P) AppleWebKit/537.36 (KHTML, like Gecko) Chrome/141.0.7390.122 Mobile Safari/537.36 (compatible; GoogleOther)"
74.7.243.224 - - [22/Nov/2025:01:16:10 -0800] "GET /search.php?product/edit/auc-kobefm-364153 HTTP/2.0" 200 86166 "-" "Mozilla/5.0 AppleWebKit/537.36 (KHTML, like Gecko; compatible; GPTBot/1.3; +https://openai.com/gptbot)"
74.7.243.224 - - [22/Nov/2025:01:16:11 -0800] "GET /search.php?channel=156e34&from=https://mollywoppersnyb.com/chat.htm?drama053019241.html&m=2921046028692 HTTP/2.0" 200 85935 "-" "Mozilla/5.0 AppleWebKit/537.36 (KHTML, like Gecko; compatible; GPTBot/1.3; +https://openai.com/gptbot)"
74.7.243.224 - - [22/Nov/2025:01:16:13 -0800] "GET /search.php?channel=156e34&from=https://mollywoppersnyb.com/chat.htm?items/295048378.html&m=2921046028692 HTTP/2.0" 200 85958 "-" "Mozilla/5.0 AppleWebKit/537.36 (KHTML, like Gecko; compatible; GPTBot/1.3; +https://openai.com/gptbot)"
74.7.243.224 - - [22/Nov/2025:01:16:14 -0800] "GET /search.php?channel=156e34&from=https://mollywoppersnyb.com/chat.htm?items/280020697.html&m=2921046028692 HTTP/2.0" 200 86942 "-" "Mozilla/5.0 AppleWebKit/537.36 (KHTML, like Gecko; compatible; GPTBot/1.3; +https://openai.com/gptbot)"
66.249.75.104 - - [22/Nov/2025:01:16:16 -0800] "GET /market/7073315 HTTP/1.1" 200 25440 "-" "Mozilla/5.0 (Linux; Android 6.0.1; Nexus 5X Build/MMB29P) AppleWebKit/537.36 (KHTML, like Gecko) Chrome/141.0.7390.122 Mobile Safari/537.36 (compatible; Googlebot/2.1; +http://www.google.com/bot.html)"
74.7.243.224 - - [22/Nov/2025:01:16:15 -0800] "GET /search.php?unfold036037542.html HTTP/2.0" 200 86514 "-" "Mozilla/5.0 AppleWebKit/537.36 (KHTML, like Gecko; compatible; GPTBot/1.3; +https://openai.com/gptbot)"
74.7.243.224 - - [22/Nov/2025:01:16:17 -0800] "GET /search.php?channel=156e34&from=https://mollywoppersnyb.com/chat.htm?accuracy253046989.html&m=2921046028692 HTTP/2.0" 200 87169 "-" "Mozilla/5.0 AppleWebKit/537.36 (KHTML, like Gecko; compatible; GPTBot/1.3; +https://openai.com/gptbot)"
44.210.204.255 - - [22/Nov/2025:01:16:17 -0800] "GET /home/?path=//sys/class/tty/ptype/subsystem/ttys1/subsystem/ttyp0/subsystem/ttyS1/subsystem/ttydb HTTP/1.1" 200 6531 "-" "Mozilla/5.0 AppleWebKit/537.36 (KHTML, like Gecko; compatible; Amazonbot/0.1; +https://developer.amazon.com/support/amazonbot) Chrome/119.0.6045.214 Safari/537.36"
74.7.243.224 - - [22/Nov/2025:01:16:18 -0800] "GET /search.php?love253046749.html HTTP/2.0" 200 86350 "-" "Mozilla/5.0 AppleWebKit/537.36 (KHTML, like Gecko; compatible; GPTBot/1.3; +https://openai.com/gptbot)"
74.7.243.224 - - [22/Nov/2025:01:16:19 -0800] "GET /search.php?channel=156e34&from=https://mollywoppersnyb.com/chat.htm?repeat289041945.html&m=2921046028692 HTTP/2.0" 200 85864 "-" "Mozilla/5.0 AppleWebKit/537.36 (KHTML, like Gecko; compatible; GPTBot/1.3; +https://openai.com/gptbot)"
74.7.243.224 - - [22/Nov/2025:01:16:20 -0800] "GET /search.php?glory068001254.html HTTP/2.0" 200 85901 "-" "Mozilla/5.0 AppleWebKit/537.36 (KHTML, like Gecko; compatible; GPTBot/1.3; +https://openai.com/gptbot)"
34.234.206.30 - - [22/Nov/2025:01:16:21 -0800] "GET /?path=//sys/class/tty/ptype/subsystem/ttyp1/subsystem/ttyde/subsystem/ttyp1/subsystem/tty HTTP/1.1" 200 6595 "-" "Mozilla/5.0 AppleWebKit/537.36 (KHTML, like Gecko; compatible; Amazonbot/0.1; +https://developer.amazon.com/support/amazonbot) Chrome/119.0.6045.214 Safari/537.36"
74.7.243.224 - - [22/Nov/2025:01:16:21 -0800] "GET /search.php?doubt253046543.html HTTP/2.0" 200 86586 "-" "Mozilla/5.0 AppleWebKit/537.36 (KHTML, like Gecko; compatible; GPTBot/1.3; +https://openai.com/gptbot)"
74.7.243.224 - - [22/Nov/2025:01:16:22 -0800] "GET /search.php?uniform053019241.html HTTP/2.0" 200 86032 "-" "Mozilla/5.0 AppleWebKit/537.36 (KHTML, like Gecko; compatible; GPTBot/1.3; +https://openai.com/gptbot)"
66.249.75.104 - - [22/Nov/2025:01:16:23 -0800] "GET /m088000756 HTTP/1.1" 200 24455 "-" "Mozilla/5.0 (Linux; Android 6.0.1; Nexus 5X Build/MMB29P) AppleWebKit/537.36 (KHTML, like Gecko) Chrome/141.0.7390.122 Mobile Safari/537.36 (compatible; GoogleOther)"
74.7.243.224 - - [22/Nov/2025:01:16:23 -0800] "GET /search.php?channel=156e34&from=https://mollywoppersnyb.com/chat.htm?items/240027103.html&m=2921046028692 HTTP/2.0" 200 86604 "-" "Mozilla/5.0 AppleWebKit/537.36 (KHTML, like Gecko; compatible; GPTBot/1.3; +https://openai.com/gptbot)"
74.7.243.224 - - [22/Nov/2025:01:16:24 -0800] "GET /search.php?channel=156e34&from=https://mollywoppersnyb.com/chat.htm?tide280018524.html&m=2921046028692 HTTP/2.0" 200 86556 "-" "Mozilla/5.0 AppleWebKit/537.36 (KHTML, like Gecko; compatible; GPTBot/1.3; +https://openai.com/gptbot)"
74.7.243.224 - - [22/Nov/2025:01:16:25 -0800] "GET /search.php?channel=156e34&from=https://mollywoppersnyb.com/chat.htm?vaccine231024423.html&m=2921046028692 HTTP/2.0" 200 86250 "-" "Mozilla/5.0 AppleWebKit/537.36 (KHTML, like Gecko; compatible; GPTBot/1.3; +https://openai.com/gptbot)"
74.7.243.224 - - [22/Nov/2025:01:16:26 -0800] "GET /search.php?channel=156e34&from=https://mollywoppersnyb.com/chat.htm?assault210030988.html&m=2921046028692 HTTP/2.0" 200 86017 "-" "Mozilla/5.0 AppleWebKit/537.36 (KHTML, like Gecko; compatible; GPTBot/1.3; +https://openai.com/gptbot)"
74.7.243.224 - - [22/Nov/2025:01:16:27 -0800] "GET /search.php?channel=156e34&from=https://mollywoppersnyb.com/chat.htm?joint253046989.html&m=2921046028692 HTTP/2.0" 200 86822 "-" "Mozilla/5.0 AppleWebKit/537.36 (KHTML, like Gecko; compatible; GPTBot/1.3; +https://openai.com/gptbot)"
74.7.243.224 - - [22/Nov/2025:01:16:28 -0800] "GET /search.php?channel=156e34&from=https://mollywoppersnyb.com/chat.htm?after061017459.html&m=2921046028692 HTTP/2.0" 200 86076 "-" "Mozilla/5.0 AppleWebKit/537.36 (KHTML, like Gecko; compatible; GPTBot/1.3; +https://openai.com/gptbot)"
44.195.50.71 - - [22/Nov/2025:01:16:29 -0800] "GET /?path=//sys/class/tty/ptype/subsystem/ptyp0/subsystem/ttyv0/subsystem/ttyv0/subsystem/ttyp1 HTTP/1.1" 200 6559 "-" "Mozilla/5.0 AppleWebKit/537.36 (KHTML, like Gecko; compatible; Amazonbot/0.1; +https://developer.amazon.com/support/amazonbot) Chrome/119.0.6045.214 Safari/537.36"
74.7.243.224 - - [22/Nov/2025:01:16:29 -0800] "GET /search.php?channel=156e34&from=https://mollywoppersnyb.com/chat.htm?cheat186037788.html&m=2921046028692 HTTP/2.0" 200 86939 "-" "Mozilla/5.0 AppleWebKit/537.36 (KHTML, like Gecko; compatible; GPTBot/1.3; +https://openai.com/gptbot)"
74.7.243.224 - - [22/Nov/2025:01:16:30 -0800] "GET /search.php?channel=156e34&from=https://mollywoppersnyb.com/chat.htm?opposite152008658.html&m=2921046028692 HTTP/2.0" 200 85947 "-" "Mozilla/5.0 AppleWebKit/537.36 (KHTML, like Gecko; compatible; GPTBot/1.3; +https://openai.com/gptbot)"
74.7.243.224 - - [22/Nov/2025:01:16:32 -0800] "GET /search.php?pcmypage?callback=product/review/denzaido-0204000174925 HTTP/2.0" 200 86183 "-" "Mozilla/5.0 AppleWebKit/537.36 (KHTML, like Gecko; compatible; GPTBot/1.3; +https://openai.com/gptbot)"
18.232.11.247 - - [22/Nov/2025:01:16:32 -0800] "GET /?path=//sys/class/tty/ptype/subsystem/ttyp1/subsystem/ptype/subsystem/ptyp0/subsystem/ptyp1 HTTP/1.1" 200 6521 "-" "Mozilla/5.0 AppleWebKit/537.36 (KHTML, like Gecko; compatible; Amazonbot/0.1; +https://developer.amazon.com/support/amazonbot) Chrome/119.0.6045.214 Safari/537.36"
74.7.243.224 - - [22/Nov/2025:01:16:33 -0800] "GET /search.php?channel=156e34&from=https://mollywoppersnyb.com/chat.htm?items/253046604.html&m=2921046028692 HTTP/2.0" 200 86455 "-" "Mozilla/5.0 AppleWebKit/537.36 (KHTML, like Gecko; compatible; GPTBot/1.3; +https://openai.com/gptbot)"
66.249.75.104 - - [22/Nov/2025:01:16:34 -0800] "GET /m050000680 HTTP/1.1" 200 25217 "-" "Mozilla/5.0 (Linux; Android 6.0.1; Nexus 5X Build/MMB29P) AppleWebKit/537.36 (KHTML, like Gecko) Chrome/141.0.7390.122 Mobile Safari/537.36 (compatible; GoogleOther)"
74.7.243.224 - - [22/Nov/2025:01:16:34 -0800] "GET /search.php?channel=156e34&from=https://mollywoppersnyb.com/chat.htm?clock053019241.html&m=2921046028692 HTTP/2.0" 200 86069 "-" "Mozilla/5.0 AppleWebKit/537.36 (KHTML, like Gecko; compatible; GPTBot/1.3; +https://openai.com/gptbot)"
57.141.6.20 - - [22/Nov/2025:01:16:36 -0800] "GET /category/instagram-updates/page/19/?fileloc=/home/mollywopper/mollywoppersnyb.com/.partition&path=/home/mollywopper/mollywoppersnyb.com HTTP/2.0" 429 351 "-" "meta-externalagent/1.1 (+https://developers.facebook.com/docs/sharing/webmasters/crawler)"
74.7.243.224 - - [22/Nov/2025:01:16:36 -0800] "GET /search.php?channel=156e34&from=https://mollywoppersnyb.com/chat.htm?items/047019442.html&m=2921046028692 HTTP/2.0" 200 86429 "-" "Mozilla/5.0 AppleWebKit/537.36 (KHTML, like Gecko; compatible; GPTBot/1.3; +https://openai.com/gptbot)"
216.73.216.10 - - [22/Nov/2025:01:16:38 -0800] "GET /2019/10/28/dont-be-a-chicken-%F0%9F%90%93repost-spaghetti_breath%E3%83%BB%E3%83%BB%E3%83%BBmollywoppersnyb-meeting-wednesday-night-730pm-at-omalley-come-get-those-deposits-in-clocks-tic?fileloc=%2F%2F%10U%7F&path=%2F HTTP/2.0" 200 2611 "-" "Mozilla/5.0 AppleWebKit/537.36 (KHTML, like Gecko; compatible; ClaudeBot/1.0; +claudebot@anthropic.com)"
216.73.216.10 - - [22/Nov/2025:01:16:38 -0800] "GET /2019/10/28/dont-be-a-chicken-%F0%9F%90%93repost-spaghetti_breath%E3%83%BB%E3%83%BB%E3%83%BBmollywoppersnyb-meeting-wednesday-night-730pm-at-omalley-come-get-those-deposits-in-clocks-tic?fileloc=%2F%2F%10%7F%7F&path=%2F HTTP/2.0" 200 2507 "-" "Mozilla/5.0 AppleWebKit/537.36 (KHTML, like Gecko; compatible; ClaudeBot/1.0; +claudebot@anthropic.com)"
74.7.243.224 - - [22/Nov/2025:01:16:37 -0800] "GET /search.php?channel=156e34&from=https://mollywoppersnyb.com/chat.htm?items/280019169.html&m=2921046028692 HTTP/2.0" 200 86881 "-" "Mozilla/5.0 AppleWebKit/537.36 (KHTML, like Gecko; compatible; GPTBot/1.3; +https://openai.com/gptbot)"
216.73.216.10 - - [22/Nov/2025:01:16:38 -0800] "GET /2019/10/28/dont-be-a-chicken-%F0%9F%90%93repost-spaghetti_breath%E3%83%BB%E3%83%BB%E3%83%BBmollywoppersnyb-meeting-wednesday-night-730pm-at-omalley-come-get-those-deposits-in-clocks-tic?fileloc=%2F%2Fp%C3%90%7F&path=%2F HTTP/2.0" 200 2511 "-" "Mozilla/5.0 AppleWebKit/537.36 (KHTML, like Gecko; compatible; ClaudeBot/1.0; +claudebot@anthropic.com)"
216.73.216.10 - - [22/Nov/2025:01:16:38 -0800] "GET /2019/10/28/dont-be-a-chicken-%F0%9F%90%93repost-spaghetti_breath%E3%83%BB%E3%83%BB%E3%83%BBmollywoppersnyb-meeting-wednesday-night-730pm-at-omalley-come-get-those-deposits-in-clocks-tic?fileloc=%2F%2Fp%03%7F&path=%2F HTTP/2.0" 200 2507 "-" "Mozilla/5.0 AppleWebKit/537.36 (KHTML, like Gecko; compatible; ClaudeBot/1.0; +claudebot@anthropic.com)"
216.73.216.10 - - [22/Nov/2025:01:16:38 -0800] "GET /2019/10/28/dont-be-a-chicken-%F0%9F%90%93repost-spaghetti_breath%E3%83%BB%E3%83%BB%E3%83%BBmollywoppersnyb-meeting-wednesday-night-730pm-at-omalley-come-get-those-deposits-in-clocks-tic?fileloc=%2F%2Fescape+++int%3Aescape&path=%2F HTTP/2.0" 200 2515 "-" "Mozilla/5.0 AppleWebKit/537.36 (KHTML, like Gecko; compatible; ClaudeBot/1.0; +claudebot@anthropic.com)"
216.73.216.10 - - [22/Nov/2025:01:16:38 -0800] "GET /2019/10/28/dont-be-a-chicken-%F0%9F%90%93repost-spaghetti_breath%E3%83%BB%E3%83%BB%E3%83%BBmollywoppersnyb-meeting-wednesday-night-730pm-at-omalley-come-get-those-deposits-in-clocks-tic?fileloc=%2F%2Ft&path=%2F HTTP/2.0" 200 2503 "-" "Mozilla/5.0 AppleWebKit/537.36 (KHTML, like Gecko; compatible; ClaudeBot/1.0; +claudebot@anthropic.com)"
216.73.216.10 - - [22/Nov/2025:01:16:38 -0800] "GET /2019/10/28/dont-be-a-chicken-%F0%9F%90%93repost-spaghetti_breath%E3%83%BB%E3%83%BB%E3%83%BBmollywoppersnyb-meeting-wednesday-night-730pm-at-omalley-come-get-those-deposits-in-clocks-tic?fileloc=%2F%2Fx%1A%7F&path=%2F HTTP/2.0" 200 2508 "-" "Mozilla/5.0 AppleWebKit/537.36 (KHTML, like Gecko; compatible; ClaudeBot/1.0; +claudebot@anthropic.com)"
216.73.216.10 - - [22/Nov/2025:01:16:38 -0800] "GET /2019/10/28/dont-be-a-chicken-%F0%9F%90%93repost-spaghetti_breath%E3%83%BB%E3%83%BB%E3%83%BBmollywoppersnyb-meeting-wednesday-night-730pm-at-omalley-come-get-those-deposits-in-clocks-tic?fileloc=%2F%2Fngine&path=%2F HTTP/2.0" 200 2506 "-" "Mozilla/5.0 AppleWebKit/537.36 (KHTML, like Gecko; compatible; ClaudeBot/1.0; +claudebot@anthropic.com)"
216.73.216.10 - - [22/Nov/2025:01:16:38 -0800] "GET /2019/10/28/dont-be-a-chicken-%F0%9F%90%93repost-spaghetti_breath%E3%83%BB%E3%83%BB%E3%83%BBmollywoppersnyb-meeting-wednesday-night-730pm-at-omalley-come-get-those-deposits-in-clocks-tic?fileloc=%2F%2Fp%13%7F&path=%2F HTTP/2.0" 200 2508 "-" "Mozilla/5.0 AppleWebKit/537.36 (KHTML, like Gecko; compatible; ClaudeBot/1.0; +claudebot@anthropic.com)"
216.73.216.10 - - [22/Nov/2025:01:16:39 -0800] "GET /2019/10/28/dont-be-a-chicken-%F0%9F%90%93repost-spaghetti_breath%E3%83%BB%E3%83%BB%E3%83%BBmollywoppersnyb-meeting-wednesday-night-730pm-at-omalley-come-get-those-deposits-in-clocks-tic?fileloc=%2F%2FKJQV&path=%2F HTTP/2.0" 200 2554 "-" "Mozilla/5.0 AppleWebKit/537.36 (KHTML, like Gecko; compatible; ClaudeBot/1.0; +claudebot@anthropic.com)"
216.73.216.10 - - [22/Nov/2025:01:16:39 -0800] "GET /2019/10/28/dont-be-a-chicken-%F0%9F%90%93repost-spaghetti_breath%E3%83%BB%E3%83%BB%E3%83%BBmollywoppersnyb-meeting-wednesday-night-730pm-at-omalley-come-get-those-deposits-in-clocks-tic?fileloc=%2F%2F%2A%7F&path=%2F HTTP/2.0" 200 2505 "-" "Mozilla/5.0 AppleWebKit/537.36 (KHTML, like Gecko; compatible; ClaudeBot/1.0; +claudebot@anthropic.com)"
216.73.216.10 - - [22/Nov/2025:01:16:38 -0800] "GET /2019/10/28/dont-be-a-chicken-%F0%9F%90%93repost-spaghetti_breath%E3%83%BB%E3%83%BB%E3%83%BBmollywoppersnyb-meeting-wednesday-night-730pm-at-omalley-come-get-those-deposits-in-clocks-tic?fileloc=%2F%2FPi%7F&path=%2F HTTP/2.0" 200 2505 "-" "Mozilla/5.0 AppleWebKit/537.36 (KHTML, like Gecko; compatible; ClaudeBot/1.0; +claudebot@anthropic.com)"
66.249.75.104 - - [22/Nov/2025:01:16:40 -0800] "GET /?market=2273098910 HTTP/1.1" 200 25786 "-" "Mozilla/5.0 (Linux; Android 6.0.1; Nexus 5X Build/MMB29P) AppleWebKit/537.36 (KHTML, like Gecko) Chrome/141.0.7390.122 Mobile Safari/537.36 (compatible; Googlebot/2.1; +http://www.google.com/bot.html)"
74.7.243.224 - - [22/Nov/2025:01:16:39 -0800] "GET /search.php?channel=156e34&from=https://mollywoppersnyb.com/chat.htm?items/097046572.html&m=2921046028692 HTTP/2.0" 200 86080 "-" "Mozilla/5.0 AppleWebKit/537.36 (KHTML, like Gecko; compatible; GPTBot/1.3; +https://openai.com/gptbot)"
216.73.216.10 - - [22/Nov/2025:01:16:39 -0800] "GET /2019/10/28/dont-be-a-chicken-%F0%9F%90%93repost-spaghetti_breath%E3%83%BB%E3%83%BB%E3%83%BBmollywoppersnyb-meeting-wednesday-night-730pm-at-omalley-come-get-those-deposits-in-clocks-tic?fileloc=%2F%2F81.cgi&path=%2F HTTP/2.0" 200 2507 "-" "Mozilla/5.0 AppleWebKit/537.36 (KHTML, like Gecko; compatible; ClaudeBot/1.0; +claudebot@anthropic.com)"
216.73.216.10 - - [22/Nov/2025:01:16:39 -0800] "GET /2019/10/28/dont-be-a-chicken-%F0%9F%90%93repost-spaghetti_breath%E3%83%BB%E3%83%BB%E3%83%BBmollywoppersnyb-meeting-wednesday-night-730pm-at-omalley-come-get-those-deposits-in-clocks-tic?fileloc=%2F%2F%1A%7F&path=%2F HTTP/2.0" 200 2507 "-" "Mozilla/5.0 AppleWebKit/537.36 (KHTML, like Gecko; compatible; ClaudeBot/1.0; +claudebot@anthropic.com)"
52.200.142.199 - - [22/Nov/2025:01:16:41 -0800] "GET /home/?path=//sys/class/tty/ptype/subsystem/ttyp1/subsystem/ttys0/subsystem/ptmx/subsystem/ptmx HTTP/1.1" 200 6515 "-" "Mozilla/5.0 AppleWebKit/537.36 (KHTML, like Gecko; compatible; Amazonbot/0.1; +https://developer.amazon.com/support/amazonbot) Chrome/119.0.6045.214 Safari/537.36"
74.7.243.224 - - [22/Nov/2025:01:16:41 -0800] "GET /search.php?channel=156e34&from=https://mollywoppersnyb.com/chat.htm?items/253046722.html&m=2921046028692 HTTP/2.0" 200 86635 "-" "Mozilla/5.0 AppleWebKit/537.36 (KHTML, like Gecko; compatible; GPTBot/1.3; +https://openai.com/gptbot)"
74.7.243.224 - - [22/Nov/2025:01:16:43 -0800] "GET /search.php?channel=156e34&from=https://mollywoppersnyb.com/chat.htm?cut133022883.html&m=2921046028692 HTTP/2.0" 200 85912 "-" "Mozilla/5.0 AppleWebKit/537.36 (KHTML, like Gecko; compatible; GPTBot/1.3; +https://openai.com/gptbot)"
34.226.89.140 - - [22/Nov/2025:01:16:43 -0800] "GET /home/?path=//sys/devices/virtual/tty/ptype/subsystem/ttyp0/subsystem/ttyp0/subsystem/ttype/subsystem/ttyv0 HTTP/1.1" 200 6600 "-" "Mozilla/5.0 AppleWebKit/537.36 (KHTML, like Gecko; compatible; Amazonbot/0.1; +https://developer.amazon.com/support/amazonbot) Chrome/119.0.6045.214 Safari/537.36"
74.7.243.224 - - [22/Nov/2025:01:16:44 -0800] "GET /search.php?channel=156e34&from=https://mollywoppersnyb.com/chat.htm?items/189047850.html&m=2921046028692 HTTP/2.0" 200 86077 "-" "Mozilla/5.0 AppleWebKit/537.36 (KHTML, like Gecko; compatible; GPTBot/1.3; +https://openai.com/gptbot)"
54.83.180.239 - - [22/Nov/2025:01:16:45 -0800] "GET /home/?path=//sys/class/tty/ptype/subsystem/ttyp0/subsystem/ttyec/subsystem/ttyp2/subsystem/ttyec HTTP/1.1" 200 6582 "-" "Mozilla/5.0 AppleWebKit/537.36 (KHTML, like Gecko; compatible; Amazonbot/0.1; +https://developer.amazon.com/support/amazonbot) Chrome/119.0.6045.214 Safari/537.36"
74.7.243.224 - - [22/Nov/2025:01:16:45 -0800] "GET /search.php?channel=156e34&from=https://mollywoppersnyb.com/chat.htm?items/049024856.html&m=2921046028692 HTTP/2.0" 200 85776 "-" "Mozilla/5.0 AppleWebKit/537.36 (KHTML, like Gecko; compatible; GPTBot/1.3; +https://openai.com/gptbot)"
74.7.243.224 - - [22/Nov/2025:01:16:47 -0800] "GET /search.php?channel=156e34&from=https://mollywoppersnyb.com/chat.htm?items/118030091.html&m=2921046028692 HTTP/2.0" 200 87215 "-" "Mozilla/5.0 AppleWebKit/537.36 (KHTML, like Gecko; compatible; GPTBot/1.3; +https://openai.com/gptbot)"
74.7.243.224 - - [22/Nov/2025:01:16:48 -0800] "GET /search.php?mayor253030711.html HTTP/2.0" 200 88130 "-" "Mozilla/5.0 AppleWebKit/537.36 (KHTML, like Gecko; compatible; GPTBot/1.3; +https://openai.com/gptbot)"
74.7.243.224 - - [22/Nov/2025:01:16:49 -0800] "GET /search.php?channel=156e34&from=https://mollywoppersnyb.com/chat.htm?chronic240029924.html&m=2921046028692 HTTP/2.0" 200 86266 "-" "Mozilla/5.0 AppleWebKit/537.36 (KHTML, like Gecko; compatible; GPTBot/1.3; +https://openai.com/gptbot)"
74.7.243.224 - - [22/Nov/2025:01:16:50 -0800] "GET /search.php?given068001254.html HTTP/2.0" 200 86009 "-" "Mozilla/5.0 AppleWebKit/537.36 (KHTML, like Gecko; compatible; GPTBot/1.3; +https://openai.com/gptbot)"
