216.73.216.10 - - [22/Nov/2025:01:21:15 -0800] "GET /2019/10/28/dont-be-a-chicken-%F0%9F%90%93repost-spaghetti_breath%E3%83%BB%E3%83%BB%E3%83%BBmollywoppersnyb-meeting-wednesday-night-730pm-at-omalley-come-get-those-deposits-in-clocks-tic?path=%2Fhome%2Fmollywopper%2Fold.mollywoppersnyb.com HTTP/2.0" 200 4484 "-" "Mozilla/5.0 AppleWebKit/537.36 (KHTML, like Gecko; compatible; ClaudeBot/1.0; +claudebot@anthropic.com)"
15.235.98.245 - - [22/Nov/2025:01:21:16 -0800] "GET /?market=798309552 HTTP/2.0" 200 109 "-" "Mozilla/5.0 (compatible; AhrefsBot/7.0; +http://ahrefs.com/robot/)"
74.7.243.224 - - [22/Nov/2025:01:21:15 -0800] "GET /search.php?channel=156e34&from=https://mollywoppersnyb.com/chat.htm?guitar044015042.html&m=2921046028692 HTTP/2.0" 200 85627 "-" "Mozilla/5.0 AppleWebKit/537.36 (KHTML, like Gecko; compatible; GPTBot/1.3; +https://openai.com/gptbot)"
74.7.243.224 - - [22/Nov/2025:01:21:17 -0800] "GET /search.php?channel=156e34&from=https://mollywoppersnyb.com/chat.htm?items/100034295.html&m=2921046028692 HTTP/2.0" 200 85750 "-" "Mozilla/5.0 AppleWebKit/537.36 (KHTML, like Gecko; compatible; GPTBot/1.3; +https://openai.com/gptbot)"
74.7.243.224 - - [22/Nov/2025:01:21:18 -0800] "GET /search.php?channel=156e34&from=https://mollywoppersnyb.com/chat.htm?items/253046848.html&m=2921046028692 HTTP/2.0" 200 86968 "-" "Mozilla/5.0 AppleWebKit/537.36 (KHTML, like Gecko; compatible; GPTBot/1.3; +https://openai.com/gptbot)"
35.171.117.160 - - [22/Nov/2025:01:21:20 -0800] "GET /home/?path=//sys/bus/platform/devices/reg-dummy/driver/reg-dummy/subsystem/devices/reg-dummy/subsystem/devices/reg-dummy/subsystem/drivers/PCCT HTTP/1.1" 200 6570 "-" "Mozilla/5.0 AppleWebKit/537.36 (KHTML, like Gecko; compatible; Amazonbot/0.1; +https://developer.amazon.com/support/amazonbot) Chrome/119.0.6045.214 Safari/537.36"
74.7.243.224 - - [22/Nov/2025:01:21:20 -0800] "GET /search.php?product/edit/jetprice-x696fc HTTP/2.0" 200 86199 "-" "Mozilla/5.0 AppleWebKit/537.36 (KHTML, like Gecko; compatible; GPTBot/1.3; +https://openai.com/gptbot)"
74.7.243.224 - - [22/Nov/2025:01:21:21 -0800] "GET /search.php?forty253046847.html HTTP/2.0" 200 86688 "-" "Mozilla/5.0 AppleWebKit/537.36 (KHTML, like Gecko; compatible; GPTBot/1.3; +https://openai.com/gptbot)"
74.7.243.224 - - [22/Nov/2025:01:21:22 -0800] "GET /search.php?items/246039257.html HTTP/2.0" 200 86182 "-" "Mozilla/5.0 AppleWebKit/537.36 (KHTML, like Gecko; compatible; GPTBot/1.3; +https://openai.com/gptbot)"
74.7.243.224 - - [22/Nov/2025:01:21:23 -0800] "GET /search.php?channel150009846.html HTTP/2.0" 200 86158 "-" "Mozilla/5.0 AppleWebKit/537.36 (KHTML, like Gecko; compatible; GPTBot/1.3; +https://openai.com/gptbot)"
74.7.243.224 - - [22/Nov/2025:01:21:24 -0800] "GET /search.php?channel=156e34&from=https://mollywoppersnyb.com/chat.htm?items/119003288.html&m=2921046028692 HTTP/2.0" 200 86208 "-" "Mozilla/5.0 AppleWebKit/537.36 (KHTML, like Gecko; compatible; GPTBot/1.3; +https://openai.com/gptbot)"
74.7.243.224 - - [22/Nov/2025:01:21:26 -0800] "GET /search.php?pcmypage?callback=product%2Fdetail%2Fmic319-so-hnk-4-s HTTP/2.0" 200 86842 "-" "Mozilla/5.0 AppleWebKit/537.36 (KHTML, like Gecko; compatible; GPTBot/1.3; +https://openai.com/gptbot)"
74.7.243.224 - - [22/Nov/2025:01:21:27 -0800] "GET /search.php?product/edit/kg-maido-tr-1609870 HTTP/2.0" 200 86092 "-" "Mozilla/5.0 AppleWebKit/537.36 (KHTML, like Gecko; compatible; GPTBot/1.3; +https://openai.com/gptbot)"
74.7.243.224 - - [22/Nov/2025:01:21:28 -0800] "GET /search.php?crowd251038065.html HTTP/2.0" 200 86112 "-" "Mozilla/5.0 AppleWebKit/537.36 (KHTML, like Gecko; compatible; GPTBot/1.3; +https://openai.com/gptbot)"
216.73.216.10 - - [22/Nov/2025:01:21:29 -0800] "GET /2019/10/28/dont-be-a-chicken-%F0%9F%90%93repost-spaghetti_breath%E3%83%BB%E3%83%BB%E3%83%BBmollywoppersnyb-meeting-wednesday-night-730pm-at-omalley-come-get-those-deposits-in-clocks-tic?fileloc=%2Fhome%2Fmollywopper%2Fmollywoppersnyb.com%2Fmixtape%2Findex.php&path=%2Fhome%2Fmollywopper%2Fmollywoppersnyb.com%2Fmixtape HTTP/2.0" 200 3128 "-" "Mozilla/5.0 AppleWebKit/537.36 (KHTML, like Gecko; compatible; ClaudeBot/1.0; +claudebot@anthropic.com)"
216.73.216.10 - - [22/Nov/2025:01:21:29 -0800] "GET /2019/10/28/dont-be-a-chicken-%F0%9F%90%93repost-spaghetti_breath%E3%83%BB%E3%83%BB%E3%83%BBmollywoppersnyb-meeting-wednesday-night-730pm-at-omalley-come-get-those-deposits-in-clocks-tic?path=%2Fhome%2Fmollywopper%2Fmollywoppersnyb.com%2Fmixtape%2Fcode HTTP/2.0" 200 3698 "-" "Mozilla/5.0 AppleWebKit/537.36 (KHTML, like Gecko; compatible; ClaudeBot/1.0; +claudebot@anthropic.com)"
216.73.216.10 - - [22/Nov/2025:01:21:29 -0800] "GET /2019/10/28/dont-be-a-chicken-%F0%9F%90%93repost-spaghetti_breath%E3%83%BB%E3%83%BB%E3%83%BBmollywoppersnyb-meeting-wednesday-night-730pm-at-omalley-come-get-those-deposits-in-clocks-tic?fileloc=%2Fhome%2Fmollywopper%2Fmollywoppersnyb.com%2Fmixtape%2Fpostnews.php&path=%2Fhome%2Fmollywopper%2Fmollywoppersnyb.com%2Fmixtape HTTP/2.0" 200 5025 "-" "Mozilla/5.0 AppleWebKit/537.36 (KHTML, like Gecko; compatible; ClaudeBot/1.0; +claudebot@anthropic.com)"
74.7.243.224 - - [22/Nov/2025:01:21:29 -0800] "GET /search.php?coin072019896.html HTTP/2.0" 200 85518 "-" "Mozilla/5.0 AppleWebKit/537.36 (KHTML, like Gecko; compatible; GPTBot/1.3; +https://openai.com/gptbot)"
74.7.243.224 - - [22/Nov/2025:01:21:31 -0800] "GET /search.php?channel=156e34&from=https://mollywoppersnyb.com/chat.htm?items/253046912.html&m=2921046028692 HTTP/2.0" 200 86856 "-" "Mozilla/5.0 AppleWebKit/537.36 (KHTML, like Gecko; compatible; GPTBot/1.3; +https://openai.com/gptbot)"
217.113.194.22 - - [22/Nov/2025:01:21:32 -0800] "GET /2018/03/05/meeting-this-wednesdayrepost-bingwithoutthebeard%E3%83%BB%E3%83%BB%E3%83%BBmollywoppersnyb-meeting-this-wednesday-730-at-omalley-well-have-this-years-theme-shirts-taking-the/?fileloc=/home/mollywopper/mollywoppersnyb.com/wp-includes/load.php&path=/home/mollywopper/mollywoppersnyb.com/wp-includes HTTP/1.1" 200 13287 "-" "Mozilla/5.0 (compatible; Barkrowler/0.9; +https://babbar.tech/crawler)"
3.223.181.32 - - [22/Nov/2025:01:21:32 -0800] "GET /?path=//sys/devices/virtual/tty/ptype/subsystem/ttype/subsystem/ttype/subsystem/ttype/subsystem/ttyvd HTTP/1.1" 200 6608 "-" "Mozilla/5.0 AppleWebKit/537.36 (KHTML, like Gecko; compatible; Amazonbot/0.1; +https://developer.amazon.com/support/amazonbot) Chrome/119.0.6045.214 Safari/537.36"
74.7.243.224 - - [22/Nov/2025:01:21:32 -0800] "GET /search.php?channel=156e34&from=https://mollywoppersnyb.com/chat.htm?noon253046847.html&m=2921046028692 HTTP/2.0" 200 86444 "-" "Mozilla/5.0 AppleWebKit/537.36 (KHTML, like Gecko; compatible; GPTBot/1.3; +https://openai.com/gptbot)"
74.7.243.224 - - [22/Nov/2025:01:21:33 -0800] "GET /search.php?channel=156e34&from=https://mollywoppersnyb.com/chat.htm?items/253046920.html&m=2921046028692 HTTP/2.0" 200 86418 "-" "Mozilla/5.0 AppleWebKit/537.36 (KHTML, like Gecko; compatible; GPTBot/1.3; +https://openai.com/gptbot)"
74.7.243.224 - - [22/Nov/2025:01:21:34 -0800] "GET /search.php?channel=156e34&from=https://mollywoppersnyb.com/chat.htm?priest088020270.html&m=2921046028692 HTTP/2.0" 200 85583 "-" "Mozilla/5.0 AppleWebKit/537.36 (KHTML, like Gecko; compatible; GPTBot/1.3; +https://openai.com/gptbot)"
74.7.243.224 - - [22/Nov/2025:01:21:35 -0800] "GET /search.php?product/edit/hirochishop-ea627 HTTP/2.0" 200 85798 "-" "Mozilla/5.0 AppleWebKit/537.36 (KHTML, like Gecko; compatible; GPTBot/1.3; +https://openai.com/gptbot)"
35.169.102.85 - - [22/Nov/2025:01:21:36 -0800] "GET /?path=//sys/class/tty/ptype/subsystem/console/subsystem/ttyp1/subsystem/console/subsystem/ptyp1 HTTP/1.1" 200 6521 "-" "Mozilla/5.0 AppleWebKit/537.36 (KHTML, like Gecko; compatible; Amazonbot/0.1; +https://developer.amazon.com/support/amazonbot) Chrome/119.0.6045.214 Safari/537.36"
74.7.243.224 - - [22/Nov/2025:01:21:36 -0800] "GET /search.php?soak253046919.html HTTP/2.0" 200 86950 "-" "Mozilla/5.0 AppleWebKit/537.36 (KHTML, like Gecko; compatible; GPTBot/1.3; +https://openai.com/gptbot)"
74.7.243.224 - - [22/Nov/2025:01:21:37 -0800] "GET /search.php?channel=156e34&from=https://mollywoppersnyb.com/chat.htm?mm-hmm253046663.html&m=2921046028692 HTTP/2.0" 200 86089 "-" "Mozilla/5.0 AppleWebKit/537.36 (KHTML, like Gecko; compatible; GPTBot/1.3; +https://openai.com/gptbot)"
74.7.243.224 - - [22/Nov/2025:01:21:38 -0800] "GET /search.php?channel=156e34&from=https://mollywoppersnyb.com/chat.htm?items/198024441.html&m=2921046028692 HTTP/2.0" 200 88340 "-" "Mozilla/5.0 AppleWebKit/537.36 (KHTML, like Gecko; compatible; GPTBot/1.3; +https://openai.com/gptbot)"
216.73.216.10 - - [22/Nov/2025:01:21:40 -0800] "GET /2019/10/28/dont-be-a-chicken-%F0%9F%90%93repost-spaghetti_breath%E3%83%BB%E3%83%BB%E3%83%BBmollywoppersnyb-meeting-wednesday-night-730pm-at-omalley-come-get-those-deposits-in-clocks-tic?path=%2Fhome%2Fmollywopper%2Flogs HTTP/2.0" 200 2996 "-" "Mozilla/5.0 AppleWebKit/537.36 (KHTML, like Gecko; compatible; ClaudeBot/1.0; +claudebot@anthropic.com)"
216.73.216.10 - - [22/Nov/2025:01:21:40 -0800] "GET /2019/10/28/dont-be-a-chicken-%F0%9F%90%93repost-spaghetti_breath%E3%83%BB%E3%83%BB%E3%83%BBmollywoppersnyb-meeting-wednesday-night-730pm-at-omalley-come-get-those-deposits-in-clocks-tic?path=%2Fhome%2Fmollywopper%2Fmollywoppersnyb.com%2F772067%2F772067 HTTP/2.0" 200 3112 "-" "Mozilla/5.0 AppleWebKit/537.36 (KHTML, like Gecko; compatible; ClaudeBot/1.0; +claudebot@anthropic.com)"
74.7.243.224 - - [22/Nov/2025:01:21:39 -0800] "GET /search.php?channel=156e34&from=https://mollywoppersnyb.com/chat.htm?shallow253046951.html&m=2921046028692 HTTP/2.0" 200 86544 "-" "Mozilla/5.0 AppleWebKit/537.36 (KHTML, like Gecko; compatible; GPTBot/1.3; +https://openai.com/gptbot)"
184.73.35.182 - - [22/Nov/2025:01:21:40 -0800] "GET /?path=//sys/class/tty/ptype/subsystem/ttyp1/subsystem/ttycc/subsystem/ttyp0/subsystem/ttyS0/device HTTP/1.1" 200 6850 "-" "Mozilla/5.0 AppleWebKit/537.36 (KHTML, like Gecko; compatible; Amazonbot/0.1; +https://developer.amazon.com/support/amazonbot) Chrome/119.0.6045.214 Safari/537.36"
216.73.216.10 - - [22/Nov/2025:01:21:40 -0800] "GET /2019/10/28/dont-be-a-chicken-%F0%9F%90%93repost-spaghetti_breath%E3%83%BB%E3%83%BB%E3%83%BBmollywoppersnyb-meeting-wednesday-night-730pm-at-omalley-come-get-those-deposits-in-clocks-tic?path=%2Fhome%2Fmollywopper%2FMaildir HTTP/2.0" 200 2930 "-" "Mozilla/5.0 AppleWebKit/537.36 (KHTML, like Gecko; compatible; ClaudeBot/1.0; +claudebot@anthropic.com)"
74.7.243.224 - - [22/Nov/2025:01:21:41 -0800] "GET /search.php?pcmypage?callback=/product%2Fdetail%2denzaido-4510932097598 HTTP/2.0" 200 86056 "-" "Mozilla/5.0 AppleWebKit/537.36 (KHTML, like Gecko; compatible; GPTBot/1.3; +https://openai.com/gptbot)"
74.7.243.224 - - [22/Nov/2025:01:21:42 -0800] "GET /search.php?opera253046663.html HTTP/2.0" 200 86187 "-" "Mozilla/5.0 AppleWebKit/537.36 (KHTML, like Gecko; compatible; GPTBot/1.3; +https://openai.com/gptbot)"
74.7.243.224 - - [22/Nov/2025:01:21:43 -0800] "GET /search.php?rough143029385.html HTTP/2.0" 200 85694 "-" "Mozilla/5.0 AppleWebKit/537.36 (KHTML, like Gecko; compatible; GPTBot/1.3; +https://openai.com/gptbot)"
74.7.243.224 - - [22/Nov/2025:01:21:45 -0800] "GET /search.php?product/edit/tuzukiya-r04-0354 HTTP/2.0" 200 85596 "-" "Mozilla/5.0 AppleWebKit/537.36 (KHTML, like Gecko; compatible; GPTBot/1.3; +https://openai.com/gptbot)"
66.249.75.104 - - [22/Nov/2025:01:21:45 -0800] "GET /?market=2009436623 HTTP/1.1" 200 25251 "-" "Mozilla/5.0 (Linux; Android 6.0.1; Nexus 5X Build/MMB29P) AppleWebKit/537.36 (KHTML, like Gecko) Chrome/141.0.7390.122 Mobile Safari/537.36 (compatible; Googlebot/2.1; +http://www.google.com/bot.html)"
66.249.75.104 - - [22/Nov/2025:01:21:46 -0800] "GET /?market=1351473697 HTTP/1.1" 200 21121 "-" "Mozilla/5.0 (Linux; Android 6.0.1; Nexus 5X Build/MMB29P) AppleWebKit/537.36 (KHTML, like Gecko) Chrome/141.0.7390.122 Mobile Safari/537.36 (compatible; Googlebot/2.1; +http://www.google.com/bot.html)"
216.73.216.10 - - [22/Nov/2025:01:21:46 -0800] "GET /2019/10/28/dont-be-a-chicken-%F0%9F%90%93repost-spaghetti_breath%E3%83%BB%E3%83%BB%E3%83%BBmollywoppersnyb-meeting-wednesday-night-730pm-at-omalley-come-get-those-deposits-in-clocks-tic?fileloc=%2Fhome%2Fmollywopper%2F.alias&path=%2Fhome%2Fmollywopper HTTP/2.0" 200 2634 "-" "Mozilla/5.0 AppleWebKit/537.36 (KHTML, like Gecko; compatible; ClaudeBot/1.0; +claudebot@anthropic.com)"
66.249.75.104 - - [22/Nov/2025:01:21:47 -0800] "GET /?market=2036829325 HTTP/1.1" 200 27030 "-" "Mozilla/5.0 (Linux; Android 6.0.1; Nexus 5X Build/MMB29P) AppleWebKit/537.36 (KHTML, like Gecko) Chrome/141.0.7390.122 Mobile Safari/537.36 (compatible; Googlebot/2.1; +http://www.google.com/bot.html)"
74.7.243.224 - - [22/Nov/2025:01:21:46 -0800] "GET /search.php?channel=156e34&from=https://mollywoppersnyb.com/chat.htm?cabinet290005326.html&m=2921046028692 HTTP/2.0" 200 86740 "-" "Mozilla/5.0 AppleWebKit/537.36 (KHTML, like Gecko; compatible; GPTBot/1.3; +https://openai.com/gptbot)"
216.73.216.10 - - [22/Nov/2025:01:21:46 -0800] "GET /2019/10/28/dont-be-a-chicken-%F0%9F%90%93repost-spaghetti_breath%E3%83%BB%E3%83%BB%E3%83%BBmollywoppersnyb-meeting-wednesday-night-730pm-at-omalley-come-get-those-deposits-in-clocks-tic?path=%2Fhome%2Fmollywopper%2Fmollywoppersnyb.com%2Fmixtape%2Fsongs HTTP/2.0" 200 3894 "-" "Mozilla/5.0 AppleWebKit/537.36 (KHTML, like Gecko; compatible; ClaudeBot/1.0; +claudebot@anthropic.com)"
216.73.216.10 - - [22/Nov/2025:01:21:46 -0800] "GET /2019/10/28/dont-be-a-chicken-%F0%9F%90%93repost-spaghetti_breath%E3%83%BB%E3%83%BB%E3%83%BBmollywoppersnyb-meeting-wednesday-night-730pm-at-omalley-come-get-those-deposits-in-clocks-tic?path=%2Fhome%2Fmollywopper%2Fmollywoppersnyb.com%2Fmixtape%2Fsettings HTTP/2.0" 200 3215 "-" "Mozilla/5.0 AppleWebKit/537.36 (KHTML, like Gecko; compatible; ClaudeBot/1.0; +claudebot@anthropic.com)"
57.141.6.67 - - [22/Nov/2025:01:21:49 -0800] "GET /2016/05/10/meeting-tomorrow-wednesday-730-omalley-club-be-there-%f0%9f%93%b8-saranichole-mollywoppersnyb-mummersparade/ HTTP/2.0" 429 351 "-" "meta-externalagent/1.1 (+https://developers.facebook.com/docs/sharing/webmasters/crawler)"
100.29.34.97 - - [22/Nov/2025:01:21:48 -0800] "GET /?path=//sys/class/tty/ptype/subsystem/ptype/subsystem/ttyp1/subsystem/ttyp8/subsystem/ttyp2 HTTP/1.1" 200 6599 "-" "Mozilla/5.0 AppleWebKit/537.36 (KHTML, like Gecko; compatible; Amazonbot/0.1; +https://developer.amazon.com/support/amazonbot) Chrome/119.0.6045.214 Safari/537.36"
74.7.243.224 - - [22/Nov/2025:01:21:48 -0800] "GET /search.php?product/edit/chokado-cr24-3352 HTTP/2.0" 200 86088 "-" "Mozilla/5.0 AppleWebKit/537.36 (KHTML, like Gecko; compatible; GPTBot/1.3; +https://openai.com/gptbot)"
74.7.243.224 - - [22/Nov/2025:01:21:49 -0800] "GET /search.php?channel=156e34&from=https://mollywoppersnyb.com/chat.htm?function298008976.html&m=2921046028692 HTTP/2.0" 200 88169 "-" "Mozilla/5.0 AppleWebKit/537.36 (KHTML, like Gecko; compatible; GPTBot/1.3; +https://openai.com/gptbot)"
74.7.243.224 - - [22/Nov/2025:01:21:51 -0800] "GET /search.php?channel=156e34&from=https://mollywoppersnyb.com/chat.htm?dream032007622.html&m=2921046028692 HTTP/2.0" 200 85815 "-" "Mozilla/5.0 AppleWebKit/537.36 (KHTML, like Gecko; compatible; GPTBot/1.3; +https://openai.com/gptbot)"
74.7.243.224 - - [22/Nov/2025:01:21:52 -0800] "GET /search.php?channel=156e34&from=https://mollywoppersnyb.com/chat.htm?items/167010872.html&m=2921046028692 HTTP/2.0" 200 85580 "-" "Mozilla/5.0 AppleWebKit/537.36 (KHTML, like Gecko; compatible; GPTBot/1.3; +https://openai.com/gptbot)"
74.7.243.224 - - [22/Nov/2025:01:21:54 -0800] "GET /search.php?channel=156e34&from=https://mollywoppersnyb.com/chat.htm?items/178046305.html&m=2921046028692 HTTP/2.0" 200 86136 "-" "Mozilla/5.0 AppleWebKit/537.36 (KHTML, like Gecko; compatible; GPTBot/1.3; +https://openai.com/gptbot)"
74.7.243.224 - - [22/Nov/2025:01:21:55 -0800] "GET /search.php?channel=156e34&from=https://mollywoppersnyb.com/chat.htm?items/081039332.html&m=2921046028692 HTTP/2.0" 200 85921 "-" "Mozilla/5.0 AppleWebKit/537.36 (KHTML, like Gecko; compatible; GPTBot/1.3; +https://openai.com/gptbot)"
74.7.243.224 - - [22/Nov/2025:01:21:57 -0800] "GET /search.php?tiny253046687.html HTTP/2.0" 200 86210 "-" "Mozilla/5.0 AppleWebKit/537.36 (KHTML, like Gecko; compatible; GPTBot/1.3; +https://openai.com/gptbot)"
74.7.243.224 - - [22/Nov/2025:01:21:58 -0800] "GET /search.php?long248037916.html HTTP/2.0" 200 85847 "-" "Mozilla/5.0 AppleWebKit/537.36 (KHTML, like Gecko; compatible; GPTBot/1.3; +https://openai.com/gptbot)"
66.249.75.104 - - [22/Nov/2025:01:21:59 -0800] "GET /?market=5017460 HTTP/1.1" 200 25185 "-" "Mozilla/5.0 (Linux; Android 6.0.1; Nexus 5X Build/MMB29P) AppleWebKit/537.36 (KHTML, like Gecko) Chrome/141.0.7390.122 Mobile Safari/537.36 (compatible; Googlebot/2.1; +http://www.google.com/bot.html)"
74.7.243.224 - - [22/Nov/2025:01:21:59 -0800] "GET /search.php?channel=156e34&from=https://mollywoppersnyb.com/chat.htm?items/234033575.html&m=2921046028692 HTTP/2.0" 200 86254 "-" "Mozilla/5.0 AppleWebKit/537.36 (KHTML, like Gecko; compatible; GPTBot/1.3; +https://openai.com/gptbot)"
54.235.125.129 - - [22/Nov/2025:01:22:00 -0800] "GET /home/?path=//sys/class/tty/ptype/subsystem/ttys1/subsystem/ttyp1/subsystem/ttyS0/subsystem/ttyp2 HTTP/1.1" 200 6587 "-" "Mozilla/5.0 AppleWebKit/537.36 (KHTML, like Gecko; compatible; Amazonbot/0.1; +https://developer.amazon.com/support/amazonbot) Chrome/119.0.6045.214 Safari/537.36"
74.7.243.224 - - [22/Nov/2025:01:22:00 -0800] "GET /search.php?fucking230036756.html HTTP/2.0" 200 86829 "-" "Mozilla/5.0 AppleWebKit/537.36 (KHTML, like Gecko; compatible; GPTBot/1.3; +https://openai.com/gptbot)"
74.7.243.224 - - [22/Nov/2025:01:22:01 -0800] "GET /search.php?channel=156e34&from=https://mollywoppersnyb.com/chat.htm?ours032007622.html&m=2921046028692 HTTP/2.0" 200 85879 "-" "Mozilla/5.0 AppleWebKit/537.36 (KHTML, like Gecko; compatible; GPTBot/1.3; +https://openai.com/gptbot)"
74.7.243.224 - - [22/Nov/2025:01:22:02 -0800] "GET /search.php?about083018917.html HTTP/2.0" 200 85655 "-" "Mozilla/5.0 AppleWebKit/537.36 (KHTML, like Gecko; compatible; GPTBot/1.3; +https://openai.com/gptbot)"
74.7.243.224 - - [22/Nov/2025:01:22:04 -0800] "GET /search.php?channel=156e34&from=https://mollywoppersnyb.com/chat.htm?side021032275.html&m=2921046028692 HTTP/2.0" 200 86416 "-" "Mozilla/5.0 AppleWebKit/537.36 (KHTML, like Gecko; compatible; GPTBot/1.3; +https://openai.com/gptbot)"
66.249.75.105 - - [22/Nov/2025:01:22:04 -0800] "GET /m071007205 HTTP/1.1" 200 33423 "-" "Mozilla/5.0 (Linux; Android 6.0.1; Nexus 5X Build/MMB29P) AppleWebKit/537.36 (KHTML, like Gecko) Chrome/141.0.7390.122 Mobile Safari/537.36 (compatible; GoogleOther)"
74.7.243.224 - - [22/Nov/2025:01:22:05 -0800] "GET /search.php?channel=156e34&from=https://mollywoppersnyb.com/chat.htm?other298008976.html&m=2921046028692 HTTP/2.0" 200 88130 "-" "Mozilla/5.0 AppleWebKit/537.36 (KHTML, like Gecko; compatible; GPTBot/1.3; +https://openai.com/gptbot)"
74.7.243.224 - - [22/Nov/2025:01:22:06 -0800] "GET /search.php?channel=156e34&from=https://mollywoppersnyb.com/chat.htm?items/282025809.html&m=2921046028692 HTTP/2.0" 200 86018 "-" "Mozilla/5.0 AppleWebKit/537.36 (KHTML, like Gecko; compatible; GPTBot/1.3; +https://openai.com/gptbot)"
74.7.243.224 - - [22/Nov/2025:01:22:08 -0800] "GET /search.php?channel=156e34&from=https://mollywoppersnyb.com/chat.htm?items/146001645.html&m=2921046028692 HTTP/2.0" 200 87229 "-" "Mozilla/5.0 AppleWebKit/537.36 (KHTML, like Gecko; compatible; GPTBot/1.3; +https://openai.com/gptbot)"
74.7.243.224 - - [22/Nov/2025:01:22:09 -0800] "GET /search.php?channel=156e34&from=https://mollywoppersnyb.com/chat.htm?items/008015895.html&m=2921046028692 HTTP/2.0" 200 86215 "-" "Mozilla/5.0 AppleWebKit/537.36 (KHTML, like Gecko; compatible; GPTBot/1.3; +https://openai.com/gptbot)"
74.7.243.224 - - [22/Nov/2025:01:22:10 -0800] "GET /search.php?channel=156e34&from=https://mollywoppersnyb.com/chat.htm?items/153033138.html&m=2921046028692 HTTP/2.0" 200 85963 "-" "Mozilla/5.0 AppleWebKit/537.36 (KHTML, like Gecko; compatible; GPTBot/1.3; +https://openai.com/gptbot)"
74.7.243.224 - - [22/Nov/2025:01:22:11 -0800] "GET /search.php?avoid253046729.html HTTP/2.0" 200 86629 "-" "Mozilla/5.0 AppleWebKit/537.36 (KHTML, like Gecko; compatible; GPTBot/1.3; +https://openai.com/gptbot)"
74.7.243.224 - - [22/Nov/2025:01:22:12 -0800] "GET /search.php?effectively230036284.html HTTP/2.0" 200 86607 "-" "Mozilla/5.0 AppleWebKit/537.36 (KHTML, like Gecko; compatible; GPTBot/1.3; +https://openai.com/gptbot)"
74.7.243.224 - - [22/Nov/2025:01:22:13 -0800] "GET /search.php?channel=156e34&from=https://mollywoppersnyb.com/chat.htm?damn028024318.html&m=2921046028692 HTTP/2.0" 200 86197 "-" "Mozilla/5.0 AppleWebKit/537.36 (KHTML, like Gecko; compatible; GPTBot/1.3; +https://openai.com/gptbot)"
74.7.243.224 - - [22/Nov/2025:01:22:14 -0800] "GET /search.php?channel=156e34&from=https://mollywoppersnyb.com/chat.htm?copy230036276.html&m=2921046028692 HTTP/2.0" 200 86888 "-" "Mozilla/5.0 AppleWebKit/537.36 (KHTML, like Gecko; compatible; GPTBot/1.3; +https://openai.com/gptbot)"
74.7.243.224 - - [22/Nov/2025:01:22:16 -0800] "GET /search.php?channel=156e34&from=https://mollywoppersnyb.com/chat.htm?items/243021870.html&m=2921046028692 HTTP/2.0" 200 85523 "-" "Mozilla/5.0 AppleWebKit/537.36 (KHTML, like Gecko; compatible; GPTBot/1.3; +https://openai.com/gptbot)"
74.7.243.224 - - [22/Nov/2025:01:22:17 -0800] "GET /search.php?channel=156e34&from=https://mollywoppersnyb.com/chat.htm?items/205013182.html&m=2921046028692 HTTP/2.0" 200 86138 "-" "Mozilla/5.0 AppleWebKit/537.36 (KHTML, like Gecko; compatible; GPTBot/1.3; +https://openai.com/gptbot)"
74.7.243.224 - - [22/Nov/2025:01:22:18 -0800] "GET /search.php?channel=156e34&from=https://mollywoppersnyb.com/chat.htm?items/194049123.html&m=2921046028692 HTTP/2.0" 200 85806 "-" "Mozilla/5.0 AppleWebKit/537.36 (KHTML, like Gecko; compatible; GPTBot/1.3; +https://openai.com/gptbot)"
54.144.185.255 - - [22/Nov/2025:01:22:20 -0800] "GET /home/?path=//sys/class/tty/ptype/subsystem/tty/subsystem/ttyS1/subsystem/ttype/subsystem/ttyv0 HTTP/1.1" 200 6521 "-" "Mozilla/5.0 AppleWebKit/537.36 (KHTML, like Gecko; compatible; Amazonbot/0.1; +https://developer.amazon.com/support/amazonbot) Chrome/119.0.6045.214 Safari/537.36"
74.7.243.224 - - [22/Nov/2025:01:22:20 -0800] "GET /search.php?channel=156e34&from=https://mollywoppersnyb.com/chat.htm?soften216014470.html&m=2921046028692 HTTP/2.0" 200 86657 "-" "Mozilla/5.0 AppleWebKit/537.36 (KHTML, like Gecko; compatible; GPTBot/1.3; +https://openai.com/gptbot)"
74.7.243.224 - - [22/Nov/2025:01:22:21 -0800] "GET /search.php?kiss248037916.html HTTP/2.0" 200 85877 "-" "Mozilla/5.0 AppleWebKit/537.36 (KHTML, like Gecko; compatible; GPTBot/1.3; +https://openai.com/gptbot)"
66.249.75.104 - - [22/Nov/2025:01:22:22 -0800] "GET /?market=1014055546 HTTP/1.1" 200 24885 "-" "Mozilla/5.0 (Linux; Android 6.0.1; Nexus 5X Build/MMB29P) AppleWebKit/537.36 (KHTML, like Gecko) Chrome/141.0.7390.122 Mobile Safari/537.36 (compatible; Googlebot/2.1; +http://www.google.com/bot.html)"
74.7.243.224 - - [22/Nov/2025:01:22:23 -0800] "GET /search.php?channel=156e34&from=https://mollywoppersnyb.com/chat.htm?educate265010237.html&m=2921046028692 HTTP/2.0" 200 87000 "-" "Mozilla/5.0 AppleWebKit/537.36 (KHTML, like Gecko; compatible; GPTBot/1.3; +https://openai.com/gptbot)"
74.7.243.224 - - [22/Nov/2025:01:22:24 -0800] "GET /search.php?channel=156e34&from=https://mollywoppersnyb.com/chat.htm?items/157000154.html&m=2921046028692 HTTP/2.0" 200 86007 "-" "Mozilla/5.0 AppleWebKit/537.36 (KHTML, like Gecko; compatible; GPTBot/1.3; +https://openai.com/gptbot)"
66.249.75.104 - - [22/Nov/2025:01:22:25 -0800] "GET /market/21235903 HTTP/1.1" 200 26826 "-" "Mozilla/5.0 (Linux; Android 6.0.1; Nexus 5X Build/MMB29P) AppleWebKit/537.36 (KHTML, like Gecko) Chrome/141.0.7390.122 Mobile Safari/537.36 (compatible; GoogleOther)"
74.7.243.224 - - [22/Nov/2025:01:22:25 -0800] "GET /search.php?channel=156e34&from=https://mollywoppersnyb.com/chat.htm?items/215019234.html&m=2921046028692 HTTP/2.0" 200 88518 "-" "Mozilla/5.0 AppleWebKit/537.36 (KHTML, like Gecko; compatible; GPTBot/1.3; +https://openai.com/gptbot)"
74.7.243.224 - - [22/Nov/2025:01:22:27 -0800] "GET /search.php?architect028024318.html HTTP/2.0" 200 86244 "-" "Mozilla/5.0 AppleWebKit/537.36 (KHTML, like Gecko; compatible; GPTBot/1.3; +https://openai.com/gptbot)"
74.7.243.224 - - [22/Nov/2025:01:22:28 -0800] "GET /search.php?Iraqi253046789.html HTTP/2.0" 200 86724 "-" "Mozilla/5.0 AppleWebKit/537.36 (KHTML, like Gecko; compatible; GPTBot/1.3; +https://openai.com/gptbot)"
98.82.39.241 - - [22/Nov/2025:01:22:29 -0800] "GET /?path=//sys/class/tty/ptype/subsystem/ttyec/subsystem/ttyp0/subsystem/ttydb/subsystem/ttyec HTTP/1.1" 200 6529 "-" "Mozilla/5.0 AppleWebKit/537.36 (KHTML, like Gecko; compatible; Amazonbot/0.1; +https://developer.amazon.com/support/amazonbot) Chrome/119.0.6045.214 Safari/537.36"
74.7.243.224 - - [22/Nov/2025:01:22:29 -0800] "GET /search.php?channel=156e34&from=https://mollywoppersnyb.com/chat.htm?items/253046784.html&m=2921046028692 HTTP/2.0" 200 86141 "-" "Mozilla/5.0 AppleWebKit/537.36 (KHTML, like Gecko; compatible; GPTBot/1.3; +https://openai.com/gptbot)"
74.7.243.224 - - [22/Nov/2025:01:22:31 -0800] "GET /search.php?channel=156e34&from=https://mollywoppersnyb.com/chat.htm?items/056019737.html&m=2921046028692 HTTP/2.0" 200 85956 "-" "Mozilla/5.0 AppleWebKit/537.36 (KHTML, like Gecko; compatible; GPTBot/1.3; +https://openai.com/gptbot)"
52.205.113.104 - - [22/Nov/2025:01:22:32 -0800] "GET /?path=//sys/class/tty/ptype/subsystem/ttyp1/subsystem/ttyre/subsystem/ttyp1/subsystem/ttyua HTTP/1.1" 200 6597 "-" "Mozilla/5.0 AppleWebKit/537.36 (KHTML, like Gecko; compatible; Amazonbot/0.1; +https://developer.amazon.com/support/amazonbot) Chrome/119.0.6045.214 Safari/537.36"
74.7.243.224 - - [22/Nov/2025:01:22:32 -0800] "GET /search.php?channel=156e34&from=https://mollywoppersnyb.com/chat.htm?cheek029008943.html&m=2921046028692 HTTP/2.0" 200 85682 "-" "Mozilla/5.0 AppleWebKit/537.36 (KHTML, like Gecko; compatible; GPTBot/1.3; +https://openai.com/gptbot)"
74.7.243.224 - - [22/Nov/2025:01:22:33 -0800] "GET /search.php?channel=156e34&from=https://mollywoppersnyb.com/chat.htm?barrel017022743.html&m=2921046028692 HTTP/2.0" 200 86158 "-" "Mozilla/5.0 AppleWebKit/537.36 (KHTML, like Gecko; compatible; GPTBot/1.3; +https://openai.com/gptbot)"
74.7.243.224 - - [22/Nov/2025:01:22:34 -0800] "GET /search.php?thing290005346.html HTTP/2.0" 200 86260 "-" "Mozilla/5.0 AppleWebKit/537.36 (KHTML, like Gecko; compatible; GPTBot/1.3; +https://openai.com/gptbot)"
74.7.243.224 - - [22/Nov/2025:01:22:35 -0800] "GET /search.php?items/157000154.html HTTP/2.0" 200 86045 "-" "Mozilla/5.0 AppleWebKit/537.36 (KHTML, like Gecko; compatible; GPTBot/1.3; +https://openai.com/gptbot)"
54.157.84.74 - - [22/Nov/2025:01:22:36 -0800] "GET /?path=//sys/class/tty/ptype/subsystem/ptype/subsystem/ttyp2/subsystem/ttypc/subsystem/ptyp0 HTTP/1.1" 200 6513 "-" "Mozilla/5.0 AppleWebKit/537.36 (KHTML, like Gecko; compatible; Amazonbot/0.1; +https://developer.amazon.com/support/amazonbot) Chrome/119.0.6045.214 Safari/537.36"
74.7.243.224 - - [22/Nov/2025:01:22:36 -0800] "GET /search.php?channel=156e34&from=https://mollywoppersnyb.com/chat.htm?gay278001732.html&m=2921046028692 HTTP/2.0" 200 86095 "-" "Mozilla/5.0 AppleWebKit/537.36 (KHTML, like Gecko; compatible; GPTBot/1.3; +https://openai.com/gptbot)"
74.7.243.224 - - [22/Nov/2025:01:22:37 -0800] "GET /search.php?product/edit/comparte-236303 HTTP/2.0" 200 86048 "-" "Mozilla/5.0 AppleWebKit/537.36 (KHTML, like Gecko; compatible; GPTBot/1.3; +https://openai.com/gptbot)"
74.7.243.224 - - [22/Nov/2025:01:22:38 -0800] "GET /search.php?channel=156e34&from=https://mollywoppersnyb.com/chat.htm?bless251035801.html&m=2921046028692 HTTP/2.0" 200 85988 "-" "Mozilla/5.0 AppleWebKit/537.36 (KHTML, like Gecko; compatible; GPTBot/1.3; +https://openai.com/gptbot)"
74.7.243.224 - - [22/Nov/2025:01:22:39 -0800] "GET /search.php?anxious163025957.html HTTP/2.0" 200 86755 "-" "Mozilla/5.0 AppleWebKit/537.36 (KHTML, like Gecko; compatible; GPTBot/1.3; +https://openai.com/gptbot)"
54.84.161.62 - - [22/Nov/2025:01:22:40 -0800] "GET /?path=//sys/class/tty/ptype/subsystem/ptype/subsystem/ptype/subsystem/ptmx/subsystem/ptmx HTTP/1.1" 200 6549 "-" "Mozilla/5.0 AppleWebKit/537.36 (KHTML, like Gecko; compatible; Amazonbot/0.1; +https://developer.amazon.com/support/amazonbot) Chrome/119.0.6045.214 Safari/537.36"
74.7.243.224 - - [22/Nov/2025:01:22:41 -0800] "GET /search.php?items/056019737.html HTTP/2.0" 200 86198 "-" "Mozilla/5.0 AppleWebKit/537.36 (KHTML, like Gecko; compatible; GPTBot/1.3; +https://openai.com/gptbot)"
74.7.243.224 - - [22/Nov/2025:01:22:42 -0800] "GET /search.php?wedding263047867.html HTTP/2.0" 200 86217 "-" "Mozilla/5.0 AppleWebKit/537.36 (KHTML, like Gecko; compatible; GPTBot/1.3; +https://openai.com/gptbot)"
74.7.243.224 - - [22/Nov/2025:01:22:43 -0800] "GET /search.php?channel=156e34&from=https://mollywoppersnyb.com/chat.htm?preach265036203.html&m=2921046028692 HTTP/2.0" 200 85766 "-" "Mozilla/5.0 AppleWebKit/537.36 (KHTML, like Gecko; compatible; GPTBot/1.3; +https://openai.com/gptbot)"
74.7.243.224 - - [22/Nov/2025:01:22:44 -0800] "GET /search.php?channel=156e34&from=https://mollywoppersnyb.com/chat.htm?items/174043493.html&m=2921046028692 HTTP/2.0" 200 86201 "-" "Mozilla/5.0 AppleWebKit/537.36 (KHTML, like Gecko; compatible; GPTBot/1.3; +https://openai.com/gptbot)"
74.7.243.224 - - [22/Nov/2025:01:22:45 -0800] "GET /search.php?robot253046719.html HTTP/2.0" 200 86355 "-" "Mozilla/5.0 AppleWebKit/537.36 (KHTML, like Gecko; compatible; GPTBot/1.3; +https://openai.com/gptbot)"
66.249.75.104 - - [22/Nov/2025:01:22:47 -0800] "GET /?market=415845828 HTTP/1.1" 200 24712 "-" "Mozilla/5.0 (Linux; Android 6.0.1; Nexus 5X Build/MMB29P) AppleWebKit/537.36 (KHTML, like Gecko) Chrome/141.0.7390.122 Mobile Safari/537.36 (compatible; Googlebot/2.1; +http://www.google.com/bot.html)"
44.221.37.41 - - [22/Nov/2025:01:22:48 -0800] "GET /?path=//sys/class/tty/ptype/subsystem/ptyp1/subsystem/ptype/subsystem/ttyec/subsystem/ptmx HTTP/1.1" 200 6529 "-" "Mozilla/5.0 AppleWebKit/537.36 (KHTML, like Gecko; compatible; Amazonbot/0.1; +https://developer.amazon.com/support/amazonbot) Chrome/119.0.6045.214 Safari/537.36"
74.7.243.224 - - [22/Nov/2025:01:22:47 -0800] "GET /search.php?channel=156e34&from=https://mollywoppersnyb.com/chat.htm?items/281012424.html&m=2921046028692 HTTP/2.0" 200 86474 "-" "Mozilla/5.0 AppleWebKit/537.36 (KHTML, like Gecko; compatible; GPTBot/1.3; +https://openai.com/gptbot)"
74.7.243.224 - - [22/Nov/2025:01:22:49 -0800] "GET /search.php?channel=156e34&from=https://mollywoppersnyb.com/chat.htm?items/100022783.html&m=2921046028692 HTTP/2.0" 200 86084 "-" "Mozilla/5.0 AppleWebKit/537.36 (KHTML, like Gecko; compatible; GPTBot/1.3; +https://openai.com/gptbot)"
74.7.243.224 - - [22/Nov/2025:01:22:50 -0800] "GET /search.php?brown089042567.html HTTP/2.0" 200 85913 "-" "Mozilla/5.0 AppleWebKit/537.36 (KHTML, like Gecko; compatible; GPTBot/1.3; +https://openai.com/gptbot)"
74.7.243.224 - - [22/Nov/2025:01:22:51 -0800] "GET /search.php?lady253046809.html HTTP/2.0" 200 86316 "-" "Mozilla/5.0 AppleWebKit/537.36 (KHTML, like Gecko; compatible; GPTBot/1.3; +https://openai.com/gptbot)"
74.7.243.224 - - [22/Nov/2025:01:22:53 -0800] "GET /search.php?channel=156e34&from=https://mollywoppersnyb.com/chat.htm?entire163025957.html&m=2921046028692 HTTP/2.0" 200 86498 "-" "Mozilla/5.0 AppleWebKit/537.36 (KHTML, like Gecko; compatible; GPTBot/1.3; +https://openai.com/gptbot)"
74.7.243.224 - - [22/Nov/2025:01:22:55 -0800] "GET /search.php?channel=156e34&from=https://mollywoppersnyb.com/chat.htm?nest285017051.html&m=2921046028692 HTTP/2.0" 200 86038 "-" "Mozilla/5.0 AppleWebKit/537.36 (KHTML, like Gecko; compatible; GPTBot/1.3; +https://openai.com/gptbot)"
184.73.35.182 - - [22/Nov/2025:01:22:56 -0800] "GET /?path=//sys/class/tty/ptype/subsystem/ttysc/subsystem/console/subsystem/ttyp0/subsystem/ttyp0 HTTP/1.1" 200 6569 "-" "Mozilla/5.0 AppleWebKit/537.36 (KHTML, like Gecko; compatible; Amazonbot/0.1; +https://developer.amazon.com/support/amazonbot) Chrome/119.0.6045.214 Safari/537.36"
74.7.243.224 - - [22/Nov/2025:01:22:56 -0800] "GET /search.php?king263039065.html HTTP/2.0" 200 85605 "-" "Mozilla/5.0 AppleWebKit/537.36 (KHTML, like Gecko; compatible; GPTBot/1.3; +https://openai.com/gptbot)"
74.7.243.224 - - [22/Nov/2025:01:22:57 -0800] "GET /search.php?channel=156e34&from=https://mollywoppersnyb.com/chat.htm?items/009045196.html&m=2921046028692 HTTP/2.0" 200 85957 "-" "Mozilla/5.0 AppleWebKit/537.36 (KHTML, like Gecko; compatible; GPTBot/1.3; +https://openai.com/gptbot)"
74.7.243.224 - - [22/Nov/2025:01:22:59 -0800] "GET /search.php?channel=156e34&from=https://mollywoppersnyb.com/chat.htm?cop206039992.html&m=2921046028692 HTTP/2.0" 200 88498 "-" "Mozilla/5.0 AppleWebKit/537.36 (KHTML, like Gecko; compatible; GPTBot/1.3; +https://openai.com/gptbot)"
74.7.243.224 - - [22/Nov/2025:01:23:00 -0800] "GET /search.php?deck253046717.html HTTP/2.0" 200 86615 "-" "Mozilla/5.0 AppleWebKit/537.36 (KHTML, like Gecko; compatible; GPTBot/1.3; +https://openai.com/gptbot)"
74.7.243.224 - - [22/Nov/2025:01:23:01 -0800] "GET /search.php?channel=156e34&from=https://mollywoppersnyb.com/chat.htm?items/192022761.html&m=2921046028692 HTTP/2.0" 200 85617 "-" "Mozilla/5.0 AppleWebKit/537.36 (KHTML, like Gecko; compatible; GPTBot/1.3; +https://openai.com/gptbot)"
74.7.243.224 - - [22/Nov/2025:01:23:03 -0800] "GET /search.php?harmony253046809.html HTTP/2.0" 200 86642 "-" "Mozilla/5.0 AppleWebKit/537.36 (KHTML, like Gecko; compatible; GPTBot/1.3; +https://openai.com/gptbot)"
44.207.252.58 - - [22/Nov/2025:01:23:04 -0800] "GET /home/?path=//sys/class/tty/ptype/subsystem/ttypc/subsystem/ttyp0/subsystem/ttyv1/subsystem/ttysc HTTP/1.1" 200 6534 "-" "Mozilla/5.0 AppleWebKit/537.36 (KHTML, like Gecko; compatible; Amazonbot/0.1; +https://developer.amazon.com/support/amazonbot) Chrome/119.0.6045.214 Safari/537.36"
74.7.243.224 - - [22/Nov/2025:01:23:04 -0800] "GET /search.php?buddy108023556.html HTTP/2.0" 200 85909 "-" "Mozilla/5.0 AppleWebKit/537.36 (KHTML, like Gecko; compatible; GPTBot/1.3; +https://openai.com/gptbot)"
74.7.243.224 - - [22/Nov/2025:01:23:05 -0800] "GET /search.php?items/278007139.html HTTP/2.0" 200 86403 "-" "Mozilla/5.0 AppleWebKit/537.36 (KHTML, like Gecko; compatible; GPTBot/1.3; +https://openai.com/gptbot)"
74.7.243.224 - - [22/Nov/2025:01:23:07 -0800] "GET /search.php?channel=156e34&from=https://mollywoppersnyb.com/chat.htm?items/020014195.html&m=2921046028692 HTTP/2.0" 200 86027 "-" "Mozilla/5.0 AppleWebKit/537.36 (KHTML, like Gecko; compatible; GPTBot/1.3; +https://openai.com/gptbot)"
74.7.243.224 - - [22/Nov/2025:01:23:07 -0800] "GET /search.php?channel=156e34&from=https://mollywoppersnyb.com/chat.htm?song042047156.html&m=2921046028692 HTTP/2.0" 200 86336 "-" "Mozilla/5.0 AppleWebKit/537.36 (KHTML, like Gecko; compatible; GPTBot/1.3; +https://openai.com/gptbot)"
74.7.243.224 - - [22/Nov/2025:01:23:09 -0800] "GET /search.php?channel=156e34&from=https://mollywoppersnyb.com/chat.htm?bury206040020.html&m=2921046028692 HTTP/2.0" 200 88743 "-" "Mozilla/5.0 AppleWebKit/537.36 (KHTML, like Gecko; compatible; GPTBot/1.3; +https://openai.com/gptbot)"
74.7.243.224 - - [22/Nov/2025:01:23:10 -0800] "GET /search.php?channel=156e34&from=https://mollywoppersnyb.com/chat.htm?items/049045270.html&m=2921046028692 HTTP/2.0" 200 86564 "-" "Mozilla/5.0 AppleWebKit/537.36 (KHTML, like Gecko; compatible; GPTBot/1.3; +https://openai.com/gptbot)"
66.249.75.104 - - [22/Nov/2025:01:23:11 -0800] "GET /?market=2009934607 HTTP/1.1" 200 26113 "-" "Mozilla/5.0 (Linux; Android 6.0.1; Nexus 5X Build/MMB29P) AppleWebKit/537.36 (KHTML, like Gecko) Chrome/141.0.7390.122 Mobile Safari/537.36 (compatible; Googlebot/2.1; +http://www.google.com/bot.html)"
3.216.13.10 - - [22/Nov/2025:01:23:12 -0800] "GET /?path=//sys/class/tty/ptype/subsystem/ttyp1/subsystem/ttycc/subsystem/ttyp0/subsystem/ptyp2 HTTP/1.1" 200 6520 "-" "Mozilla/5.0 AppleWebKit/537.36 (KHTML, like Gecko; compatible; Amazonbot/0.1; +https://developer.amazon.com/support/amazonbot) Chrome/119.0.6045.214 Safari/537.36"
74.7.243.224 - - [22/Nov/2025:01:23:12 -0800] "GET /search.php?cloud290005354.html HTTP/2.0" 200 86559 "-" "Mozilla/5.0 AppleWebKit/537.36 (KHTML, like Gecko; compatible; GPTBot/1.3; +https://openai.com/gptbot)"
74.7.243.224 - - [22/Nov/2025:01:23:13 -0800] "GET /search.php?channel=156e34&from=https://mollywoppersnyb.com/chat.htm?items/253046692.html&m=2921046028692 HTTP/2.0" 200 86885 "-" "Mozilla/5.0 AppleWebKit/537.36 (KHTML, like Gecko; compatible; GPTBot/1.3; +https://openai.com/gptbot)"
74.7.243.224 - - [22/Nov/2025:01:23:15 -0800] "GET /search.php?product/edit/comparte-239200 HTTP/2.0" 200 85845 "-" "Mozilla/5.0 AppleWebKit/537.36 (KHTML, like Gecko; compatible; GPTBot/1.3; +https://openai.com/gptbot)"
74.7.243.224 - - [22/Nov/2025:01:23:16 -0800] "GET /search.php?product/edit/book-16800217 HTTP/2.0" 200 85775 "-" "Mozilla/5.0 AppleWebKit/537.36 (KHTML, like Gecko; compatible; GPTBot/1.3; +https://openai.com/gptbot)"
74.7.243.224 - - [22/Nov/2025:01:23:18 -0800] "GET /search.php?newly127046449.html HTTP/2.0" 200 86732 "-" "Mozilla/5.0 AppleWebKit/537.36 (KHTML, like Gecko; compatible; GPTBot/1.3; +https://openai.com/gptbot)"
74.7.243.224 - - [22/Nov/2025:01:23:19 -0800] "GET /search.php?product/edit/hitcreations-gr-e9gozrhjdi HTTP/2.0" 200 86572 "-" "Mozilla/5.0 AppleWebKit/537.36 (KHTML, like Gecko; compatible; GPTBot/1.3; +https://openai.com/gptbot)"
74.7.243.224 - - [22/Nov/2025:01:23:21 -0800] "GET /search.php?channel=156e34&from=https://mollywoppersnyb.com/chat.htm?manner206040058.html&m=2921046028692 HTTP/2.0" 200 87003 "-" "Mozilla/5.0 AppleWebKit/537.36 (KHTML, like Gecko; compatible; GPTBot/1.3; +https://openai.com/gptbot)"
74.7.243.224 - - [22/Nov/2025:01:23:22 -0800] "GET /search.php?milk253046887.html HTTP/2.0" 200 86603 "-" "Mozilla/5.0 AppleWebKit/537.36 (KHTML, like Gecko; compatible; GPTBot/1.3; +https://openai.com/gptbot)"
74.7.243.224 - - [22/Nov/2025:01:23:23 -0800] "GET /search.php?lobby127000745.html HTTP/2.0" 200 86420 "-" "Mozilla/5.0 AppleWebKit/537.36 (KHTML, like Gecko; compatible; GPTBot/1.3; +https://openai.com/gptbot)"
74.7.243.224 - - [22/Nov/2025:01:23:25 -0800] "GET /search.php?admit253046717.html HTTP/2.0" 200 86856 "-" "Mozilla/5.0 AppleWebKit/537.36 (KHTML, like Gecko; compatible; GPTBot/1.3; +https://openai.com/gptbot)"
74.7.243.224 - - [22/Nov/2025:01:23:26 -0800] "GET /search.php?quite258018472.html HTTP/2.0" 200 86088 "-" "Mozilla/5.0 AppleWebKit/537.36 (KHTML, like Gecko; compatible; GPTBot/1.3; +https://openai.com/gptbot)"
74.7.243.224 - - [22/Nov/2025:01:23:28 -0800] "GET /search.php?predict190011882.html HTTP/2.0" 200 86164 "-" "Mozilla/5.0 AppleWebKit/537.36 (KHTML, like Gecko; compatible; GPTBot/1.3; +https://openai.com/gptbot)"
74.7.243.224 - - [22/Nov/2025:01:23:30 -0800] "GET /search.php?tiny271038965.html HTTP/2.0" 200 86930 "-" "Mozilla/5.0 AppleWebKit/537.36 (KHTML, like Gecko; compatible; GPTBot/1.3; +https://openai.com/gptbot)"
74.7.243.224 - - [22/Nov/2025:01:23:31 -0800] "GET /search.php?channel=156e34&from=https://mollywoppersnyb.com/chat.htm?items/050047173.html&m=2921046028692 HTTP/2.0" 200 85732 "-" "Mozilla/5.0 AppleWebKit/537.36 (KHTML, like Gecko; compatible; GPTBot/1.3; +https://openai.com/gptbot)"
107.20.224.184 - - [22/Nov/2025:01:23:32 -0800] "GET /?path=//sys/class/tty/ptype/subsystem/ttys0/subsystem/console/subsystem/ttyv0/subsystem/ttyp0 HTTP/1.1" 200 6612 "-" "Mozilla/5.0 AppleWebKit/537.36 (KHTML, like Gecko; compatible; Amazonbot/0.1; +https://developer.amazon.com/support/amazonbot) Chrome/119.0.6045.214 Safari/537.36"
74.7.243.224 - - [22/Nov/2025:01:23:32 -0800] "GET /search.php?channel=156e34&from=https://mollywoppersnyb.com/chat.htm?items/046000509.html&m=2921046028692 HTTP/2.0" 200 86368 "-" "Mozilla/5.0 AppleWebKit/537.36 (KHTML, like Gecko; compatible; GPTBot/1.3; +https://openai.com/gptbot)"
74.7.243.224 - - [22/Nov/2025:01:23:33 -0800] "GET /search.php?channel=156e34&from=https://mollywoppersnyb.com/chat.htm?items/001023220.html&m=2921046028692 HTTP/2.0" 200 85667 "-" "Mozilla/5.0 AppleWebKit/537.36 (KHTML, like Gecko; compatible; GPTBot/1.3; +https://openai.com/gptbot)"
74.7.243.224 - - [22/Nov/2025:01:23:34 -0800] "GET /search.php?channel=156e34&from=https://mollywoppersnyb.com/chat.htm?abroad091018013.html&m=2921046028692 HTTP/2.0" 200 86156 "-" "Mozilla/5.0 AppleWebKit/537.36 (KHTML, like Gecko; compatible; GPTBot/1.3; +https://openai.com/gptbot)"
74.7.243.224 - - [22/Nov/2025:01:23:36 -0800] "GET /search.php?channel=156e34&from=https://mollywoppersnyb.com/chat.htm?cart253046847.html&m=2921046028692 HTTP/2.0" 200 86551 "-" "Mozilla/5.0 AppleWebKit/537.36 (KHTML, like Gecko; compatible; GPTBot/1.3; +https://openai.com/gptbot)"
74.7.243.224 - - [22/Nov/2025:01:23:37 -0800] "GET /search.php?channel=156e34&from=https://mollywoppersnyb.com/chat.htm?headquarters015007411.html&m=2921046028692 HTTP/2.0" 200 88359 "-" "Mozilla/5.0 AppleWebKit/537.36 (KHTML, like Gecko; compatible; GPTBot/1.3; +https://openai.com/gptbot)"
74.7.243.224 - - [22/Nov/2025:01:23:38 -0800] "GET /search.php?sound145033427.html HTTP/2.0" 200 86004 "-" "Mozilla/5.0 AppleWebKit/537.36 (KHTML, like Gecko; compatible; GPTBot/1.3; +https://openai.com/gptbot)"
74.7.243.224 - - [22/Nov/2025:01:23:40 -0800] "GET /search.php?squad223037895.html HTTP/2.0" 200 86069 "-" "Mozilla/5.0 AppleWebKit/537.36 (KHTML, like Gecko; compatible; GPTBot/1.3; +https://openai.com/gptbot)"
23.21.250.48 - - [22/Nov/2025:01:23:40 -0800] "GET /?path=//sys/class/tty/ptype/subsystem/ttyec/subsystem/ttyp1/subsystem/ttyp2/subsystem/ttys1 HTTP/1.1" 200 6557 "-" "Mozilla/5.0 AppleWebKit/537.36 (KHTML, like Gecko; compatible; Amazonbot/0.1; +https://developer.amazon.com/support/amazonbot) Chrome/119.0.6045.214 Safari/537.36"
74.7.243.224 - - [22/Nov/2025:01:23:41 -0800] "GET /search.php?channel=156e34&from=https://mollywoppersnyb.com/chat.htm?garlic008042790.html&m=2921046028692 HTTP/2.0" 200 85713 "-" "Mozilla/5.0 AppleWebKit/537.36 (KHTML, like Gecko; compatible; GPTBot/1.3; +https://openai.com/gptbot)"
74.7.243.224 - - [22/Nov/2025:01:23:42 -0800] "GET /search.php?forward243003917.html HTTP/2.0" 200 85900 "-" "Mozilla/5.0 AppleWebKit/537.36 (KHTML, like Gecko; compatible; GPTBot/1.3; +https://openai.com/gptbot)"
74.7.243.224 - - [22/Nov/2025:01:23:43 -0800] "GET /search.php?channel=156e34&from=https://mollywoppersnyb.com/chat.htm?decline206040180.html&m=2921046028692 HTTP/2.0" 200 86773 "-" "Mozilla/5.0 AppleWebKit/537.36 (KHTML, like Gecko; compatible; GPTBot/1.3; +https://openai.com/gptbot)"
3.89.176.255 - - [22/Nov/2025:01:23:44 -0800] "GET /?path=//sys/class/tty/ptype/subsystem/ttyqb/subsystem/ttyp1/subsystem/ttyS1/subsystem/ptmx HTTP/1.1" 200 6582 "-" "Mozilla/5.0 AppleWebKit/537.36 (KHTML, like Gecko; compatible; Amazonbot/0.1; +https://developer.amazon.com/support/amazonbot) Chrome/119.0.6045.214 Safari/537.36"
74.7.243.224 - - [22/Nov/2025:01:23:44 -0800] "GET /search.php?channel=156e34&from=https://mollywoppersnyb.com/chat.htm?stem192010230.html&m=2921046028692 HTTP/2.0" 200 86232 "-" "Mozilla/5.0 AppleWebKit/537.36 (KHTML, like Gecko; compatible; GPTBot/1.3; +https://openai.com/gptbot)"
74.7.243.224 - - [22/Nov/2025:01:23:45 -0800] "GET /search.php?below298013856.html HTTP/2.0" 200 86429 "-" "Mozilla/5.0 AppleWebKit/537.36 (KHTML, like Gecko; compatible; GPTBot/1.3; +https://openai.com/gptbot)"
74.7.243.224 - - [22/Nov/2025:01:23:46 -0800] "GET /search.php?channel=156e34&from=https://mollywoppersnyb.com/chat.htm?concede230036274.html&m=2921046028692 HTTP/2.0" 200 86829 "-" "Mozilla/5.0 AppleWebKit/537.36 (KHTML, like Gecko; compatible; GPTBot/1.3; +https://openai.com/gptbot)"
74.7.243.224 - - [22/Nov/2025:01:23:47 -0800] "GET /search.php?channel=156e34&from=https://mollywoppersnyb.com/chat.htm?monster253046749.html&m=2921046028692 HTTP/2.0" 200 86184 "-" "Mozilla/5.0 AppleWebKit/537.36 (KHTML, like Gecko; compatible; GPTBot/1.3; +https://openai.com/gptbot)"
74.7.243.224 - - [22/Nov/2025:01:23:49 -0800] "GET /search.php?channel=156e34&from=https://mollywoppersnyb.com/chat.htm?speaker216040434.html&m=2921046028692 HTTP/2.0" 200 85779 "-" "Mozilla/5.0 AppleWebKit/537.36 (KHTML, like Gecko; compatible; GPTBot/1.3; +https://openai.com/gptbot)"
66.249.75.104 - - [22/Nov/2025:01:23:50 -0800] "GET /m073000519 HTTP/1.1" 200 24575 "-" "Mozilla/5.0 (Linux; Android 6.0.1; Nexus 5X Build/MMB29P) AppleWebKit/537.36 (KHTML, like Gecko) Chrome/141.0.7390.122 Mobile Safari/537.36 (compatible; GoogleOther)"
74.7.243.224 - - [22/Nov/2025:01:23:50 -0800] "GET /search.php?quote290004600.html HTTP/2.0" 200 86522 "-" "Mozilla/5.0 AppleWebKit/537.36 (KHTML, like Gecko; compatible; GPTBot/1.3; +https://openai.com/gptbot)"
23.21.227.240 - - [22/Nov/2025:01:23:52 -0800] "GET /?path=//sys/class/tty/ptype/subsystem/ttyp1/subsystem/ttyec/subsystem/ttys0/subsystem/ttyua HTTP/1.1" 200 6589 "-" "Mozilla/5.0 AppleWebKit/537.36 (KHTML, like Gecko; compatible; Amazonbot/0.1; +https://developer.amazon.com/support/amazonbot) Chrome/119.0.6045.214 Safari/537.36"
74.7.243.224 - - [22/Nov/2025:01:23:51 -0800] "GET /search.php?product/edit/arde-5335-dh21dym HTTP/2.0" 200 86390 "-" "Mozilla/5.0 AppleWebKit/537.36 (KHTML, like Gecko; compatible; GPTBot/1.3; +https://openai.com/gptbot)"
74.7.243.224 - - [22/Nov/2025:01:23:53 -0800] "GET /search.php?channel=156e34&from=https://mollywoppersnyb.com/chat.htm?monument278044000.html&m=2921046028692 HTTP/2.0" 200 85875 "-" "Mozilla/5.0 AppleWebKit/537.36 (KHTML, like Gecko; compatible; GPTBot/1.3; +https://openai.com/gptbot)"
74.7.243.224 - - [22/Nov/2025:01:23:54 -0800] "GET /search.php?items/008000653.html HTTP/2.0" 200 86486 "-" "Mozilla/5.0 AppleWebKit/537.36 (KHTML, like Gecko; compatible; GPTBot/1.3; +https://openai.com/gptbot)"
54.85.109.140 - - [22/Nov/2025:01:23:56 -0800] "GET /?path=//sys/class/tty/ptype/subsystem/ttyp1/subsystem/ttyec/subsystem/ttyS0/subsystem/ttyua HTTP/1.1" 200 6589 "-" "Mozilla/5.0 AppleWebKit/537.36 (KHTML, like Gecko; compatible; Amazonbot/0.1; +https://developer.amazon.com/support/amazonbot) Chrome/119.0.6045.214 Safari/537.36"
74.7.243.224 - - [22/Nov/2025:01:23:56 -0800] "GET /search.php?items/206040101.html HTTP/2.0" 200 87012 "-" "Mozilla/5.0 AppleWebKit/537.36 (KHTML, like Gecko; compatible; GPTBot/1.3; +https://openai.com/gptbot)"
74.7.243.224 - - [22/Nov/2025:01:23:57 -0800] "GET /search.php?work163025957.html HTTP/2.0" 200 86349 "-" "Mozilla/5.0 AppleWebKit/537.36 (KHTML, like Gecko; compatible; GPTBot/1.3; +https://openai.com/gptbot)"
74.7.243.224 - - [22/Nov/2025:01:23:58 -0800] "GET /search.php?channel=156e34&from=https://mollywoppersnyb.com/chat.htm?items/297004612.html&m=2921046028692 HTTP/2.0" 200 86493 "-" "Mozilla/5.0 AppleWebKit/537.36 (KHTML, like Gecko; compatible; GPTBot/1.3; +https://openai.com/gptbot)"
74.7.243.224 - - [22/Nov/2025:01:23:59 -0800] "GET /search.php?pcmypage?callback=product/review/tenpos2-th1-rs-d-wp-wood400-br HTTP/2.0" 200 85873 "-" "Mozilla/5.0 AppleWebKit/537.36 (KHTML, like Gecko; compatible; GPTBot/1.3; +https://openai.com/gptbot)"
23.21.250.48 - - [22/Nov/2025:01:24:00 -0800] "GET /?path=//sys/class/tty/ptype/subsystem/ttyp1/subsystem/ptype/subsystem/ttyp2/subsystem/ttyde HTTP/1.1" 200 6593 "-" "Mozilla/5.0 AppleWebKit/537.36 (KHTML, like Gecko; compatible; Amazonbot/0.1; +https://developer.amazon.com/support/amazonbot) Chrome/119.0.6045.214 Safari/537.36"
74.7.243.224 - - [22/Nov/2025:01:24:01 -0800] "GET /search.php?channel=156e34&from=https://mollywoppersnyb.com/chat.htm?items/206040109.html&m=2921046028692 HTTP/2.0" 200 87685 "-" "Mozilla/5.0 AppleWebKit/537.36 (KHTML, like Gecko; compatible; GPTBot/1.3; +https://openai.com/gptbot)"
74.7.243.224 - - [22/Nov/2025:01:24:02 -0800] "GET /search.php?channel=156e34&from=https://mollywoppersnyb.com/chat.htm?items/091012042.html&m=2921046028692 HTTP/2.0" 200 85641 "-" "Mozilla/5.0 AppleWebKit/537.36 (KHTML, like Gecko; compatible; GPTBot/1.3; +https://openai.com/gptbot)"
74.7.243.224 - - [22/Nov/2025:01:24:03 -0800] "GET /search.php?product/edit/orange-benri-orb6525130 HTTP/2.0" 200 85962 "-" "Mozilla/5.0 AppleWebKit/537.36 (KHTML, like Gecko; compatible; GPTBot/1.3; +https://openai.com/gptbot)"
74.7.243.224 - - [22/Nov/2025:01:24:05 -0800] "GET /search.php?channel=156e34&from=https://mollywoppersnyb.com/chat.htm?whale290004512.html&m=2921046028692 HTTP/2.0" 200 86871 "-" "Mozilla/5.0 AppleWebKit/537.36 (KHTML, like Gecko; compatible; GPTBot/1.3; +https://openai.com/gptbot)"
74.7.243.224 - - [22/Nov/2025:01:24:06 -0800] "GET /search.php?channel=156e34&from=https://mollywoppersnyb.com/chat.htm?items/162000353.html&m=2921046028692 HTTP/2.0" 200 85861 "-" "Mozilla/5.0 AppleWebKit/537.36 (KHTML, like Gecko; compatible; GPTBot/1.3; +https://openai.com/gptbot)"
74.7.243.224 - - [22/Nov/2025:01:24:07 -0800] "GET /search.php?product/edit/pistil-o241214 HTTP/2.0" 200 85828 "-" "Mozilla/5.0 AppleWebKit/537.36 (KHTML, like Gecko; compatible; GPTBot/1.3; +https://openai.com/gptbot)"
74.7.243.224 - - [22/Nov/2025:01:24:08 -0800] "GET /search.php?items/297004612.html HTTP/2.0" 200 86418 "-" "Mozilla/5.0 AppleWebKit/537.36 (KHTML, like Gecko; compatible; GPTBot/1.3; +https://openai.com/gptbot)"
74.7.243.224 - - [22/Nov/2025:01:24:10 -0800] "GET /search.php?uniform253046581.html HTTP/2.0" 200 86272 "-" "Mozilla/5.0 AppleWebKit/537.36 (KHTML, like Gecko; compatible; GPTBot/1.3; +https://openai.com/gptbot)"
74.7.243.224 - - [22/Nov/2025:01:24:11 -0800] "GET /search.php?drunk238004250.html HTTP/2.0" 200 86661 "-" "Mozilla/5.0 AppleWebKit/537.36 (KHTML, like Gecko; compatible; GPTBot/1.3; +https://openai.com/gptbot)"
