66.249.75.105 - - [22/Nov/2025:01:36:01 -0800] "GET /?market=5049595 HTTP/1.1" 200 24910 "-" "Mozilla/5.0 (Linux; Android 6.0.1; Nexus 5X Build/MMB29P) AppleWebKit/537.36 (KHTML, like Gecko) Chrome/141.0.7390.122 Mobile Safari/537.36 (compatible; Googlebot/2.1; +http://www.google.com/bot.html)"
52.44.174.136 - - [22/Nov/2025:01:36:01 -0800] "GET /home/?path=//sys/class/tty/ptype/subsystem/ttyS3/device/subsystem/drivers/reg-dummy/reg-dummy/driver/reg-dummy/driver/reg-dummy/subsystem/drivers/PCCT/PCCT/subsystem/devices/pcspkr HTTP/1.1" 200 6733 "-" "Mozilla/5.0 AppleWebKit/537.36 (KHTML, like Gecko; compatible; Amazonbot/0.1; +https://developer.amazon.com/support/amazonbot) Chrome/119.0.6045.214 Safari/537.36"
74.7.243.224 - - [22/Nov/2025:01:36:02 -0800] "GET /search.php?channel=156e34&from=https://mollywoppersnyb.com/chat.htm?rival221013991.html&m=2921046028692 HTTP/2.0" 200 86451 "-" "Mozilla/5.0 AppleWebKit/537.36 (KHTML, like Gecko; compatible; GPTBot/1.3; +https://openai.com/gptbot)"
74.7.243.224 - - [22/Nov/2025:01:36:04 -0800] "GET /search.php?blow252029834.html HTTP/2.0" 200 86565 "-" "Mozilla/5.0 AppleWebKit/537.36 (KHTML, like Gecko; compatible; GPTBot/1.3; +https://openai.com/gptbot)"
74.7.243.224 - - [22/Nov/2025:01:36:05 -0800] "GET /search.php?channel=156e34&from=https://mollywoppersnyb.com/chat.htm?items/221013994.html&m=2921046028692 HTTP/2.0" 200 86306 "-" "Mozilla/5.0 AppleWebKit/537.36 (KHTML, like Gecko; compatible; GPTBot/1.3; +https://openai.com/gptbot)"
74.7.243.224 - - [22/Nov/2025:01:36:06 -0800] "GET /search.php?bride253046971.html HTTP/2.0" 200 86966 "-" "Mozilla/5.0 AppleWebKit/537.36 (KHTML, like Gecko; compatible; GPTBot/1.3; +https://openai.com/gptbot)"
66.249.75.105 - - [22/Nov/2025:01:36:07 -0800] "GET /market/106243011 HTTP/1.1" 200 24715 "-" "Mozilla/5.0 (Linux; Android 6.0.1; Nexus 5X Build/MMB29P) AppleWebKit/537.36 (KHTML, like Gecko) Chrome/141.0.7390.122 Mobile Safari/537.36 (compatible; GoogleOther)"
74.7.243.224 - - [22/Nov/2025:01:36:08 -0800] "GET /search.php?channel=156e34&from=https://mollywoppersnyb.com/chat.htm?diary031007567.html&m=2921046028692 HTTP/2.0" 200 86121 "-" "Mozilla/5.0 AppleWebKit/537.36 (KHTML, like Gecko; compatible; GPTBot/1.3; +https://openai.com/gptbot)"
74.7.243.224 - - [22/Nov/2025:01:36:09 -0800] "GET /search.php?channel=156e34&from=https://mollywoppersnyb.com/chat.htm?global029020597.html&m=2921046028692 HTTP/2.0" 200 85818 "-" "Mozilla/5.0 AppleWebKit/537.36 (KHTML, like Gecko; compatible; GPTBot/1.3; +https://openai.com/gptbot)"
74.7.243.224 - - [22/Nov/2025:01:36:10 -0800] "GET /search.php?satellite128028742.html HTTP/2.0" 200 85762 "-" "Mozilla/5.0 AppleWebKit/537.36 (KHTML, like Gecko; compatible; GPTBot/1.3; +https://openai.com/gptbot)"
54.197.114.76 - - [22/Nov/2025:01:36:12 -0800] "GET /home/?path=//sys/class/tty/ptype/subsystem/ttyp1/subsystem/ttyv1/subsystem/ttype/subsystem/ttyS0/device/driver HTTP/1.1" 200 6695 "-" "Mozilla/5.0 AppleWebKit/537.36 (KHTML, like Gecko; compatible; Amazonbot/0.1; +https://developer.amazon.com/support/amazonbot) Chrome/119.0.6045.214 Safari/537.36"
74.7.243.224 - - [22/Nov/2025:01:36:12 -0800] "GET /search.php?African253046813.html HTTP/2.0" 200 86316 "-" "Mozilla/5.0 AppleWebKit/537.36 (KHTML, like Gecko; compatible; GPTBot/1.3; +https://openai.com/gptbot)"
74.7.243.224 - - [22/Nov/2025:01:36:13 -0800] "GET /search.php?channel=156e34&from=https://mollywoppersnyb.com/chat.htm?items/161044688.html&m=2921046028692 HTTP/2.0" 200 85850 "-" "Mozilla/5.0 AppleWebKit/537.36 (KHTML, like Gecko; compatible; GPTBot/1.3; +https://openai.com/gptbot)"
74.7.243.224 - - [22/Nov/2025:01:36:14 -0800] "GET /search.php?channel=156e34&from=https://mollywoppersnyb.com/chat.htm?items/252017699.html&m=2921046028692 HTTP/2.0" 200 86771 "-" "Mozilla/5.0 AppleWebKit/537.36 (KHTML, like Gecko; compatible; GPTBot/1.3; +https://openai.com/gptbot)"
74.7.243.224 - - [22/Nov/2025:01:36:15 -0800] "GET /search.php?brick253046975.html HTTP/2.0" 200 86449 "-" "Mozilla/5.0 AppleWebKit/537.36 (KHTML, like Gecko; compatible; GPTBot/1.3; +https://openai.com/gptbot)"
52.205.113.104 - - [22/Nov/2025:01:36:16 -0800] "GET /home/?path=//sys/class/tty/ptype/subsystem/ttyS3/device/subsystem/devices/reg-dummy/driver/reg-dummy/driver/reg-dummy/subsystem/devices/microcode/subsystem/devices/reg-dummy/driver HTTP/1.1" 200 6682 "-" "Mozilla/5.0 AppleWebKit/537.36 (KHTML, like Gecko; compatible; Amazonbot/0.1; +https://developer.amazon.com/support/amazonbot) Chrome/119.0.6045.214 Safari/537.36"
74.7.243.224 - - [22/Nov/2025:01:36:17 -0800] "GET /search.php?items/221013074.html HTTP/2.0" 200 86898 "-" "Mozilla/5.0 AppleWebKit/537.36 (KHTML, like Gecko; compatible; GPTBot/1.3; +https://openai.com/gptbot)"
74.7.243.224 - - [22/Nov/2025:01:36:18 -0800] "GET /search.php?jury253046801.html HTTP/2.0" 200 86091 "-" "Mozilla/5.0 AppleWebKit/537.36 (KHTML, like Gecko; compatible; GPTBot/1.3; +https://openai.com/gptbot)"
74.7.243.224 - - [22/Nov/2025:01:36:19 -0800] "GET /search.php?items/011042480.html HTTP/2.0" 200 86358 "-" "Mozilla/5.0 AppleWebKit/537.36 (KHTML, like Gecko; compatible; GPTBot/1.3; +https://openai.com/gptbot)"
100.29.107.38 - - [22/Nov/2025:01:36:20 -0800] "GET /home/?path=//sys/bus/platform/devices/PCCT/subsystem/drivers/reg-dummy/reg-dummy/driver/reg-dummy/driver/reg-dummy/subsystem/drivers HTTP/1.1" 200 7505 "-" "Mozilla/5.0 AppleWebKit/537.36 (KHTML, like Gecko; compatible; Amazonbot/0.1; +https://developer.amazon.com/support/amazonbot) Chrome/119.0.6045.214 Safari/537.36"
74.7.243.224 - - [22/Nov/2025:01:36:20 -0800] "GET /search.php?channel=156e34&from=https://mollywoppersnyb.com/chat.htm?legal196047636.html&m=2921046028692 HTTP/2.0" 200 86194 "-" "Mozilla/5.0 AppleWebKit/537.36 (KHTML, like Gecko; compatible; GPTBot/1.3; +https://openai.com/gptbot)"
74.7.243.224 - - [22/Nov/2025:01:36:22 -0800] "GET /search.php?channel=156e34&from=https://mollywoppersnyb.com/chat.htm?items/253046850.html&m=2921046028692 HTTP/2.0" 200 86468 "-" "Mozilla/5.0 AppleWebKit/537.36 (KHTML, like Gecko; compatible; GPTBot/1.3; +https://openai.com/gptbot)"
66.249.75.104 - - [22/Nov/2025:01:36:23 -0800] "GET /?s=2355377813705&channel=123e81&from=http://mollywoppersnyb.com/file.do?m093000801 HTTP/1.1" 200 24311 "-" "Mozilla/5.0 (Linux; Android 6.0.1; Nexus 5X Build/MMB29P) AppleWebKit/537.36 (KHTML, like Gecko) Chrome/141.0.7390.122 Mobile Safari/537.36 (compatible; GoogleOther)"
74.7.243.224 - - [22/Nov/2025:01:36:23 -0800] "GET /search.php?pool253046719.html HTTP/2.0" 200 87002 "-" "Mozilla/5.0 AppleWebKit/537.36 (KHTML, like Gecko; compatible; GPTBot/1.3; +https://openai.com/gptbot)"
74.7.243.224 - - [22/Nov/2025:01:36:24 -0800] "GET /search.php?swing083021559.html HTTP/2.0" 200 86342 "-" "Mozilla/5.0 AppleWebKit/537.36 (KHTML, like Gecko; compatible; GPTBot/1.3; +https://openai.com/gptbot)"
74.7.243.224 - - [22/Nov/2025:01:36:25 -0800] "GET /search.php?channel=156e34&from=https://mollywoppersnyb.com/chat.htm?items/057026996.html&m=2921046028692 HTTP/2.0" 200 86038 "-" "Mozilla/5.0 AppleWebKit/537.36 (KHTML, like Gecko; compatible; GPTBot/1.3; +https://openai.com/gptbot)"
74.7.243.224 - - [22/Nov/2025:01:36:26 -0800] "GET /search.php?channel=156e34&from=https://mollywoppersnyb.com/chat.htm?bond252031672.html&m=2921046028692 HTTP/2.0" 200 86688 "-" "Mozilla/5.0 AppleWebKit/537.36 (KHTML, like Gecko; compatible; GPTBot/1.3; +https://openai.com/gptbot)"
66.249.75.104 - - [22/Nov/2025:01:36:27 -0800] "GET /market/186816889 HTTP/1.1" 200 20617 "-" "Mozilla/5.0 (Linux; Android 6.0.1; Nexus 5X Build/MMB29P) AppleWebKit/537.36 (KHTML, like Gecko) Chrome/141.0.7390.122 Mobile Safari/537.36 (compatible; GoogleOther)"
100.28.49.152 - - [22/Nov/2025:01:36:28 -0800] "GET /?path=//sys/class/tty/ptype/subsystem/ptype/subsystem/ttyS0/subsystem/ptype/subsystem/ttyS0/device/driver HTTP/1.1" 200 6664 "-" "Mozilla/5.0 AppleWebKit/537.36 (KHTML, like Gecko; compatible; Amazonbot/0.1; +https://developer.amazon.com/support/amazonbot) Chrome/119.0.6045.214 Safari/537.36"
74.7.243.224 - - [22/Nov/2025:01:36:28 -0800] "GET /search.php?channel=156e34&from=https://mollywoppersnyb.com/chat.htm?shape266031366.html&m=2921046028692 HTTP/2.0" 200 85907 "-" "Mozilla/5.0 AppleWebKit/537.36 (KHTML, like Gecko; compatible; GPTBot/1.3; +https://openai.com/gptbot)"
74.7.243.224 - - [22/Nov/2025:01:36:29 -0800] "GET /search.php?channel=156e34&from=https://mollywoppersnyb.com/chat.htm?items/252031673.html&m=2921046028692 HTTP/2.0" 200 86420 "-" "Mozilla/5.0 AppleWebKit/537.36 (KHTML, like Gecko; compatible; GPTBot/1.3; +https://openai.com/gptbot)"
74.7.243.224 - - [22/Nov/2025:01:36:31 -0800] "GET /search.php?channel=156e34&from=https://mollywoppersnyb.com/chat.htm?items/119013636.html&m=2921046028692 HTTP/2.0" 200 85668 "-" "Mozilla/5.0 AppleWebKit/537.36 (KHTML, like Gecko; compatible; GPTBot/1.3; +https://openai.com/gptbot)"
66.249.75.104 - - [22/Nov/2025:01:36:32 -0800] "GET /market/90560071 HTTP/1.1" 200 27611 "-" "Mozilla/5.0 (Linux; Android 6.0.1; Nexus 5X Build/MMB29P) AppleWebKit/537.36 (KHTML, like Gecko) Chrome/141.0.7390.122 Mobile Safari/537.36 (compatible; GoogleOther)"
44.212.106.171 - - [22/Nov/2025:01:36:36 -0800] "GET /home/?path=//sys/class/tty/ptype/subsystem/ttype/subsystem/ttyqb/subsystem/ttype/subsystem/ttyS1/device/driver HTTP/1.1" 200 6672 "-" "Mozilla/5.0 AppleWebKit/537.36 (KHTML, like Gecko; compatible; Amazonbot/0.1; +https://developer.amazon.com/support/amazonbot) Chrome/119.0.6045.214 Safari/537.36"
52.2.191.202 - - [22/Nov/2025:01:36:40 -0800] "GET /home/?path=//sys/class/tty/ptype/subsystem/ptype/subsystem/ptype/subsystem/ttyp2/subsystem/ttyS0/device/driver HTTP/1.1" 200 6683 "-" "Mozilla/5.0 AppleWebKit/537.36 (KHTML, like Gecko; compatible; Amazonbot/0.1; +https://developer.amazon.com/support/amazonbot) Chrome/119.0.6045.214 Safari/537.36"
100.28.49.152 - - [22/Nov/2025:01:36:52 -0800] "GET /?path=//sys/class/tty/ptype/subsystem/ttype/subsystem/ttys0/subsystem/ttyp0/subsystem/ttyS0/device/driver HTTP/1.1" 200 6693 "-" "Mozilla/5.0 AppleWebKit/537.36 (KHTML, like Gecko; compatible; Amazonbot/0.1; +https://developer.amazon.com/support/amazonbot) Chrome/119.0.6045.214 Safari/537.36"
52.5.232.250 - - [22/Nov/2025:01:36:44 -0800] "GET /home/?path=//sys/class/tty/ptype/subsystem/ttyS5/device/subsystem/devices/reg-dummy/driver/reg-dummy/driver/reg-dummy/driver/reg-dummy/subsystem/devices/vesa-framebuffer.0/subsystem/drivers/PCCT HTTP/1.1" 200 6670 "-" "Mozilla/5.0 AppleWebKit/537.36 (KHTML, like Gecko; compatible; Amazonbot/0.1; +https://developer.amazon.com/support/amazonbot) Chrome/119.0.6045.214 Safari/537.36"
54.225.199.17 - - [22/Nov/2025:01:37:05 -0800] "GET /home/?path=//sys/class/tty/ptype/subsystem/ttyS8/device/subsystem/drivers/reg-dummy/reg-dummy/driver/reg-dummy/driver/reg-dummy/subsystem/drivers/PCCT/PCCT/subsystem/drivers/ramoops HTTP/1.1" 200 6603 "-" "Mozilla/5.0 AppleWebKit/537.36 (KHTML, like Gecko; compatible; Amazonbot/0.1; +https://developer.amazon.com/support/amazonbot) Chrome/119.0.6045.214 Safari/537.36"
74.7.243.224 - - [22/Nov/2025:01:36:32 -0800] "GET /search.php?channel=156e34&from=https://mollywoppersnyb.com/chat.htm?items/254027571.html&m=2921046028692 HTTP/2.0" 200 0 "-" "Mozilla/5.0 AppleWebKit/537.36 (KHTML, like Gecko; compatible; GPTBot/1.3; +https://openai.com/gptbot)"
74.7.243.224 - - [22/Nov/2025:01:37:02 -0800] "GET /search.php?channel=156e34&from=https://mollywoppersnyb.com/chat.htm?flat253046687.html&m=2921046028692 HTTP/2.0" 200 86377 "-" "Mozilla/5.0 AppleWebKit/537.36 (KHTML, like Gecko; compatible; GPTBot/1.3; +https://openai.com/gptbot)"
74.7.243.224 - - [22/Nov/2025:01:37:08 -0800] "GET /search.php?channel=156e34&from=https://mollywoppersnyb.com/chat.htm?items/039000952.html&m=2921046028692 HTTP/2.0" 200 85958 "-" "Mozilla/5.0 AppleWebKit/537.36 (KHTML, like Gecko; compatible; GPTBot/1.3; +https://openai.com/gptbot)"
74.7.243.224 - - [22/Nov/2025:01:37:09 -0800] "GET /search.php?writing234049716.html HTTP/2.0" 200 86236 "-" "Mozilla/5.0 AppleWebKit/537.36 (KHTML, like Gecko; compatible; GPTBot/1.3; +https://openai.com/gptbot)"
74.7.243.224 - - [22/Nov/2025:01:37:10 -0800] "GET /search.php?channel=156e34&from=https://mollywoppersnyb.com/chat.htm?fork089041009.html&m=2921046028692 HTTP/2.0" 200 86793 "-" "Mozilla/5.0 AppleWebKit/537.36 (KHTML, like Gecko; compatible; GPTBot/1.3; +https://openai.com/gptbot)"
74.7.243.224 - - [22/Nov/2025:01:37:12 -0800] "GET /search.php?channel=156e34&from=https://mollywoppersnyb.com/chat.htm?items/181011936.html&m=2921046028692 HTTP/2.0" 200 85809 "-" "Mozilla/5.0 AppleWebKit/537.36 (KHTML, like Gecko; compatible; GPTBot/1.3; +https://openai.com/gptbot)"
74.7.243.224 - - [22/Nov/2025:01:37:13 -0800] "GET /search.php?product/edit/bontan108-20250812133532_104 HTTP/2.0" 200 86108 "-" "Mozilla/5.0 AppleWebKit/537.36 (KHTML, like Gecko; compatible; GPTBot/1.3; +https://openai.com/gptbot)"
66.249.75.106 - - [22/Nov/2025:01:37:15 -0800] "GET /?market=1947581267 HTTP/1.1" 200 24859 "-" "Mozilla/5.0 (Linux; Android 6.0.1; Nexus 5X Build/MMB29P) AppleWebKit/537.36 (KHTML, like Gecko) Chrome/141.0.7390.122 Mobile Safari/537.36 (compatible; Googlebot/2.1; +http://www.google.com/bot.html)"
74.7.243.224 - - [22/Nov/2025:01:37:14 -0800] "GET /search.php?channel=156e34&from=https://mollywoppersnyb.com/chat.htm?loyal008030416.html&m=2921046028692 HTTP/2.0" 200 85896 "-" "Mozilla/5.0 AppleWebKit/537.36 (KHTML, like Gecko; compatible; GPTBot/1.3; +https://openai.com/gptbot)"
74.7.243.224 - - [22/Nov/2025:01:37:16 -0800] "GET /search.php?channel=156e34&from=https://mollywoppersnyb.com/chat.htm?huh028025914.html&m=2921046028692 HTTP/2.0" 200 86435 "-" "Mozilla/5.0 AppleWebKit/537.36 (KHTML, like Gecko; compatible; GPTBot/1.3; +https://openai.com/gptbot)"
3.93.253.174 - - [22/Nov/2025:01:37:17 -0800] "GET /home/?path=//sys/class/tty/ptype/subsystem/ttyS10/device/subsystem/drivers/reg-dummy/reg-dummy/subsystem/drivers/reg-dummy/reg-dummy/subsystem/devices/kgdboc/driver HTTP/1.1" 200 6602 "-" "Mozilla/5.0 AppleWebKit/537.36 (KHTML, like Gecko; compatible; Amazonbot/0.1; +https://developer.amazon.com/support/amazonbot) Chrome/119.0.6045.214 Safari/537.36"
74.7.243.224 - - [22/Nov/2025:01:37:17 -0800] "GET /search.php?channel=156e34&from=https://mollywoppersnyb.com/chat.htm?items/284026229.html&m=2921046028692 HTTP/2.0" 200 86328 "-" "Mozilla/5.0 AppleWebKit/537.36 (KHTML, like Gecko; compatible; GPTBot/1.3; +https://openai.com/gptbot)"
74.7.243.224 - - [22/Nov/2025:01:37:18 -0800] "GET /search.php?kiss253046701.html HTTP/2.0" 200 86611 "-" "Mozilla/5.0 AppleWebKit/537.36 (KHTML, like Gecko; compatible; GPTBot/1.3; +https://openai.com/gptbot)"
74.7.243.224 - - [22/Nov/2025:01:37:20 -0800] "GET /search.php?value040003538.html HTTP/2.0" 200 85601 "-" "Mozilla/5.0 AppleWebKit/537.36 (KHTML, like Gecko; compatible; GPTBot/1.3; +https://openai.com/gptbot)"
66.249.75.105 - - [22/Nov/2025:01:37:20 -0800] "GET /?market=1991865093 HTTP/1.1" 200 24342 "-" "Mozilla/5.0 (Linux; Android 6.0.1; Nexus 5X Build/MMB29P) AppleWebKit/537.36 (KHTML, like Gecko) Chrome/141.0.7390.122 Mobile Safari/537.36 (compatible; Googlebot/2.1; +http://www.google.com/bot.html)"
54.225.199.17 - - [22/Nov/2025:01:37:20 -0800] "GET /home/?path=//sys/class/tty/ptype/subsystem/ttyS2/device/subsystem/drivers/reg-dummy/reg-dummy/driver/reg-dummy/subsystem/devices/pcspkr/subsystem/devices/IPI0001:00/driver HTTP/1.1" 200 6746 "-" "Mozilla/5.0 AppleWebKit/537.36 (KHTML, like Gecko; compatible; Amazonbot/0.1; +https://developer.amazon.com/support/amazonbot) Chrome/119.0.6045.214 Safari/537.36"
74.7.243.224 - - [22/Nov/2025:01:37:21 -0800] "GET /search.php?channel=156e34&from=https://mollywoppersnyb.com/chat.htm?turn280006966.html&m=2921046028692 HTTP/2.0" 200 87273 "-" "Mozilla/5.0 AppleWebKit/537.36 (KHTML, like Gecko; compatible; GPTBot/1.3; +https://openai.com/gptbot)"
74.7.243.224 - - [22/Nov/2025:01:37:22 -0800] "GET /search.php?safe_search/config?return_url=%2Fproduct%2Fdetail%2Fauc-orangetokei-ds-2525666 HTTP/2.0" 200 86083 "-" "Mozilla/5.0 AppleWebKit/537.36 (KHTML, like Gecko; compatible; GPTBot/1.3; +https://openai.com/gptbot)"
74.7.243.224 - - [22/Nov/2025:01:37:23 -0800] "GET /search.php?mount253046769.html HTTP/2.0" 200 87372 "-" "Mozilla/5.0 AppleWebKit/537.36 (KHTML, like Gecko; compatible; GPTBot/1.3; +https://openai.com/gptbot)"
74.7.243.224 - - [22/Nov/2025:01:37:25 -0800] "GET /search.php?removal242039870.html HTTP/2.0" 200 85829 "-" "Mozilla/5.0 AppleWebKit/537.36 (KHTML, like Gecko; compatible; GPTBot/1.3; +https://openai.com/gptbot)"
66.249.75.104 - - [22/Nov/2025:01:37:25 -0800] "GET /?market=5054079 HTTP/1.1" 200 25156 "-" "Mozilla/5.0 (Linux; Android 6.0.1; Nexus 5X Build/MMB29P) AppleWebKit/537.36 (KHTML, like Gecko) Chrome/141.0.7390.122 Mobile Safari/537.36 (compatible; Googlebot/2.1; +http://www.google.com/bot.html)"
74.7.243.224 - - [22/Nov/2025:01:37:26 -0800] "GET /search.php?product/edit/ganbariya-370-9248 HTTP/2.0" 200 85962 "-" "Mozilla/5.0 AppleWebKit/537.36 (KHTML, like Gecko; compatible; GPTBot/1.3; +https://openai.com/gptbot)"
74.7.243.224 - - [22/Nov/2025:01:37:27 -0800] "GET /search.php?product/edit/ganbariya-370-9256 HTTP/2.0" 200 86849 "-" "Mozilla/5.0 AppleWebKit/537.36 (KHTML, like Gecko; compatible; GPTBot/1.3; +https://openai.com/gptbot)"
35.168.238.50 - - [22/Nov/2025:01:37:29 -0800] "GET /home/?path=//sys/class/tty/ptype/subsystem/ttyS3/device/subsystem/drivers/reg-dummy/reg-dummy/subsystem/drivers/reg-dummy/reg-dummy/regulator/regulator.0/device/driver HTTP/1.1" 200 6701 "-" "Mozilla/5.0 AppleWebKit/537.36 (KHTML, like Gecko; compatible; Amazonbot/0.1; +https://developer.amazon.com/support/amazonbot) Chrome/119.0.6045.214 Safari/537.36"
74.7.243.224 - - [22/Nov/2025:01:37:29 -0800] "GET /search.php?blast129036471.html HTTP/2.0" 200 86193 "-" "Mozilla/5.0 AppleWebKit/537.36 (KHTML, like Gecko; compatible; GPTBot/1.3; +https://openai.com/gptbot)"
66.249.75.104 - - [22/Nov/2025:01:37:29 -0800] "GET /?market=1351816303 HTTP/1.1" 200 29155 "-" "Mozilla/5.0 (Linux; Android 6.0.1; Nexus 5X Build/MMB29P) AppleWebKit/537.36 (KHTML, like Gecko) Chrome/141.0.7390.122 Mobile Safari/537.36 (compatible; Googlebot/2.1; +http://www.google.com/bot.html)"
74.7.243.224 - - [22/Nov/2025:01:37:30 -0800] "GET /search.php?flood253046721.html HTTP/2.0" 200 86970 "-" "Mozilla/5.0 AppleWebKit/537.36 (KHTML, like Gecko; compatible; GPTBot/1.3; +https://openai.com/gptbot)"
74.7.243.224 - - [22/Nov/2025:01:37:31 -0800] "GET /search.php?channel=156e34&from=https://mollywoppersnyb.com/chat.htm?items/093049254.html&m=2921046028692 HTTP/2.0" 200 85969 "-" "Mozilla/5.0 AppleWebKit/537.36 (KHTML, like Gecko; compatible; GPTBot/1.3; +https://openai.com/gptbot)"
54.39.203.227 - - [22/Nov/2025:01:37:32 -0800] "GET /?market=798159521 HTTP/2.0" 200 109 "-" "Mozilla/5.0 (compatible; AhrefsBot/7.0; +http://ahrefs.com/robot/)"
74.7.243.224 - - [22/Nov/2025:01:37:33 -0800] "GET /search.php?channel=156e34&from=https://mollywoppersnyb.com/chat.htm?items/172030563.html&m=2921046028692 HTTP/2.0" 200 85980 "-" "Mozilla/5.0 AppleWebKit/537.36 (KHTML, like Gecko; compatible; GPTBot/1.3; +https://openai.com/gptbot)"
74.7.243.224 - - [22/Nov/2025:01:37:34 -0800] "GET /search.php?channel=156e34&from=https://mollywoppersnyb.com/chat.htm?items/067018768.html&m=2921046028692 HTTP/2.0" 200 85570 "-" "Mozilla/5.0 AppleWebKit/537.36 (KHTML, like Gecko; compatible; GPTBot/1.3; +https://openai.com/gptbot)"
74.7.243.224 - - [22/Nov/2025:01:37:36 -0800] "GET /search.php?channel=156e34&from=https://mollywoppersnyb.com/chat.htm?items/253046710.html&m=2921046028692 HTTP/2.0" 200 86965 "-" "Mozilla/5.0 AppleWebKit/537.36 (KHTML, like Gecko; compatible; GPTBot/1.3; +https://openai.com/gptbot)"
66.249.75.104 - - [22/Nov/2025:01:37:37 -0800] "GET /market/56499580 HTTP/1.1" 200 30977 "-" "Mozilla/5.0 (Linux; Android 6.0.1; Nexus 5X Build/MMB29P) AppleWebKit/537.36 (KHTML, like Gecko) Chrome/141.0.7390.122 Mobile Safari/537.36 (compatible; GoogleOther)"
74.7.243.224 - - [22/Nov/2025:01:37:37 -0800] "GET /search.php?channel=156e34&from=https://mollywoppersnyb.com/chat.htm?items/005004710.html&m=2921046028692 HTTP/2.0" 200 85912 "-" "Mozilla/5.0 AppleWebKit/537.36 (KHTML, like Gecko; compatible; GPTBot/1.3; +https://openai.com/gptbot)"
74.7.243.224 - - [22/Nov/2025:01:37:39 -0800] "GET /search.php?channel=156e34&from=https://mollywoppersnyb.com/chat.htm?items/115049308.html&m=2921046028692 HTTP/2.0" 200 86180 "-" "Mozilla/5.0 AppleWebKit/537.36 (KHTML, like Gecko; compatible; GPTBot/1.3; +https://openai.com/gptbot)"
74.7.243.224 - - [22/Nov/2025:01:37:40 -0800] "GET /search.php?channel=156e34&from=https://mollywoppersnyb.com/chat.htm?items/229020560.html&m=2921046028692 HTTP/2.0" 200 86191 "-" "Mozilla/5.0 AppleWebKit/537.36 (KHTML, like Gecko; compatible; GPTBot/1.3; +https://openai.com/gptbot)"
74.7.243.224 - - [22/Nov/2025:01:37:41 -0800] "GET /search.php?channel=156e34&from=https://mollywoppersnyb.com/chat.htm?eighth129036471.html&m=2921046028692 HTTP/2.0" 200 86144 "-" "Mozilla/5.0 AppleWebKit/537.36 (KHTML, like Gecko; compatible; GPTBot/1.3; +https://openai.com/gptbot)"
74.7.243.224 - - [22/Nov/2025:01:37:43 -0800] "GET /search.php?fraud253046701.html HTTP/2.0" 200 86392 "-" "Mozilla/5.0 AppleWebKit/537.36 (KHTML, like Gecko; compatible; GPTBot/1.3; +https://openai.com/gptbot)"
74.7.243.224 - - [22/Nov/2025:01:37:44 -0800] "GET /search.php?spoon253046701.html HTTP/2.0" 200 86450 "-" "Mozilla/5.0 AppleWebKit/537.36 (KHTML, like Gecko; compatible; GPTBot/1.3; +https://openai.com/gptbot)"
74.7.243.224 - - [22/Nov/2025:01:37:45 -0800] "GET /search.php?blond221012895.html HTTP/2.0" 200 87642 "-" "Mozilla/5.0 AppleWebKit/537.36 (KHTML, like Gecko; compatible; GPTBot/1.3; +https://openai.com/gptbot)"
74.7.243.224 - - [22/Nov/2025:01:37:47 -0800] "GET /search.php?channel=156e34&from=https://mollywoppersnyb.com/chat.htm?items/178033843.html&m=2921046028692 HTTP/2.0" 200 86030 "-" "Mozilla/5.0 AppleWebKit/537.36 (KHTML, like Gecko; compatible; GPTBot/1.3; +https://openai.com/gptbot)"
74.7.243.224 - - [22/Nov/2025:01:37:48 -0800] "GET /search.php?drown077025167.html HTTP/2.0" 200 85917 "-" "Mozilla/5.0 AppleWebKit/537.36 (KHTML, like Gecko; compatible; GPTBot/1.3; +https://openai.com/gptbot)"
74.7.243.224 - - [22/Nov/2025:01:37:49 -0800] "GET /search.php?pilot253046759.html HTTP/2.0" 200 86525 "-" "Mozilla/5.0 AppleWebKit/537.36 (KHTML, like Gecko; compatible; GPTBot/1.3; +https://openai.com/gptbot)"
50.16.216.166 - - [22/Nov/2025:01:37:49 -0800] "GET /?path=//sys/class/tty/ptype/subsystem/ttyad/subsystem/ttype/subsystem/console/subsystem/ttyvd HTTP/1.1" 200 6575 "-" "Mozilla/5.0 AppleWebKit/537.36 (KHTML, like Gecko; compatible; Amazonbot/0.1; +https://developer.amazon.com/support/amazonbot) Chrome/119.0.6045.214 Safari/537.36"
74.7.243.224 - - [22/Nov/2025:01:37:50 -0800] "GET /search.php?channel=156e34&from=https://mollywoppersnyb.com/chat.htm?man229020649.html&m=2921046028692 HTTP/2.0" 200 86380 "-" "Mozilla/5.0 AppleWebKit/537.36 (KHTML, like Gecko; compatible; GPTBot/1.3; +https://openai.com/gptbot)"
74.7.243.224 - - [22/Nov/2025:01:37:51 -0800] "GET /search.php?channel=156e34&from=https://mollywoppersnyb.com/chat.htm?items/229020648.html&m=2921046028692 HTTP/2.0" 200 86056 "-" "Mozilla/5.0 AppleWebKit/537.36 (KHTML, like Gecko; compatible; GPTBot/1.3; +https://openai.com/gptbot)"
74.7.243.224 - - [22/Nov/2025:01:37:52 -0800] "GET /search.php?essay253046871.html HTTP/2.0" 200 86322 "-" "Mozilla/5.0 AppleWebKit/537.36 (KHTML, like Gecko; compatible; GPTBot/1.3; +https://openai.com/gptbot)"
18.235.158.19 - - [22/Nov/2025:01:37:52 -0800] "GET /?path=//sys/class/tty/ptype/subsystem/ttype/subsystem/ptype/subsystem/ttys1/subsystem/ttynull HTTP/1.1" 200 6611 "-" "Mozilla/5.0 AppleWebKit/537.36 (KHTML, like Gecko; compatible; Amazonbot/0.1; +https://developer.amazon.com/support/amazonbot) Chrome/119.0.6045.214 Safari/537.36"
74.7.243.224 - - [22/Nov/2025:01:37:53 -0800] "GET /search.php?channel=156e34&from=https://mollywoppersnyb.com/chat.htm?sad289024811.html&m=2921046028692 HTTP/2.0" 200 86140 "-" "Mozilla/5.0 AppleWebKit/537.36 (KHTML, like Gecko; compatible; GPTBot/1.3; +https://openai.com/gptbot)"
74.7.243.224 - - [22/Nov/2025:01:37:55 -0800] "GET /search.php?channel=156e34&from=https://mollywoppersnyb.com/chat.htm?array222038886.html&m=2921046028692 HTTP/2.0" 200 85917 "-" "Mozilla/5.0 AppleWebKit/537.36 (KHTML, like Gecko; compatible; GPTBot/1.3; +https://openai.com/gptbot)"
74.7.243.224 - - [22/Nov/2025:01:37:56 -0800] "GET /search.php?channel=156e34&from=https://mollywoppersnyb.com/chat.htm?equal169045455.html&m=2921046028692 HTTP/2.0" 200 86047 "-" "Mozilla/5.0 AppleWebKit/537.36 (KHTML, like Gecko; compatible; GPTBot/1.3; +https://openai.com/gptbot)"
74.7.243.224 - - [22/Nov/2025:01:37:57 -0800] "GET /search.php?channel=156e34&from=https://mollywoppersnyb.com/chat.htm?editor027027675.html&m=2921046028692 HTTP/2.0" 200 85985 "-" "Mozilla/5.0 AppleWebKit/537.36 (KHTML, like Gecko; compatible; GPTBot/1.3; +https://openai.com/gptbot)"
74.7.243.224 - - [22/Nov/2025:01:37:58 -0800] "GET /search.php?window245026991.html HTTP/2.0" 200 85779 "-" "Mozilla/5.0 AppleWebKit/537.36 (KHTML, like Gecko; compatible; GPTBot/1.3; +https://openai.com/gptbot)"
66.249.75.104 - - [22/Nov/2025:01:37:59 -0800] "GET /?market=5116008 HTTP/1.1" 200 24988 "-" "Mozilla/5.0 (Linux; Android 6.0.1; Nexus 5X Build/MMB29P) AppleWebKit/537.36 (KHTML, like Gecko) Chrome/141.0.7390.122 Mobile Safari/537.36 (compatible; Googlebot/2.1; +http://www.google.com/bot.html)"
74.7.243.224 - - [22/Nov/2025:01:38:00 -0800] "GET /search.php?channel=156e34&from=https://mollywoppersnyb.com/chat.htm?spin208035326.html&m=2921046028692 HTTP/2.0" 200 85727 "-" "Mozilla/5.0 AppleWebKit/537.36 (KHTML, like Gecko; compatible; GPTBot/1.3; +https://openai.com/gptbot)"
100.29.155.89 - - [22/Nov/2025:01:38:00 -0800] "GET /?path=//sys/class/tty/ptype/subsystem/ttydb/subsystem/ttyv1/subsystem/ttysc/subsystem/ttyp0 HTTP/1.1" 200 6527 "-" "Mozilla/5.0 AppleWebKit/537.36 (KHTML, like Gecko; compatible; Amazonbot/0.1; +https://developer.amazon.com/support/amazonbot) Chrome/119.0.6045.214 Safari/537.36"
74.7.243.224 - - [22/Nov/2025:01:38:01 -0800] "GET /search.php?channel=156e34&from=https://mollywoppersnyb.com/chat.htm?items/284049789.html&m=2921046028692 HTTP/2.0" 200 86005 "-" "Mozilla/5.0 AppleWebKit/537.36 (KHTML, like Gecko; compatible; GPTBot/1.3; +https://openai.com/gptbot)"
74.7.243.224 - - [22/Nov/2025:01:38:02 -0800] "GET /search.php?safe_search/config?return_url=%2Fproduct%2Fdetail%2Fhc999-4548640875177 HTTP/2.0" 200 85941 "-" "Mozilla/5.0 AppleWebKit/537.36 (KHTML, like Gecko; compatible; GPTBot/1.3; +https://openai.com/gptbot)"
66.249.75.104 - - [22/Nov/2025:01:38:04 -0800] "GET /?s=2355377813705&channel=123e81&from=http://mollywoppersnyb.com/file.do?m034038028 HTTP/1.1" 200 24111 "-" "Mozilla/5.0 (Linux; Android 6.0.1; Nexus 5X Build/MMB29P) AppleWebKit/537.36 (KHTML, like Gecko) Chrome/141.0.7390.122 Mobile Safari/537.36 (compatible; GoogleOther)"
74.7.243.224 - - [22/Nov/2025:01:38:04 -0800] "GET /search.php?channel=156e34&from=https://mollywoppersnyb.com/chat.htm?items/196002253.html&m=2921046028692 HTTP/2.0" 200 85836 "-" "Mozilla/5.0 AppleWebKit/537.36 (KHTML, like Gecko; compatible; GPTBot/1.3; +https://openai.com/gptbot)"
54.159.98.248 - - [22/Nov/2025:01:38:05 -0800] "GET /home/?path=//sys/class/tty/ptype/subsystem/ttyp0/subsystem/ptyp1/subsystem/ttyqb/subsystem/ttydb HTTP/1.1" 200 6522 "-" "Mozilla/5.0 AppleWebKit/537.36 (KHTML, like Gecko; compatible; Amazonbot/0.1; +https://developer.amazon.com/support/amazonbot) Chrome/119.0.6045.214 Safari/537.36"
74.7.243.224 - - [22/Nov/2025:01:38:05 -0800] "GET /search.php?channel=156e34&from=https://mollywoppersnyb.com/chat.htm?items/255006558.html&m=2921046028692 HTTP/2.0" 200 85990 "-" "Mozilla/5.0 AppleWebKit/537.36 (KHTML, like Gecko; compatible; GPTBot/1.3; +https://openai.com/gptbot)"
74.7.243.224 - - [22/Nov/2025:01:38:06 -0800] "GET /search.php?channel=156e34&from=https://mollywoppersnyb.com/chat.htm?custom253046871.html&m=2921046028692 HTTP/2.0" 200 86182 "-" "Mozilla/5.0 AppleWebKit/537.36 (KHTML, like Gecko; compatible; GPTBot/1.3; +https://openai.com/gptbot)"
74.7.243.224 - - [22/Nov/2025:01:38:08 -0800] "GET /search.php?prove095014627.html HTTP/2.0" 200 86151 "-" "Mozilla/5.0 AppleWebKit/537.36 (KHTML, like Gecko; compatible; GPTBot/1.3; +https://openai.com/gptbot)"
98.82.38.120 - - [22/Nov/2025:01:38:08 -0800] "GET /home/?path=//sys/class/tty/ptype/subsystem/ptype/subsystem/ttype/subsystem/ttyS10/subsystem/ttyv2 HTTP/1.1" 200 6590 "-" "Mozilla/5.0 AppleWebKit/537.36 (KHTML, like Gecko; compatible; Amazonbot/0.1; +https://developer.amazon.com/support/amazonbot) Chrome/119.0.6045.214 Safari/537.36"
74.7.243.224 - - [22/Nov/2025:01:38:09 -0800] "GET /search.php?pcmypage?callback=product%2Fdetail%2Fauc-cycle-parts-21ru-37 HTTP/2.0" 200 85803 "-" "Mozilla/5.0 AppleWebKit/537.36 (KHTML, like Gecko; compatible; GPTBot/1.3; +https://openai.com/gptbot)"
74.7.243.224 - - [22/Nov/2025:01:38:10 -0800] "GET /search.php?bunch169045455.html HTTP/2.0" 200 85948 "-" "Mozilla/5.0 AppleWebKit/537.36 (KHTML, like Gecko; compatible; GPTBot/1.3; +https://openai.com/gptbot)"
74.7.243.224 - - [22/Nov/2025:01:38:11 -0800] "GET /search.php?items/190004047.html HTTP/2.0" 200 85967 "-" "Mozilla/5.0 AppleWebKit/537.36 (KHTML, like Gecko; compatible; GPTBot/1.3; +https://openai.com/gptbot)"
74.7.243.224 - - [22/Nov/2025:01:38:12 -0800] "GET /search.php?channel=156e34&from=https://mollywoppersnyb.com/chat.htm?coup234033920.html&m=2921046028692 HTTP/2.0" 200 85824 "-" "Mozilla/5.0 AppleWebKit/537.36 (KHTML, like Gecko; compatible; GPTBot/1.3; +https://openai.com/gptbot)"
54.157.99.244 - - [22/Nov/2025:01:38:13 -0800] "GET /home/?path=//sys/class/tty/ptype/subsystem/tty0/subsystem/ptype/subsystem/ttys0/subsystem/ttydb HTTP/1.1" 200 6580 "-" "Mozilla/5.0 AppleWebKit/537.36 (KHTML, like Gecko; compatible; Amazonbot/0.1; +https://developer.amazon.com/support/amazonbot) Chrome/119.0.6045.214 Safari/537.36"
74.7.243.224 - - [22/Nov/2025:01:38:13 -0800] "GET /search.php?channel=156e34&from=https://mollywoppersnyb.com/chat.htm?items/279033216.html&m=2921046028692 HTTP/2.0" 200 85723 "-" "Mozilla/5.0 AppleWebKit/537.36 (KHTML, like Gecko; compatible; GPTBot/1.3; +https://openai.com/gptbot)"
74.7.243.224 - - [22/Nov/2025:01:38:15 -0800] "GET /search.php?channel=156e34&from=https://mollywoppersnyb.com/chat.htm?items/009008514.html&m=2921046028692 HTTP/2.0" 200 86493 "-" "Mozilla/5.0 AppleWebKit/537.36 (KHTML, like Gecko; compatible; GPTBot/1.3; +https://openai.com/gptbot)"
74.7.243.224 - - [22/Nov/2025:01:38:16 -0800] "GET /search.php?channel=156e34&from=https://mollywoppersnyb.com/chat.htm?items/064039009.html&m=2921046028692 HTTP/2.0" 200 85844 "-" "Mozilla/5.0 AppleWebKit/537.36 (KHTML, like Gecko; compatible; GPTBot/1.3; +https://openai.com/gptbot)"
217.113.194.23 - - [22/Nov/2025:01:38:17 -0800] "GET /2017/11/04/mumzilla-masks-10-bucks-a-piece-10-available-comment-for-dibs-on-one-and-well-arrange-paymentpickup/?fileloc=//%EF%BF%BD%EF%BF%BD%EF%BF%BD%EF%BF%BD%EF%BF%BD%EF%BF%BD%EF%BF%BD%EF%BF%BD%EF%BF%BD%EF%BF%BD%EF%BF%BD%EF%BF%BD%EF%BF%BD%EF%BF%BD%EF%BF%BD%EF%BF%BD%EF%BF%BD%EF%BF%BD%EF%BF%BD%EF%BF%BD%EF%BF%BD%EF%BF%BD%EF%BF%BD%EF%BF%BD%EF%BF%BD%EF%BF%BD%EF%BF%BD%EF%BF%BD&path=/ HTTP/1.1" 200 3164 "-" "Mozilla/5.0 (compatible; Barkrowler/0.9; +https://babbar.tech/crawler)"
74.7.243.224 - - [22/Nov/2025:01:38:17 -0800] "GET /search.php?yours178026914.html HTTP/2.0" 200 85960 "-" "Mozilla/5.0 AppleWebKit/537.36 (KHTML, like Gecko; compatible; GPTBot/1.3; +https://openai.com/gptbot)"
74.7.243.224 - - [22/Nov/2025:01:38:18 -0800] "GET /search.php?need095014627.html HTTP/2.0" 200 86189 "-" "Mozilla/5.0 AppleWebKit/537.36 (KHTML, like Gecko; compatible; GPTBot/1.3; +https://openai.com/gptbot)"
74.7.243.224 - - [22/Nov/2025:01:38:20 -0800] "GET /search.php?humor253046717.html HTTP/2.0" 200 86989 "-" "Mozilla/5.0 AppleWebKit/537.36 (KHTML, like Gecko; compatible; GPTBot/1.3; +https://openai.com/gptbot)"
74.7.243.224 - - [22/Nov/2025:01:38:21 -0800] "GET /search.php?pcmypage?callback=product/review/brstring-gco5671imaa8 HTTP/2.0" 200 85999 "-" "Mozilla/5.0 AppleWebKit/537.36 (KHTML, like Gecko; compatible; GPTBot/1.3; +https://openai.com/gptbot)"
74.7.243.224 - - [22/Nov/2025:01:38:22 -0800] "GET /search.php?channel=156e34&from=https://mollywoppersnyb.com/chat.htm?items/273011060.html&m=2921046028692 HTTP/2.0" 200 86851 "-" "Mozilla/5.0 AppleWebKit/537.36 (KHTML, like Gecko; compatible; GPTBot/1.3; +https://openai.com/gptbot)"
74.7.243.224 - - [22/Nov/2025:01:38:23 -0800] "GET /search.php?channel=156e34&from=https://mollywoppersnyb.com/chat.htm?few005015931.html&m=2921046028692 HTTP/2.0" 200 86240 "-" "Mozilla/5.0 AppleWebKit/537.36 (KHTML, like Gecko; compatible; GPTBot/1.3; +https://openai.com/gptbot)"
74.7.243.224 - - [22/Nov/2025:01:38:24 -0800] "GET /search.php?web253046839.html HTTP/2.0" 200 87103 "-" "Mozilla/5.0 AppleWebKit/537.36 (KHTML, like Gecko; compatible; GPTBot/1.3; +https://openai.com/gptbot)"
52.4.213.199 - - [22/Nov/2025:01:38:25 -0800] "GET /home/?path=//sys/class/tty/ptype/subsystem/ttyS15/device/subsystem/drivers/reg-dummy/reg-dummy/driver/reg-dummy/subsystem/devices/reg-dummy/subsystem/devices/PCCT/driver/PCCT/driver HTTP/1.1" 200 6640 "-" "Mozilla/5.0 AppleWebKit/537.36 (KHTML, like Gecko; compatible; Amazonbot/0.1; +https://developer.amazon.com/support/amazonbot) Chrome/119.0.6045.214 Safari/537.36"
74.7.243.224 - - [22/Nov/2025:01:38:26 -0800] "GET /search.php?channel=156e34&from=https://mollywoppersnyb.com/chat.htm?dig244016094.html&m=2921046028692 HTTP/2.0" 200 86449 "-" "Mozilla/5.0 AppleWebKit/537.36 (KHTML, like Gecko; compatible; GPTBot/1.3; +https://openai.com/gptbot)"
74.7.243.224 - - [22/Nov/2025:01:38:27 -0800] "GET /search.php?channel=156e34&from=https://mollywoppersnyb.com/chat.htm?items/161017286.html&m=2921046028692 HTTP/2.0" 200 86368 "-" "Mozilla/5.0 AppleWebKit/537.36 (KHTML, like Gecko; compatible; GPTBot/1.3; +https://openai.com/gptbot)"
66.249.75.104 - - [22/Nov/2025:01:38:28 -0800] "GET /market/33083679 HTTP/1.1" 200 25773 "-" "Mozilla/5.0 (Linux; Android 6.0.1; Nexus 5X Build/MMB29P) AppleWebKit/537.36 (KHTML, like Gecko) Chrome/141.0.7390.122 Mobile Safari/537.36 (compatible; GoogleOther)"
74.7.243.224 - - [22/Nov/2025:01:38:28 -0800] "GET /search.php?channel=156e34&from=https://mollywoppersnyb.com/chat.htm?items/295000572.html&m=2921046028692 HTTP/2.0" 200 86455 "-" "Mozilla/5.0 AppleWebKit/537.36 (KHTML, like Gecko; compatible; GPTBot/1.3; +https://openai.com/gptbot)"
74.7.243.224 - - [22/Nov/2025:01:38:30 -0800] "GET /search.php?product/edit/ddtrd-1132463 HTTP/2.0" 200 86258 "-" "Mozilla/5.0 AppleWebKit/537.36 (KHTML, like Gecko; compatible; GPTBot/1.3; +https://openai.com/gptbot)"
74.7.243.224 - - [22/Nov/2025:01:38:31 -0800] "GET /search.php?channel=156e34&from=https://mollywoppersnyb.com/chat.htm?breast253046731.html&m=2921046028692 HTTP/2.0" 200 86981 "-" "Mozilla/5.0 AppleWebKit/537.36 (KHTML, like Gecko; compatible; GPTBot/1.3; +https://openai.com/gptbot)"
74.7.243.224 - - [22/Nov/2025:01:38:32 -0800] "GET /search.php?topic253046717.html HTTP/2.0" 200 87048 "-" "Mozilla/5.0 AppleWebKit/537.36 (KHTML, like Gecko; compatible; GPTBot/1.3; +https://openai.com/gptbot)"
74.7.243.224 - - [22/Nov/2025:01:38:33 -0800] "GET /search.php?channel=156e34&from=https://mollywoppersnyb.com/chat.htm?items/073007044.html&m=2921046028692 HTTP/2.0" 200 85659 "-" "Mozilla/5.0 AppleWebKit/537.36 (KHTML, like Gecko; compatible; GPTBot/1.3; +https://openai.com/gptbot)"
74.7.243.224 - - [22/Nov/2025:01:38:35 -0800] "GET /search.php?channel=156e34&from=https://mollywoppersnyb.com/chat.htm?hay273009667.html&m=2921046028692 HTTP/2.0" 200 86290 "-" "Mozilla/5.0 AppleWebKit/537.36 (KHTML, like Gecko; compatible; GPTBot/1.3; +https://openai.com/gptbot)"
74.7.243.224 - - [22/Nov/2025:01:38:36 -0800] "GET /search.php?good036018154.html HTTP/2.0" 200 85865 "-" "Mozilla/5.0 AppleWebKit/537.36 (KHTML, like Gecko; compatible; GPTBot/1.3; +https://openai.com/gptbot)"
100.29.155.89 - - [22/Nov/2025:01:38:37 -0800] "GET /home/?path=//sys/class/tty/ptype/subsystem/ptype/subsystem/ptype/subsystem/ptyp0/subsystem/ttyS1/device/driver HTTP/1.1" 200 6622 "-" "Mozilla/5.0 AppleWebKit/537.36 (KHTML, like Gecko; compatible; Amazonbot/0.1; +https://developer.amazon.com/support/amazonbot) Chrome/119.0.6045.214 Safari/537.36"
74.7.243.224 - - [22/Nov/2025:01:38:37 -0800] "GET /search.php?channel=156e34&from=https://mollywoppersnyb.com/chat.htm?items/069020310.html&m=2921046028692 HTTP/2.0" 200 86355 "-" "Mozilla/5.0 AppleWebKit/537.36 (KHTML, like Gecko; compatible; GPTBot/1.3; +https://openai.com/gptbot)"
74.7.243.224 - - [22/Nov/2025:01:38:39 -0800] "GET /search.php?dumb253046637.html HTTP/2.0" 200 86327 "-" "Mozilla/5.0 AppleWebKit/537.36 (KHTML, like Gecko; compatible; GPTBot/1.3; +https://openai.com/gptbot)"
74.7.243.224 - - [22/Nov/2025:01:38:40 -0800] "GET /search.php?jury159040383.html HTTP/2.0" 200 87964 "-" "Mozilla/5.0 AppleWebKit/537.36 (KHTML, like Gecko; compatible; GPTBot/1.3; +https://openai.com/gptbot)"
54.147.238.89 - - [22/Nov/2025:01:38:41 -0800] "GET /home/?path=//sys/class/tty/ptype/subsystem/ttyS2/device/subsystem/devices/reg-dummy/driver/reg-dummy/driver/reg-dummy/subsystem/devices/PCCT/driver/PCCT/subsystem/drivers/isch_smbus HTTP/1.1" 200 6647 "-" "Mozilla/5.0 AppleWebKit/537.36 (KHTML, like Gecko; compatible; Amazonbot/0.1; +https://developer.amazon.com/support/amazonbot) Chrome/119.0.6045.214 Safari/537.36"
74.7.243.224 - - [22/Nov/2025:01:38:41 -0800] "GET /search.php?from253046701.html HTTP/2.0" 200 86581 "-" "Mozilla/5.0 AppleWebKit/537.36 (KHTML, like Gecko; compatible; GPTBot/1.3; +https://openai.com/gptbot)"
74.7.243.224 - - [22/Nov/2025:01:38:43 -0800] "GET /search.php?merit159040383.html HTTP/2.0" 200 87820 "-" "Mozilla/5.0 AppleWebKit/537.36 (KHTML, like Gecko; compatible; GPTBot/1.3; +https://openai.com/gptbot)"
74.7.243.224 - - [22/Nov/2025:01:38:44 -0800] "GET /search.php?fire176042832.html HTTP/2.0" 200 85837 "-" "Mozilla/5.0 AppleWebKit/537.36 (KHTML, like Gecko; compatible; GPTBot/1.3; +https://openai.com/gptbot)"
74.7.243.224 - - [22/Nov/2025:01:38:46 -0800] "GET /search.php?tiny253046939.html HTTP/2.0" 200 86692 "-" "Mozilla/5.0 AppleWebKit/537.36 (KHTML, like Gecko; compatible; GPTBot/1.3; +https://openai.com/gptbot)"
74.7.243.224 - - [22/Nov/2025:01:38:47 -0800] "GET /search.php?channel=156e34&from=https://mollywoppersnyb.com/chat.htm?dream253046717.html&m=2921046028692 HTTP/2.0" 200 86596 "-" "Mozilla/5.0 AppleWebKit/537.36 (KHTML, like Gecko; compatible; GPTBot/1.3; +https://openai.com/gptbot)"
74.7.243.224 - - [22/Nov/2025:01:38:48 -0800] "GET /search.php?combine253046887.html HTTP/2.0" 200 86304 "-" "Mozilla/5.0 AppleWebKit/537.36 (KHTML, like Gecko; compatible; GPTBot/1.3; +https://openai.com/gptbot)"
74.7.243.224 - - [22/Nov/2025:01:38:49 -0800] "GET /search.php?five253046745.html HTTP/2.0" 200 86514 "-" "Mozilla/5.0 AppleWebKit/537.36 (KHTML, like Gecko; compatible; GPTBot/1.3; +https://openai.com/gptbot)"
74.7.243.224 - - [22/Nov/2025:01:38:50 -0800] "GET /search.php?safe_search/config?return_url=%2Fproduct%2Fdetail%2Fkirakukan-0210293 HTTP/2.0" 200 85920 "-" "Mozilla/5.0 AppleWebKit/537.36 (KHTML, like Gecko; compatible; GPTBot/1.3; +https://openai.com/gptbot)"
74.7.243.224 - - [22/Nov/2025:01:38:51 -0800] "GET /search.php?channel=156e34&from=https://mollywoppersnyb.com/chat.htm?items/045043566.html&m=2921046028692 HTTP/2.0" 200 86190 "-" "Mozilla/5.0 AppleWebKit/537.36 (KHTML, like Gecko; compatible; GPTBot/1.3; +https://openai.com/gptbot)"
44.207.252.58 - - [22/Nov/2025:01:38:52 -0800] "GET /?path=//sys/class/tty/ptype/subsystem/ttyS0/subsystem/ttysc/subsystem/ttypc/subsystem/ttyec HTTP/1.1" 200 6557 "-" "Mozilla/5.0 AppleWebKit/537.36 (KHTML, like Gecko; compatible; Amazonbot/0.1; +https://developer.amazon.com/support/amazonbot) Chrome/119.0.6045.214 Safari/537.36"
74.7.243.224 - - [22/Nov/2025:01:38:52 -0800] "GET /search.php?channel=156e34&from=https://mollywoppersnyb.com/chat.htm?doctor180049728.html&m=2921046028692 HTTP/2.0" 200 85859 "-" "Mozilla/5.0 AppleWebKit/537.36 (KHTML, like Gecko; compatible; GPTBot/1.3; +https://openai.com/gptbot)"
74.7.243.224 - - [22/Nov/2025:01:38:53 -0800] "GET /search.php?jail253046911.html HTTP/2.0" 200 86854 "-" "Mozilla/5.0 AppleWebKit/537.36 (KHTML, like Gecko; compatible; GPTBot/1.3; +https://openai.com/gptbot)"
74.7.243.224 - - [22/Nov/2025:01:38:55 -0800] "GET /search.php?works253046911.html HTTP/2.0" 200 86688 "-" "Mozilla/5.0 AppleWebKit/537.36 (KHTML, like Gecko; compatible; GPTBot/1.3; +https://openai.com/gptbot)"
74.7.243.224 - - [22/Nov/2025:01:38:56 -0800] "GET /search.php?kneel253046919.html HTTP/2.0" 200 87068 "-" "Mozilla/5.0 AppleWebKit/537.36 (KHTML, like Gecko; compatible; GPTBot/1.3; +https://openai.com/gptbot)"
54.84.147.79 - - [22/Nov/2025:01:38:56 -0800] "GET /?path=//sys/class/tty/ptype/subsystem/ttyp9/subsystem/ttysc/subsystem/ttype/subsystem/ptyp1 HTTP/1.1" 200 6581 "-" "Mozilla/5.0 AppleWebKit/537.36 (KHTML, like Gecko; compatible; Amazonbot/0.1; +https://developer.amazon.com/support/amazonbot) Chrome/119.0.6045.214 Safari/537.36"
74.7.243.224 - - [22/Nov/2025:01:38:57 -0800] "GET /search.php?channel=156e34&from=https://mollywoppersnyb.com/chat.htm?items/176025143.html&m=2921046028692 HTTP/2.0" 200 85602 "-" "Mozilla/5.0 AppleWebKit/537.36 (KHTML, like Gecko; compatible; GPTBot/1.3; +https://openai.com/gptbot)"
74.7.243.224 - - [22/Nov/2025:01:38:58 -0800] "GET /search.php?dozen179020075.html HTTP/2.0" 200 85940 "-" "Mozilla/5.0 AppleWebKit/537.36 (KHTML, like Gecko; compatible; GPTBot/1.3; +https://openai.com/gptbot)"
74.7.243.224 - - [22/Nov/2025:01:39:00 -0800] "GET /search.php?channel=156e34&from=https://mollywoppersnyb.com/chat.htm?items/034034775.html&m=2921046028692 HTTP/2.0" 200 87212 "-" "Mozilla/5.0 AppleWebKit/537.36 (KHTML, like Gecko; compatible; GPTBot/1.3; +https://openai.com/gptbot)"
74.7.243.224 - - [22/Nov/2025:01:39:01 -0800] "GET /search.php?channel=156e34&from=https://mollywoppersnyb.com/chat.htm?unite253046939.html&m=2921046028692 HTTP/2.0" 200 86866 "-" "Mozilla/5.0 AppleWebKit/537.36 (KHTML, like Gecko; compatible; GPTBot/1.3; +https://openai.com/gptbot)"
74.7.243.224 - - [22/Nov/2025:01:39:02 -0800] "GET /search.php?channel=156e34&from=https://mollywoppersnyb.com/chat.htm?items/270027883.html&m=2921046028692 HTTP/2.0" 200 86259 "-" "Mozilla/5.0 AppleWebKit/537.36 (KHTML, like Gecko; compatible; GPTBot/1.3; +https://openai.com/gptbot)"
74.7.243.224 - - [22/Nov/2025:01:39:04 -0800] "GET /search.php?laundry049025631.html HTTP/2.0" 200 86474 "-" "Mozilla/5.0 AppleWebKit/537.36 (KHTML, like Gecko; compatible; GPTBot/1.3; +https://openai.com/gptbot)"
52.3.127.170 - - [22/Nov/2025:01:39:04 -0800] "GET /?path=//sys/class/tty/ptype/subsystem/console/subsystem/ttyp1/subsystem/console/subsystem/ttys0 HTTP/1.1" 200 6557 "-" "Mozilla/5.0 AppleWebKit/537.36 (KHTML, like Gecko; compatible; Amazonbot/0.1; +https://developer.amazon.com/support/amazonbot) Chrome/119.0.6045.214 Safari/537.36"
74.7.243.224 - - [22/Nov/2025:01:39:05 -0800] "GET /search.php?items/295000572.html HTTP/2.0" 200 86415 "-" "Mozilla/5.0 AppleWebKit/537.36 (KHTML, like Gecko; compatible; GPTBot/1.3; +https://openai.com/gptbot)"
66.249.75.104 - - [22/Nov/2025:01:39:06 -0800] "GET /m298029134 HTTP/1.1" 200 25589 "-" "Mozilla/5.0 (Linux; Android 6.0.1; Nexus 5X Build/MMB29P) AppleWebKit/537.36 (KHTML, like Gecko) Chrome/141.0.7390.122 Mobile Safari/537.36 (compatible; GoogleOther)"
74.7.243.224 - - [22/Nov/2025:01:39:06 -0800] "GET /search.php?unite149021653.html HTTP/2.0" 200 86337 "-" "Mozilla/5.0 AppleWebKit/537.36 (KHTML, like Gecko; compatible; GPTBot/1.3; +https://openai.com/gptbot)"
74.7.243.224 - - [22/Nov/2025:01:39:08 -0800] "GET /search.php?unknown253046911.html HTTP/2.0" 200 86850 "-" "Mozilla/5.0 AppleWebKit/537.36 (KHTML, like Gecko; compatible; GPTBot/1.3; +https://openai.com/gptbot)"
74.7.243.224 - - [22/Nov/2025:01:39:09 -0800] "GET /search.php?court020032152.html HTTP/2.0" 200 85489 "-" "Mozilla/5.0 AppleWebKit/537.36 (KHTML, like Gecko; compatible; GPTBot/1.3; +https://openai.com/gptbot)"
74.7.243.224 - - [22/Nov/2025:01:39:11 -0800] "GET /search.php?one253046671.html HTTP/2.0" 200 86618 "-" "Mozilla/5.0 AppleWebKit/537.36 (KHTML, like Gecko; compatible; GPTBot/1.3; +https://openai.com/gptbot)"
98.83.8.142 - - [22/Nov/2025:01:39:12 -0800] "GET /?path=//sys/class/tty/ptype/subsystem/ttyv1/subsystem/ttype/subsystem/ttypc/subsystem/ptmx HTTP/1.1" 200 6604 "-" "Mozilla/5.0 AppleWebKit/537.36 (KHTML, like Gecko; compatible; Amazonbot/0.1; +https://developer.amazon.com/support/amazonbot) Chrome/119.0.6045.214 Safari/537.36"
74.7.243.224 - - [22/Nov/2025:01:39:13 -0800] "GET /search.php?boom253046919.html HTTP/2.0" 200 86981 "-" "Mozilla/5.0 AppleWebKit/537.36 (KHTML, like Gecko; compatible; GPTBot/1.3; +https://openai.com/gptbot)"
74.7.243.224 - - [22/Nov/2025:01:39:14 -0800] "GET /search.php?channel=156e34&from=https://mollywoppersnyb.com/chat.htm?items/253046648.html&m=2921046028692 HTTP/2.0" 200 86598 "-" "Mozilla/5.0 AppleWebKit/537.36 (KHTML, like Gecko; compatible; GPTBot/1.3; +https://openai.com/gptbot)"
74.7.243.224 - - [22/Nov/2025:01:39:15 -0800] "GET /search.php?channel=156e34&from=https://mollywoppersnyb.com/chat.htm?weekly253046939.html&m=2921046028692 HTTP/2.0" 200 86657 "-" "Mozilla/5.0 AppleWebKit/537.36 (KHTML, like Gecko; compatible; GPTBot/1.3; +https://openai.com/gptbot)"
35.173.18.61 - - [22/Nov/2025:01:39:16 -0800] "GET /home/?path=//sys/class/tty/ptype/subsystem/ttyS5/device/subsystem/drivers/reg-dummy/reg-dummy/subsystem/devices/microcode/subsystem/devices/reg-dummy HTTP/1.1" 200 6760 "-" "Mozilla/5.0 AppleWebKit/537.36 (KHTML, like Gecko; compatible; Amazonbot/0.1; +https://developer.amazon.com/support/amazonbot) Chrome/119.0.6045.214 Safari/537.36"
74.7.243.224 - - [22/Nov/2025:01:39:16 -0800] "GET /search.php?Iraqi253046701.html HTTP/2.0" 200 86386 "-" "Mozilla/5.0 AppleWebKit/537.36 (KHTML, like Gecko; compatible; GPTBot/1.3; +https://openai.com/gptbot)"
74.7.243.224 - - [22/Nov/2025:01:39:18 -0800] "GET /search.php?drift123038679.html HTTP/2.0" 200 86088 "-" "Mozilla/5.0 AppleWebKit/537.36 (KHTML, like Gecko; compatible; GPTBot/1.3; +https://openai.com/gptbot)"
74.7.243.224 - - [22/Nov/2025:01:39:19 -0800] "GET /search.php?channel=156e34&from=https://mollywoppersnyb.com/chat.htm?items/193028010.html&m=2921046028692 HTTP/2.0" 200 86166 "-" "Mozilla/5.0 AppleWebKit/537.36 (KHTML, like Gecko; compatible; GPTBot/1.3; +https://openai.com/gptbot)"
74.7.243.224 - - [22/Nov/2025:01:39:20 -0800] "GET /search.php?bike273009661.html HTTP/2.0" 200 87357 "-" "Mozilla/5.0 AppleWebKit/537.36 (KHTML, like Gecko; compatible; GPTBot/1.3; +https://openai.com/gptbot)"
74.7.243.224 - - [22/Nov/2025:01:39:22 -0800] "GET /search.php?luck293016945.html HTTP/2.0" 200 86112 "-" "Mozilla/5.0 AppleWebKit/537.36 (KHTML, like Gecko; compatible; GPTBot/1.3; +https://openai.com/gptbot)"
66.249.75.104 - - [22/Nov/2025:01:39:22 -0800] "GET /m063034181 HTTP/1.1" 200 24844 "-" "Mozilla/5.0 (Linux; Android 6.0.1; Nexus 5X Build/MMB29P) AppleWebKit/537.36 (KHTML, like Gecko) Chrome/141.0.7390.122 Mobile Safari/537.36 (compatible; GoogleOther)"
74.7.243.224 - - [22/Nov/2025:01:39:23 -0800] "GET /search.php?index071034259.html HTTP/2.0" 200 86023 "-" "Mozilla/5.0 AppleWebKit/537.36 (KHTML, like Gecko; compatible; GPTBot/1.3; +https://openai.com/gptbot)"
74.7.243.224 - - [22/Nov/2025:01:39:24 -0800] "GET /search.php?channel=156e34&from=https://mollywoppersnyb.com/chat.htm?items/001004482.html&m=2921046028692 HTTP/2.0" 200 88517 "-" "Mozilla/5.0 AppleWebKit/537.36 (KHTML, like Gecko; compatible; GPTBot/1.3; +https://openai.com/gptbot)"
74.7.243.224 - - [22/Nov/2025:01:39:25 -0800] "GET /search.php?evil253046713.html HTTP/2.0" 200 85895 "-" "Mozilla/5.0 AppleWebKit/537.36 (KHTML, like Gecko; compatible; GPTBot/1.3; +https://openai.com/gptbot)"
74.7.243.224 - - [22/Nov/2025:01:39:27 -0800] "GET /search.php?wagon253046937.html HTTP/2.0" 200 86963 "-" "Mozilla/5.0 AppleWebKit/537.36 (KHTML, like Gecko; compatible; GPTBot/1.3; +https://openai.com/gptbot)"
74.7.243.224 - - [22/Nov/2025:01:39:28 -0800] "GET /search.php?skin079026437.html HTTP/2.0" 200 85983 "-" "Mozilla/5.0 AppleWebKit/537.36 (KHTML, like Gecko; compatible; GPTBot/1.3; +https://openai.com/gptbot)"
74.7.243.224 - - [22/Nov/2025:01:39:29 -0800] "GET /search.php?link253046945.html HTTP/2.0" 200 86544 "-" "Mozilla/5.0 AppleWebKit/537.36 (KHTML, like Gecko; compatible; GPTBot/1.3; +https://openai.com/gptbot)"
74.7.243.224 - - [22/Nov/2025:01:39:30 -0800] "GET /search.php?pcmypage?callback=product/review/anglers1-4909858068858 HTTP/2.0" 200 86030 "-" "Mozilla/5.0 AppleWebKit/537.36 (KHTML, like Gecko; compatible; GPTBot/1.3; +https://openai.com/gptbot)"
74.7.243.224 - - [22/Nov/2025:01:39:32 -0800] "GET /search.php?luck253046941.html HTTP/2.0" 200 86250 "-" "Mozilla/5.0 AppleWebKit/537.36 (KHTML, like Gecko; compatible; GPTBot/1.3; +https://openai.com/gptbot)"
74.7.243.224 - - [22/Nov/2025:01:39:33 -0800] "GET /search.php?items/102034113.html HTTP/2.0" 200 85976 "-" "Mozilla/5.0 AppleWebKit/537.36 (KHTML, like Gecko; compatible; GPTBot/1.3; +https://openai.com/gptbot)"
74.7.243.224 - - [22/Nov/2025:01:39:34 -0800] "GET /search.php?channel=156e34&from=https://mollywoppersnyb.com/chat.htm?at273009637.html&m=2921046028692 HTTP/2.0" 200 86301 "-" "Mozilla/5.0 AppleWebKit/537.36 (KHTML, like Gecko; compatible; GPTBot/1.3; +https://openai.com/gptbot)"
