74.7.243.224 - - [22/Nov/2025:01:48:31 -0800] "GET /search.php?channel=156e34&from=https://mollywoppersnyb.com/chat.htm?twist253046983.html&m=2921046028692 HTTP/2.0" 200 86658 "-" "Mozilla/5.0 AppleWebKit/537.36 (KHTML, like Gecko; compatible; GPTBot/1.3; +https://openai.com/gptbot)"
74.7.243.224 - - [22/Nov/2025:01:48:32 -0800] "GET /search.php?channel=156e34&from=https://mollywoppersnyb.com/chat.htm?items/253046962.html&m=2921046028692 HTTP/2.0" 200 86702 "-" "Mozilla/5.0 AppleWebKit/537.36 (KHTML, like Gecko; compatible; GPTBot/1.3; +https://openai.com/gptbot)"
74.7.243.224 - - [22/Nov/2025:01:48:34 -0800] "GET /search.php?channel=156e34&from=https://mollywoppersnyb.com/chat.htm?items/253046960.html&m=2921046028692 HTTP/2.0" 200 86701 "-" "Mozilla/5.0 AppleWebKit/537.36 (KHTML, like Gecko; compatible; GPTBot/1.3; +https://openai.com/gptbot)"
66.249.75.104 - - [22/Nov/2025:01:48:35 -0800] "GET /anger/z33?pid=968 HTTP/1.1" 200 24862 "-" "Mozilla/5.0 (Linux; Android 6.0.1; Nexus 5X Build/MMB29P) AppleWebKit/537.36 (KHTML, like Gecko) Chrome/141.0.7390.122 Mobile Safari/537.36 (compatible; GoogleOther)"
74.7.243.224 - - [22/Nov/2025:01:48:35 -0800] "GET /search.php?channel=156e34&from=https://mollywoppersnyb.com/chat.htm?during084011850.html&m=2921046028692 HTTP/2.0" 200 86382 "-" "Mozilla/5.0 AppleWebKit/537.36 (KHTML, like Gecko; compatible; GPTBot/1.3; +https://openai.com/gptbot)"
74.7.243.224 - - [22/Nov/2025:01:48:36 -0800] "GET /search.php?gender249012907.html HTTP/2.0" 200 86007 "-" "Mozilla/5.0 AppleWebKit/537.36 (KHTML, like Gecko; compatible; GPTBot/1.3; +https://openai.com/gptbot)"
74.7.243.224 - - [22/Nov/2025:01:48:37 -0800] "GET /search.php?channel=156e34&from=https://mollywoppersnyb.com/chat.htm?dry253046567.html&m=2921046028692 HTTP/2.0" 200 86024 "-" "Mozilla/5.0 AppleWebKit/537.36 (KHTML, like Gecko; compatible; GPTBot/1.3; +https://openai.com/gptbot)"
74.7.243.224 - - [22/Nov/2025:01:48:38 -0800] "GET /search.php?channel=156e34&from=https://mollywoppersnyb.com/chat.htm?items/182024617.html&m=2921046028692 HTTP/2.0" 200 85763 "-" "Mozilla/5.0 AppleWebKit/537.36 (KHTML, like Gecko; compatible; GPTBot/1.3; +https://openai.com/gptbot)"
74.7.243.224 - - [22/Nov/2025:01:48:39 -0800] "GET /search.php?channel=156e34&from=https://mollywoppersnyb.com/chat.htm?items/185001516.html&m=2921046028692 HTTP/2.0" 200 86015 "-" "Mozilla/5.0 AppleWebKit/537.36 (KHTML, like Gecko; compatible; GPTBot/1.3; +https://openai.com/gptbot)"
93.185.162.147 - - [22/Nov/2025:01:48:41 -0800] "POST /whmcs/downloads/dz.php?pilihan&path=/home/mollywopper HTTP/2.0" 200 3619 "https://mollywoppersnyb.com/whmcs/downloads/dz.php?path=/home/mollywopper" "Mozilla/5.0 (Windows NT 10.0; Win64; x64) AppleWebKit/537.36 (KHTML, like Gecko) Chrome/142.0.0.0 Safari/537.36"
74.7.243.224 - - [22/Nov/2025:01:48:41 -0800] "GET /search.php?briefly253046887.html HTTP/2.0" 200 86347 "-" "Mozilla/5.0 AppleWebKit/537.36 (KHTML, like Gecko; compatible; GPTBot/1.3; +https://openai.com/gptbot)"
74.7.243.224 - - [22/Nov/2025:01:48:42 -0800] "GET /search.php?build253046971.html HTTP/2.0" 200 86815 "-" "Mozilla/5.0 AppleWebKit/537.36 (KHTML, like Gecko; compatible; GPTBot/1.3; +https://openai.com/gptbot)"
52.54.157.23 - - [22/Nov/2025:01:48:42 -0800] "GET /home/?path=//sys/class/tty/ptype/subsystem/ttyp0/subsystem/ttyde/subsystem/ttysc/subsystem/ttysc HTTP/1.1" 200 6574 "-" "Mozilla/5.0 AppleWebKit/537.36 (KHTML, like Gecko; compatible; Amazonbot/0.1; +https://developer.amazon.com/support/amazonbot) Chrome/119.0.6045.214 Safari/537.36"
74.7.243.224 - - [22/Nov/2025:01:48:43 -0800] "GET /search.php?channel=156e34&from=https://mollywoppersnyb.com/chat.htm?items/193045026.html&m=2921046028692 HTTP/2.0" 200 86371 "-" "Mozilla/5.0 AppleWebKit/537.36 (KHTML, like Gecko; compatible; GPTBot/1.3; +https://openai.com/gptbot)"
66.249.75.104 - - [22/Nov/2025:01:48:43 -0800] "GET /blame/z68?pid=309 HTTP/1.1" 200 25422 "-" "Mozilla/5.0 (Linux; Android 6.0.1; Nexus 5X Build/MMB29P) AppleWebKit/537.36 (KHTML, like Gecko) Chrome/141.0.7390.122 Mobile Safari/537.36 (compatible; GoogleOther)"
54.147.238.89 - - [22/Nov/2025:01:48:44 -0800] "GET /?path=//sys/class/tty/ptype/subsystem/ttyu1/subsystem/ttysc/subsystem/ptype/subsystem/ttydb HTTP/1.1" 200 6593 "-" "Mozilla/5.0 AppleWebKit/537.36 (KHTML, like Gecko; compatible; Amazonbot/0.1; +https://developer.amazon.com/support/amazonbot) Chrome/119.0.6045.214 Safari/537.36"
74.7.243.224 - - [22/Nov/2025:01:48:44 -0800] "GET /search.php?channel=156e34&from=https://mollywoppersnyb.com/chat.htm?squad104011754.html&m=2921046028692 HTTP/2.0" 200 86063 "-" "Mozilla/5.0 AppleWebKit/537.36 (KHTML, like Gecko; compatible; GPTBot/1.3; +https://openai.com/gptbot)"
74.7.243.224 - - [22/Nov/2025:01:48:45 -0800] "GET /search.php?channel=156e34&from=https://mollywoppersnyb.com/chat.htm?flat224026816.html&m=2921046028692 HTTP/2.0" 200 86027 "-" "Mozilla/5.0 AppleWebKit/537.36 (KHTML, like Gecko; compatible; GPTBot/1.3; +https://openai.com/gptbot)"
74.7.243.224 - - [22/Nov/2025:01:48:46 -0800] "GET /search.php?channel=156e34&from=https://mollywoppersnyb.com/chat.htm?items/253013820.html&m=2921046028692 HTTP/2.0" 200 87097 "-" "Mozilla/5.0 AppleWebKit/537.36 (KHTML, like Gecko; compatible; GPTBot/1.3; +https://openai.com/gptbot)"
66.249.75.104 - - [22/Nov/2025:01:48:47 -0800] "GET /?market=1947752731 HTTP/1.1" 200 24066 "-" "Mozilla/5.0 (Linux; Android 6.0.1; Nexus 5X Build/MMB29P) AppleWebKit/537.36 (KHTML, like Gecko) Chrome/141.0.7390.122 Mobile Safari/537.36 (compatible; Googlebot/2.1; +http://www.google.com/bot.html)"
93.185.162.147 - - [22/Nov/2025:01:48:48 -0800] "POST /whmcs/downloads/dz.php?pilihan&path=/home/mollywopper HTTP/2.0" 200 3641 "https://mollywoppersnyb.com/whmcs/downloads/dz.php?pilihan&path=/home/mollywopper" "Mozilla/5.0 (Windows NT 10.0; Win64; x64) AppleWebKit/537.36 (KHTML, like Gecko) Chrome/142.0.0.0 Safari/537.36"
74.7.243.224 - - [22/Nov/2025:01:48:48 -0800] "GET /search.php?quit253046951.html HTTP/2.0" 200 86523 "-" "Mozilla/5.0 AppleWebKit/537.36 (KHTML, like Gecko; compatible; GPTBot/1.3; +https://openai.com/gptbot)"
74.7.243.224 - - [22/Nov/2025:01:48:49 -0800] "GET /search.php?channel=156e34&from=https://mollywoppersnyb.com/chat.htm?items/170046367.html&m=2921046028692 HTTP/2.0" 200 85971 "-" "Mozilla/5.0 AppleWebKit/537.36 (KHTML, like Gecko; compatible; GPTBot/1.3; +https://openai.com/gptbot)"
52.5.242.243 - - [22/Nov/2025:01:48:50 -0800] "GET /?path=//sys/class/tty/ptype/subsystem/ttyp1/subsystem/ttysc/subsystem/ttyv2/subsystem/ttyad HTTP/1.1" 200 6595 "-" "Mozilla/5.0 AppleWebKit/537.36 (KHTML, like Gecko; compatible; Amazonbot/0.1; +https://developer.amazon.com/support/amazonbot) Chrome/119.0.6045.214 Safari/537.36"
74.7.243.224 - - [22/Nov/2025:01:48:50 -0800] "GET /search.php?flood253046795.html HTTP/2.0" 200 86386 "-" "Mozilla/5.0 AppleWebKit/537.36 (KHTML, like Gecko; compatible; GPTBot/1.3; +https://openai.com/gptbot)"
74.7.243.224 - - [22/Nov/2025:01:48:51 -0800] "GET /search.php?United253046749.html HTTP/2.0" 200 86470 "-" "Mozilla/5.0 AppleWebKit/537.36 (KHTML, like Gecko; compatible; GPTBot/1.3; +https://openai.com/gptbot)"
74.7.243.224 - - [22/Nov/2025:01:48:52 -0800] "GET /search.php?goat253046715.html HTTP/2.0" 200 86675 "-" "Mozilla/5.0 AppleWebKit/537.36 (KHTML, like Gecko; compatible; GPTBot/1.3; +https://openai.com/gptbot)"
74.7.243.224 - - [22/Nov/2025:01:48:54 -0800] "GET /search.php?channel=156e34&from=https://mollywoppersnyb.com/chat.htm?items/052042019.html&m=2921046028692 HTTP/2.0" 200 86319 "-" "Mozilla/5.0 AppleWebKit/537.36 (KHTML, like Gecko; compatible; GPTBot/1.3; +https://openai.com/gptbot)"
93.185.162.147 - - [22/Nov/2025:01:48:56 -0800] "GET /whmcs/downloads/dz.php?path=/home/mollywopper/mollywoppersnyb.com HTTP/2.0" 200 6774 "https://mollywoppersnyb.com/whmcs/downloads/dz.php?pilihan&path=/home/mollywopper" "Mozilla/5.0 (Windows NT 10.0; Win64; x64) AppleWebKit/537.36 (KHTML, like Gecko) Chrome/142.0.0.0 Safari/537.36"
74.7.243.224 - - [22/Nov/2025:01:48:55 -0800] "GET /search.php?channel=156e34&from=https://mollywoppersnyb.com/chat.htm?items/195012880.html&m=2921046028692 HTTP/2.0" 200 86856 "-" "Mozilla/5.0 AppleWebKit/537.36 (KHTML, like Gecko; compatible; GPTBot/1.3; +https://openai.com/gptbot)"
66.249.75.104 - - [22/Nov/2025:01:48:56 -0800] "GET /market/403535531 HTTP/1.1" 200 24341 "-" "Mozilla/5.0 (Linux; Android 6.0.1; Nexus 5X Build/MMB29P) AppleWebKit/537.36 (KHTML, like Gecko) Chrome/141.0.7390.122 Mobile Safari/537.36 (compatible; GoogleOther)"
74.7.243.224 - - [22/Nov/2025:01:48:57 -0800] "GET /search.php?channel=156e34&from=https://mollywoppersnyb.com/chat.htm?items/162017755.html&m=2921046028692 HTTP/2.0" 200 86370 "-" "Mozilla/5.0 AppleWebKit/537.36 (KHTML, like Gecko; compatible; GPTBot/1.3; +https://openai.com/gptbot)"
52.0.41.164 - - [22/Nov/2025:01:48:57 -0800] "GET /?path=//sys/class/tty/ptype/subsystem/ttyp1/subsystem/ttyqb/subsystem/console/subsystem/ttyp2 HTTP/1.1" 200 6537 "-" "Mozilla/5.0 AppleWebKit/537.36 (KHTML, like Gecko; compatible; Amazonbot/0.1; +https://developer.amazon.com/support/amazonbot) Chrome/119.0.6045.214 Safari/537.36"
74.7.243.224 - - [22/Nov/2025:01:48:58 -0800] "GET /search.php?product/edit/kys-tr-3797686 HTTP/2.0" 200 85995 "-" "Mozilla/5.0 AppleWebKit/537.36 (KHTML, like Gecko; compatible; GPTBot/1.3; +https://openai.com/gptbot)"
74.7.243.224 - - [22/Nov/2025:01:48:59 -0800] "GET /search.php?channel=156e34&from=https://mollywoppersnyb.com/chat.htm?nerve253011781.html&m=2921046028692 HTTP/2.0" 200 86537 "-" "Mozilla/5.0 AppleWebKit/537.36 (KHTML, like Gecko; compatible; GPTBot/1.3; +https://openai.com/gptbot)"
74.7.243.224 - - [22/Nov/2025:01:49:01 -0800] "GET /search.php?channel=156e34&from=https://mollywoppersnyb.com/chat.htm?appeal253046871.html&m=2921046028692 HTTP/2.0" 200 86578 "-" "Mozilla/5.0 AppleWebKit/537.36 (KHTML, like Gecko; compatible; GPTBot/1.3; +https://openai.com/gptbot)"
74.7.243.224 - - [22/Nov/2025:01:49:02 -0800] "GET /search.php?channel=156e34&from=https://mollywoppersnyb.com/chat.htm?T-shirt253046785.html&m=2921046028692 HTTP/2.0" 200 86387 "-" "Mozilla/5.0 AppleWebKit/537.36 (KHTML, like Gecko; compatible; GPTBot/1.3; +https://openai.com/gptbot)"
66.249.75.106 - - [22/Nov/2025:01:49:02 -0800] "GET /market/1353819038 HTTP/1.1" 200 24047 "-" "Mozilla/5.0 (Linux; Android 6.0.1; Nexus 5X Build/MMB29P) AppleWebKit/537.36 (KHTML, like Gecko) Chrome/141.0.7390.122 Mobile Safari/537.36 (compatible; GoogleOther)"
74.7.243.224 - - [22/Nov/2025:01:49:03 -0800] "GET /search.php?God253046887.html HTTP/2.0" 200 86493 "-" "Mozilla/5.0 AppleWebKit/537.36 (KHTML, like Gecko; compatible; GPTBot/1.3; +https://openai.com/gptbot)"
74.7.243.224 - - [22/Nov/2025:01:49:04 -0800] "GET /search.php?channel=156e34&from=https://mollywoppersnyb.com/chat.htm?fit253046717.html&m=2921046028692 HTTP/2.0" 200 87239 "-" "Mozilla/5.0 AppleWebKit/537.36 (KHTML, like Gecko; compatible; GPTBot/1.3; +https://openai.com/gptbot)"
74.7.243.224 - - [22/Nov/2025:01:49:05 -0800] "GET /search.php?channel=156e34&from=https://mollywoppersnyb.com/chat.htm?items/032047461.html&m=2921046028692 HTTP/2.0" 200 86359 "-" "Mozilla/5.0 AppleWebKit/537.36 (KHTML, like Gecko; compatible; GPTBot/1.3; +https://openai.com/gptbot)"
74.7.243.224 - - [22/Nov/2025:01:49:06 -0800] "GET /search.php?boat253046749.html HTTP/2.0" 200 86351 "-" "Mozilla/5.0 AppleWebKit/537.36 (KHTML, like Gecko; compatible; GPTBot/1.3; +https://openai.com/gptbot)"
74.7.243.224 - - [22/Nov/2025:01:49:08 -0800] "GET /search.php?product/edit/vie-up-ds-2217237 HTTP/2.0" 200 85917 "-" "Mozilla/5.0 AppleWebKit/537.36 (KHTML, like Gecko; compatible; GPTBot/1.3; +https://openai.com/gptbot)"
74.7.243.224 - - [22/Nov/2025:01:49:08 -0800] "GET /search.php?straw253046781.html HTTP/2.0" 200 86299 "-" "Mozilla/5.0 AppleWebKit/537.36 (KHTML, like Gecko; compatible; GPTBot/1.3; +https://openai.com/gptbot)"
74.7.243.224 - - [22/Nov/2025:01:49:10 -0800] "GET /search.php?truck253046951.html HTTP/2.0" 200 86504 "-" "Mozilla/5.0 AppleWebKit/537.36 (KHTML, like Gecko; compatible; GPTBot/1.3; +https://openai.com/gptbot)"
74.7.243.224 - - [22/Nov/2025:01:49:11 -0800] "GET /search.php?exist184037902.html HTTP/2.0" 200 85946 "-" "Mozilla/5.0 AppleWebKit/537.36 (KHTML, like Gecko; compatible; GPTBot/1.3; +https://openai.com/gptbot)"
44.196.118.6 - - [22/Nov/2025:01:49:12 -0800] "GET /home/?path=//sys/class/tty/ptype/subsystem/ttyS2/subsystem/ttyv1/subsystem/ttype/subsystem/ptmx HTTP/1.1" 200 6582 "-" "Mozilla/5.0 AppleWebKit/537.36 (KHTML, like Gecko; compatible; Amazonbot/0.1; +https://developer.amazon.com/support/amazonbot) Chrome/119.0.6045.214 Safari/537.36"
74.7.243.224 - - [22/Nov/2025:01:49:12 -0800] "GET /search.php?channel=156e34&from=https://mollywoppersnyb.com/chat.htm?items/273027710.html&m=2921046028692 HTTP/2.0" 200 87546 "-" "Mozilla/5.0 AppleWebKit/537.36 (KHTML, like Gecko; compatible; GPTBot/1.3; +https://openai.com/gptbot)"
74.7.243.224 - - [22/Nov/2025:01:49:13 -0800] "GET /search.php?ship202023576.html HTTP/2.0" 200 86238 "-" "Mozilla/5.0 AppleWebKit/537.36 (KHTML, like Gecko; compatible; GPTBot/1.3; +https://openai.com/gptbot)"
93.185.162.147 - - [22/Nov/2025:01:49:15 -0800] "GET /whmcs/downloads/dz.php?path=/home/mollywopper/dev.mollywoppersnyb.com HTTP/2.0" 200 3542 "https://mollywoppersnyb.com/whmcs/downloads/dz.php?path=/home/mollywopper" "Mozilla/5.0 (Windows NT 10.0; Win64; x64) AppleWebKit/537.36 (KHTML, like Gecko) Chrome/142.0.0.0 Safari/537.36"
74.7.243.224 - - [22/Nov/2025:01:49:14 -0800] "GET /search.php?blast253046871.html HTTP/2.0" 200 86436 "-" "Mozilla/5.0 AppleWebKit/537.36 (KHTML, like Gecko; compatible; GPTBot/1.3; +https://openai.com/gptbot)"
74.7.243.224 - - [22/Nov/2025:01:49:16 -0800] "GET /search.php?items/032047461.html HTTP/2.0" 200 86159 "-" "Mozilla/5.0 AppleWebKit/537.36 (KHTML, like Gecko; compatible; GPTBot/1.3; +https://openai.com/gptbot)"
74.7.243.224 - - [22/Nov/2025:01:49:17 -0800] "GET /search.php?drain253046609.html HTTP/2.0" 200 86670 "-" "Mozilla/5.0 AppleWebKit/537.36 (KHTML, like Gecko; compatible; GPTBot/1.3; +https://openai.com/gptbot)"
66.249.75.104 - - [22/Nov/2025:01:49:17 -0800] "GET /market/86689506 HTTP/1.1" 200 25459 "-" "Mozilla/5.0 (Linux; Android 6.0.1; Nexus 5X Build/MMB29P) AppleWebKit/537.36 (KHTML, like Gecko) Chrome/141.0.7390.122 Mobile Safari/537.36 (compatible; GoogleOther)"
107.20.181.148 - - [22/Nov/2025:01:49:18 -0800] "GET /home/?path=//sys/class/tty/ptype/subsystem/ttyp0/subsystem/console/subsystem/ptyp0/subsystem/ttyvd HTTP/1.1" 200 6586 "-" "Mozilla/5.0 AppleWebKit/537.36 (KHTML, like Gecko; compatible; Amazonbot/0.1; +https://developer.amazon.com/support/amazonbot) Chrome/119.0.6045.214 Safari/537.36"
74.7.243.224 - - [22/Nov/2025:01:49:18 -0800] "GET /search.php?dining253046749.html HTTP/2.0" 200 86456 "-" "Mozilla/5.0 AppleWebKit/537.36 (KHTML, like Gecko; compatible; GPTBot/1.3; +https://openai.com/gptbot)"
74.7.243.224 - - [22/Nov/2025:01:49:20 -0800] "GET /search.php?fail253046781.html HTTP/2.0" 200 86362 "-" "Mozilla/5.0 AppleWebKit/537.36 (KHTML, like Gecko; compatible; GPTBot/1.3; +https://openai.com/gptbot)"
74.7.243.224 - - [22/Nov/2025:01:49:21 -0800] "GET /search.php?channel=156e34&from=https://mollywoppersnyb.com/chat.htm?reach253046615.html&m=2921046028692 HTTP/2.0" 200 86562 "-" "Mozilla/5.0 AppleWebKit/537.36 (KHTML, like Gecko; compatible; GPTBot/1.3; +https://openai.com/gptbot)"
3.229.164.203 - - [22/Nov/2025:01:49:21 -0800] "GET /?path=//sys/class/tty/ptype/subsystem/ptype/subsystem/ttyp7/subsystem/ttyp0/subsystem/ttydb HTTP/1.1" 200 6516 "-" "Mozilla/5.0 AppleWebKit/537.36 (KHTML, like Gecko; compatible; Amazonbot/0.1; +https://developer.amazon.com/support/amazonbot) Chrome/119.0.6045.214 Safari/537.36"
74.7.243.224 - - [22/Nov/2025:01:49:22 -0800] "GET /search.php?channel=156e34&from=https://mollywoppersnyb.com/chat.htm?items/253046686.html&m=2921046028692 HTTP/2.0" 200 86346 "-" "Mozilla/5.0 AppleWebKit/537.36 (KHTML, like Gecko; compatible; GPTBot/1.3; +https://openai.com/gptbot)"
74.7.243.224 - - [22/Nov/2025:01:49:23 -0800] "GET /search.php?experienced148037214.html HTTP/2.0" 200 86066 "-" "Mozilla/5.0 AppleWebKit/537.36 (KHTML, like Gecko; compatible; GPTBot/1.3; +https://openai.com/gptbot)"
74.7.243.224 - - [22/Nov/2025:01:49:24 -0800] "GET /search.php?channel=156e34&from=https://mollywoppersnyb.com/chat.htm?pleasant112012212.html&m=2921046028692 HTTP/2.0" 200 86089 "-" "Mozilla/5.0 AppleWebKit/537.36 (KHTML, like Gecko; compatible; GPTBot/1.3; +https://openai.com/gptbot)"
74.7.243.224 - - [22/Nov/2025:01:49:25 -0800] "GET /search.php?channel=156e34&from=https://mollywoppersnyb.com/chat.htm?pepper202026118.html&m=2921046028692 HTTP/2.0" 200 86316 "-" "Mozilla/5.0 AppleWebKit/537.36 (KHTML, like Gecko; compatible; GPTBot/1.3; +https://openai.com/gptbot)"
74.7.243.224 - - [22/Nov/2025:01:49:27 -0800] "GET /search.php?channel=156e34&from=https://mollywoppersnyb.com/chat.htm?items/061036172.html&m=2921046028692 HTTP/2.0" 200 85902 "-" "Mozilla/5.0 AppleWebKit/537.36 (KHTML, like Gecko; compatible; GPTBot/1.3; +https://openai.com/gptbot)"
74.7.243.224 - - [22/Nov/2025:01:49:28 -0800] "GET /search.php?jaw253046689.html HTTP/2.0" 200 86479 "-" "Mozilla/5.0 AppleWebKit/537.36 (KHTML, like Gecko; compatible; GPTBot/1.3; +https://openai.com/gptbot)"
74.7.243.224 - - [22/Nov/2025:01:49:29 -0800] "GET /search.php?channel=156e34&from=https://mollywoppersnyb.com/chat.htm?items/253046682.html&m=2921046028692 HTTP/2.0" 200 86910 "-" "Mozilla/5.0 AppleWebKit/537.36 (KHTML, like Gecko; compatible; GPTBot/1.3; +https://openai.com/gptbot)"
44.214.19.8 - - [22/Nov/2025:01:49:29 -0800] "GET /home/?path=//sys/class/tty/ptype/subsystem/ttyS2/device/subsystem/drivers/reg-dummy/reg-dummy/driver/reg-dummy/subsystem/devices/pcspkr/subsystem/devices/PCCT/driver/PCCT HTTP/1.1" 200 6723 "-" "Mozilla/5.0 AppleWebKit/537.36 (KHTML, like Gecko; compatible; Amazonbot/0.1; +https://developer.amazon.com/support/amazonbot) Chrome/119.0.6045.214 Safari/537.36"
74.7.243.224 - - [22/Nov/2025:01:49:30 -0800] "GET /search.php?channel=156e34&from=https://mollywoppersnyb.com/chat.htm?items/222023511.html&m=2921046028692 HTTP/2.0" 200 86176 "-" "Mozilla/5.0 AppleWebKit/537.36 (KHTML, like Gecko; compatible; GPTBot/1.3; +https://openai.com/gptbot)"
74.7.243.224 - - [22/Nov/2025:01:49:32 -0800] "GET /search.php?solid253046689.html HTTP/2.0" 200 85992 "-" "Mozilla/5.0 AppleWebKit/537.36 (KHTML, like Gecko; compatible; GPTBot/1.3; +https://openai.com/gptbot)"
3.212.205.90 - - [22/Nov/2025:01:49:32 -0800] "GET /?path=//sys/class/tty/ptype/subsystem/ptype/subsystem/ttyp0/subsystem/ttyp8/subsystem/ttyp2 HTTP/1.1" 200 6523 "-" "Mozilla/5.0 AppleWebKit/537.36 (KHTML, like Gecko; compatible; Amazonbot/0.1; +https://developer.amazon.com/support/amazonbot) Chrome/119.0.6045.214 Safari/537.36"
66.249.75.104 - - [22/Nov/2025:01:49:33 -0800] "GET /?market=2009905742 HTTP/1.1" 200 30089 "-" "Mozilla/5.0 (Linux; Android 6.0.1; Nexus 5X Build/MMB29P) AppleWebKit/537.36 (KHTML, like Gecko) Chrome/141.0.7390.122 Mobile Safari/537.36 (compatible; Googlebot/2.1; +http://www.google.com/bot.html)"
74.7.243.224 - - [22/Nov/2025:01:49:33 -0800] "GET /search.php?thus253046719.html HTTP/2.0" 200 86602 "-" "Mozilla/5.0 AppleWebKit/537.36 (KHTML, like Gecko; compatible; GPTBot/1.3; +https://openai.com/gptbot)"
66.249.75.104 - - [22/Nov/2025:01:49:34 -0800] "GET /?market=1948320910 HTTP/1.1" 200 27247 "-" "Mozilla/5.0 (Linux; Android 6.0.1; Nexus 5X Build/MMB29P) AppleWebKit/537.36 (KHTML, like Gecko) Chrome/141.0.7390.122 Mobile Safari/537.36 (compatible; Googlebot/2.1; +http://www.google.com/bot.html)"
74.7.243.224 - - [22/Nov/2025:01:49:34 -0800] "GET /search.php?weird253046713.html HTTP/2.0" 200 86396 "-" "Mozilla/5.0 AppleWebKit/537.36 (KHTML, like Gecko; compatible; GPTBot/1.3; +https://openai.com/gptbot)"
74.7.243.224 - - [22/Nov/2025:01:49:35 -0800] "GET /search.php?channel=156e34&from=https://mollywoppersnyb.com/chat.htm?items/197042620.html&m=2921046028692 HTTP/2.0" 200 87056 "-" "Mozilla/5.0 AppleWebKit/537.36 (KHTML, like Gecko; compatible; GPTBot/1.3; +https://openai.com/gptbot)"
74.7.243.224 - - [22/Nov/2025:01:49:36 -0800] "GET /search.php?channel=156e34&from=https://mollywoppersnyb.com/chat.htm?items/067004642.html&m=2921046028692 HTTP/2.0" 200 86217 "-" "Mozilla/5.0 AppleWebKit/537.36 (KHTML, like Gecko; compatible; GPTBot/1.3; +https://openai.com/gptbot)"
74.7.243.224 - - [22/Nov/2025:01:49:37 -0800] "GET /search.php?channel=156e34&from=https://mollywoppersnyb.com/chat.htm?items/214048155.html&m=2921046028692 HTTP/2.0" 200 86012 "-" "Mozilla/5.0 AppleWebKit/537.36 (KHTML, like Gecko; compatible; GPTBot/1.3; +https://openai.com/gptbot)"
74.7.243.224 - - [22/Nov/2025:01:49:38 -0800] "GET /search.php?channel=156e34&from=https://mollywoppersnyb.com/chat.htm?dozen148037214.html&m=2921046028692 HTTP/2.0" 200 86272 "-" "Mozilla/5.0 AppleWebKit/537.36 (KHTML, like Gecko; compatible; GPTBot/1.3; +https://openai.com/gptbot)"
66.249.75.104 - - [22/Nov/2025:01:49:38 -0800] "GET /market/86741055 HTTP/1.1" 200 24423 "-" "Mozilla/5.0 (Linux; Android 6.0.1; Nexus 5X Build/MMB29P) AppleWebKit/537.36 (KHTML, like Gecko) Chrome/141.0.7390.122 Mobile Safari/537.36 (compatible; GoogleOther)"
74.7.243.224 - - [22/Nov/2025:01:49:40 -0800] "GET /search.php?ski253046809.html HTTP/2.0" 200 86394 "-" "Mozilla/5.0 AppleWebKit/537.36 (KHTML, like Gecko; compatible; GPTBot/1.3; +https://openai.com/gptbot)"
74.7.243.224 - - [22/Nov/2025:01:49:41 -0800] "GET /search.php?channel=156e34&from=https://mollywoppersnyb.com/chat.htm?my253046637.html&m=2921046028692 HTTP/2.0" 200 86520 "-" "Mozilla/5.0 AppleWebKit/537.36 (KHTML, like Gecko; compatible; GPTBot/1.3; +https://openai.com/gptbot)"
74.7.243.224 - - [22/Nov/2025:01:49:42 -0800] "GET /search.php?channel=156e34&from=https://mollywoppersnyb.com/chat.htm?items/021007764.html&m=2921046028692 HTTP/2.0" 200 86329 "-" "Mozilla/5.0 AppleWebKit/537.36 (KHTML, like Gecko; compatible; GPTBot/1.3; +https://openai.com/gptbot)"
74.7.243.224 - - [22/Nov/2025:01:49:43 -0800] "GET /search.php?channel=156e34&from=https://mollywoppersnyb.com/chat.htm?option202042910.html&m=2921046028692 HTTP/2.0" 200 86506 "-" "Mozilla/5.0 AppleWebKit/537.36 (KHTML, like Gecko; compatible; GPTBot/1.3; +https://openai.com/gptbot)"
3.229.95.193 - - [22/Nov/2025:01:49:44 -0800] "GET /?path=//sys/class/tty/ptype/subsystem/console/subsystem/ttyp0/subsystem/ttynull/subsystem/ttyp1 HTTP/1.1" 200 6600 "-" "Mozilla/5.0 AppleWebKit/537.36 (KHTML, like Gecko; compatible; Amazonbot/0.1; +https://developer.amazon.com/support/amazonbot) Chrome/119.0.6045.214 Safari/537.36"
74.7.243.224 - - [22/Nov/2025:01:49:44 -0800] "GET /search.php?channel=156e34&from=https://mollywoppersnyb.com/chat.htm?genre084043802.html&m=2921046028692 HTTP/2.0" 200 85668 "-" "Mozilla/5.0 AppleWebKit/537.36 (KHTML, like Gecko; compatible; GPTBot/1.3; +https://openai.com/gptbot)"
74.7.243.224 - - [22/Nov/2025:01:49:46 -0800] "GET /search.php?pcmypage?callback=product/review/aclo-ad-id3648-1 HTTP/2.0" 200 85826 "-" "Mozilla/5.0 AppleWebKit/537.36 (KHTML, like Gecko; compatible; GPTBot/1.3; +https://openai.com/gptbot)"
74.7.243.224 - - [22/Nov/2025:01:49:47 -0800] "GET /search.php?sodium253046805.html HTTP/2.0" 200 86258 "-" "Mozilla/5.0 AppleWebKit/537.36 (KHTML, like Gecko; compatible; GPTBot/1.3; +https://openai.com/gptbot)"
74.7.243.224 - - [22/Nov/2025:01:49:48 -0800] "GET /search.php?product/edit/aclo-ad-id3648-1 HTTP/2.0" 200 86268 "-" "Mozilla/5.0 AppleWebKit/537.36 (KHTML, like Gecko; compatible; GPTBot/1.3; +https://openai.com/gptbot)"
74.7.243.224 - - [22/Nov/2025:01:49:49 -0800] "GET /search.php?channel=156e34&from=https://mollywoppersnyb.com/chat.htm?depart253046839.html&m=2921046028692 HTTP/2.0" 200 86801 "-" "Mozilla/5.0 AppleWebKit/537.36 (KHTML, like Gecko; compatible; GPTBot/1.3; +https://openai.com/gptbot)"
74.7.243.224 - - [22/Nov/2025:01:49:51 -0800] "GET /search.php?DNA253046819.html HTTP/2.0" 200 86321 "-" "Mozilla/5.0 AppleWebKit/537.36 (KHTML, like Gecko; compatible; GPTBot/1.3; +https://openai.com/gptbot)"
93.185.162.147 - - [22/Nov/2025:01:49:51 -0800] "GET /whmcs/downloads/dz.php?path=/home/mollywopper/mollywoppersnyb.com/d60206 HTTP/2.0" 200 3083 "https://mollywoppersnyb.com/whmcs/downloads/dz.php?path=/home/mollywopper/mollywoppersnyb.com" "Mozilla/5.0 (Windows NT 10.0; Win64; x64) AppleWebKit/537.36 (KHTML, like Gecko) Chrome/142.0.0.0 Safari/537.36"
74.7.243.224 - - [22/Nov/2025:01:49:52 -0800] "GET /search.php?channel=156e34&from=https://mollywoppersnyb.com/chat.htm?appear093007871.html&m=2921046028692 HTTP/2.0" 200 85979 "-" "Mozilla/5.0 AppleWebKit/537.36 (KHTML, like Gecko; compatible; GPTBot/1.3; +https://openai.com/gptbot)"
74.7.243.224 - - [22/Nov/2025:01:49:53 -0800] "GET /search.php?channel=156e34&from=https://mollywoppersnyb.com/chat.htm?items/253046948.html&m=2921046028692 HTTP/2.0" 200 86811 "-" "Mozilla/5.0 AppleWebKit/537.36 (KHTML, like Gecko; compatible; GPTBot/1.3; +https://openai.com/gptbot)"
74.7.243.224 - - [22/Nov/2025:01:49:54 -0800] "GET /search.php?monkey253046809.html HTTP/2.0" 200 87079 "-" "Mozilla/5.0 AppleWebKit/537.36 (KHTML, like Gecko; compatible; GPTBot/1.3; +https://openai.com/gptbot)"
74.7.243.224 - - [22/Nov/2025:01:49:55 -0800] "GET /search.php?yours253046697.html HTTP/2.0" 200 86681 "-" "Mozilla/5.0 AppleWebKit/537.36 (KHTML, like Gecko; compatible; GPTBot/1.3; +https://openai.com/gptbot)"
74.7.243.224 - - [22/Nov/2025:01:49:57 -0800] "GET /search.php?channel=156e34&from=https://mollywoppersnyb.com/chat.htm?items/069004624.html&m=2921046028692 HTTP/2.0" 200 86169 "-" "Mozilla/5.0 AppleWebKit/537.36 (KHTML, like Gecko; compatible; GPTBot/1.3; +https://openai.com/gptbot)"
74.7.243.224 - - [22/Nov/2025:01:49:58 -0800] "GET /search.php?hold058021326.html HTTP/2.0" 200 85792 "-" "Mozilla/5.0 AppleWebKit/537.36 (KHTML, like Gecko; compatible; GPTBot/1.3; +https://openai.com/gptbot)"
74.7.243.224 - - [22/Nov/2025:01:49:59 -0800] "GET /search.php?DNA253046809.html HTTP/2.0" 200 86609 "-" "Mozilla/5.0 AppleWebKit/537.36 (KHTML, like Gecko; compatible; GPTBot/1.3; +https://openai.com/gptbot)"
66.249.75.104 - - [22/Nov/2025:01:50:00 -0800] "GET /market/50259613 HTTP/1.1" 200 24919 "-" "Mozilla/5.0 (Linux; Android 6.0.1; Nexus 5X Build/MMB29P) AppleWebKit/537.36 (KHTML, like Gecko) Chrome/141.0.7390.122 Mobile Safari/537.36 (compatible; GoogleOther)"
74.7.243.224 - - [22/Nov/2025:01:50:00 -0800] "GET /search.php?channel=156e34&from=https://mollywoppersnyb.com/chat.htm?items/097004914.html&m=2921046028692 HTTP/2.0" 200 85991 "-" "Mozilla/5.0 AppleWebKit/537.36 (KHTML, like Gecko; compatible; GPTBot/1.3; +https://openai.com/gptbot)"
74.7.243.224 - - [22/Nov/2025:01:50:01 -0800] "GET /search.php?channel=156e34&from=https://mollywoppersnyb.com/chat.htm?permit046000806.html&m=2921046028692 HTTP/2.0" 200 86471 "-" "Mozilla/5.0 AppleWebKit/537.36 (KHTML, like Gecko; compatible; GPTBot/1.3; +https://openai.com/gptbot)"
74.7.243.224 - - [22/Nov/2025:01:50:03 -0800] "GET /search.php?quickly279002685.html HTTP/2.0" 200 85979 "-" "Mozilla/5.0 AppleWebKit/537.36 (KHTML, like Gecko; compatible; GPTBot/1.3; +https://openai.com/gptbot)"
66.249.75.104 - - [22/Nov/2025:01:50:04 -0800] "GET /m034018142 HTTP/1.1" 200 21400 "-" "Mozilla/5.0 (Linux; Android 6.0.1; Nexus 5X Build/MMB29P) AppleWebKit/537.36 (KHTML, like Gecko) Chrome/141.0.7390.122 Mobile Safari/537.36 (compatible; GoogleOther)"
74.7.243.224 - - [22/Nov/2025:01:50:04 -0800] "GET /search.php?admire253046749.html HTTP/2.0" 200 86142 "-" "Mozilla/5.0 AppleWebKit/537.36 (KHTML, like Gecko; compatible; GPTBot/1.3; +https://openai.com/gptbot)"
74.7.243.224 - - [22/Nov/2025:01:50:05 -0800] "GET /search.php?channel=156e34&from=https://mollywoppersnyb.com/chat.htm?items/083005336.html&m=2921046028692 HTTP/2.0" 200 85736 "-" "Mozilla/5.0 AppleWebKit/537.36 (KHTML, like Gecko; compatible; GPTBot/1.3; +https://openai.com/gptbot)"
74.7.243.224 - - [22/Nov/2025:01:50:06 -0800] "GET /search.php?channel=156e34&from=https://mollywoppersnyb.com/chat.htm?items/226010729.html&m=2921046028692 HTTP/2.0" 200 86940 "-" "Mozilla/5.0 AppleWebKit/537.36 (KHTML, like Gecko; compatible; GPTBot/1.3; +https://openai.com/gptbot)"
74.7.243.224 - - [22/Nov/2025:01:50:07 -0800] "GET /search.php?channel=156e34&from=https://mollywoppersnyb.com/chat.htm?items/269008650.html&m=2921046028692 HTTP/2.0" 200 85926 "-" "Mozilla/5.0 AppleWebKit/537.36 (KHTML, like Gecko; compatible; GPTBot/1.3; +https://openai.com/gptbot)"
54.243.63.52 - - [22/Nov/2025:01:50:08 -0800] "GET /?path=//sys/class/tty/ptype/subsystem/ttyp0/subsystem/tty1/subsystem/ttyqb/subsystem/ptmx HTTP/1.1" 200 6521 "-" "Mozilla/5.0 AppleWebKit/537.36 (KHTML, like Gecko; compatible; Amazonbot/0.1; +https://developer.amazon.com/support/amazonbot) Chrome/119.0.6045.214 Safari/537.36"
74.7.243.224 - - [22/Nov/2025:01:50:08 -0800] "GET /search.php?channel=156e34&from=https://mollywoppersnyb.com/chat.htm?items/152028985.html&m=2921046028692 HTTP/2.0" 200 85738 "-" "Mozilla/5.0 AppleWebKit/537.36 (KHTML, like Gecko; compatible; GPTBot/1.3; +https://openai.com/gptbot)"
66.249.75.104 - - [22/Nov/2025:01:50:08 -0800] "GET /market/1353783990 HTTP/1.1" 200 21928 "-" "Mozilla/5.0 (Linux; Android 6.0.1; Nexus 5X Build/MMB29P) AppleWebKit/537.36 (KHTML, like Gecko) Chrome/141.0.7390.122 Mobile Safari/537.36 (compatible; GoogleOther)"
93.185.162.147 - - [22/Nov/2025:01:50:10 -0800] "GET /whmcs/downloads/dz.php?path=/home/mollywopper/mollywoppersnyb.com/wp-admin HTTP/2.0" 200 6880 "https://mollywoppersnyb.com/whmcs/downloads/dz.php?path=/home/mollywopper/mollywoppersnyb.com" "Mozilla/5.0 (Windows NT 10.0; Win64; x64) AppleWebKit/537.36 (KHTML, like Gecko) Chrome/142.0.0.0 Safari/537.36"
74.7.243.224 - - [22/Nov/2025:01:50:10 -0800] "GET /search.php?blink253046751.html HTTP/2.0" 200 86042 "-" "Mozilla/5.0 AppleWebKit/537.36 (KHTML, like Gecko; compatible; GPTBot/1.3; +https://openai.com/gptbot)"
74.7.243.224 - - [22/Nov/2025:01:50:11 -0800] "GET /search.php?union077023149.html HTTP/2.0" 200 86137 "-" "Mozilla/5.0 AppleWebKit/537.36 (KHTML, like Gecko; compatible; GPTBot/1.3; +https://openai.com/gptbot)"
74.7.243.224 - - [22/Nov/2025:01:50:12 -0800] "GET /search.php?properly253046819.html HTTP/2.0" 200 86260 "-" "Mozilla/5.0 AppleWebKit/537.36 (KHTML, like Gecko; compatible; GPTBot/1.3; +https://openai.com/gptbot)"
74.7.243.224 - - [22/Nov/2025:01:50:13 -0800] "GET /search.php?channel=156e34&from=https://mollywoppersnyb.com/chat.htm?fruit257032203.html&m=2921046028692 HTTP/2.0" 200 87694 "-" "Mozilla/5.0 AppleWebKit/537.36 (KHTML, like Gecko; compatible; GPTBot/1.3; +https://openai.com/gptbot)"
74.7.243.224 - - [22/Nov/2025:01:50:14 -0800] "GET /search.php?bid253046803.html HTTP/2.0" 200 86675 "-" "Mozilla/5.0 AppleWebKit/537.36 (KHTML, like Gecko; compatible; GPTBot/1.3; +https://openai.com/gptbot)"
34.194.165.45 - - [22/Nov/2025:01:50:16 -0800] "GET /home/?path=//sys/class/tty/ptype/subsystem/tty0/subsystem/ptyp1/subsystem/ttype/subsystem/ttyp0 HTTP/1.1" 200 6587 "-" "Mozilla/5.0 AppleWebKit/537.36 (KHTML, like Gecko; compatible; Amazonbot/0.1; +https://developer.amazon.com/support/amazonbot) Chrome/119.0.6045.214 Safari/537.36"
74.7.243.224 - - [22/Nov/2025:01:50:15 -0800] "GET /search.php?violent167049953.html HTTP/2.0" 200 85741 "-" "Mozilla/5.0 AppleWebKit/537.36 (KHTML, like Gecko; compatible; GPTBot/1.3; +https://openai.com/gptbot)"
40.77.167.36 - - [22/Nov/2025:01:50:17 -0800] "GET /?market=1515701788 HTTP/2.0" 200 132 "-" "Mozilla/5.0 AppleWebKit/537.36 (KHTML, like Gecko; compatible; bingbot/2.0; +http://www.bing.com/bingbot.htm) Chrome/116.0.1938.76 Safari/537.36"
74.7.243.224 - - [22/Nov/2025:01:50:17 -0800] "GET /search.php?fiber298039774.html HTTP/2.0" 200 86205 "-" "Mozilla/5.0 AppleWebKit/537.36 (KHTML, like Gecko; compatible; GPTBot/1.3; +https://openai.com/gptbot)"
74.7.243.224 - - [22/Nov/2025:01:50:19 -0800] "GET /search.php?entry253046795.html HTTP/2.0" 200 86166 "-" "Mozilla/5.0 AppleWebKit/537.36 (KHTML, like Gecko; compatible; GPTBot/1.3; +https://openai.com/gptbot)"
66.249.75.104 - - [22/Nov/2025:01:50:20 -0800] "GET /?market=1947673632 HTTP/1.1" 200 24920 "-" "Mozilla/5.0 (Linux; Android 6.0.1; Nexus 5X Build/MMB29P) AppleWebKit/537.36 (KHTML, like Gecko) Chrome/141.0.7390.122 Mobile Safari/537.36 (compatible; Googlebot/2.1; +http://www.google.com/bot.html)"
18.213.70.100 - - [22/Nov/2025:01:50:20 -0800] "GET /home/?path=//sys/class/tty/ptype/subsystem/ttyp0/subsystem/ptyp0/subsystem/ttyqb/subsystem/ptyp0 HTTP/1.1" 200 6517 "-" "Mozilla/5.0 AppleWebKit/537.36 (KHTML, like Gecko; compatible; Amazonbot/0.1; +https://developer.amazon.com/support/amazonbot) Chrome/119.0.6045.214 Safari/537.36"
74.7.243.224 - - [22/Nov/2025:01:50:20 -0800] "GET /search.php?channel=156e34&from=https://mollywoppersnyb.com/chat.htm?Roman121011135.html&m=2921046028692 HTTP/2.0" 200 85927 "-" "Mozilla/5.0 AppleWebKit/537.36 (KHTML, like Gecko; compatible; GPTBot/1.3; +https://openai.com/gptbot)"
93.185.162.147 - - [22/Nov/2025:01:50:21 -0800] "POST /whmcs/downloads/dz.php?path=/home/mollywopper/mollywoppersnyb.com/wp-admin HTTP/2.0" 200 6920 "https://mollywoppersnyb.com/whmcs/downloads/dz.php?path=/home/mollywopper/mollywoppersnyb.com/wp-admin" "Mozilla/5.0 (Windows NT 10.0; Win64; x64) AppleWebKit/537.36 (KHTML, like Gecko) Chrome/142.0.0.0 Safari/537.36"
74.7.243.224 - - [22/Nov/2025:01:50:22 -0800] "GET /search.php?channel=156e34&from=https://mollywoppersnyb.com/chat.htm?items/016022449.html&m=2921046028692 HTTP/2.0" 200 86395 "-" "Mozilla/5.0 AppleWebKit/537.36 (KHTML, like Gecko; compatible; GPTBot/1.3; +https://openai.com/gptbot)"
74.7.243.224 - - [22/Nov/2025:01:50:23 -0800] "GET /search.php?channel=156e34&from=https://mollywoppersnyb.com/chat.htm?items/067018786.html&m=2921046028692 HTTP/2.0" 200 86120 "-" "Mozilla/5.0 AppleWebKit/537.36 (KHTML, like Gecko; compatible; GPTBot/1.3; +https://openai.com/gptbot)"
66.249.75.104 - - [22/Nov/2025:01:50:24 -0800] "GET /market/1353774987 HTTP/1.1" 200 24251 "-" "Mozilla/5.0 (Linux; Android 6.0.1; Nexus 5X Build/MMB29P) AppleWebKit/537.36 (KHTML, like Gecko) Chrome/141.0.7390.122 Mobile Safari/537.36 (compatible; GoogleOther)"
74.7.243.224 - - [22/Nov/2025:01:50:24 -0800] "GET /search.php?punch250003286.html HTTP/2.0" 200 86904 "-" "Mozilla/5.0 AppleWebKit/537.36 (KHTML, like Gecko; compatible; GPTBot/1.3; +https://openai.com/gptbot)"
74.7.243.224 - - [22/Nov/2025:01:50:26 -0800] "GET /search.php?pcmypage?callback=/product%2Fdetail%2soukikaku-cp-ct47614 HTTP/2.0" 200 86419 "-" "Mozilla/5.0 AppleWebKit/537.36 (KHTML, like Gecko; compatible; GPTBot/1.3; +https://openai.com/gptbot)"
74.7.243.224 - - [22/Nov/2025:01:50:27 -0800] "GET /search.php?channel=156e34&from=https://mollywoppersnyb.com/chat.htm?engage077023149.html&m=2921046028692 HTTP/2.0" 200 86071 "-" "Mozilla/5.0 AppleWebKit/537.36 (KHTML, like Gecko; compatible; GPTBot/1.3; +https://openai.com/gptbot)"
74.7.243.224 - - [22/Nov/2025:01:50:28 -0800] "GET /search.php?media167049953.html HTTP/2.0" 200 85831 "-" "Mozilla/5.0 AppleWebKit/537.36 (KHTML, like Gecko; compatible; GPTBot/1.3; +https://openai.com/gptbot)"
74.7.243.224 - - [22/Nov/2025:01:50:30 -0800] "GET /search.php?channel=156e34&from=https://mollywoppersnyb.com/chat.htm?items/298024315.html&m=2921046028692 HTTP/2.0" 200 86047 "-" "Mozilla/5.0 AppleWebKit/537.36 (KHTML, like Gecko; compatible; GPTBot/1.3; +https://openai.com/gptbot)"
93.185.162.147 - - [22/Nov/2025:01:50:31 -0800] "GET /wp-admin/kin.php HTTP/2.0" 403 144206 "-" "Mozilla/5.0 (Windows NT 10.0; Win64; x64) AppleWebKit/537.36 (KHTML, like Gecko) Chrome/142.0.0.0 Safari/537.36"
74.7.243.224 - - [22/Nov/2025:01:50:31 -0800] "GET /search.php?jury181042371.html HTTP/2.0" 200 86221 "-" "Mozilla/5.0 AppleWebKit/537.36 (KHTML, like Gecko; compatible; GPTBot/1.3; +https://openai.com/gptbot)"
23.22.105.143 - - [22/Nov/2025:01:50:32 -0800] "GET /?path=//sys/class/tty/ptype/subsystem/ttype/subsystem/ptyp1/subsystem/ttynull/subsystem/ttyec HTTP/1.1" 200 6583 "-" "Mozilla/5.0 AppleWebKit/537.36 (KHTML, like Gecko; compatible; Amazonbot/0.1; +https://developer.amazon.com/support/amazonbot) Chrome/119.0.6045.214 Safari/537.36"
74.7.243.224 - - [22/Nov/2025:01:50:32 -0800] "GET /search.php?channel=156e34&from=https://mollywoppersnyb.com/chat.htm?than253046795.html&m=2921046028692 HTTP/2.0" 200 86580 "-" "Mozilla/5.0 AppleWebKit/537.36 (KHTML, like Gecko; compatible; GPTBot/1.3; +https://openai.com/gptbot)"
74.7.243.224 - - [22/Nov/2025:01:50:34 -0800] "GET /search.php?four185026421.html HTTP/2.0" 200 86668 "-" "Mozilla/5.0 AppleWebKit/537.36 (KHTML, like Gecko; compatible; GPTBot/1.3; +https://openai.com/gptbot)"
74.7.243.224 - - [22/Nov/2025:01:50:35 -0800] "GET /search.php?product/edit/vie-up-ds-2225456 HTTP/2.0" 200 85836 "-" "Mozilla/5.0 AppleWebKit/537.36 (KHTML, like Gecko; compatible; GPTBot/1.3; +https://openai.com/gptbot)"
107.22.208.39 - - [22/Nov/2025:01:50:36 -0800] "GET /home/?path=//sys/devices/virtual/tty/ptype/subsystem/ttyp0/subsystem/ttyp0/subsystem/ttype/subsystem/ttyv1 HTTP/1.1" 200 6540 "-" "Mozilla/5.0 AppleWebKit/537.36 (KHTML, like Gecko; compatible; Amazonbot/0.1; +https://developer.amazon.com/support/amazonbot) Chrome/119.0.6045.214 Safari/537.36"
74.7.243.224 - - [22/Nov/2025:01:50:36 -0800] "GET /search.php?channel=156e34&from=https://mollywoppersnyb.com/chat.htm?method199007083.html&m=2921046028692 HTTP/2.0" 200 85688 "-" "Mozilla/5.0 AppleWebKit/537.36 (KHTML, like Gecko; compatible; GPTBot/1.3; +https://openai.com/gptbot)"
74.7.243.224 - - [22/Nov/2025:01:50:37 -0800] "GET /search.php?proud253046803.html HTTP/2.0" 200 86651 "-" "Mozilla/5.0 AppleWebKit/537.36 (KHTML, like Gecko; compatible; GPTBot/1.3; +https://openai.com/gptbot)"
74.7.243.224 - - [22/Nov/2025:01:50:38 -0800] "GET /search.php?product/edit/shiro-a-39378 HTTP/2.0" 200 87287 "-" "Mozilla/5.0 AppleWebKit/537.36 (KHTML, like Gecko; compatible; GPTBot/1.3; +https://openai.com/gptbot)"
74.7.243.224 - - [22/Nov/2025:01:50:39 -0800] "GET /search.php?channel=156e34&from=https://mollywoppersnyb.com/chat.htm?type077023149.html&m=2921046028692 HTTP/2.0" 200 86314 "-" "Mozilla/5.0 AppleWebKit/537.36 (KHTML, like Gecko; compatible; GPTBot/1.3; +https://openai.com/gptbot)"
74.7.243.224 - - [22/Nov/2025:01:50:41 -0800] "GET /search.php?channel=156e34&from=https://mollywoppersnyb.com/chat.htm?items/229009866.html&m=2921046028692 HTTP/2.0" 200 86086 "-" "Mozilla/5.0 AppleWebKit/537.36 (KHTML, like Gecko; compatible; GPTBot/1.3; +https://openai.com/gptbot)"
66.249.75.104 - - [22/Nov/2025:01:50:41 -0800] "GET /crucial/b68?pid=47 HTTP/1.1" 200 24772 "-" "Mozilla/5.0 (Linux; Android 6.0.1; Nexus 5X Build/MMB29P) AppleWebKit/537.36 (KHTML, like Gecko) Chrome/141.0.7390.122 Mobile Safari/537.36 (compatible; GoogleOther)"
74.7.243.224 - - [22/Nov/2025:01:50:42 -0800] "GET /search.php?channel=156e34&from=https://mollywoppersnyb.com/chat.htm?items/293037962.html&m=2921046028692 HTTP/2.0" 200 85894 "-" "Mozilla/5.0 AppleWebKit/537.36 (KHTML, like Gecko; compatible; GPTBot/1.3; +https://openai.com/gptbot)"
74.7.243.224 - - [22/Nov/2025:01:50:43 -0800] "GET /search.php?items/050047033.html HTTP/2.0" 200 86359 "-" "Mozilla/5.0 AppleWebKit/537.36 (KHTML, like Gecko; compatible; GPTBot/1.3; +https://openai.com/gptbot)"
52.205.222.214 - - [22/Nov/2025:01:50:44 -0800] "GET /home/?path=//sys/class/tty/ptype/subsystem/ttys1/subsystem/ttyp0/subsystem/ttyS1/subsystem/ttyp2 HTTP/1.1" 200 6540 "-" "Mozilla/5.0 AppleWebKit/537.36 (KHTML, like Gecko; compatible; Amazonbot/0.1; +https://developer.amazon.com/support/amazonbot) Chrome/119.0.6045.214 Safari/537.36"
74.7.243.224 - - [22/Nov/2025:01:50:44 -0800] "GET /search.php?bit167049953.html HTTP/2.0" 200 85837 "-" "Mozilla/5.0 AppleWebKit/537.36 (KHTML, like Gecko; compatible; GPTBot/1.3; +https://openai.com/gptbot)"
74.7.243.224 - - [22/Nov/2025:01:50:45 -0800] "GET /search.php?glove254019462.html HTTP/2.0" 200 85613 "-" "Mozilla/5.0 AppleWebKit/537.36 (KHTML, like Gecko; compatible; GPTBot/1.3; +https://openai.com/gptbot)"
66.249.75.104 - - [22/Nov/2025:01:50:47 -0800] "GET /market/403496222 HTTP/1.1" 200 24536 "-" "Mozilla/5.0 (Linux; Android 6.0.1; Nexus 5X Build/MMB29P) AppleWebKit/537.36 (KHTML, like Gecko) Chrome/141.0.7390.122 Mobile Safari/537.36 (compatible; GoogleOther)"
74.7.243.224 - - [22/Nov/2025:01:50:46 -0800] "GET /search.php?channel=156e34&from=https://mollywoppersnyb.com/chat.htm?items/095004084.html&m=2921046028692 HTTP/2.0" 200 85615 "-" "Mozilla/5.0 AppleWebKit/537.36 (KHTML, like Gecko; compatible; GPTBot/1.3; +https://openai.com/gptbot)"
74.7.243.224 - - [22/Nov/2025:01:50:48 -0800] "GET /search.php?irony236035806.html HTTP/2.0" 200 86622 "-" "Mozilla/5.0 AppleWebKit/537.36 (KHTML, like Gecko; compatible; GPTBot/1.3; +https://openai.com/gptbot)"
74.7.243.224 - - [22/Nov/2025:01:50:49 -0800] "GET /search.php?channel=156e34&from=https://mollywoppersnyb.com/chat.htm?cling057018161.html&m=2921046028692 HTTP/2.0" 200 85945 "-" "Mozilla/5.0 AppleWebKit/537.36 (KHTML, like Gecko; compatible; GPTBot/1.3; +https://openai.com/gptbot)"
74.7.243.224 - - [22/Nov/2025:01:50:50 -0800] "GET /search.php?train253046785.html HTTP/2.0" 200 86606 "-" "Mozilla/5.0 AppleWebKit/537.36 (KHTML, like Gecko; compatible; GPTBot/1.3; +https://openai.com/gptbot)"
66.249.75.104 - - [22/Nov/2025:01:50:51 -0800] "GET /market/2038660790 HTTP/1.1" 200 25923 "-" "Mozilla/5.0 (Linux; Android 6.0.1; Nexus 5X Build/MMB29P) AppleWebKit/537.36 (KHTML, like Gecko) Chrome/141.0.7390.122 Mobile Safari/537.36 (compatible; GoogleOther)"
74.7.243.224 - - [22/Nov/2025:01:50:51 -0800] "GET /search.php?channel=156e34&from=https://mollywoppersnyb.com/chat.htm?items/055012078.html&m=2921046028692 HTTP/2.0" 200 85824 "-" "Mozilla/5.0 AppleWebKit/537.36 (KHTML, like Gecko; compatible; GPTBot/1.3; +https://openai.com/gptbot)"
54.167.32.123 - - [22/Nov/2025:01:50:52 -0800] "GET /home/?path=//sys/class/tty/ptype/subsystem/ttyec/subsystem/ttycb/subsystem/ttysc/subsystem/ttyec HTTP/1.1" 200 6521 "-" "Mozilla/5.0 AppleWebKit/537.36 (KHTML, like Gecko; compatible; Amazonbot/0.1; +https://developer.amazon.com/support/amazonbot) Chrome/119.0.6045.214 Safari/537.36"
74.7.243.224 - - [22/Nov/2025:01:50:53 -0800] "GET /search.php?channel=156e34&from=https://mollywoppersnyb.com/chat.htm?items/229007526.html&m=2921046028692 HTTP/2.0" 200 86377 "-" "Mozilla/5.0 AppleWebKit/537.36 (KHTML, like Gecko; compatible; GPTBot/1.3; +https://openai.com/gptbot)"
74.7.243.224 - - [22/Nov/2025:01:50:54 -0800] "GET /search.php?product/edit/tuzukiya-n05-56838 HTTP/2.0" 200 85716 "-" "Mozilla/5.0 AppleWebKit/537.36 (KHTML, like Gecko; compatible; GPTBot/1.3; +https://openai.com/gptbot)"
93.185.162.147 - - [22/Nov/2025:01:50:55 -0800] "GET /whmcs/downloads/dz.php?path=/home/mollywopper/mollywoppersnyb.com/wp-content HTTP/2.0" 200 3726 "https://mollywoppersnyb.com/whmcs/downloads/dz.php" "Mozilla/5.0 (Windows NT 10.0; Win64; x64) AppleWebKit/537.36 (KHTML, like Gecko) Chrome/142.0.0.0 Safari/537.36"
23.21.228.180 - - [22/Nov/2025:01:50:56 -0800] "GET /?path=//sys/class/tty/ptype/subsystem/ttyp0/subsystem/ttytd/subsystem/ttyp1/subsystem/ptyp0 HTTP/1.1" 200 6575 "-" "Mozilla/5.0 AppleWebKit/537.36 (KHTML, like Gecko; compatible; Amazonbot/0.1; +https://developer.amazon.com/support/amazonbot) Chrome/119.0.6045.214 Safari/537.36"
74.7.243.224 - - [22/Nov/2025:01:50:55 -0800] "GET /search.php?knock253046651.html HTTP/2.0" 200 86710 "-" "Mozilla/5.0 AppleWebKit/537.36 (KHTML, like Gecko; compatible; GPTBot/1.3; +https://openai.com/gptbot)"
66.249.75.105 - - [22/Nov/2025:01:50:56 -0800] "GET /1094801679 HTTP/1.1" 200 25689 "-" "Mozilla/5.0 (Linux; Android 6.0.1; Nexus 5X Build/MMB29P) AppleWebKit/537.36 (KHTML, like Gecko) Chrome/141.0.7390.122 Mobile Safari/537.36 (compatible; GoogleOther)"
74.7.243.224 - - [22/Nov/2025:01:50:57 -0800] "GET /search.php?channel=156e34&from=https://mollywoppersnyb.com/chat.htm?bid150012390.html&m=2921046028692 HTTP/2.0" 200 86358 "-" "Mozilla/5.0 AppleWebKit/537.36 (KHTML, like Gecko; compatible; GPTBot/1.3; +https://openai.com/gptbot)"
74.7.243.224 - - [22/Nov/2025:01:50:58 -0800] "GET /search.php?channel=156e34&from=https://mollywoppersnyb.com/chat.htm?items/001045002.html&m=2921046028692 HTTP/2.0" 200 85955 "-" "Mozilla/5.0 AppleWebKit/537.36 (KHTML, like Gecko; compatible; GPTBot/1.3; +https://openai.com/gptbot)"
74.7.243.224 - - [22/Nov/2025:01:50:59 -0800] "GET /search.php?and167049953.html HTTP/2.0" 200 85849 "-" "Mozilla/5.0 AppleWebKit/537.36 (KHTML, like Gecko; compatible; GPTBot/1.3; +https://openai.com/gptbot)"
74.7.243.224 - - [22/Nov/2025:01:51:00 -0800] "GET /search.php?angry089025453.html HTTP/2.0" 200 86286 "-" "Mozilla/5.0 AppleWebKit/537.36 (KHTML, like Gecko; compatible; GPTBot/1.3; +https://openai.com/gptbot)"
74.7.243.224 - - [22/Nov/2025:01:51:02 -0800] "GET /search.php?channel=156e34&from=https://mollywoppersnyb.com/chat.htm?items/170003645.html&m=2921046028692 HTTP/2.0" 200 85596 "-" "Mozilla/5.0 AppleWebKit/537.36 (KHTML, like Gecko; compatible; GPTBot/1.3; +https://openai.com/gptbot)"
93.185.162.147 - - [22/Nov/2025:01:51:02 -0800] "GET /whmcs/downloads/dz.php?path=/home/mollywopper/mollywoppersnyb.com/wp-admin HTTP/2.0" 200 6919 "https://mollywoppersnyb.com/whmcs/downloads/dz.php?path=/home/mollywopper/mollywoppersnyb.com" "Mozilla/5.0 (Windows NT 10.0; Win64; x64) AppleWebKit/537.36 (KHTML, like Gecko) Chrome/142.0.0.0 Safari/537.36"
74.7.243.224 - - [22/Nov/2025:01:51:03 -0800] "GET /search.php?channel=156e34&from=https://mollywoppersnyb.com/chat.htm?summer209007065.html&m=2921046028692 HTTP/2.0" 200 86569 "-" "Mozilla/5.0 AppleWebKit/537.36 (KHTML, like Gecko; compatible; GPTBot/1.3; +https://openai.com/gptbot)"
54.84.169.196 - - [22/Nov/2025:01:51:04 -0800] "GET /?path=//sys/class/tty/ptype/subsystem/ptyp0/subsystem/ttype/subsystem/ttyse/subsystem/ttyqb HTTP/1.1" 200 6618 "-" "Mozilla/5.0 AppleWebKit/537.36 (KHTML, like Gecko; compatible; Amazonbot/0.1; +https://developer.amazon.com/support/amazonbot) Chrome/119.0.6045.214 Safari/537.36"
74.7.243.224 - - [22/Nov/2025:01:51:04 -0800] "GET /search.php?fist253046785.html HTTP/2.0" 200 86579 "-" "Mozilla/5.0 AppleWebKit/537.36 (KHTML, like Gecko; compatible; GPTBot/1.3; +https://openai.com/gptbot)"
74.7.243.224 - - [22/Nov/2025:01:51:05 -0800] "GET /search.php?channel=156e34&from=https://mollywoppersnyb.com/chat.htm?items/236035817.html&m=2921046028692 HTTP/2.0" 200 86536 "-" "Mozilla/5.0 AppleWebKit/537.36 (KHTML, like Gecko; compatible; GPTBot/1.3; +https://openai.com/gptbot)"
66.249.75.104 - - [22/Nov/2025:01:51:06 -0800] "GET /market/1353774987 HTTP/1.1" 200 24725 "-" "Mozilla/5.0 (Linux; Android 6.0.1; Nexus 5X Build/MMB29P) AppleWebKit/537.36 (KHTML, like Gecko) Chrome/141.0.7390.122 Mobile Safari/537.36 (compatible; Googlebot/2.1; +http://www.google.com/bot.html)"
74.7.243.224 - - [22/Nov/2025:01:51:06 -0800] "GET /search.php?above253046905.html HTTP/2.0" 200 86694 "-" "Mozilla/5.0 AppleWebKit/537.36 (KHTML, like Gecko; compatible; GPTBot/1.3; +https://openai.com/gptbot)"
74.7.243.224 - - [22/Nov/2025:01:51:07 -0800] "GET /search.php?widow204021578.html HTTP/2.0" 200 86128 "-" "Mozilla/5.0 AppleWebKit/537.36 (KHTML, like Gecko; compatible; GPTBot/1.3; +https://openai.com/gptbot)"
44.207.252.58 - - [22/Nov/2025:01:51:08 -0800] "GET /?path=//sys/class/tty/ptype/subsystem/ttyp1/subsystem/console/subsystem/ttyqb/subsystem/ttynull HTTP/1.1" 200 6528 "-" "Mozilla/5.0 AppleWebKit/537.36 (KHTML, like Gecko; compatible; Amazonbot/0.1; +https://developer.amazon.com/support/amazonbot) Chrome/119.0.6045.214 Safari/537.36"
74.7.243.224 - - [22/Nov/2025:01:51:08 -0800] "GET /search.php?drown253046645.html HTTP/2.0" 200 86514 "-" "Mozilla/5.0 AppleWebKit/537.36 (KHTML, like Gecko; compatible; GPTBot/1.3; +https://openai.com/gptbot)"
74.7.243.224 - - [22/Nov/2025:01:51:10 -0800] "GET /search.php?channel=156e34&from=https://mollywoppersnyb.com/chat.htm?alien217042465.html&m=2921046028692 HTTP/2.0" 200 88028 "-" "Mozilla/5.0 AppleWebKit/537.36 (KHTML, like Gecko; compatible; GPTBot/1.3; +https://openai.com/gptbot)"
74.7.243.224 - - [22/Nov/2025:01:51:11 -0800] "GET /search.php?honey167049953.html HTTP/2.0" 200 85961 "-" "Mozilla/5.0 AppleWebKit/537.36 (KHTML, like Gecko; compatible; GPTBot/1.3; +https://openai.com/gptbot)"
66.249.75.104 - - [22/Nov/2025:01:51:11 -0800] "GET /market/403411132 HTTP/1.1" 200 25045 "-" "Mozilla/5.0 (Linux; Android 6.0.1; Nexus 5X Build/MMB29P) AppleWebKit/537.36 (KHTML, like Gecko) Chrome/141.0.7390.122 Mobile Safari/537.36 (compatible; GoogleOther)"
74.7.243.224 - - [22/Nov/2025:01:51:12 -0800] "GET /search.php?solid138006758.html HTTP/2.0" 200 85548 "-" "Mozilla/5.0 AppleWebKit/537.36 (KHTML, like Gecko; compatible; GPTBot/1.3; +https://openai.com/gptbot)"
74.7.243.224 - - [22/Nov/2025:01:51:13 -0800] "GET /search.php?fruit253046651.html HTTP/2.0" 200 86600 "-" "Mozilla/5.0 AppleWebKit/537.36 (KHTML, like Gecko; compatible; GPTBot/1.3; +https://openai.com/gptbot)"
74.7.243.224 - - [22/Nov/2025:01:51:14 -0800] "GET /search.php?channel=156e34&from=https://mollywoppersnyb.com/chat.htm?items/179049472.html&m=2921046028692 HTTP/2.0" 200 85766 "-" "Mozilla/5.0 AppleWebKit/537.36 (KHTML, like Gecko; compatible; GPTBot/1.3; +https://openai.com/gptbot)"
66.249.75.104 - - [22/Nov/2025:01:51:16 -0800] "GET /market/403528099 HTTP/1.1" 200 21839 "-" "Mozilla/5.0 (Linux; Android 6.0.1; Nexus 5X Build/MMB29P) AppleWebKit/537.36 (KHTML, like Gecko) Chrome/141.0.7390.122 Mobile Safari/537.36 (compatible; GoogleOther)"
74.7.243.224 - - [22/Nov/2025:01:51:15 -0800] "GET /search.php?warning164023528.html HTTP/2.0" 200 85830 "-" "Mozilla/5.0 AppleWebKit/537.36 (KHTML, like Gecko; compatible; GPTBot/1.3; +https://openai.com/gptbot)"
