98.82.40.168 - - [22/Nov/2025:01:45:32 -0800] "GET /home/?path=//sys/class/tty/ptype/subsystem/ttys0/subsystem/ttyp0/subsystem/ttyv2/subsystem/ttyqb HTTP/1.1" 200 6564 "-" "Mozilla/5.0 AppleWebKit/537.36 (KHTML, like Gecko; compatible; Amazonbot/0.1; +https://developer.amazon.com/support/amazonbot) Chrome/119.0.6045.214 Safari/537.36"
74.7.243.224 - - [22/Nov/2025:01:45:33 -0800] "GET /search.php?channel=156e34&from=https://mollywoppersnyb.com/chat.htm?lap212041074.html&m=2921046028692 HTTP/2.0" 200 86124 "-" "Mozilla/5.0 AppleWebKit/537.36 (KHTML, like Gecko; compatible; GPTBot/1.3; +https://openai.com/gptbot)"
74.7.243.224 - - [22/Nov/2025:01:45:34 -0800] "GET /search.php?channel=156e34&from=https://mollywoppersnyb.com/chat.htm?sleep119028869.html&m=2921046028692 HTTP/2.0" 200 85819 "-" "Mozilla/5.0 AppleWebKit/537.36 (KHTML, like Gecko; compatible; GPTBot/1.3; +https://openai.com/gptbot)"
74.7.243.224 - - [22/Nov/2025:01:45:35 -0800] "GET /search.php?channel=156e34&from=https://mollywoppersnyb.com/chat.htm?miss058001726.html&m=2921046028692 HTTP/2.0" 200 85831 "-" "Mozilla/5.0 AppleWebKit/537.36 (KHTML, like Gecko; compatible; GPTBot/1.3; +https://openai.com/gptbot)"
74.7.243.224 - - [22/Nov/2025:01:45:36 -0800] "GET /search.php?channel=156e34&from=https://mollywoppersnyb.com/chat.htm?items/249020886.html&m=2921046028692 HTTP/2.0" 200 86307 "-" "Mozilla/5.0 AppleWebKit/537.36 (KHTML, like Gecko; compatible; GPTBot/1.3; +https://openai.com/gptbot)"
74.7.243.224 - - [22/Nov/2025:01:45:37 -0800] "GET /search.php?product/edit/re-vida-k0-7166398-black HTTP/2.0" 200 86390 "-" "Mozilla/5.0 AppleWebKit/537.36 (KHTML, like Gecko; compatible; GPTBot/1.3; +https://openai.com/gptbot)"
74.7.243.224 - - [22/Nov/2025:01:45:39 -0800] "GET /search.php?channel=156e34&from=https://mollywoppersnyb.com/chat.htm?items/253046922.html&m=2921046028692 HTTP/2.0" 200 86274 "-" "Mozilla/5.0 AppleWebKit/537.36 (KHTML, like Gecko; compatible; GPTBot/1.3; +https://openai.com/gptbot)"
74.7.243.224 - - [22/Nov/2025:01:45:40 -0800] "GET /search.php?channel=156e34&from=https://mollywoppersnyb.com/chat.htm?items/152041183.html&m=2921046028692 HTTP/2.0" 200 86052 "-" "Mozilla/5.0 AppleWebKit/537.36 (KHTML, like Gecko; compatible; GPTBot/1.3; +https://openai.com/gptbot)"
35.174.141.243 - - [22/Nov/2025:01:45:41 -0800] "GET /?path=//sys/class/tty/ptype/subsystem/ttyp0/subsystem/ptyp1/subsystem/ptype/subsystem/ttynull HTTP/1.1" 200 6612 "-" "Mozilla/5.0 AppleWebKit/537.36 (KHTML, like Gecko; compatible; Amazonbot/0.1; +https://developer.amazon.com/support/amazonbot) Chrome/119.0.6045.214 Safari/537.36"
74.7.243.224 - - [22/Nov/2025:01:45:41 -0800] "GET /search.php?fix253046819.html HTTP/2.0" 200 86441 "-" "Mozilla/5.0 AppleWebKit/537.36 (KHTML, like Gecko; compatible; GPTBot/1.3; +https://openai.com/gptbot)"
74.7.243.224 - - [22/Nov/2025:01:45:42 -0800] "GET /search.php?channel=156e34&from=https://mollywoppersnyb.com/chat.htm?costly071040519.html&m=2921046028692 HTTP/2.0" 200 86243 "-" "Mozilla/5.0 AppleWebKit/537.36 (KHTML, like Gecko; compatible; GPTBot/1.3; +https://openai.com/gptbot)"
74.7.243.224 - - [22/Nov/2025:01:45:43 -0800] "GET /search.php?channel=156e34&from=https://mollywoppersnyb.com/chat.htm?items/240026619.html&m=2921046028692 HTTP/2.0" 200 87128 "-" "Mozilla/5.0 AppleWebKit/537.36 (KHTML, like Gecko; compatible; GPTBot/1.3; +https://openai.com/gptbot)"
66.249.75.104 - - [22/Nov/2025:01:45:45 -0800] "GET /?market=1031527665 HTTP/1.1" 200 24600 "-" "Mozilla/5.0 (Linux; Android 6.0.1; Nexus 5X Build/MMB29P) AppleWebKit/537.36 (KHTML, like Gecko) Chrome/141.0.7390.122 Mobile Safari/537.36 (compatible; Googlebot/2.1; +http://www.google.com/bot.html)"
74.7.243.224 - - [22/Nov/2025:01:45:45 -0800] "GET /search.php?quality269013845.html HTTP/2.0" 200 86390 "-" "Mozilla/5.0 AppleWebKit/537.36 (KHTML, like Gecko; compatible; GPTBot/1.3; +https://openai.com/gptbot)"
66.249.75.104 - - [22/Nov/2025:01:45:46 -0800] "GET /?market=2092090093 HTTP/1.1" 200 22130 "-" "Mozilla/5.0 (Linux; Android 6.0.1; Nexus 5X Build/MMB29P) AppleWebKit/537.36 (KHTML, like Gecko) Chrome/141.0.7390.122 Mobile Safari/537.36 (compatible; Googlebot/2.1; +http://www.google.com/bot.html)"
74.7.243.224 - - [22/Nov/2025:01:45:46 -0800] "GET /search.php?pick196034678.html HTTP/2.0" 200 87792 "-" "Mozilla/5.0 AppleWebKit/537.36 (KHTML, like Gecko; compatible; GPTBot/1.3; +https://openai.com/gptbot)"
3.210.223.61 - - [22/Nov/2025:01:45:45 -0800] "GET /?path=//sys/class/tty/ptype/subsystem/ptype/subsystem/ttys1/subsystem/ttynull/subsystem/ttynull HTTP/1.1" 200 6516 "-" "Mozilla/5.0 AppleWebKit/537.36 (KHTML, like Gecko; compatible; Amazonbot/0.1; +https://developer.amazon.com/support/amazonbot) Chrome/119.0.6045.214 Safari/537.36"
66.249.75.104 - - [22/Nov/2025:01:45:47 -0800] "GET /SJME0751D-CL5372DW000316 HTTP/1.1" 200 30343 "-" "Mozilla/5.0 (Linux; Android 6.0.1; Nexus 5X Build/MMB29P) AppleWebKit/537.36 (KHTML, like Gecko) Chrome/141.0.7390.122 Mobile Safari/537.36 (compatible; GoogleOther)"
74.7.243.224 - - [22/Nov/2025:01:45:47 -0800] "GET /search.php?wound072025492.html HTTP/2.0" 200 86243 "-" "Mozilla/5.0 AppleWebKit/537.36 (KHTML, like Gecko; compatible; GPTBot/1.3; +https://openai.com/gptbot)"
74.7.243.224 - - [22/Nov/2025:01:45:49 -0800] "GET /search.php?elbow253046813.html HTTP/2.0" 200 86352 "-" "Mozilla/5.0 AppleWebKit/537.36 (KHTML, like Gecko; compatible; GPTBot/1.3; +https://openai.com/gptbot)"
54.147.80.137 - - [22/Nov/2025:01:45:50 -0800] "GET /?path=//sys/class/tty/ptype/subsystem/ttys1/subsystem/ttysc/subsystem/ttysc/subsystem/ttyua HTTP/1.1" 200 6551 "-" "Mozilla/5.0 AppleWebKit/537.36 (KHTML, like Gecko; compatible; Amazonbot/0.1; +https://developer.amazon.com/support/amazonbot) Chrome/119.0.6045.214 Safari/537.36"
74.7.243.224 - - [22/Nov/2025:01:45:51 -0800] "GET /search.php?loud253046787.html HTTP/2.0" 200 86566 "-" "Mozilla/5.0 AppleWebKit/537.36 (KHTML, like Gecko; compatible; GPTBot/1.3; +https://openai.com/gptbot)"
74.7.243.224 - - [22/Nov/2025:01:45:52 -0800] "GET /search.php?dough208026434.html HTTP/2.0" 200 86048 "-" "Mozilla/5.0 AppleWebKit/537.36 (KHTML, like Gecko; compatible; GPTBot/1.3; +https://openai.com/gptbot)"
74.7.243.224 - - [22/Nov/2025:01:45:53 -0800] "GET /search.php?issue253046795.html HTTP/2.0" 200 86273 "-" "Mozilla/5.0 AppleWebKit/537.36 (KHTML, like Gecko; compatible; GPTBot/1.3; +https://openai.com/gptbot)"
74.7.243.224 - - [22/Nov/2025:01:45:55 -0800] "GET /search.php?channel=156e34&from=https://mollywoppersnyb.com/chat.htm?items/117024736.html&m=2921046028692 HTTP/2.0" 200 86198 "-" "Mozilla/5.0 AppleWebKit/537.36 (KHTML, like Gecko; compatible; GPTBot/1.3; +https://openai.com/gptbot)"
74.7.243.224 - - [22/Nov/2025:01:45:56 -0800] "GET /search.php?channel=156e34&from=https://mollywoppersnyb.com/chat.htm?items/240026163.html&m=2921046028692 HTTP/2.0" 200 87718 "-" "Mozilla/5.0 AppleWebKit/537.36 (KHTML, like Gecko; compatible; GPTBot/1.3; +https://openai.com/gptbot)"
74.7.243.224 - - [22/Nov/2025:01:45:58 -0800] "GET /search.php?joy157009287.html HTTP/2.0" 200 85625 "-" "Mozilla/5.0 AppleWebKit/537.36 (KHTML, like Gecko; compatible; GPTBot/1.3; +https://openai.com/gptbot)"
74.7.243.224 - - [22/Nov/2025:01:45:59 -0800] "GET /search.php?channel=156e34&from=https://mollywoppersnyb.com/chat.htm?items/105027928.html&m=2921046028692 HTTP/2.0" 200 85820 "-" "Mozilla/5.0 AppleWebKit/537.36 (KHTML, like Gecko; compatible; GPTBot/1.3; +https://openai.com/gptbot)"
74.7.243.224 - - [22/Nov/2025:01:46:00 -0800] "GET /search.php?product/edit/oozeki-74092 HTTP/2.0" 200 86349 "-" "Mozilla/5.0 AppleWebKit/537.36 (KHTML, like Gecko; compatible; GPTBot/1.3; +https://openai.com/gptbot)"
74.7.243.224 - - [22/Nov/2025:01:46:01 -0800] "GET /search.php?you240026158.html HTTP/2.0" 200 86828 "-" "Mozilla/5.0 AppleWebKit/537.36 (KHTML, like Gecko; compatible; GPTBot/1.3; +https://openai.com/gptbot)"
74.7.243.224 - - [22/Nov/2025:01:46:03 -0800] "GET /search.php?bull253046887.html HTTP/2.0" 200 86484 "-" "Mozilla/5.0 AppleWebKit/537.36 (KHTML, like Gecko; compatible; GPTBot/1.3; +https://openai.com/gptbot)"
74.7.243.224 - - [22/Nov/2025:01:46:05 -0800] "GET /search.php?gay208026434.html HTTP/2.0" 200 86177 "-" "Mozilla/5.0 AppleWebKit/537.36 (KHTML, like Gecko; compatible; GPTBot/1.3; +https://openai.com/gptbot)"
52.45.29.57 - - [22/Nov/2025:01:46:07 -0800] "GET /home/?path=//sys/class/tty/ptype/subsystem/tty0/subsystem/ptype/subsystem/ttys0/subsystem/ptyp0 HTTP/1.1" 200 6522 "-" "Mozilla/5.0 AppleWebKit/537.36 (KHTML, like Gecko; compatible; Amazonbot/0.1; +https://developer.amazon.com/support/amazonbot) Chrome/119.0.6045.214 Safari/537.36"
74.7.243.224 - - [22/Nov/2025:01:46:06 -0800] "GET /search.php?guilt197013429.html HTTP/2.0" 200 86203 "-" "Mozilla/5.0 AppleWebKit/537.36 (KHTML, like Gecko; compatible; GPTBot/1.3; +https://openai.com/gptbot)"
57.141.6.7 - - [22/Nov/2025:01:46:08 -0800] "GET /category/updates/page/7/?fileloc=/home/mollywopper/mollywoppersnyb.com/.requests&path=/home/mollywopper/mollywoppersnyb.com HTTP/2.0" 429 351 "-" "meta-externalagent/1.1 (+https://developers.facebook.com/docs/sharing/webmasters/crawler)"
66.249.75.104 - - [22/Nov/2025:01:46:08 -0800] "GET /market/50409708 HTTP/1.1" 200 23977 "-" "Mozilla/5.0 (Linux; Android 6.0.1; Nexus 5X Build/MMB29P) AppleWebKit/537.36 (KHTML, like Gecko) Chrome/141.0.7390.122 Mobile Safari/537.36 (compatible; GoogleOther)"
74.7.243.224 - - [22/Nov/2025:01:46:08 -0800] "GET /search.php?turn253046795.html HTTP/2.0" 200 86523 "-" "Mozilla/5.0 AppleWebKit/537.36 (KHTML, like Gecko; compatible; GPTBot/1.3; +https://openai.com/gptbot)"
74.7.243.224 - - [22/Nov/2025:01:46:09 -0800] "GET /search.php?channel=156e34&from=https://mollywoppersnyb.com/chat.htm?items/223022580.html&m=2921046028692 HTTP/2.0" 200 86280 "-" "Mozilla/5.0 AppleWebKit/537.36 (KHTML, like Gecko; compatible; GPTBot/1.3; +https://openai.com/gptbot)"
44.215.231.15 - - [22/Nov/2025:01:46:10 -0800] "GET /home/?path=//sys/class/tty/ptype/subsystem/ttyS3/device/subsystem/drivers/reg-dummy/reg-dummy/driver/reg-dummy/subsystem/devices/IPI0001:00/subsystem/drivers/isch_smbus HTTP/1.1" 200 6605 "-" "Mozilla/5.0 AppleWebKit/537.36 (KHTML, like Gecko; compatible; Amazonbot/0.1; +https://developer.amazon.com/support/amazonbot) Chrome/119.0.6045.214 Safari/537.36"
74.7.243.224 - - [22/Nov/2025:01:46:10 -0800] "GET /search.php?channel=156e34&from=https://mollywoppersnyb.com/chat.htm?items/253046908.html&m=2921046028692 HTTP/2.0" 200 86553 "-" "Mozilla/5.0 AppleWebKit/537.36 (KHTML, like Gecko; compatible; GPTBot/1.3; +https://openai.com/gptbot)"
74.7.243.224 - - [22/Nov/2025:01:46:12 -0800] "GET /search.php?pcmypage?callback=product/review/akibaoo-r-hm001473198 HTTP/2.0" 200 86834 "-" "Mozilla/5.0 AppleWebKit/537.36 (KHTML, like Gecko; compatible; GPTBot/1.3; +https://openai.com/gptbot)"
74.7.243.224 - - [22/Nov/2025:01:46:13 -0800] "GET /search.php?channel=156e34&from=https://mollywoppersnyb.com/chat.htm?items/085010580.html&m=2921046028692 HTTP/2.0" 200 86445 "-" "Mozilla/5.0 AppleWebKit/537.36 (KHTML, like Gecko; compatible; GPTBot/1.3; +https://openai.com/gptbot)"
74.7.243.224 - - [22/Nov/2025:01:46:14 -0800] "GET /search.php?channel=156e34&from=https://mollywoppersnyb.com/chat.htm?items/240026631.html&m=2921046028692 HTTP/2.0" 200 86414 "-" "Mozilla/5.0 AppleWebKit/537.36 (KHTML, like Gecko; compatible; GPTBot/1.3; +https://openai.com/gptbot)"
74.7.243.224 - - [22/Nov/2025:01:46:15 -0800] "GET /search.php?channel=156e34&from=https://mollywoppersnyb.com/chat.htm?items/240026147.html&m=2921046028692 HTTP/2.0" 200 88042 "-" "Mozilla/5.0 AppleWebKit/537.36 (KHTML, like Gecko; compatible; GPTBot/1.3; +https://openai.com/gptbot)"
23.21.250.48 - - [22/Nov/2025:01:46:17 -0800] "GET /home/?path=//sys/class/tty/ptype/subsystem/ttyp0/subsystem/ttyrf/subsystem/ttyv0/subsystem/ttyp0 HTTP/1.1" 200 6528 "-" "Mozilla/5.0 AppleWebKit/537.36 (KHTML, like Gecko; compatible; Amazonbot/0.1; +https://developer.amazon.com/support/amazonbot) Chrome/119.0.6045.214 Safari/537.36"
74.7.243.224 - - [22/Nov/2025:01:46:17 -0800] "GET /search.php?channel=156e34&from=https://mollywoppersnyb.com/chat.htm?items/059032856.html&m=2921046028692 HTTP/2.0" 200 86174 "-" "Mozilla/5.0 AppleWebKit/537.36 (KHTML, like Gecko; compatible; GPTBot/1.3; +https://openai.com/gptbot)"
74.7.243.224 - - [22/Nov/2025:01:46:18 -0800] "GET /search.php?channel=156e34&from=https://mollywoppersnyb.com/chat.htm?red197013429.html&m=2921046028692 HTTP/2.0" 200 86141 "-" "Mozilla/5.0 AppleWebKit/537.36 (KHTML, like Gecko; compatible; GPTBot/1.3; +https://openai.com/gptbot)"
74.7.243.224 - - [22/Nov/2025:01:46:20 -0800] "GET /search.php?politics214016910.html HTTP/2.0" 200 86301 "-" "Mozilla/5.0 AppleWebKit/537.36 (KHTML, like Gecko; compatible; GPTBot/1.3; +https://openai.com/gptbot)"
74.7.243.224 - - [22/Nov/2025:01:46:22 -0800] "GET /search.php?channel=156e34&from=https://mollywoppersnyb.com/chat.htm?items/291022848.html&m=2921046028692 HTTP/2.0" 200 86839 "-" "Mozilla/5.0 AppleWebKit/537.36 (KHTML, like Gecko; compatible; GPTBot/1.3; +https://openai.com/gptbot)"
74.7.243.224 - - [22/Nov/2025:01:46:23 -0800] "GET /search.php?channel=156e34&from=https://mollywoppersnyb.com/chat.htm?items/015021560.html&m=2921046028692 HTTP/2.0" 200 85923 "-" "Mozilla/5.0 AppleWebKit/537.36 (KHTML, like Gecko; compatible; GPTBot/1.3; +https://openai.com/gptbot)"
98.83.10.183 - - [22/Nov/2025:01:46:25 -0800] "GET /home/?path=//sys/class/tty/ptype/subsystem/ttyqb/subsystem/ttyp1/subsystem/ttyp0/subsystem/ttyv0 HTTP/1.1" 200 6520 "-" "Mozilla/5.0 AppleWebKit/537.36 (KHTML, like Gecko; compatible; Amazonbot/0.1; +https://developer.amazon.com/support/amazonbot) Chrome/119.0.6045.214 Safari/537.36"
74.7.243.224 - - [22/Nov/2025:01:46:25 -0800] "GET /search.php?boil253046789.html HTTP/2.0" 200 86900 "-" "Mozilla/5.0 AppleWebKit/537.36 (KHTML, like Gecko; compatible; GPTBot/1.3; +https://openai.com/gptbot)"
66.249.75.104 - - [22/Nov/2025:01:46:25 -0800] "GET /?market=1724580178 HTTP/1.1" 200 26737 "-" "Mozilla/5.0 (Linux; Android 6.0.1; Nexus 5X Build/MMB29P) AppleWebKit/537.36 (KHTML, like Gecko) Chrome/141.0.7390.122 Mobile Safari/537.36 (compatible; Googlebot/2.1; +http://www.google.com/bot.html)"
74.7.243.224 - - [22/Nov/2025:01:46:26 -0800] "GET /search.php?channel=156e34&from=https://mollywoppersnyb.com/chat.htm?items/002002713.html&m=2921046028692 HTTP/2.0" 200 86186 "-" "Mozilla/5.0 AppleWebKit/537.36 (KHTML, like Gecko; compatible; GPTBot/1.3; +https://openai.com/gptbot)"
74.7.243.224 - - [22/Nov/2025:01:46:27 -0800] "GET /search.php?channel=156e34&from=https://mollywoppersnyb.com/chat.htm?recall253046975.html&m=2921046028692 HTTP/2.0" 200 86202 "-" "Mozilla/5.0 AppleWebKit/537.36 (KHTML, like Gecko; compatible; GPTBot/1.3; +https://openai.com/gptbot)"
74.7.243.224 - - [22/Nov/2025:01:46:29 -0800] "GET /search.php?channel=156e34&from=https://mollywoppersnyb.com/chat.htm?slowly007005779.html&m=2921046028692 HTTP/2.0" 200 86000 "-" "Mozilla/5.0 AppleWebKit/537.36 (KHTML, like Gecko; compatible; GPTBot/1.3; +https://openai.com/gptbot)"
66.249.75.104 - - [22/Nov/2025:01:46:29 -0800] "GET /market/1353739939 HTTP/1.1" 200 25211 "-" "Mozilla/5.0 (Linux; Android 6.0.1; Nexus 5X Build/MMB29P) AppleWebKit/537.36 (KHTML, like Gecko) Chrome/141.0.7390.122 Mobile Safari/537.36 (compatible; GoogleOther)"
74.7.243.224 - - [22/Nov/2025:01:46:30 -0800] "GET /search.php?channel=156e34&from=https://mollywoppersnyb.com/chat.htm?trap069031981.html&m=2921046028692 HTTP/2.0" 200 86303 "-" "Mozilla/5.0 AppleWebKit/537.36 (KHTML, like Gecko; compatible; GPTBot/1.3; +https://openai.com/gptbot)"
18.209.201.119 - - [22/Nov/2025:01:46:31 -0800] "GET /?path=//sys/class/tty/ptype/subsystem/ttyua/subsystem/ttype/subsystem/ttyec/subsystem/ttyp0 HTTP/1.1" 200 6582 "-" "Mozilla/5.0 AppleWebKit/537.36 (KHTML, like Gecko; compatible; Amazonbot/0.1; +https://developer.amazon.com/support/amazonbot) Chrome/119.0.6045.214 Safari/537.36"
74.7.243.224 - - [22/Nov/2025:01:46:31 -0800] "GET /search.php?safe_search/config?return_url=%2Fproduct%2Fdetail%2Fauto-craft-847594 HTTP/2.0" 200 86399 "-" "Mozilla/5.0 AppleWebKit/537.36 (KHTML, like Gecko; compatible; GPTBot/1.3; +https://openai.com/gptbot)"
74.7.243.224 - - [22/Nov/2025:01:46:33 -0800] "GET /search.php?channel=156e34&from=https://mollywoppersnyb.com/chat.htm?ethics253046977.html&m=2921046028692 HTTP/2.0" 200 86483 "-" "Mozilla/5.0 AppleWebKit/537.36 (KHTML, like Gecko; compatible; GPTBot/1.3; +https://openai.com/gptbot)"
74.7.243.224 - - [22/Nov/2025:01:46:34 -0800] "GET /search.php?channel=156e34&from=https://mollywoppersnyb.com/chat.htm?items/125026648.html&m=2921046028692 HTTP/2.0" 200 85827 "-" "Mozilla/5.0 AppleWebKit/537.36 (KHTML, like Gecko; compatible; GPTBot/1.3; +https://openai.com/gptbot)"
74.7.243.224 - - [22/Nov/2025:01:46:35 -0800] "GET /search.php?channel=156e34&from=https://mollywoppersnyb.com/chat.htm?seldom253046795.html&m=2921046028692 HTTP/2.0" 200 86279 "-" "Mozilla/5.0 AppleWebKit/537.36 (KHTML, like Gecko; compatible; GPTBot/1.3; +https://openai.com/gptbot)"
74.7.243.224 - - [22/Nov/2025:01:46:37 -0800] "GET /search.php?channel=156e34&from=https://mollywoppersnyb.com/chat.htm?items/135021600.html&m=2921046028692 HTTP/2.0" 200 87132 "-" "Mozilla/5.0 AppleWebKit/537.36 (KHTML, like Gecko; compatible; GPTBot/1.3; +https://openai.com/gptbot)"
18.215.77.19 - - [22/Nov/2025:01:46:38 -0800] "GET /?path=//sys/class/tty/ptype/subsystem/ttyp1/subsystem/ptype/subsystem/ttypc/subsystem/ttyS0 HTTP/1.1" 200 7179 "-" "Mozilla/5.0 AppleWebKit/537.36 (KHTML, like Gecko; compatible; Amazonbot/0.1; +https://developer.amazon.com/support/amazonbot) Chrome/119.0.6045.214 Safari/537.36"
74.7.243.224 - - [22/Nov/2025:01:46:38 -0800] "GET /search.php?items/125026648.html HTTP/2.0" 200 85951 "-" "Mozilla/5.0 AppleWebKit/537.36 (KHTML, like Gecko; compatible; GPTBot/1.3; +https://openai.com/gptbot)"
74.7.243.224 - - [22/Nov/2025:01:46:39 -0800] "GET /search.php?product/edit/sasakura-dragonb HTTP/2.0" 200 85816 "-" "Mozilla/5.0 AppleWebKit/537.36 (KHTML, like Gecko; compatible; GPTBot/1.3; +https://openai.com/gptbot)"
34.204.150.196 - - [22/Nov/2025:01:46:40 -0800] "GET /home/?path=//sys/class/tty/ptype/subsystem/ttyp0/subsystem/ptyp0/subsystem/ptmx/subsystem/ptmx HTTP/1.1" 200 6555 "-" "Mozilla/5.0 AppleWebKit/537.36 (KHTML, like Gecko; compatible; Amazonbot/0.1; +https://developer.amazon.com/support/amazonbot) Chrome/119.0.6045.214 Safari/537.36"
74.7.243.224 - - [22/Nov/2025:01:46:40 -0800] "GET /search.php?channel=156e34&from=https://mollywoppersnyb.com/chat.htm?leader190030066.html&m=2921046028692 HTTP/2.0" 200 85903 "-" "Mozilla/5.0 AppleWebKit/537.36 (KHTML, like Gecko; compatible; GPTBot/1.3; +https://openai.com/gptbot)"
74.7.243.224 - - [22/Nov/2025:01:46:41 -0800] "GET /search.php?channel=156e34&from=https://mollywoppersnyb.com/chat.htm?elder211044011.html&m=2921046028692 HTTP/2.0" 200 85753 "-" "Mozilla/5.0 AppleWebKit/537.36 (KHTML, like Gecko; compatible; GPTBot/1.3; +https://openai.com/gptbot)"
74.7.243.224 - - [22/Nov/2025:01:46:43 -0800] "GET /search.php?channel=156e34&from=https://mollywoppersnyb.com/chat.htm?reform074005570.html&m=2921046028692 HTTP/2.0" 200 85833 "-" "Mozilla/5.0 AppleWebKit/537.36 (KHTML, like Gecko; compatible; GPTBot/1.3; +https://openai.com/gptbot)"
52.4.76.156 - - [22/Nov/2025:01:46:44 -0800] "GET /?path=//sys/class/tty/ptype/subsystem/ptype/subsystem/ttype/subsystem/ttytc/subsystem/ttys1 HTTP/1.1" 200 6520 "-" "Mozilla/5.0 AppleWebKit/537.36 (KHTML, like Gecko; compatible; Amazonbot/0.1; +https://developer.amazon.com/support/amazonbot) Chrome/119.0.6045.214 Safari/537.36"
74.7.243.224 - - [22/Nov/2025:01:46:44 -0800] "GET /search.php?channel=156e34&from=https://mollywoppersnyb.com/chat.htm?decent028002172.html&m=2921046028692 HTTP/2.0" 200 85776 "-" "Mozilla/5.0 AppleWebKit/537.36 (KHTML, like Gecko; compatible; GPTBot/1.3; +https://openai.com/gptbot)"
74.7.243.224 - - [22/Nov/2025:01:46:46 -0800] "GET /search.php?channel=156e34&from=https://mollywoppersnyb.com/chat.htm?items/253046836.html&m=2921046028692 HTTP/2.0" 200 86693 "-" "Mozilla/5.0 AppleWebKit/537.36 (KHTML, like Gecko; compatible; GPTBot/1.3; +https://openai.com/gptbot)"
74.7.243.224 - - [22/Nov/2025:01:46:47 -0800] "GET /search.php?product/edit/spospo-0092-01 HTTP/2.0" 200 85980 "-" "Mozilla/5.0 AppleWebKit/537.36 (KHTML, like Gecko; compatible; GPTBot/1.3; +https://openai.com/gptbot)"
74.7.243.224 - - [22/Nov/2025:01:46:48 -0800] "GET /search.php?channel=156e34&from=https://mollywoppersnyb.com/chat.htm?items/277020314.html&m=2921046028692 HTTP/2.0" 200 87293 "-" "Mozilla/5.0 AppleWebKit/537.36 (KHTML, like Gecko; compatible; GPTBot/1.3; +https://openai.com/gptbot)"
74.7.243.224 - - [22/Nov/2025:01:46:49 -0800] "GET /search.php?funding018032452.html HTTP/2.0" 200 85702 "-" "Mozilla/5.0 AppleWebKit/537.36 (KHTML, like Gecko; compatible; GPTBot/1.3; +https://openai.com/gptbot)"
66.249.75.104 - - [22/Nov/2025:01:46:50 -0800] "GET /market/50356718 HTTP/1.1" 200 31561 "-" "Mozilla/5.0 (Linux; Android 6.0.1; Nexus 5X Build/MMB29P) AppleWebKit/537.36 (KHTML, like Gecko) Chrome/141.0.7390.122 Mobile Safari/537.36 (compatible; GoogleOther)"
74.7.243.224 - - [22/Nov/2025:01:46:50 -0800] "GET /search.php?channel=156e34&from=https://mollywoppersnyb.com/chat.htm?joy127022479.html&m=2921046028692 HTTP/2.0" 200 85941 "-" "Mozilla/5.0 AppleWebKit/537.36 (KHTML, like Gecko; compatible; GPTBot/1.3; +https://openai.com/gptbot)"
74.7.243.224 - - [22/Nov/2025:01:46:52 -0800] "GET /search.php?channel=156e34&from=https://mollywoppersnyb.com/chat.htm?items/015031826.html&m=2921046028692 HTTP/2.0" 200 85815 "-" "Mozilla/5.0 AppleWebKit/537.36 (KHTML, like Gecko; compatible; GPTBot/1.3; +https://openai.com/gptbot)"
74.7.243.224 - - [22/Nov/2025:01:46:53 -0800] "GET /search.php?channel=156e34&from=https://mollywoppersnyb.com/chat.htm?opt106034072.html&m=2921046028692 HTTP/2.0" 200 86611 "-" "Mozilla/5.0 AppleWebKit/537.36 (KHTML, like Gecko; compatible; GPTBot/1.3; +https://openai.com/gptbot)"
74.7.243.224 - - [22/Nov/2025:01:46:55 -0800] "GET /search.php?channel=156e34&from=https://mollywoppersnyb.com/chat.htm?items/066028027.html&m=2921046028692 HTTP/2.0" 200 86708 "-" "Mozilla/5.0 AppleWebKit/537.36 (KHTML, like Gecko; compatible; GPTBot/1.3; +https://openai.com/gptbot)"
100.28.49.152 - - [22/Nov/2025:01:46:56 -0800] "GET /?path=//sys/class/tty/ptype/subsystem/ttyp1/subsystem/ptype/subsystem/ttyqb/subsystem/ttyre HTTP/1.1" 200 6584 "-" "Mozilla/5.0 AppleWebKit/537.36 (KHTML, like Gecko; compatible; Amazonbot/0.1; +https://developer.amazon.com/support/amazonbot) Chrome/119.0.6045.214 Safari/537.36"
74.7.243.224 - - [22/Nov/2025:01:46:56 -0800] "GET /search.php?items/012026787.html HTTP/2.0" 200 85653 "-" "Mozilla/5.0 AppleWebKit/537.36 (KHTML, like Gecko; compatible; GPTBot/1.3; +https://openai.com/gptbot)"
74.7.243.224 - - [22/Nov/2025:01:46:58 -0800] "GET /search.php?channel=156e34&from=https://mollywoppersnyb.com/chat.htm?items/253046564.html&m=2921046028692 HTTP/2.0" 200 86257 "-" "Mozilla/5.0 AppleWebKit/537.36 (KHTML, like Gecko; compatible; GPTBot/1.3; +https://openai.com/gptbot)"
74.7.243.224 - - [22/Nov/2025:01:46:59 -0800] "GET /search.php?channel=156e34&from=https://mollywoppersnyb.com/chat.htm?canvas028002172.html&m=2921046028692 HTTP/2.0" 200 85930 "-" "Mozilla/5.0 AppleWebKit/537.36 (KHTML, like Gecko; compatible; GPTBot/1.3; +https://openai.com/gptbot)"
18.213.27.222 - - [22/Nov/2025:01:47:01 -0800] "GET /?path=//sys/class/tty/ptype/subsystem/ptype/subsystem/ttyS1/subsystem/ttynull/subsystem/ttynull HTTP/1.1" 200 6517 "-" "Mozilla/5.0 AppleWebKit/537.36 (KHTML, like Gecko; compatible; Amazonbot/0.1; +https://developer.amazon.com/support/amazonbot) Chrome/119.0.6045.214 Safari/537.36"
74.7.243.224 - - [22/Nov/2025:01:47:00 -0800] "GET /search.php?channel=156e34&from=https://mollywoppersnyb.com/chat.htm?rich158025772.html&m=2921046028692 HTTP/2.0" 200 85857 "-" "Mozilla/5.0 AppleWebKit/537.36 (KHTML, like Gecko; compatible; GPTBot/1.3; +https://openai.com/gptbot)"
74.7.243.224 - - [22/Nov/2025:01:47:02 -0800] "GET /search.php?channel=156e34&from=https://mollywoppersnyb.com/chat.htm?items/012006989.html&m=2921046028692 HTTP/2.0" 200 86062 "-" "Mozilla/5.0 AppleWebKit/537.36 (KHTML, like Gecko; compatible; GPTBot/1.3; +https://openai.com/gptbot)"
74.7.243.224 - - [22/Nov/2025:01:47:03 -0800] "GET /search.php?channel=156e34&from=https://mollywoppersnyb.com/chat.htm?items/186048047.html&m=2921046028692 HTTP/2.0" 200 86627 "-" "Mozilla/5.0 AppleWebKit/537.36 (KHTML, like Gecko; compatible; GPTBot/1.3; +https://openai.com/gptbot)"
74.7.243.224 - - [22/Nov/2025:01:47:04 -0800] "GET /search.php?product/edit/mujica-felice-b00mpq8e14 HTTP/2.0" 200 86176 "-" "Mozilla/5.0 AppleWebKit/537.36 (KHTML, like Gecko; compatible; GPTBot/1.3; +https://openai.com/gptbot)"
74.7.243.224 - - [22/Nov/2025:01:47:05 -0800] "GET /search.php?channel=156e34&from=https://mollywoppersnyb.com/chat.htm?items/260014425.html&m=2921046028692 HTTP/2.0" 200 87621 "-" "Mozilla/5.0 AppleWebKit/537.36 (KHTML, like Gecko; compatible; GPTBot/1.3; +https://openai.com/gptbot)"
74.7.243.224 - - [22/Nov/2025:01:47:06 -0800] "GET /search.php?channel=156e34&from=https://mollywoppersnyb.com/chat.htm?items/044049375.html&m=2921046028692 HTTP/2.0" 200 85689 "-" "Mozilla/5.0 AppleWebKit/537.36 (KHTML, like Gecko; compatible; GPTBot/1.3; +https://openai.com/gptbot)"
74.7.243.224 - - [22/Nov/2025:01:47:07 -0800] "GET /search.php?channel=156e34&from=https://mollywoppersnyb.com/chat.htm?items/182011779.html&m=2921046028692 HTTP/2.0" 200 85947 "-" "Mozilla/5.0 AppleWebKit/537.36 (KHTML, like Gecko; compatible; GPTBot/1.3; +https://openai.com/gptbot)"
74.7.243.224 - - [22/Nov/2025:01:47:08 -0800] "GET /search.php?channel=156e34&from=https://mollywoppersnyb.com/chat.htm?island109039229.html&m=2921046028692 HTTP/2.0" 200 86201 "-" "Mozilla/5.0 AppleWebKit/537.36 (KHTML, like Gecko; compatible; GPTBot/1.3; +https://openai.com/gptbot)"
66.249.75.104 - - [22/Nov/2025:01:47:09 -0800] "GET /?s=2355377813705&channel=123e81&from=http://mollywoppersnyb.com/file.do?m007000881 HTTP/1.1" 200 24119 "-" "Mozilla/5.0 (Linux; Android 6.0.1; Nexus 5X Build/MMB29P) AppleWebKit/537.36 (KHTML, like Gecko) Chrome/141.0.7390.122 Mobile Safari/537.36 (compatible; GoogleOther)"
74.7.243.224 - - [22/Nov/2025:01:47:09 -0800] "GET /search.php?channel=156e34&from=https://mollywoppersnyb.com/chat.htm?credit115000049.html&m=2921046028692 HTTP/2.0" 200 86186 "-" "Mozilla/5.0 AppleWebKit/537.36 (KHTML, like Gecko; compatible; GPTBot/1.3; +https://openai.com/gptbot)"
74.7.243.224 - - [22/Nov/2025:01:47:10 -0800] "GET /search.php?pcmypage?callback=product%2Fdetail%2Fjordan23-173_005dmc_4ce2fab3-1 HTTP/2.0" 200 85580 "-" "Mozilla/5.0 AppleWebKit/537.36 (KHTML, like Gecko; compatible; GPTBot/1.3; +https://openai.com/gptbot)"
74.7.243.224 - - [22/Nov/2025:01:47:11 -0800] "GET /search.php?product/edit/kg-maido-tr-2266045 HTTP/2.0" 200 85845 "-" "Mozilla/5.0 AppleWebKit/537.36 (KHTML, like Gecko; compatible; GPTBot/1.3; +https://openai.com/gptbot)"
74.7.243.224 - - [22/Nov/2025:01:47:12 -0800] "GET /search.php?organic296039158.html HTTP/2.0" 200 85953 "-" "Mozilla/5.0 AppleWebKit/537.36 (KHTML, like Gecko; compatible; GPTBot/1.3; +https://openai.com/gptbot)"
66.249.75.105 - - [22/Nov/2025:01:47:13 -0800] "GET /market/86751371 HTTP/1.1" 200 24618 "-" "Mozilla/5.0 (Linux; Android 6.0.1; Nexus 5X Build/MMB29P) AppleWebKit/537.36 (KHTML, like Gecko) Chrome/141.0.7390.122 Mobile Safari/537.36 (compatible; GoogleOther)"
74.7.243.224 - - [22/Nov/2025:01:47:14 -0800] "GET /search.php?dignity157026457.html HTTP/2.0" 200 86516 "-" "Mozilla/5.0 AppleWebKit/537.36 (KHTML, like Gecko; compatible; GPTBot/1.3; +https://openai.com/gptbot)"
74.7.243.224 - - [22/Nov/2025:01:47:15 -0800] "GET /search.php?gas253046871.html HTTP/2.0" 200 86537 "-" "Mozilla/5.0 AppleWebKit/537.36 (KHTML, like Gecko; compatible; GPTBot/1.3; +https://openai.com/gptbot)"
74.7.243.224 - - [22/Nov/2025:01:47:16 -0800] "GET /search.php?channel=156e34&from=https://mollywoppersnyb.com/chat.htm?honor253046651.html&m=2921046028692 HTTP/2.0" 200 86362 "-" "Mozilla/5.0 AppleWebKit/537.36 (KHTML, like Gecko; compatible; GPTBot/1.3; +https://openai.com/gptbot)"
54.235.191.179 - - [22/Nov/2025:01:47:17 -0800] "GET /?path=//sys/class/tty/ptype/subsystem/tty1/subsystem/ttyv0/subsystem/ttysc/subsystem/ptmx HTTP/1.1" 200 6517 "-" "Mozilla/5.0 AppleWebKit/537.36 (KHTML, like Gecko; compatible; Amazonbot/0.1; +https://developer.amazon.com/support/amazonbot) Chrome/119.0.6045.214 Safari/537.36"
74.7.243.224 - - [22/Nov/2025:01:47:17 -0800] "GET /search.php?folk264017296.html HTTP/2.0" 200 86252 "-" "Mozilla/5.0 AppleWebKit/537.36 (KHTML, like Gecko; compatible; GPTBot/1.3; +https://openai.com/gptbot)"
74.7.243.224 - - [22/Nov/2025:01:47:19 -0800] "GET /search.php?channel=156e34&from=https://mollywoppersnyb.com/chat.htm?wild090029556.html&m=2921046028692 HTTP/2.0" 200 86920 "-" "Mozilla/5.0 AppleWebKit/537.36 (KHTML, like Gecko; compatible; GPTBot/1.3; +https://openai.com/gptbot)"
74.7.243.224 - - [22/Nov/2025:01:47:20 -0800] "GET /search.php?since253046911.html HTTP/2.0" 200 87053 "-" "Mozilla/5.0 AppleWebKit/537.36 (KHTML, like Gecko; compatible; GPTBot/1.3; +https://openai.com/gptbot)"
54.163.169.168 - - [22/Nov/2025:01:47:21 -0800] "GET /?path=//sys/class/tty/ptype/subsystem/ttype/subsystem/ttys1/subsystem/ttyvd/subsystem/ptmx HTTP/1.1" 200 6610 "-" "Mozilla/5.0 AppleWebKit/537.36 (KHTML, like Gecko; compatible; Amazonbot/0.1; +https://developer.amazon.com/support/amazonbot) Chrome/119.0.6045.214 Safari/537.36"
74.7.243.224 - - [22/Nov/2025:01:47:21 -0800] "GET /search.php?pcmypage?callback=product%2Fdetail%2Fburningspirit21-b25-65-020 HTTP/2.0" 200 85964 "-" "Mozilla/5.0 AppleWebKit/537.36 (KHTML, like Gecko; compatible; GPTBot/1.3; +https://openai.com/gptbot)"
74.7.243.224 - - [22/Nov/2025:01:47:22 -0800] "GET /search.php?oil031008763.html HTTP/2.0" 200 85936 "-" "Mozilla/5.0 AppleWebKit/537.36 (KHTML, like Gecko; compatible; GPTBot/1.3; +https://openai.com/gptbot)"
74.7.243.224 - - [22/Nov/2025:01:47:23 -0800] "GET /search.php?channel=156e34&from=https://mollywoppersnyb.com/chat.htm?appear132038724.html&m=2921046028692 HTTP/2.0" 200 85931 "-" "Mozilla/5.0 AppleWebKit/537.36 (KHTML, like Gecko; compatible; GPTBot/1.3; +https://openai.com/gptbot)"
34.197.28.78 - - [22/Nov/2025:01:47:25 -0800] "GET /home/?path=//sys/class/tty/ptype/subsystem/ttyp0/subsystem/ttyp0/subsystem/ttyde/subsystem/ttydb HTTP/1.1" 200 6515 "-" "Mozilla/5.0 AppleWebKit/537.36 (KHTML, like Gecko; compatible; Amazonbot/0.1; +https://developer.amazon.com/support/amazonbot) Chrome/119.0.6045.214 Safari/537.36"
74.7.243.224 - - [22/Nov/2025:01:47:24 -0800] "GET /search.php?channel=156e34&from=https://mollywoppersnyb.com/chat.htm?items/076028907.html&m=2921046028692 HTTP/2.0" 200 86178 "-" "Mozilla/5.0 AppleWebKit/537.36 (KHTML, like Gecko; compatible; GPTBot/1.3; +https://openai.com/gptbot)"
74.7.243.224 - - [22/Nov/2025:01:47:26 -0800] "GET /search.php?channel=156e34&from=https://mollywoppersnyb.com/chat.htm?listen025037703.html&m=2921046028692 HTTP/2.0" 200 85925 "-" "Mozilla/5.0 AppleWebKit/537.36 (KHTML, like Gecko; compatible; GPTBot/1.3; +https://openai.com/gptbot)"
74.7.243.224 - - [22/Nov/2025:01:47:27 -0800] "GET /search.php?leading296039158.html HTTP/2.0" 200 85871 "-" "Mozilla/5.0 AppleWebKit/537.36 (KHTML, like Gecko; compatible; GPTBot/1.3; +https://openai.com/gptbot)"
54.225.181.161 - - [22/Nov/2025:01:47:28 -0800] "GET /?path=//sys/class/tty/ptype/subsystem/tty1/subsystem/ttysc/subsystem/ttyv0/subsystem/ttysc HTTP/1.1" 200 6609 "-" "Mozilla/5.0 AppleWebKit/537.36 (KHTML, like Gecko; compatible; Amazonbot/0.1; +https://developer.amazon.com/support/amazonbot) Chrome/119.0.6045.214 Safari/537.36"
142.44.225.179 - - [22/Nov/2025:01:47:29 -0800] "GET /?market=798068727 HTTP/2.0" 200 109 "-" "Mozilla/5.0 (compatible; AhrefsBot/7.0; +http://ahrefs.com/robot/)"
74.7.243.224 - - [22/Nov/2025:01:47:29 -0800] "GET /search.php?unfold157026457.html HTTP/2.0" 200 86651 "-" "Mozilla/5.0 AppleWebKit/537.36 (KHTML, like Gecko; compatible; GPTBot/1.3; +https://openai.com/gptbot)"
74.7.243.224 - - [22/Nov/2025:01:47:30 -0800] "GET /search.php?await253046721.html HTTP/2.0" 200 86869 "-" "Mozilla/5.0 AppleWebKit/537.36 (KHTML, like Gecko; compatible; GPTBot/1.3; +https://openai.com/gptbot)"
74.7.243.224 - - [22/Nov/2025:01:47:31 -0800] "GET /search.php?channel=156e34&from=https://mollywoppersnyb.com/chat.htm?shirt253046795.html&m=2921046028692 HTTP/2.0" 200 86576 "-" "Mozilla/5.0 AppleWebKit/537.36 (KHTML, like Gecko; compatible; GPTBot/1.3; +https://openai.com/gptbot)"
93.185.162.147 - - [22/Nov/2025:01:47:32 -0800] "GET /whmcs/downloads/dz.php HTTP/2.0" 200 6763 "-" "Mozilla/5.0 (Windows NT 10.0; Win64; x64) AppleWebKit/537.36 (KHTML, like Gecko) Chrome/142.0.0.0 Safari/537.36"
66.249.75.104 - - [22/Nov/2025:01:47:32 -0800] "GET /market/50241801 HTTP/1.1" 200 24462 "-" "Mozilla/5.0 (Linux; Android 6.0.1; Nexus 5X Build/MMB29P) AppleWebKit/537.36 (KHTML, like Gecko) Chrome/141.0.7390.122 Mobile Safari/537.36 (compatible; GoogleOther)"
93.185.162.147 - - [22/Nov/2025:01:47:34 -0800] "GET /favicon.ico HTTP/2.0" 200 151 "https://mollywoppersnyb.com/whmcs/downloads/dz.php" "Mozilla/5.0 (Windows NT 10.0; Win64; x64) AppleWebKit/537.36 (KHTML, like Gecko) Chrome/142.0.0.0 Safari/537.36"
74.7.243.224 - - [22/Nov/2025:01:47:32 -0800] "GET /search.php?lock287031957.html HTTP/2.0" 200 85853 "-" "Mozilla/5.0 AppleWebKit/537.36 (KHTML, like Gecko; compatible; GPTBot/1.3; +https://openai.com/gptbot)"
74.7.243.224 - - [22/Nov/2025:01:47:35 -0800] "GET /search.php?horse007000463.html HTTP/2.0" 200 85945 "-" "Mozilla/5.0 AppleWebKit/537.36 (KHTML, like Gecko; compatible; GPTBot/1.3; +https://openai.com/gptbot)"
74.7.243.224 - - [22/Nov/2025:01:47:36 -0800] "GET /search.php?channel=156e34&from=https://mollywoppersnyb.com/chat.htm?cure010008596.html&m=2921046028692 HTTP/2.0" 200 86157 "-" "Mozilla/5.0 AppleWebKit/537.36 (KHTML, like Gecko; compatible; GPTBot/1.3; +https://openai.com/gptbot)"
74.7.243.224 - - [22/Nov/2025:01:47:37 -0800] "GET /search.php?channel=156e34&from=https://mollywoppersnyb.com/chat.htm?rub268021788.html&m=2921046028692 HTTP/2.0" 200 86833 "-" "Mozilla/5.0 AppleWebKit/537.36 (KHTML, like Gecko; compatible; GPTBot/1.3; +https://openai.com/gptbot)"
18.211.148.239 - - [22/Nov/2025:01:47:38 -0800] "GET /home/?path=//sys/class/tty/ptype/subsystem/ttyu1/subsystem/ttype/subsystem/ttyp0/subsystem/ptmx HTTP/1.1" 200 6604 "-" "Mozilla/5.0 AppleWebKit/537.36 (KHTML, like Gecko; compatible; Amazonbot/0.1; +https://developer.amazon.com/support/amazonbot) Chrome/119.0.6045.214 Safari/537.36"
74.7.243.224 - - [22/Nov/2025:01:47:39 -0800] "GET /search.php?channel=156e34&from=https://mollywoppersnyb.com/chat.htm?items/011032352.html&m=2921046028692 HTTP/2.0" 200 85788 "-" "Mozilla/5.0 AppleWebKit/537.36 (KHTML, like Gecko; compatible; GPTBot/1.3; +https://openai.com/gptbot)"
74.7.243.224 - - [22/Nov/2025:01:47:40 -0800] "GET /search.php?channel=156e34&from=https://mollywoppersnyb.com/chat.htm?items/049029230.html&m=2921046028692 HTTP/2.0" 200 85668 "-" "Mozilla/5.0 AppleWebKit/537.36 (KHTML, like Gecko; compatible; GPTBot/1.3; +https://openai.com/gptbot)"
74.7.243.224 - - [22/Nov/2025:01:47:41 -0800] "GET /search.php?channel=156e34&from=https://mollywoppersnyb.com/chat.htm?purple286007818.html&m=2921046028692 HTTP/2.0" 200 85987 "-" "Mozilla/5.0 AppleWebKit/537.36 (KHTML, like Gecko; compatible; GPTBot/1.3; +https://openai.com/gptbot)"
74.7.243.224 - - [22/Nov/2025:01:47:42 -0800] "GET /search.php?items/213026092.html HTTP/2.0" 200 85929 "-" "Mozilla/5.0 AppleWebKit/537.36 (KHTML, like Gecko; compatible; GPTBot/1.3; +https://openai.com/gptbot)"
18.205.91.101 - - [22/Nov/2025:01:47:42 -0800] "GET /home/?path=//sys/class/tty/ptype/subsystem/ttyp0/subsystem/ttyS0/subsystem/ttyqb/subsystem/ttypc HTTP/1.1" 200 6522 "-" "Mozilla/5.0 AppleWebKit/537.36 (KHTML, like Gecko; compatible; Amazonbot/0.1; +https://developer.amazon.com/support/amazonbot) Chrome/119.0.6045.214 Safari/537.36"
74.7.243.224 - - [22/Nov/2025:01:47:43 -0800] "GET /search.php?goods165029817.html HTTP/2.0" 200 86049 "-" "Mozilla/5.0 AppleWebKit/537.36 (KHTML, like Gecko; compatible; GPTBot/1.3; +https://openai.com/gptbot)"
34.206.212.24 - - [22/Nov/2025:01:47:45 -0800] "GET /?path=//sys/class/tty/ptype/subsystem/ttype/subsystem/ttyS1/subsystem/ttyvd/subsystem/ptmx HTTP/1.1" 200 6611 "-" "Mozilla/5.0 AppleWebKit/537.36 (KHTML, like Gecko; compatible; Amazonbot/0.1; +https://developer.amazon.com/support/amazonbot) Chrome/119.0.6045.214 Safari/537.36"
74.7.243.224 - - [22/Nov/2025:01:47:45 -0800] "GET /search.php?channel=156e34&from=https://mollywoppersnyb.com/chat.htm?effort218024592.html&m=2921046028692 HTTP/2.0" 200 86288 "-" "Mozilla/5.0 AppleWebKit/537.36 (KHTML, like Gecko; compatible; GPTBot/1.3; +https://openai.com/gptbot)"
74.7.243.224 - - [22/Nov/2025:01:47:46 -0800] "GET /search.php?channel=156e34&from=https://mollywoppersnyb.com/chat.htm?fund269027551.html&m=2921046028692 HTTP/2.0" 200 85937 "-" "Mozilla/5.0 AppleWebKit/537.36 (KHTML, like Gecko; compatible; GPTBot/1.3; +https://openai.com/gptbot)"
66.249.75.104 - - [22/Nov/2025:01:47:47 -0800] "GET /?market=1947570022 HTTP/1.1" 200 24885 "-" "Mozilla/5.0 (Linux; Android 6.0.1; Nexus 5X Build/MMB29P) AppleWebKit/537.36 (KHTML, like Gecko) Chrome/141.0.7390.122 Mobile Safari/537.36 (compatible; Googlebot/2.1; +http://www.google.com/bot.html)"
74.7.243.224 - - [22/Nov/2025:01:47:47 -0800] "GET /search.php?newly185040929.html HTTP/2.0" 200 85850 "-" "Mozilla/5.0 AppleWebKit/537.36 (KHTML, like Gecko; compatible; GPTBot/1.3; +https://openai.com/gptbot)"
74.7.243.224 - - [22/Nov/2025:01:47:48 -0800] "GET /search.php?thing154033942.html HTTP/2.0" 200 85998 "-" "Mozilla/5.0 AppleWebKit/537.36 (KHTML, like Gecko; compatible; GPTBot/1.3; +https://openai.com/gptbot)"
74.7.243.224 - - [22/Nov/2025:01:47:50 -0800] "GET /search.php?goods223016509.html HTTP/2.0" 200 85794 "-" "Mozilla/5.0 AppleWebKit/537.36 (KHTML, like Gecko; compatible; GPTBot/1.3; +https://openai.com/gptbot)"
54.85.7.119 - - [22/Nov/2025:01:47:50 -0800] "GET /?path=//sys/class/tty/ptype/subsystem/ttyp2/subsystem/ttysc/subsystem/ttyv0/subsystem/ttyrf HTTP/1.1" 200 6527 "-" "Mozilla/5.0 AppleWebKit/537.36 (KHTML, like Gecko; compatible; Amazonbot/0.1; +https://developer.amazon.com/support/amazonbot) Chrome/119.0.6045.214 Safari/537.36"
74.7.243.224 - - [22/Nov/2025:01:47:51 -0800] "GET /search.php?enjoy253046715.html HTTP/2.0" 200 86416 "-" "Mozilla/5.0 AppleWebKit/537.36 (KHTML, like Gecko; compatible; GPTBot/1.3; +https://openai.com/gptbot)"
74.7.243.224 - - [22/Nov/2025:01:47:52 -0800] "GET /search.php?slide253046789.html HTTP/2.0" 200 86939 "-" "Mozilla/5.0 AppleWebKit/537.36 (KHTML, like Gecko; compatible; GPTBot/1.3; +https://openai.com/gptbot)"
66.249.75.104 - - [22/Nov/2025:01:47:53 -0800] "GET /m269004813 HTTP/1.1" 200 24983 "-" "Mozilla/5.0 (Linux; Android 6.0.1; Nexus 5X Build/MMB29P) AppleWebKit/537.36 (KHTML, like Gecko) Chrome/141.0.7390.122 Mobile Safari/537.36 (compatible; GoogleOther)"
74.7.243.224 - - [22/Nov/2025:01:47:53 -0800] "GET /search.php?mixed253046567.html HTTP/2.0" 200 86577 "-" "Mozilla/5.0 AppleWebKit/537.36 (KHTML, like Gecko; compatible; GPTBot/1.3; +https://openai.com/gptbot)"
74.7.243.224 - - [22/Nov/2025:01:47:54 -0800] "GET /search.php?block192006774.html HTTP/2.0" 200 86102 "-" "Mozilla/5.0 AppleWebKit/537.36 (KHTML, like Gecko; compatible; GPTBot/1.3; +https://openai.com/gptbot)"
74.7.243.224 - - [22/Nov/2025:01:47:56 -0800] "GET /search.php?novel169046205.html HTTP/2.0" 200 86069 "-" "Mozilla/5.0 AppleWebKit/537.36 (KHTML, like Gecko; compatible; GPTBot/1.3; +https://openai.com/gptbot)"
74.7.243.224 - - [22/Nov/2025:01:47:57 -0800] "GET /search.php?items/086039977.html HTTP/2.0" 200 86062 "-" "Mozilla/5.0 AppleWebKit/537.36 (KHTML, like Gecko; compatible; GPTBot/1.3; +https://openai.com/gptbot)"
54.144.185.255 - - [22/Nov/2025:01:47:58 -0800] "GET /?path=//sys/class/tty/ptype/subsystem/ttyp0/subsystem/ttydb/subsystem/console/subsystem/ttyv2 HTTP/1.1" 200 6603 "-" "Mozilla/5.0 AppleWebKit/537.36 (KHTML, like Gecko; compatible; Amazonbot/0.1; +https://developer.amazon.com/support/amazonbot) Chrome/119.0.6045.214 Safari/537.36"
74.7.243.224 - - [22/Nov/2025:01:47:58 -0800] "GET /search.php?channel=156e34&from=https://mollywoppersnyb.com/chat.htm?palm279039347.html&m=2921046028692 HTTP/2.0" 200 85613 "-" "Mozilla/5.0 AppleWebKit/537.36 (KHTML, like Gecko; compatible; GPTBot/1.3; +https://openai.com/gptbot)"
74.7.243.224 - - [22/Nov/2025:01:48:00 -0800] "GET /search.php?channel=156e34&from=https://mollywoppersnyb.com/chat.htm?items/063000748.html&m=2921046028692 HTTP/2.0" 200 86275 "-" "Mozilla/5.0 AppleWebKit/537.36 (KHTML, like Gecko; compatible; GPTBot/1.3; +https://openai.com/gptbot)"
74.7.243.224 - - [22/Nov/2025:01:48:01 -0800] "GET /search.php?channel=156e34&from=https://mollywoppersnyb.com/chat.htm?items/075048836.html&m=2921046028692 HTTP/2.0" 200 86185 "-" "Mozilla/5.0 AppleWebKit/537.36 (KHTML, like Gecko; compatible; GPTBot/1.3; +https://openai.com/gptbot)"
66.249.75.104 - - [22/Nov/2025:01:48:01 -0800] "GET /category/2012/1 HTTP/1.1" 200 29709 "-" "Mozilla/5.0 (Linux; Android 6.0.1; Nexus 5X Build/MMB29P) AppleWebKit/537.36 (KHTML, like Gecko) Chrome/141.0.7390.122 Mobile Safari/537.36 (compatible; GoogleOther)"
74.7.243.224 - - [22/Nov/2025:01:48:02 -0800] "GET /search.php?pcmypage?callback=/product%2Fdetail%2tuzukiya-g44-23817 HTTP/2.0" 200 85977 "-" "Mozilla/5.0 AppleWebKit/537.36 (KHTML, like Gecko; compatible; GPTBot/1.3; +https://openai.com/gptbot)"
74.7.243.224 - - [22/Nov/2025:01:48:03 -0800] "GET /search.php?channel=156e34&from=https://mollywoppersnyb.com/chat.htm?storm253046731.html&m=2921046028692 HTTP/2.0" 200 87186 "-" "Mozilla/5.0 AppleWebKit/537.36 (KHTML, like Gecko; compatible; GPTBot/1.3; +https://openai.com/gptbot)"
74.7.243.224 - - [22/Nov/2025:01:48:04 -0800] "GET /search.php?poke253046895.html HTTP/2.0" 200 86728 "-" "Mozilla/5.0 AppleWebKit/537.36 (KHTML, like Gecko; compatible; GPTBot/1.3; +https://openai.com/gptbot)"
74.7.243.224 - - [22/Nov/2025:01:48:05 -0800] "GET /search.php?items/269020648.html HTTP/2.0" 200 86119 "-" "Mozilla/5.0 AppleWebKit/537.36 (KHTML, like Gecko; compatible; GPTBot/1.3; +https://openai.com/gptbot)"
74.7.243.224 - - [22/Nov/2025:01:48:06 -0800] "GET /search.php?channel=156e34&from=https://mollywoppersnyb.com/chat.htm?pass216002690.html&m=2921046028692 HTTP/2.0" 200 85834 "-" "Mozilla/5.0 AppleWebKit/537.36 (KHTML, like Gecko; compatible; GPTBot/1.3; +https://openai.com/gptbot)"
74.7.243.224 - - [22/Nov/2025:01:48:07 -0800] "GET /search.php?channel=156e34&from=https://mollywoppersnyb.com/chat.htm?items/100019213.html&m=2921046028692 HTTP/2.0" 200 85740 "-" "Mozilla/5.0 AppleWebKit/537.36 (KHTML, like Gecko; compatible; GPTBot/1.3; +https://openai.com/gptbot)"
74.7.243.224 - - [22/Nov/2025:01:48:09 -0800] "GET /search.php?items/159035402.html HTTP/2.0" 200 86032 "-" "Mozilla/5.0 AppleWebKit/537.36 (KHTML, like Gecko; compatible; GPTBot/1.3; +https://openai.com/gptbot)"
74.7.243.224 - - [22/Nov/2025:01:48:10 -0800] "GET /search.php?channel=156e34&from=https://mollywoppersnyb.com/chat.htm?items/291030916.html&m=2921046028692 HTTP/2.0" 200 86048 "-" "Mozilla/5.0 AppleWebKit/537.36 (KHTML, like Gecko; compatible; GPTBot/1.3; +https://openai.com/gptbot)"
74.7.243.224 - - [22/Nov/2025:01:48:11 -0800] "GET /search.php?longtime093017915.html HTTP/2.0" 200 85974 "-" "Mozilla/5.0 AppleWebKit/537.36 (KHTML, like Gecko; compatible; GPTBot/1.3; +https://openai.com/gptbot)"
74.7.243.224 - - [22/Nov/2025:01:48:13 -0800] "GET /search.php?channel=156e34&from=https://mollywoppersnyb.com/chat.htm?items/029028952.html&m=2921046028692 HTTP/2.0" 200 86692 "-" "Mozilla/5.0 AppleWebKit/537.36 (KHTML, like Gecko; compatible; GPTBot/1.3; +https://openai.com/gptbot)"
66.249.75.104 - - [22/Nov/2025:01:48:14 -0800] "GET /market/50422202 HTTP/1.1" 200 26137 "-" "Mozilla/5.0 (Linux; Android 6.0.1; Nexus 5X Build/MMB29P) AppleWebKit/537.36 (KHTML, like Gecko) Chrome/141.0.7390.122 Mobile Safari/537.36 (compatible; GoogleOther)"
74.7.243.224 - - [22/Nov/2025:01:48:14 -0800] "GET /search.php?goods217046197.html HTTP/2.0" 200 85817 "-" "Mozilla/5.0 AppleWebKit/537.36 (KHTML, like Gecko; compatible; GPTBot/1.3; +https://openai.com/gptbot)"
3.220.148.166 - - [22/Nov/2025:01:48:14 -0800] "GET /?path=//sys/class/tty/ptype/subsystem/ttyad/subsystem/ttyp0/subsystem/ttysc/subsystem/ttyp2 HTTP/1.1" 200 6528 "-" "Mozilla/5.0 AppleWebKit/537.36 (KHTML, like Gecko; compatible; Amazonbot/0.1; +https://developer.amazon.com/support/amazonbot) Chrome/119.0.6045.214 Safari/537.36"
217.113.194.243 - - [22/Nov/2025:01:48:15 -0800] "GET /2019/06/04/meetingrepost-spaghetti_breath%E3%83%BB%E3%83%BB%E3%83%BBreminder-mollywoppersnyb-meeting-tomorrow-night-730pm-at-omalley-come-on-out-drink-a-couple-of-cold-boys-and-kick-around-s/?fileloc=/home/mollywopper/mollywoppersnyb.com/.uconvert&path=/home/mollywopper/mollywoppersnyb.com HTTP/1.1" 200 3670 "-" "Mozilla/5.0 (compatible; Barkrowler/0.9; +https://babbar.tech/crawler)"
74.7.243.224 - - [22/Nov/2025:01:48:15 -0800] "GET /search.php?channel=156e34&from=https://mollywoppersnyb.com/chat.htm?items/086039977.html&m=2921046028692 HTTP/2.0" 200 86004 "-" "Mozilla/5.0 AppleWebKit/537.36 (KHTML, like Gecko; compatible; GPTBot/1.3; +https://openai.com/gptbot)"
74.7.243.224 - - [22/Nov/2025:01:48:17 -0800] "GET /search.php?channel=156e34&from=https://mollywoppersnyb.com/chat.htm?gym253046697.html&m=2921046028692 HTTP/2.0" 200 86174 "-" "Mozilla/5.0 AppleWebKit/537.36 (KHTML, like Gecko; compatible; GPTBot/1.3; +https://openai.com/gptbot)"
52.200.58.199 - - [22/Nov/2025:01:48:18 -0800] "GET /home/?path=//sys/class/tty/ptype/subsystem/ttyp0/subsystem/ptys0/subsystem/ttysc/subsystem/ttyqb HTTP/1.1" 200 6565 "-" "Mozilla/5.0 AppleWebKit/537.36 (KHTML, like Gecko; compatible; Amazonbot/0.1; +https://developer.amazon.com/support/amazonbot) Chrome/119.0.6045.214 Safari/537.36"
74.7.243.224 - - [22/Nov/2025:01:48:18 -0800] "GET /search.php?channel=156e34&from=https://mollywoppersnyb.com/chat.htm?items/184003047.html&m=2921046028692 HTTP/2.0" 200 85625 "-" "Mozilla/5.0 AppleWebKit/537.36 (KHTML, like Gecko; compatible; GPTBot/1.3; +https://openai.com/gptbot)"
74.7.243.224 - - [22/Nov/2025:01:48:19 -0800] "GET /search.php?channel=156e34&from=https://mollywoppersnyb.com/chat.htm?fair163019281.html&m=2921046028692 HTTP/2.0" 200 85897 "-" "Mozilla/5.0 AppleWebKit/537.36 (KHTML, like Gecko; compatible; GPTBot/1.3; +https://openai.com/gptbot)"
74.7.243.224 - - [22/Nov/2025:01:48:21 -0800] "GET /search.php?channel=156e34&from=https://mollywoppersnyb.com/chat.htm?pastor253046735.html&m=2921046028692 HTTP/2.0" 200 86776 "-" "Mozilla/5.0 AppleWebKit/537.36 (KHTML, like Gecko; compatible; GPTBot/1.3; +https://openai.com/gptbot)"
74.7.243.224 - - [22/Nov/2025:01:48:22 -0800] "GET /search.php?bloody253046729.html HTTP/2.0" 200 87013 "-" "Mozilla/5.0 AppleWebKit/537.36 (KHTML, like Gecko; compatible; GPTBot/1.3; +https://openai.com/gptbot)"
74.7.243.224 - - [22/Nov/2025:01:48:24 -0800] "GET /search.php?channel=156e34&from=https://mollywoppersnyb.com/chat.htm?ride129043279.html&m=2921046028692 HTTP/2.0" 200 86426 "-" "Mozilla/5.0 AppleWebKit/537.36 (KHTML, like Gecko; compatible; GPTBot/1.3; +https://openai.com/gptbot)"
74.7.243.224 - - [22/Nov/2025:01:48:25 -0800] "GET /search.php?channel=156e34&from=https://mollywoppersnyb.com/chat.htm?items/231043268.html&m=2921046028692 HTTP/2.0" 200 87362 "-" "Mozilla/5.0 AppleWebKit/537.36 (KHTML, like Gecko; compatible; GPTBot/1.3; +https://openai.com/gptbot)"
54.84.102.81 - - [22/Nov/2025:01:48:26 -0800] "GET /?path=//sys/class/tty/ptype/subsystem/ttysc/subsystem/ttyqb/subsystem/ttyp0/subsystem/ttyec HTTP/1.1" 200 6535 "-" "Mozilla/5.0 AppleWebKit/537.36 (KHTML, like Gecko; compatible; Amazonbot/0.1; +https://developer.amazon.com/support/amazonbot) Chrome/119.0.6045.214 Safari/537.36"
74.7.243.224 - - [22/Nov/2025:01:48:26 -0800] "GET /search.php?devil253046887.html HTTP/2.0" 200 86169 "-" "Mozilla/5.0 AppleWebKit/537.36 (KHTML, like Gecko; compatible; GPTBot/1.3; +https://openai.com/gptbot)"
93.185.162.147 - - [22/Nov/2025:01:48:27 -0800] "GET /whmcs/downloads/dz.php?path=/home/mollywopper HTTP/2.0" 200 3535 "https://mollywoppersnyb.com/whmcs/downloads/dz.php" "Mozilla/5.0 (Windows NT 10.0; Win64; x64) AppleWebKit/537.36 (KHTML, like Gecko) Chrome/142.0.0.0 Safari/537.36"
74.7.243.224 - - [22/Nov/2025:01:48:28 -0800] "GET /search.php?channel=156e34&from=https://mollywoppersnyb.com/chat.htm?agency253046615.html&m=2921046028692 HTTP/2.0" 200 86158 "-" "Mozilla/5.0 AppleWebKit/537.36 (KHTML, like Gecko; compatible; GPTBot/1.3; +https://openai.com/gptbot)"
74.7.243.224 - - [22/Nov/2025:01:48:29 -0800] "GET /search.php?product/edit/tuzukiya-g44-23817 HTTP/2.0" 200 86456 "-" "Mozilla/5.0 AppleWebKit/537.36 (KHTML, like Gecko; compatible; GPTBot/1.3; +https://openai.com/gptbot)"
74.7.243.224 - - [22/Nov/2025:01:48:30 -0800] "GET /search.php?many253046951.html HTTP/2.0" 200 86557 "-" "Mozilla/5.0 AppleWebKit/537.36 (KHTML, like Gecko; compatible; GPTBot/1.3; +https://openai.com/gptbot)"
54.83.56.1 - - [22/Nov/2025:01:48:30 -0800] "GET /?path=//sys/class/tty/ptype/subsystem/ptype/subsystem/ttypa/subsystem/ttyv1/subsystem/ttydb HTTP/1.1" 200 6519 "-" "Mozilla/5.0 AppleWebKit/537.36 (KHTML, like Gecko; compatible; Amazonbot/0.1; +https://developer.amazon.com/support/amazonbot) Chrome/119.0.6045.214 Safari/537.36"
