66.249.75.104 - - [22/Nov/2025:01:12:40 -0800] "GET /market/1698429044 HTTP/1.1" 200 25163 "-" "Mozilla/5.0 (Linux; Android 6.0.1; Nexus 5X Build/MMB29P) AppleWebKit/537.36 (KHTML, like Gecko) Chrome/141.0.7390.122 Mobile Safari/537.36 (compatible; GoogleOther)"
66.249.75.104 - - [22/Nov/2025:01:12:41 -0800] "GET /?market=52689309 HTTP/1.1" 200 24268 "-" "Mozilla/5.0 (Linux; Android 6.0.1; Nexus 5X Build/MMB29P) AppleWebKit/537.36 (KHTML, like Gecko) Chrome/141.0.7390.122 Mobile Safari/537.36 (compatible; Googlebot/2.1; +http://www.google.com/bot.html)"
216.73.216.10 - - [22/Nov/2025:01:12:40 -0800] "GET /2019/10/28/dont-be-a-chicken-%F0%9F%90%93repost-spaghetti_breath%E3%83%BB%E3%83%BB%E3%83%BBmollywoppersnyb-meeting-wednesday-night-730pm-at-omalley-come-get-those-deposits-in-clocks-tic?fileloc=%2Fhome%2Fmollywopper%2Fmollywoppersnyb.com%2Fwp-includes%2Fclass-wp-roles.php&path=%2Fhome%2Fmollywopper%2Fmollywoppersnyb.com%2Fwp-includes HTTP/2.0" 200 4903 "-" "Mozilla/5.0 AppleWebKit/537.36 (KHTML, like Gecko; compatible; ClaudeBot/1.0; +claudebot@anthropic.com)"
216.73.216.10 - - [22/Nov/2025:01:12:40 -0800] "GET /2019/10/28/dont-be-a-chicken-%F0%9F%90%93repost-spaghetti_breath%E3%83%BB%E3%83%BB%E3%83%BBmollywoppersnyb-meeting-wednesday-night-730pm-at-omalley-come-get-those-deposits-in-clocks-tic?fileloc=%2Fhome%2Fmollywopper%2Fmollywoppersnyb.com%2Fwp-includes%2Fversion.php&path=%2Fhome%2Fmollywopper%2Fmollywoppersnyb.com%2Fwp-includes HTTP/2.0" 200 2785 "-" "Mozilla/5.0 AppleWebKit/537.36 (KHTML, like Gecko; compatible; ClaudeBot/1.0; +claudebot@anthropic.com)"
216.73.216.10 - - [22/Nov/2025:01:12:43 -0800] "GET /2019/10/28/dont-be-a-chicken-%F0%9F%90%93repost-spaghetti_breath%E3%83%BB%E3%83%BB%E3%83%BBmollywoppersnyb-meeting-wednesday-night-730pm-at-omalley-come-get-those-deposits-in-clocks-tic?fileloc=%2Fhome%2Fmollywopper%2Fmollywoppersnyb.com%2Fwp-includes%2Flink-template.php&path=%2Fhome%2Fmollywopper%2Fmollywoppersnyb.com%2Fwp-includes HTTP/2.0" 200 27788 "-" "Mozilla/5.0 AppleWebKit/537.36 (KHTML, like Gecko; compatible; ClaudeBot/1.0; +claudebot@anthropic.com)"
216.73.216.10 - - [22/Nov/2025:01:12:40 -0800] "GET /2019/10/28/dont-be-a-chicken-%F0%9F%90%93repost-spaghetti_breath%E3%83%BB%E3%83%BB%E3%83%BBmollywoppersnyb-meeting-wednesday-night-730pm-at-omalley-come-get-those-deposits-in-clocks-tic?fileloc=%2Fhome%2Fmollywopper%2Fmollywoppersnyb.com%2Fwp-includes%2Fclass-wp-post.php&path=%2Fhome%2Fmollywopper%2Fmollywoppersnyb.com%2Fwp-includes HTTP/2.0" 200 4278 "-" "Mozilla/5.0 AppleWebKit/537.36 (KHTML, like Gecko; compatible; ClaudeBot/1.0; +claudebot@anthropic.com)"
3.210.223.61 - - [22/Nov/2025:01:12:41 -0800] "GET /home/?path=//sys/class/tty/ptype/subsystem/ttyS5/device/subsystem/drivers/reg-dummy/reg-dummy/subsystem/drivers/reg-dummy/reg-dummy/subsystem/devices/PCCT/driver/PCCT HTTP/1.1" 200 6755 "-" "Mozilla/5.0 AppleWebKit/537.36 (KHTML, like Gecko; compatible; Amazonbot/0.1; +https://developer.amazon.com/support/amazonbot) Chrome/119.0.6045.214 Safari/537.36"
216.73.216.10 - - [22/Nov/2025:01:12:44 -0800] "GET /2019/10/28/dont-be-a-chicken-%F0%9F%90%93repost-spaghetti_breath%E3%83%BB%E3%83%BB%E3%83%BBmollywoppersnyb-meeting-wednesday-night-730pm-at-omalley-come-get-those-deposits-in-clocks-tic?fileloc=%2Fhome%2Fmollywopper%2Fmollywoppersnyb.com%2Fwp-includes%2Fcomment-template.php&path=%2Fhome%2Fmollywopper%2Fmollywoppersnyb.com%2Fwp-includes HTTP/2.0" 200 21367 "-" "Mozilla/5.0 AppleWebKit/537.36 (KHTML, like Gecko; compatible; ClaudeBot/1.0; +claudebot@anthropic.com)"
216.73.216.10 - - [22/Nov/2025:01:12:44 -0800] "GET /2019/10/28/dont-be-a-chicken-%F0%9F%90%93repost-spaghetti_breath%E3%83%BB%E3%83%BB%E3%83%BBmollywoppersnyb-meeting-wednesday-night-730pm-at-omalley-come-get-those-deposits-in-clocks-tic?fileloc=%2Fhome%2Fmollywopper%2Fmollywoppersnyb.com%2Fwp-includes%2Ffeed-rdf.php&path=%2Fhome%2Fmollywopper%2Fmollywoppersnyb.com%2Fwp-includes HTTP/2.0" 200 3637 "-" "Mozilla/5.0 AppleWebKit/537.36 (KHTML, like Gecko; compatible; ClaudeBot/1.0; +claudebot@anthropic.com)"
216.73.216.10 - - [22/Nov/2025:01:12:40 -0800] "GET /2019/10/28/dont-be-a-chicken-%F0%9F%90%93repost-spaghetti_breath%E3%83%BB%E3%83%BB%E3%83%BBmollywoppersnyb-meeting-wednesday-night-730pm-at-omalley-come-get-those-deposits-in-clocks-tic?fileloc=%2Fhome%2Fmollywopper%2Fmollywoppersnyb.com%2Fwp-includes%2Foption.php&path=%2Fhome%2Fmollywopper%2Fmollywoppersnyb.com%2Fwp-includes HTTP/2.0" 200 15166 "-" "Mozilla/5.0 AppleWebKit/537.36 (KHTML, like Gecko; compatible; ClaudeBot/1.0; +claudebot@anthropic.com)"
216.73.216.10 - - [22/Nov/2025:01:12:45 -0800] "GET /2019/10/28/dont-be-a-chicken-%F0%9F%90%93repost-spaghetti_breath%E3%83%BB%E3%83%BB%E3%83%BBmollywoppersnyb-meeting-wednesday-night-730pm-at-omalley-come-get-those-deposits-in-clocks-tic?fileloc=%2Fhome%2Fmollywopper%2Fmollywoppersnyb.com%2Fwp-includes%2Fclass-walker-comment.php&path=%2Fhome%2Fmollywopper%2Fmollywoppersnyb.com%2Fwp-includes HTTP/2.0" 200 5272 "-" "Mozilla/5.0 AppleWebKit/537.36 (KHTML, like Gecko; compatible; ClaudeBot/1.0; +claudebot@anthropic.com)"
216.73.216.10 - - [22/Nov/2025:01:12:43 -0800] "GET /2019/10/28/dont-be-a-chicken-%F0%9F%90%93repost-spaghetti_breath%E3%83%BB%E3%83%BB%E3%83%BBmollywoppersnyb-meeting-wednesday-night-730pm-at-omalley-come-get-those-deposits-in-clocks-tic?fileloc=%2Fhome%2Fmollywopper%2Fmollywoppersnyb.com%2Fwp-includes%2Fquery.php&path=%2Fhome%2Fmollywopper%2Fmollywoppersnyb.com%2Fwp-includes HTTP/2.0" 200 6957 "-" "Mozilla/5.0 AppleWebKit/537.36 (KHTML, like Gecko; compatible; ClaudeBot/1.0; +claudebot@anthropic.com)"
52.54.95.127 - - [22/Nov/2025:01:12:45 -0800] "GET /home/?path=//sys/class/tty/ptype/subsystem/ttyS10/device/subsystem/drivers/reg-dummy/reg-dummy/subsystem/devices/reg-dummy/driver/reg-dummy/subsystem/drivers/PCCT/PCCT HTTP/1.1" 200 6743 "-" "Mozilla/5.0 AppleWebKit/537.36 (KHTML, like Gecko; compatible; Amazonbot/0.1; +https://developer.amazon.com/support/amazonbot) Chrome/119.0.6045.214 Safari/537.36"
216.73.216.10 - - [22/Nov/2025:01:12:45 -0800] "GET /2019/10/28/dont-be-a-chicken-%F0%9F%90%93repost-spaghetti_breath%E3%83%BB%E3%83%BB%E3%83%BBmollywoppersnyb-meeting-wednesday-night-730pm-at-omalley-come-get-those-deposits-in-clocks-tic?fileloc=%2Fhome%2Fmollywopper%2Fmollywoppersnyb.com%2Fwp-includes%2Fclass-wp-site.php&path=%2Fhome%2Fmollywopper%2Fmollywoppersnyb.com%2Fwp-includes HTTP/2.0" 200 4618 "-" "Mozilla/5.0 AppleWebKit/537.36 (KHTML, like Gecko; compatible; ClaudeBot/1.0; +claudebot@anthropic.com)"
216.73.216.10 - - [22/Nov/2025:01:12:45 -0800] "GET /2019/10/28/dont-be-a-chicken-%F0%9F%90%93repost-spaghetti_breath%E3%83%BB%E3%83%BB%E3%83%BBmollywoppersnyb-meeting-wednesday-night-730pm-at-omalley-come-get-those-deposits-in-clocks-tic?fileloc=%2Fhome%2Fmollywopper%2Fmollywoppersnyb.com%2Fwp-includes%2Fclass-wp-term.php&path=%2Fhome%2Fmollywopper%2Fmollywoppersnyb.com%2Fwp-includes HTTP/2.0" 200 4340 "-" "Mozilla/5.0 AppleWebKit/537.36 (KHTML, like Gecko; compatible; ClaudeBot/1.0; +claudebot@anthropic.com)"
216.73.216.10 - - [22/Nov/2025:01:12:45 -0800] "GET /2019/10/28/dont-be-a-chicken-%F0%9F%90%93repost-spaghetti_breath%E3%83%BB%E3%83%BB%E3%83%BBmollywoppersnyb-meeting-wednesday-night-730pm-at-omalley-come-get-those-deposits-in-clocks-tic?fileloc=%2Fhome%2Fmollywopper%2Fmollywoppersnyb.com%2Fwp-includes%2Fvars.php&path=%2Fhome%2Fmollywopper%2Fmollywoppersnyb.com%2Fwp-includes HTTP/2.0" 200 4279 "-" "Mozilla/5.0 AppleWebKit/537.36 (KHTML, like Gecko; compatible; ClaudeBot/1.0; +claudebot@anthropic.com)"
66.249.75.104 - - [22/Nov/2025:01:12:46 -0800] "GET /?market=1008847881 HTTP/1.1" 200 31118 "-" "Mozilla/5.0 (Linux; Android 6.0.1; Nexus 5X Build/MMB29P) AppleWebKit/537.36 (KHTML, like Gecko) Chrome/141.0.7390.122 Mobile Safari/537.36 (compatible; Googlebot/2.1; +http://www.google.com/bot.html)"
216.73.216.10 - - [22/Nov/2025:01:12:46 -0800] "GET /2019/10/28/dont-be-a-chicken-%F0%9F%90%93repost-spaghetti_breath%E3%83%BB%E3%83%BB%E3%83%BBmollywoppersnyb-meeting-wednesday-night-730pm-at-omalley-come-get-those-deposits-in-clocks-tic?fileloc=%2Fhome%2Fmollywopper%2Fmollywoppersnyb.com%2Fwp-includes%2Fcanonical.php&path=%2Fhome%2Fmollywopper%2Fmollywoppersnyb.com%2Fwp-includes HTTP/2.0" 200 10019 "-" "Mozilla/5.0 AppleWebKit/537.36 (KHTML, like Gecko; compatible; ClaudeBot/1.0; +claudebot@anthropic.com)"
216.73.216.10 - - [22/Nov/2025:01:12:46 -0800] "GET /2019/10/28/dont-be-a-chicken-%F0%9F%90%93repost-spaghetti_breath%E3%83%BB%E3%83%BB%E3%83%BBmollywoppersnyb-meeting-wednesday-night-730pm-at-omalley-come-get-those-deposits-in-clocks-tic?fileloc=%2Fhome%2Fmollywopper%2Fmollywoppersnyb.com%2Fwp-includes%2Frevision.php&path=%2Fhome%2Fmollywopper%2Fmollywoppersnyb.com%2Fwp-includes HTTP/2.0" 200 8504 "-" "Mozilla/5.0 AppleWebKit/537.36 (KHTML, like Gecko; compatible; ClaudeBot/1.0; +claudebot@anthropic.com)"
216.73.216.10 - - [22/Nov/2025:01:12:47 -0800] "GET /2019/10/28/dont-be-a-chicken-%F0%9F%90%93repost-spaghetti_breath%E3%83%BB%E3%83%BB%E3%83%BBmollywoppersnyb-meeting-wednesday-night-730pm-at-omalley-come-get-those-deposits-in-clocks-tic?fileloc=%2Fhome%2Fmollywopper%2Fmollywoppersnyb.com%2Fwp-includes%2Fclass-wp-tax-query.php&path=%2Fhome%2Fmollywopper%2Fmollywoppersnyb.com%2Fwp-includes HTTP/2.0" 200 7796 "-" "Mozilla/5.0 AppleWebKit/537.36 (KHTML, like Gecko; compatible; ClaudeBot/1.0; +claudebot@anthropic.com)"
216.73.216.10 - - [22/Nov/2025:01:12:47 -0800] "GET /2019/10/28/dont-be-a-chicken-%F0%9F%90%93repost-spaghetti_breath%E3%83%BB%E3%83%BB%E3%83%BBmollywoppersnyb-meeting-wednesday-night-730pm-at-omalley-come-get-those-deposits-in-clocks-tic?fileloc=%2Fhome%2Fmollywopper%2Fmollywoppersnyb.com%2Fwp-includes%2Fclass-walker-page.php&path=%2Fhome%2Fmollywopper%2Fmollywoppersnyb.com%2Fwp-includes HTTP/2.0" 200 4336 "-" "Mozilla/5.0 AppleWebKit/537.36 (KHTML, like Gecko; compatible; ClaudeBot/1.0; +claudebot@anthropic.com)"
216.73.216.10 - - [22/Nov/2025:01:12:47 -0800] "GET /2019/10/28/dont-be-a-chicken-%F0%9F%90%93repost-spaghetti_breath%E3%83%BB%E3%83%BB%E3%83%BBmollywoppersnyb-meeting-wednesday-night-730pm-at-omalley-come-get-those-deposits-in-clocks-tic?fileloc=%2Fhome%2Fmollywopper%2Fmollywoppersnyb.com%2Fwp-includes%2Fupdate.php&path=%2Fhome%2Fmollywopper%2Fmollywoppersnyb.com%2Fwp-includes HTTP/2.0" 200 8324 "-" "Mozilla/5.0 AppleWebKit/537.36 (KHTML, like Gecko; compatible; ClaudeBot/1.0; +claudebot@anthropic.com)"
216.73.216.10 - - [22/Nov/2025:01:12:46 -0800] "GET /2019/10/28/dont-be-a-chicken-%F0%9F%90%93repost-spaghetti_breath%E3%83%BB%E3%83%BB%E3%83%BBmollywoppersnyb-meeting-wednesday-night-730pm-at-omalley-come-get-those-deposits-in-clocks-tic?fileloc=%2Fhome%2Fmollywopper%2Fmollywoppersnyb.com%2Fwp-includes%2Fclass-wp-role.php&path=%2Fhome%2Fmollywopper%2Fmollywoppersnyb.com%2Fwp-includes HTTP/2.0" 200 3488 "-" "Mozilla/5.0 AppleWebKit/537.36 (KHTML, like Gecko; compatible; ClaudeBot/1.0; +claudebot@anthropic.com)"
216.73.216.10 - - [22/Nov/2025:01:12:47 -0800] "GET /2019/10/28/dont-be-a-chicken-%F0%9F%90%93repost-spaghetti_breath%E3%83%BB%E3%83%BB%E3%83%BBmollywoppersnyb-meeting-wednesday-night-730pm-at-omalley-come-get-those-deposits-in-clocks-tic?fileloc=%2Fhome%2Fmollywopper%2Fmollywoppersnyb.com%2Fwp-includes%2Flocale.php&path=%2Fhome%2Fmollywopper%2Fmollywoppersnyb.com%2Fwp-includes HTTP/2.0" 200 2662 "-" "Mozilla/5.0 AppleWebKit/537.36 (KHTML, like Gecko; compatible; ClaudeBot/1.0; +claudebot@anthropic.com)"
216.73.216.10 - - [22/Nov/2025:01:12:47 -0800] "GET /2019/10/28/dont-be-a-chicken-%F0%9F%90%93repost-spaghetti_breath%E3%83%BB%E3%83%BB%E3%83%BBmollywoppersnyb-meeting-wednesday-night-730pm-at-omalley-come-get-those-deposits-in-clocks-tic?fileloc=%2Fhome%2Fmollywopper%2Fmollywoppersnyb.com%2Fwp-includes%2Fcomment.php&path=%2Fhome%2Fmollywopper%2Fmollywoppersnyb.com%2Fwp-includes HTTP/2.0" 200 29357 "-" "Mozilla/5.0 AppleWebKit/537.36 (KHTML, like Gecko; compatible; ClaudeBot/1.0; +claudebot@anthropic.com)"
216.73.216.10 - - [22/Nov/2025:01:12:40 -0800] "GET /2019/10/28/dont-be-a-chicken-%F0%9F%90%93repost-spaghetti_breath%E3%83%BB%E3%83%BB%E3%83%BBmollywoppersnyb-meeting-wednesday-night-730pm-at-omalley-come-get-those-deposits-in-clocks-tic?fileloc=%2Fhome%2Fmollywopper%2Fmollywoppersnyb.com%2Fwp-includes%2Fdate.php&path=%2Fhome%2Fmollywopper%2Fmollywoppersnyb.com%2Fwp-includes HTTP/2.0" 500 0 "-" "Mozilla/5.0 AppleWebKit/537.36 (KHTML, like Gecko; compatible; ClaudeBot/1.0; +claudebot@anthropic.com)"
74.7.243.224 - - [22/Nov/2025:01:12:40 -0800] "GET /search.php?channel=156e34&from=https://mollywoppersnyb.com/chat.htm?sudden215015601.html&m=2921046028692 HTTP/2.0" 200 86893 "-" "Mozilla/5.0 AppleWebKit/537.36 (KHTML, like Gecko; compatible; GPTBot/1.3; +https://openai.com/gptbot)"
216.73.216.10 - - [22/Nov/2025:01:12:40 -0800] "GET /2019/10/28/dont-be-a-chicken-%F0%9F%90%93repost-spaghetti_breath%E3%83%BB%E3%83%BB%E3%83%BBmollywoppersnyb-meeting-wednesday-night-730pm-at-omalley-come-get-those-deposits-in-clocks-tic?fileloc=%2Fhome%2Fmollywopper%2Fmollywoppersnyb.com%2Fwp-includes%2Fmeta.php&path=%2Fhome%2Fmollywopper%2Fmollywoppersnyb.com%2Fwp-includes HTTP/2.0" 500 0 "-" "Mozilla/5.0 AppleWebKit/537.36 (KHTML, like Gecko; compatible; ClaudeBot/1.0; +claudebot@anthropic.com)"
35.169.102.85 - - [22/Nov/2025:01:12:49 -0800] "GET /home/?path=//sys/class/tty/ptype/subsystem/ttyS5/device/subsystem/drivers/reg-dummy/reg-dummy/subsystem/devices/reg-dummy/subsystem/devices/IPI0001:00 HTTP/1.1" 200 6755 "-" "Mozilla/5.0 AppleWebKit/537.36 (KHTML, like Gecko; compatible; Amazonbot/0.1; +https://developer.amazon.com/support/amazonbot) Chrome/119.0.6045.214 Safari/537.36"
216.73.216.10 - - [22/Nov/2025:01:12:40 -0800] "GET /2019/10/28/dont-be-a-chicken-%F0%9F%90%93repost-spaghetti_breath%E3%83%BB%E3%83%BB%E3%83%BBmollywoppersnyb-meeting-wednesday-night-730pm-at-omalley-come-get-those-deposits-in-clocks-tic?fileloc=%2Fhome%2Fmollywopper%2Fmollywoppersnyb.com%2Fwp-includes%2Fembed-template.php&path=%2Fhome%2Fmollywopper%2Fmollywoppersnyb.com%2Fwp-includes HTTP/2.0" 200 0 "-" "Mozilla/5.0 AppleWebKit/537.36 (KHTML, like Gecko; compatible; ClaudeBot/1.0; +claudebot@anthropic.com)"
74.7.243.224 - - [22/Nov/2025:01:12:50 -0800] "GET /search.php?channel=156e34&from=https://mollywoppersnyb.com/chat.htm?items/212040757.html&m=2921046028692 HTTP/2.0" 200 86262 "-" "Mozilla/5.0 AppleWebKit/537.36 (KHTML, like Gecko; compatible; GPTBot/1.3; +https://openai.com/gptbot)"
74.7.243.224 - - [22/Nov/2025:01:12:54 -0800] "GET /search.php?channel=156e34&from=https://mollywoppersnyb.com/chat.htm?Greek217019537.html&m=2921046028692 HTTP/2.0" 200 85652 "-" "Mozilla/5.0 AppleWebKit/537.36 (KHTML, like Gecko; compatible; GPTBot/1.3; +https://openai.com/gptbot)"
74.7.243.224 - - [22/Nov/2025:01:12:57 -0800] "GET /search.php?queen253046759.html HTTP/2.0" 200 86595 "-" "Mozilla/5.0 AppleWebKit/537.36 (KHTML, like Gecko; compatible; GPTBot/1.3; +https://openai.com/gptbot)"
52.202.233.37 - - [22/Nov/2025:01:12:59 -0800] "GET /home/?path=//sys/class/tty/ptype/subsystem/ttyS10/device/subsystem/drivers/reg-dummy/reg-dummy/driver/reg-dummy/driver/reg-dummy/subsystem/devices/microcode/subsystem/drivers/acpi-fan HTTP/1.1" 200 6624 "-" "Mozilla/5.0 AppleWebKit/537.36 (KHTML, like Gecko; compatible; Amazonbot/0.1; +https://developer.amazon.com/support/amazonbot) Chrome/119.0.6045.214 Safari/537.36"
74.7.243.224 - - [22/Nov/2025:01:13:01 -0800] "GET /search.php?product/edit/kg-maido-tr-2619229 HTTP/2.0" 200 85590 "-" "Mozilla/5.0 AppleWebKit/537.36 (KHTML, like Gecko; compatible; GPTBot/1.3; +https://openai.com/gptbot)"
74.7.243.224 - - [22/Nov/2025:01:13:04 -0800] "GET /search.php?bride234027708.html HTTP/2.0" 200 86182 "-" "Mozilla/5.0 AppleWebKit/537.36 (KHTML, like Gecko; compatible; GPTBot/1.3; +https://openai.com/gptbot)"
52.4.229.9 - - [22/Nov/2025:01:13:04 -0800] "GET /home/?path=//sys/bus/platform/devices/pcspkr/subsystem/devices/reg-dummy/subsystem/drivers/reg-dummy/reg-dummy/driver/reg-dummy/driver HTTP/1.1" 200 6595 "-" "Mozilla/5.0 AppleWebKit/537.36 (KHTML, like Gecko; compatible; Amazonbot/0.1; +https://developer.amazon.com/support/amazonbot) Chrome/119.0.6045.214 Safari/537.36"
74.7.243.224 - - [22/Nov/2025:01:13:07 -0800] "GET /search.php?channel=156e34&from=https://mollywoppersnyb.com/chat.htm?distinct253046785.html&m=2921046028692 HTTP/2.0" 200 86137 "-" "Mozilla/5.0 AppleWebKit/537.36 (KHTML, like Gecko; compatible; GPTBot/1.3; +https://openai.com/gptbot)"
54.197.178.107 - - [22/Nov/2025:01:13:09 -0800] "GET /home/?path=//sys/class/tty/ptype/subsystem/ptype/subsystem/ttypc/subsystem/ptype/subsystem/ttyS0/device/driver HTTP/1.1" 200 6687 "-" "Mozilla/5.0 AppleWebKit/537.36 (KHTML, like Gecko; compatible; Amazonbot/0.1; +https://developer.amazon.com/support/amazonbot) Chrome/119.0.6045.214 Safari/537.36"
74.7.243.224 - - [22/Nov/2025:01:13:09 -0800] "GET /search.php?enjoy212037634.html HTTP/2.0" 200 86815 "-" "Mozilla/5.0 AppleWebKit/537.36 (KHTML, like Gecko; compatible; GPTBot/1.3; +https://openai.com/gptbot)"
3.215.59.93 - - [22/Nov/2025:01:13:12 -0800] "GET /home/?path=//sys/class/tty/ptype/subsystem/ttyp0/subsystem/ttyp0/subsystem/ttys0/subsystem/ttyS1/device/driver HTTP/1.1" 200 6686 "-" "Mozilla/5.0 AppleWebKit/537.36 (KHTML, like Gecko; compatible; Amazonbot/0.1; +https://developer.amazon.com/support/amazonbot) Chrome/119.0.6045.214 Safari/537.36"
74.7.243.224 - - [22/Nov/2025:01:13:12 -0800] "GET /search.php?channel=156e34&from=https://mollywoppersnyb.com/chat.htm?items/011043774.html&m=2921046028692 HTTP/2.0" 200 85886 "-" "Mozilla/5.0 AppleWebKit/537.36 (KHTML, like Gecko; compatible; GPTBot/1.3; +https://openai.com/gptbot)"
74.7.243.224 - - [22/Nov/2025:01:13:14 -0800] "GET /search.php?lend212039856.html HTTP/2.0" 200 87399 "-" "Mozilla/5.0 AppleWebKit/537.36 (KHTML, like Gecko; compatible; GPTBot/1.3; +https://openai.com/gptbot)"
74.7.243.224 - - [22/Nov/2025:01:13:16 -0800] "GET /search.php?quit254019652.html HTTP/2.0" 200 85559 "-" "Mozilla/5.0 AppleWebKit/537.36 (KHTML, like Gecko; compatible; GPTBot/1.3; +https://openai.com/gptbot)"
74.7.243.224 - - [22/Nov/2025:01:13:17 -0800] "GET /search.php?items/253046836.html HTTP/2.0" 200 86618 "-" "Mozilla/5.0 AppleWebKit/537.36 (KHTML, like Gecko; compatible; GPTBot/1.3; +https://openai.com/gptbot)"
74.7.243.224 - - [22/Nov/2025:01:13:19 -0800] "GET /search.php?channel=156e34&from=https://mollywoppersnyb.com/chat.htm?pit004014154.html&m=2921046028692 HTTP/2.0" 200 85608 "-" "Mozilla/5.0 AppleWebKit/537.36 (KHTML, like Gecko; compatible; GPTBot/1.3; +https://openai.com/gptbot)"
74.7.243.224 - - [22/Nov/2025:01:13:20 -0800] "GET /search.php?channel=156e34&from=https://mollywoppersnyb.com/chat.htm?effort128042452.html&m=2921046028692 HTTP/2.0" 200 86298 "-" "Mozilla/5.0 AppleWebKit/537.36 (KHTML, like Gecko; compatible; GPTBot/1.3; +https://openai.com/gptbot)"
74.7.243.224 - - [22/Nov/2025:01:13:21 -0800] "GET /search.php?channel=156e34&from=https://mollywoppersnyb.com/chat.htm?items/215013958.html&m=2921046028692 HTTP/2.0" 200 86507 "-" "Mozilla/5.0 AppleWebKit/537.36 (KHTML, like Gecko; compatible; GPTBot/1.3; +https://openai.com/gptbot)"
52.44.229.124 - - [22/Nov/2025:01:13:22 -0800] "GET /?path=//sys/class/tty/ptype/subsystem/ptyp0/subsystem/ttysc/subsystem/ttyp0/subsystem/ttyS0/device HTTP/1.1" 200 6850 "-" "Mozilla/5.0 AppleWebKit/537.36 (KHTML, like Gecko; compatible; Amazonbot/0.1; +https://developer.amazon.com/support/amazonbot) Chrome/119.0.6045.214 Safari/537.36"
74.7.243.224 - - [22/Nov/2025:01:13:22 -0800] "GET /search.php?product/edit/kg-maido-tr-3281256 HTTP/2.0" 200 87790 "-" "Mozilla/5.0 AppleWebKit/537.36 (KHTML, like Gecko; compatible; GPTBot/1.3; +https://openai.com/gptbot)"
74.7.243.224 - - [22/Nov/2025:01:13:24 -0800] "GET /search.php?channel=156e34&from=https://mollywoppersnyb.com/chat.htm?items/192031123.html&m=2921046028692 HTTP/2.0" 200 86385 "-" "Mozilla/5.0 AppleWebKit/537.36 (KHTML, like Gecko; compatible; GPTBot/1.3; +https://openai.com/gptbot)"
66.249.75.104 - - [22/Nov/2025:01:13:25 -0800] "GET /?market=2009877133 HTTP/1.1" 200 31556 "-" "Mozilla/5.0 (Linux; Android 6.0.1; Nexus 5X Build/MMB29P) AppleWebKit/537.36 (KHTML, like Gecko) Chrome/141.0.7390.122 Mobile Safari/537.36 (compatible; Googlebot/2.1; +http://www.google.com/bot.html)"
74.7.243.224 - - [22/Nov/2025:01:13:25 -0800] "GET /search.php?product/edit/kys-tr-7076924 HTTP/2.0" 200 85655 "-" "Mozilla/5.0 AppleWebKit/537.36 (KHTML, like Gecko; compatible; GPTBot/1.3; +https://openai.com/gptbot)"
74.7.243.224 - - [22/Nov/2025:01:13:26 -0800] "GET /search.php?channel=156e34&from=https://mollywoppersnyb.com/chat.htm?vote253046933.html&m=2921046028692 HTTP/2.0" 200 86619 "-" "Mozilla/5.0 AppleWebKit/537.36 (KHTML, like Gecko; compatible; GPTBot/1.3; +https://openai.com/gptbot)"
74.7.243.224 - - [22/Nov/2025:01:13:27 -0800] "GET /search.php?channel=156e34&from=https://mollywoppersnyb.com/chat.htm?assume279014119.html&m=2921046028692 HTTP/2.0" 200 86232 "-" "Mozilla/5.0 AppleWebKit/537.36 (KHTML, like Gecko; compatible; GPTBot/1.3; +https://openai.com/gptbot)"
74.7.243.224 - - [22/Nov/2025:01:13:28 -0800] "GET /search.php?channel=156e34&from=https://mollywoppersnyb.com/chat.htm?toll113006451.html&m=2921046028692 HTTP/2.0" 200 85600 "-" "Mozilla/5.0 AppleWebKit/537.36 (KHTML, like Gecko; compatible; GPTBot/1.3; +https://openai.com/gptbot)"
66.249.75.104 - - [22/Nov/2025:01:13:30 -0800] "GET /?market=1010859683 HTTP/1.1" 200 30915 "-" "Mozilla/5.0 (Linux; Android 6.0.1; Nexus 5X Build/MMB29P) AppleWebKit/537.36 (KHTML, like Gecko) Chrome/141.0.7390.122 Mobile Safari/537.36 (compatible; Googlebot/2.1; +http://www.google.com/bot.html)"
74.7.243.224 - - [22/Nov/2025:01:13:30 -0800] "GET /search.php?gravity217019537.html HTTP/2.0" 200 85854 "-" "Mozilla/5.0 AppleWebKit/537.36 (KHTML, like Gecko; compatible; GPTBot/1.3; +https://openai.com/gptbot)"
74.7.243.224 - - [22/Nov/2025:01:13:31 -0800] "GET /search.php?channel=156e34&from=https://mollywoppersnyb.com/chat.htm?items/292012975.html&m=2921046028692 HTTP/2.0" 200 86187 "-" "Mozilla/5.0 AppleWebKit/537.36 (KHTML, like Gecko; compatible; GPTBot/1.3; +https://openai.com/gptbot)"
216.73.216.10 - - [22/Nov/2025:01:13:32 -0800] "GET /2019/10/28/dont-be-a-chicken-%F0%9F%90%93repost-spaghetti_breath%E3%83%BB%E3%83%BB%E3%83%BBmollywoppersnyb-meeting-wednesday-night-730pm-at-omalley-come-get-those-deposits-in-clocks-tic?path=%2Fhome%2Fmollywopper%2Fmollywoppersnyb.com%2Fwp-includes%2Fjs HTTP/2.0" 200 7620 "-" "Mozilla/5.0 AppleWebKit/537.36 (KHTML, like Gecko; compatible; ClaudeBot/1.0; +claudebot@anthropic.com)"
74.7.243.224 - - [22/Nov/2025:01:13:32 -0800] "GET /search.php?channel=156e34&from=https://mollywoppersnyb.com/chat.htm?items/215017216.html&m=2921046028692 HTTP/2.0" 200 86712 "-" "Mozilla/5.0 AppleWebKit/537.36 (KHTML, like Gecko; compatible; GPTBot/1.3; +https://openai.com/gptbot)"
216.73.216.10 - - [22/Nov/2025:01:13:32 -0800] "GET /2019/10/28/dont-be-a-chicken-%F0%9F%90%93repost-spaghetti_breath%E3%83%BB%E3%83%BB%E3%83%BBmollywoppersnyb-meeting-wednesday-night-730pm-at-omalley-come-get-those-deposits-in-clocks-tic?path=%2Fhome%2Fmollywopper%2Fmollywoppersnyb.com%2Fwp-includes%2Frandom_compat HTTP/2.0" 200 3380 "-" "Mozilla/5.0 AppleWebKit/537.36 (KHTML, like Gecko; compatible; ClaudeBot/1.0; +claudebot@anthropic.com)"
216.73.216.10 - - [22/Nov/2025:01:13:33 -0800] "GET /2019/10/28/dont-be-a-chicken-%F0%9F%90%93repost-spaghetti_breath%E3%83%BB%E3%83%BB%E3%83%BBmollywoppersnyb-meeting-wednesday-night-730pm-at-omalley-come-get-those-deposits-in-clocks-tic?fileloc=%2Fhome%2Fmollywopper%2Fmollywoppersnyb.com%2Fwp-includes%2Fmedia-template.php&path=%2Fhome%2Fmollywopper%2Fmollywoppersnyb.com%2Fwp-includes HTTP/2.0" 200 12375 "-" "Mozilla/5.0 AppleWebKit/537.36 (KHTML, like Gecko; compatible; ClaudeBot/1.0; +claudebot@anthropic.com)"
216.73.216.10 - - [22/Nov/2025:01:13:33 -0800] "GET /2019/10/28/dont-be-a-chicken-%F0%9F%90%93repost-spaghetti_breath%E3%83%BB%E3%83%BB%E3%83%BBmollywoppersnyb-meeting-wednesday-night-730pm-at-omalley-come-get-those-deposits-in-clocks-tic?fileloc=%2Fhome%2Fmollywopper%2Fmollywoppersnyb.com%2Fwp-includes%2Fcategory-template.php&path=%2Fhome%2Fmollywopper%2Fmollywoppersnyb.com%2Fwp-includes HTTP/2.0" 200 15321 "-" "Mozilla/5.0 AppleWebKit/537.36 (KHTML, like Gecko; compatible; ClaudeBot/1.0; +claudebot@anthropic.com)"
216.73.216.10 - - [22/Nov/2025:01:13:33 -0800] "GET /2019/10/28/dont-be-a-chicken-%F0%9F%90%93repost-spaghetti_breath%E3%83%BB%E3%83%BB%E3%83%BBmollywoppersnyb-meeting-wednesday-night-730pm-at-omalley-come-get-those-deposits-in-clocks-tic?path=%2Fhome%2Fmollywopper%2Fmollywoppersnyb.com%2Fwp-includes%2Frest-api HTTP/2.0" 200 3166 "-" "Mozilla/5.0 AppleWebKit/537.36 (KHTML, like Gecko; compatible; ClaudeBot/1.0; +claudebot@anthropic.com)"
74.7.243.224 - - [22/Nov/2025:01:13:33 -0800] "GET /search.php?items/212034141.html HTTP/2.0" 200 87098 "-" "Mozilla/5.0 AppleWebKit/537.36 (KHTML, like Gecko; compatible; GPTBot/1.3; +https://openai.com/gptbot)"
216.73.216.10 - - [22/Nov/2025:01:13:34 -0800] "GET /2019/10/28/dont-be-a-chicken-%F0%9F%90%93repost-spaghetti_breath%E3%83%BB%E3%83%BB%E3%83%BBmollywoppersnyb-meeting-wednesday-night-730pm-at-omalley-come-get-those-deposits-in-clocks-tic?fileloc=%2Fhome%2Fmollywopper%2Fmollywoppersnyb.com%2Fwp-includes%2Fauthor-template.php&path=%2Fhome%2Fmollywopper%2Fmollywoppersnyb.com%2Fwp-includes HTTP/2.0" 200 7048 "-" "Mozilla/5.0 AppleWebKit/537.36 (KHTML, like Gecko; compatible; ClaudeBot/1.0; +claudebot@anthropic.com)"
216.73.216.10 - - [22/Nov/2025:01:13:34 -0800] "GET /2019/10/28/dont-be-a-chicken-%F0%9F%90%93repost-spaghetti_breath%E3%83%BB%E3%83%BB%E3%83%BBmollywoppersnyb-meeting-wednesday-night-730pm-at-omalley-come-get-those-deposits-in-clocks-tic?fileloc=%2Fhome%2Fmollywopper%2Fmollywoppersnyb.com%2Fwp-includes%2Ffonts.php&path=%2Fhome%2Fmollywopper%2Fmollywoppersnyb.com%2Fwp-includes HTTP/2.0" 200 2559 "-" "Mozilla/5.0 AppleWebKit/537.36 (KHTML, like Gecko; compatible; ClaudeBot/1.0; +claudebot@anthropic.com)"
216.73.216.10 - - [22/Nov/2025:01:13:32 -0800] "GET /2019/10/28/dont-be-a-chicken-%F0%9F%90%93repost-spaghetti_breath%E3%83%BB%E3%83%BB%E3%83%BBmollywoppersnyb-meeting-wednesday-night-730pm-at-omalley-come-get-those-deposits-in-clocks-tic?fileloc=%2Fhome%2Fmollywopper%2Fmollywoppersnyb.com%2Fwp-includes%2F59b8342af3d8f972bfcb5126273b8c90&path=%2Fhome%2Fmollywopper%2Fmollywoppersnyb.com%2Fwp-includes HTTP/2.0" 200 2635 "-" "Mozilla/5.0 AppleWebKit/537.36 (KHTML, like Gecko; compatible; ClaudeBot/1.0; +claudebot@anthropic.com)"
216.73.216.10 - - [22/Nov/2025:01:13:35 -0800] "GET /2019/10/28/dont-be-a-chicken-%F0%9F%90%93repost-spaghetti_breath%E3%83%BB%E3%83%BB%E3%83%BBmollywoppersnyb-meeting-wednesday-night-730pm-at-omalley-come-get-those-deposits-in-clocks-tic?fileloc=%2Fhome%2Fmollywopper%2Fmollywoppersnyb.com%2Fwp-includes%2Fbookmark.php&path=%2Fhome%2Fmollywopper%2Fmollywoppersnyb.com%2Fwp-includes HTTP/2.0" 200 6635 "-" "Mozilla/5.0 AppleWebKit/537.36 (KHTML, like Gecko; compatible; ClaudeBot/1.0; +claudebot@anthropic.com)"
216.73.216.10 - - [22/Nov/2025:01:13:33 -0800] "GET /2019/10/28/dont-be-a-chicken-%F0%9F%90%93repost-spaghetti_breath%E3%83%BB%E3%83%BB%E3%83%BBmollywoppersnyb-meeting-wednesday-night-730pm-at-omalley-come-get-those-deposits-in-clocks-tic?fileloc=%2Fhome%2Fmollywopper%2Fmollywoppersnyb.com%2Fwp-includes%2Fbookmark-template.php&path=%2Fhome%2Fmollywopper%2Fmollywoppersnyb.com%2Fwp-includes HTTP/2.0" 200 5697 "-" "Mozilla/5.0 AppleWebKit/537.36 (KHTML, like Gecko; compatible; ClaudeBot/1.0; +claudebot@anthropic.com)"
216.73.216.10 - - [22/Nov/2025:01:13:35 -0800] "GET /2019/10/28/dont-be-a-chicken-%F0%9F%90%93repost-spaghetti_breath%E3%83%BB%E3%83%BB%E3%83%BBmollywoppersnyb-meeting-wednesday-night-730pm-at-omalley-come-get-those-deposits-in-clocks-tic?fileloc=%2Fhome%2Fmollywopper%2Fmollywoppersnyb.com%2Fwp-includes%2Fmedia.php&path=%2Fhome%2Fmollywopper%2Fmollywoppersnyb.com%2Fwp-includes HTTP/2.0" 200 37213 "-" "Mozilla/5.0 AppleWebKit/537.36 (KHTML, like Gecko; compatible; ClaudeBot/1.0; +claudebot@anthropic.com)"
216.73.216.10 - - [22/Nov/2025:01:13:35 -0800] "GET /2019/10/28/dont-be-a-chicken-%F0%9F%90%93repost-spaghetti_breath%E3%83%BB%E3%83%BB%E3%83%BBmollywoppersnyb-meeting-wednesday-night-730pm-at-omalley-come-get-those-deposits-in-clocks-tic?fileloc=%2Fhome%2Fmollywopper%2Fmollywoppersnyb.com%2Fwp-includes%2Fpost.php&path=%2Fhome%2Fmollywopper%2Fmollywoppersnyb.com%2Fwp-includes HTTP/2.0" 200 54661 "-" "Mozilla/5.0 AppleWebKit/537.36 (KHTML, like Gecko; compatible; ClaudeBot/1.0; +claudebot@anthropic.com)"
216.73.216.10 - - [22/Nov/2025:01:13:36 -0800] "GET /2019/10/28/dont-be-a-chicken-%F0%9F%90%93repost-spaghetti_breath%E3%83%BB%E3%83%BB%E3%83%BBmollywoppersnyb-meeting-wednesday-night-730pm-at-omalley-come-get-those-deposits-in-clocks-tic?fileloc=%2Fhome%2Fmollywopper%2Fmollywoppersnyb.com%2Fwp-includes%2Ftemplate.php&path=%2Fhome%2Fmollywopper%2Fmollywoppersnyb.com%2Fwp-includes HTTP/2.0" 200 6311 "-" "Mozilla/5.0 AppleWebKit/537.36 (KHTML, like Gecko; compatible; ClaudeBot/1.0; +claudebot@anthropic.com)"
216.73.216.10 - - [22/Nov/2025:01:13:35 -0800] "GET /2019/10/28/dont-be-a-chicken-%F0%9F%90%93repost-spaghetti_breath%E3%83%BB%E3%83%BB%E3%83%BBmollywoppersnyb-meeting-wednesday-night-730pm-at-omalley-come-get-those-deposits-in-clocks-tic?fileloc=%2Fhome%2Fmollywopper%2Fmollywoppersnyb.com%2Fwp-includes%2Ffeed.php&path=%2Fhome%2Fmollywopper%2Fmollywoppersnyb.com%2Fwp-includes HTTP/2.0" 200 7637 "-" "Mozilla/5.0 AppleWebKit/537.36 (KHTML, like Gecko; compatible; ClaudeBot/1.0; +claudebot@anthropic.com)"
216.73.216.10 - - [22/Nov/2025:01:13:36 -0800] "GET /2019/10/28/dont-be-a-chicken-%F0%9F%90%93repost-spaghetti_breath%E3%83%BB%E3%83%BB%E3%83%BBmollywoppersnyb-meeting-wednesday-night-730pm-at-omalley-come-get-those-deposits-in-clocks-tic?fileloc=%2Fhome%2Fmollywopper%2Fmollywoppersnyb.com%2Fwp-includes%2Fregistration.php&path=%2Fhome%2Fmollywopper%2Fmollywoppersnyb.com%2Fwp-includes HTTP/2.0" 200 2687 "-" "Mozilla/5.0 AppleWebKit/537.36 (KHTML, like Gecko; compatible; ClaudeBot/1.0; +claudebot@anthropic.com)"
74.7.243.224 - - [22/Nov/2025:01:13:35 -0800] "GET /search.php?pcmypage?callback=product/review/makana---yk2-005lm8f54 HTTP/2.0" 200 86575 "-" "Mozilla/5.0 AppleWebKit/537.36 (KHTML, like Gecko; compatible; GPTBot/1.3; +https://openai.com/gptbot)"
216.73.216.10 - - [22/Nov/2025:01:13:35 -0800] "GET /2019/10/28/dont-be-a-chicken-%F0%9F%90%93repost-spaghetti_breath%E3%83%BB%E3%83%BB%E3%83%BBmollywoppersnyb-meeting-wednesday-night-730pm-at-omalley-come-get-those-deposits-in-clocks-tic?fileloc=%2Fhome%2Fmollywopper%2Fmollywoppersnyb.com%2Fwp-includes%2Fl10n.php&path=%2Fhome%2Fmollywopper%2Fmollywoppersnyb.com%2Fwp-includes HTTP/2.0" 200 11077 "-" "Mozilla/5.0 AppleWebKit/537.36 (KHTML, like Gecko; compatible; ClaudeBot/1.0; +claudebot@anthropic.com)"
216.73.216.10 - - [22/Nov/2025:01:13:36 -0800] "GET /2019/10/28/dont-be-a-chicken-%F0%9F%90%93repost-spaghetti_breath%E3%83%BB%E3%83%BB%E3%83%BBmollywoppersnyb-meeting-wednesday-night-730pm-at-omalley-come-get-those-deposits-in-clocks-tic?fileloc=%2Fhome%2Fmollywopper%2Fmollywoppersnyb.com%2Fwp-includes%2Fsitemaps.php&path=%2Fhome%2Fmollywopper%2Fmollywoppersnyb.com%2Fwp-includes HTTP/2.0" 200 2561 "-" "Mozilla/5.0 AppleWebKit/537.36 (KHTML, like Gecko; compatible; ClaudeBot/1.0; +claudebot@anthropic.com)"
216.73.216.10 - - [22/Nov/2025:01:13:37 -0800] "GET /2019/10/28/dont-be-a-chicken-%F0%9F%90%93repost-spaghetti_breath%E3%83%BB%E3%83%BB%E3%83%BBmollywoppersnyb-meeting-wednesday-night-730pm-at-omalley-come-get-those-deposits-in-clocks-tic?fileloc=%2Fhome%2Fmollywopper%2Fmollywoppersnyb.com%2Fwp-includes%2Fpost-template.php&path=%2Fhome%2Fmollywopper%2Fmollywoppersnyb.com%2Fwp-includes HTTP/2.0" 200 17333 "-" "Mozilla/5.0 AppleWebKit/537.36 (KHTML, like Gecko; compatible; ClaudeBot/1.0; +claudebot@anthropic.com)"
216.73.216.10 - - [22/Nov/2025:01:13:36 -0800] "GET /2019/10/28/dont-be-a-chicken-%F0%9F%90%93repost-spaghetti_breath%E3%83%BB%E3%83%BB%E3%83%BBmollywoppersnyb-meeting-wednesday-night-730pm-at-omalley-come-get-those-deposits-in-clocks-tic?fileloc=%2Fhome%2Fmollywopper%2Fmollywoppersnyb.com%2Fwp-includes%2Fcategory.php&path=%2Fhome%2Fmollywopper%2Fmollywoppersnyb.com%2Fwp-includes HTTP/2.0" 200 5981 "-" "Mozilla/5.0 AppleWebKit/537.36 (KHTML, like Gecko; compatible; ClaudeBot/1.0; +claudebot@anthropic.com)"
216.73.216.10 - - [22/Nov/2025:01:13:36 -0800] "GET /2019/10/28/dont-be-a-chicken-%F0%9F%90%93repost-spaghetti_breath%E3%83%BB%E3%83%BB%E3%83%BBmollywoppersnyb-meeting-wednesday-night-730pm-at-omalley-come-get-those-deposits-in-clocks-tic?fileloc=%2Fhome%2Fmollywopper%2Fmollywoppersnyb.com%2Fwp-includes%2Fkses.php&path=%2Fhome%2Fmollywopper%2Fmollywoppersnyb.com%2Fwp-includes HTTP/2.0" 200 16345 "-" "Mozilla/5.0 AppleWebKit/537.36 (KHTML, like Gecko; compatible; ClaudeBot/1.0; +claudebot@anthropic.com)"
216.73.216.10 - - [22/Nov/2025:01:13:37 -0800] "GET /2019/10/28/dont-be-a-chicken-%F0%9F%90%93repost-spaghetti_breath%E3%83%BB%E3%83%BB%E3%83%BBmollywoppersnyb-meeting-wednesday-night-730pm-at-omalley-come-get-those-deposits-in-clocks-tic?fileloc=%2Fhome%2Fmollywopper%2Fmollywoppersnyb.com%2Fwp-includes%2Fload.php&path=%2Fhome%2Fmollywopper%2Fmollywoppersnyb.com%2Fwp-includes HTTP/2.0" 200 12545 "-" "Mozilla/5.0 AppleWebKit/537.36 (KHTML, like Gecko; compatible; ClaudeBot/1.0; +claudebot@anthropic.com)"
216.73.216.10 - - [22/Nov/2025:01:13:34 -0800] "GET /2019/10/28/dont-be-a-chicken-%F0%9F%90%93repost-spaghetti_breath%E3%83%BB%E3%83%BB%E3%83%BBmollywoppersnyb-meeting-wednesday-night-730pm-at-omalley-come-get-those-deposits-in-clocks-tic?fileloc=%2Fhome%2Fmollywopper%2Fmollywoppersnyb.com%2Fwp-includes%2Fgeneral-template.php&path=%2Fhome%2Fmollywopper%2Fmollywoppersnyb.com%2Fwp-includes HTTP/2.0" 200 35757 "-" "Mozilla/5.0 AppleWebKit/537.36 (KHTML, like Gecko; compatible; ClaudeBot/1.0; +claudebot@anthropic.com)"
74.7.243.224 - - [22/Nov/2025:01:13:37 -0800] "GET /search.php?items/234021353.html HTTP/2.0" 200 86010 "-" "Mozilla/5.0 AppleWebKit/537.36 (KHTML, like Gecko; compatible; GPTBot/1.3; +https://openai.com/gptbot)"
74.7.243.224 - - [22/Nov/2025:01:13:39 -0800] "GET /search.php?pursuit104032376.html HTTP/2.0" 200 85760 "-" "Mozilla/5.0 AppleWebKit/537.36 (KHTML, like Gecko; compatible; GPTBot/1.3; +https://openai.com/gptbot)"
74.7.243.224 - - [22/Nov/2025:01:13:40 -0800] "GET /search.php?channel=156e34&from=https://mollywoppersnyb.com/chat.htm?items/009049332.html&m=2921046028692 HTTP/2.0" 200 86173 "-" "Mozilla/5.0 AppleWebKit/537.36 (KHTML, like Gecko; compatible; GPTBot/1.3; +https://openai.com/gptbot)"
74.7.243.224 - - [22/Nov/2025:01:13:42 -0800] "GET /search.php?consistent104032376.html HTTP/2.0" 200 85818 "-" "Mozilla/5.0 AppleWebKit/537.36 (KHTML, like Gecko; compatible; GPTBot/1.3; +https://openai.com/gptbot)"
74.7.243.224 - - [22/Nov/2025:01:13:43 -0800] "GET /search.php?channel=156e34&from=https://mollywoppersnyb.com/chat.htm?differ297038685.html&m=2921046028692 HTTP/2.0" 200 86661 "-" "Mozilla/5.0 AppleWebKit/537.36 (KHTML, like Gecko; compatible; GPTBot/1.3; +https://openai.com/gptbot)"
74.7.243.224 - - [22/Nov/2025:01:13:44 -0800] "GET /search.php?onto253046927.html HTTP/2.0" 200 86627 "-" "Mozilla/5.0 AppleWebKit/537.36 (KHTML, like Gecko; compatible; GPTBot/1.3; +https://openai.com/gptbot)"
74.7.243.224 - - [22/Nov/2025:01:13:45 -0800] "GET /search.php?channel=156e34&from=https://mollywoppersnyb.com/chat.htm?cover244024936.html&m=2921046028692 HTTP/2.0" 200 86383 "-" "Mozilla/5.0 AppleWebKit/537.36 (KHTML, like Gecko; compatible; GPTBot/1.3; +https://openai.com/gptbot)"
54.225.199.17 - - [22/Nov/2025:01:13:46 -0800] "GET /?path=//sys/class/tty/ptype/subsystem/ttype/subsystem/ttyv1/subsystem/ttype/subsystem/ttyS1/device/driver HTTP/1.1" 200 6694 "-" "Mozilla/5.0 AppleWebKit/537.36 (KHTML, like Gecko; compatible; Amazonbot/0.1; +https://developer.amazon.com/support/amazonbot) Chrome/119.0.6045.214 Safari/537.36"
74.7.243.224 - - [22/Nov/2025:01:13:46 -0800] "GET /search.php?fault253046989.html HTTP/2.0" 200 87126 "-" "Mozilla/5.0 AppleWebKit/537.36 (KHTML, like Gecko; compatible; GPTBot/1.3; +https://openai.com/gptbot)"
74.7.243.224 - - [22/Nov/2025:01:13:47 -0800] "GET /search.php?channel=156e34&from=https://mollywoppersnyb.com/chat.htm?items/212039729.html&m=2921046028692 HTTP/2.0" 200 87630 "-" "Mozilla/5.0 AppleWebKit/537.36 (KHTML, like Gecko; compatible; GPTBot/1.3; +https://openai.com/gptbot)"
74.7.243.224 - - [22/Nov/2025:01:13:48 -0800] "GET /search.php?newly252048096.html HTTP/2.0" 200 86401 "-" "Mozilla/5.0 AppleWebKit/537.36 (KHTML, like Gecko; compatible; GPTBot/1.3; +https://openai.com/gptbot)"
74.7.243.224 - - [22/Nov/2025:01:13:49 -0800] "GET /search.php?channel=156e34&from=https://mollywoppersnyb.com/chat.htm?items/276026743.html&m=2921046028692 HTTP/2.0" 200 85981 "-" "Mozilla/5.0 AppleWebKit/537.36 (KHTML, like Gecko; compatible; GPTBot/1.3; +https://openai.com/gptbot)"
74.7.243.224 - - [22/Nov/2025:01:13:51 -0800] "GET /search.php?channel=156e34&from=https://mollywoppersnyb.com/chat.htm?items/208045019.html&m=2921046028692 HTTP/2.0" 200 85908 "-" "Mozilla/5.0 AppleWebKit/537.36 (KHTML, like Gecko; compatible; GPTBot/1.3; +https://openai.com/gptbot)"
74.7.243.224 - - [22/Nov/2025:01:13:52 -0800] "GET /search.php?channel=156e34&from=https://mollywoppersnyb.com/chat.htm?items/224023339.html&m=2921046028692 HTTP/2.0" 200 87250 "-" "Mozilla/5.0 AppleWebKit/537.36 (KHTML, like Gecko; compatible; GPTBot/1.3; +https://openai.com/gptbot)"
74.7.243.224 - - [22/Nov/2025:01:13:54 -0800] "GET /search.php?suite253046827.html HTTP/2.0" 200 86347 "-" "Mozilla/5.0 AppleWebKit/537.36 (KHTML, like Gecko; compatible; GPTBot/1.3; +https://openai.com/gptbot)"
52.205.222.214 - - [22/Nov/2025:01:13:54 -0800] "GET /home/?path=//sys/class/tty/ptype/subsystem/ttyS8/device/subsystem/devices/reg-dummy/subsystem/devices/PCCT/subsystem/devices/reg-dummy/regulator HTTP/1.1" 200 6452 "-" "Mozilla/5.0 AppleWebKit/537.36 (KHTML, like Gecko; compatible; Amazonbot/0.1; +https://developer.amazon.com/support/amazonbot) Chrome/119.0.6045.214 Safari/537.36"
74.7.243.224 - - [22/Nov/2025:01:13:55 -0800] "GET /search.php?items/253046646.html HTTP/2.0" 200 86221 "-" "Mozilla/5.0 AppleWebKit/537.36 (KHTML, like Gecko; compatible; GPTBot/1.3; +https://openai.com/gptbot)"
74.7.243.224 - - [22/Nov/2025:01:13:56 -0800] "GET /search.php?badly276031740.html HTTP/2.0" 200 85946 "-" "Mozilla/5.0 AppleWebKit/537.36 (KHTML, like Gecko; compatible; GPTBot/1.3; +https://openai.com/gptbot)"
216.73.216.10 - - [22/Nov/2025:01:13:58 -0800] "GET /2019/10/28/dont-be-a-chicken-%F0%9F%90%93repost-spaghetti_breath%E3%83%BB%E3%83%BB%E3%83%BBmollywoppersnyb-meeting-wednesday-night-730pm-at-omalley-come-get-those-deposits-in-clocks-tic?fileloc=%2Fhome%2Fmollywopper%2Fmollywoppersnyb.com%2Fwp-includes%2Ffeed-rss.php&path=%2Fhome%2Fmollywopper%2Fmollywoppersnyb.com%2Fwp-includes HTTP/2.0" 200 3310 "-" "Mozilla/5.0 AppleWebKit/537.36 (KHTML, like Gecko; compatible; ClaudeBot/1.0; +claudebot@anthropic.com)"
216.73.216.10 - - [22/Nov/2025:01:13:58 -0800] "GET /2019/10/28/dont-be-a-chicken-%F0%9F%90%93repost-spaghetti_breath%E3%83%BB%E3%83%BB%E3%83%BBmollywoppersnyb-meeting-wednesday-night-730pm-at-omalley-come-get-those-deposits-in-clocks-tic?fileloc=%2Fhome%2Fmollywopper%2Fmollywoppersnyb.com%2Fwp-includes%2Fclass-simplepie.php&path=%2Fhome%2Fmollywopper%2Fmollywoppersnyb.com%2Fwp-includes HTTP/2.0" 200 21621 "-" "Mozilla/5.0 AppleWebKit/537.36 (KHTML, like Gecko; compatible; ClaudeBot/1.0; +claudebot@anthropic.com)"
216.73.216.10 - - [22/Nov/2025:01:13:58 -0800] "GET /2019/10/28/dont-be-a-chicken-%F0%9F%90%93repost-spaghetti_breath%E3%83%BB%E3%83%BB%E3%83%BBmollywoppersnyb-meeting-wednesday-night-730pm-at-omalley-come-get-those-deposits-in-clocks-tic?fileloc=%2Fhome%2Fmollywopper%2Fmollywoppersnyb.com%2Fwp-includes%2Fclass-wp-hook.php&path=%2Fhome%2Fmollywopper%2Fmollywoppersnyb.com%2Fwp-includes HTTP/2.0" 200 5961 "-" "Mozilla/5.0 AppleWebKit/537.36 (KHTML, like Gecko; compatible; ClaudeBot/1.0; +claudebot@anthropic.com)"
216.73.216.10 - - [22/Nov/2025:01:13:59 -0800] "GET /2019/10/28/dont-be-a-chicken-%F0%9F%90%93repost-spaghetti_breath%E3%83%BB%E3%83%BB%E3%83%BBmollywoppersnyb-meeting-wednesday-night-730pm-at-omalley-come-get-those-deposits-in-clocks-tic?fileloc=%2Fhome%2Fmollywopper%2Fmollywoppersnyb.com%2Fwp-includes%2Fclass-wp-locale.php&path=%2Fhome%2Fmollywopper%2Fmollywoppersnyb.com%2Fwp-includes HTTP/2.0" 200 5861 "-" "Mozilla/5.0 AppleWebKit/537.36 (KHTML, like Gecko; compatible; ClaudeBot/1.0; +claudebot@anthropic.com)"
74.7.243.224 - - [22/Nov/2025:01:13:58 -0800] "GET /search.php?items/118037399.html HTTP/2.0" 200 86060 "-" "Mozilla/5.0 AppleWebKit/537.36 (KHTML, like Gecko; compatible; GPTBot/1.3; +https://openai.com/gptbot)"
216.73.216.10 - - [22/Nov/2025:01:13:58 -0800] "GET /2019/10/28/dont-be-a-chicken-%F0%9F%90%93repost-spaghetti_breath%E3%83%BB%E3%83%BB%E3%83%BBmollywoppersnyb-meeting-wednesday-night-730pm-at-omalley-come-get-those-deposits-in-clocks-tic?fileloc=%2Fhome%2Fmollywopper%2Fmollywoppersnyb.com%2Fwp-includes%2Fclass-oembed.php&path=%2Fhome%2Fmollywopper%2Fmollywoppersnyb.com%2Fwp-includes HTTP/2.0" 200 9807 "-" "Mozilla/5.0 AppleWebKit/537.36 (KHTML, like Gecko; compatible; ClaudeBot/1.0; +claudebot@anthropic.com)"
216.73.216.10 - - [22/Nov/2025:01:13:59 -0800] "GET /2019/10/28/dont-be-a-chicken-%F0%9F%90%93repost-spaghetti_breath%E3%83%BB%E3%83%BB%E3%83%BBmollywoppersnyb-meeting-wednesday-night-730pm-at-omalley-come-get-those-deposits-in-clocks-tic?fileloc=%2Fhome%2Fmollywopper%2Fmollywoppersnyb.com%2Fwp-includes%2Fspl-autoload-compat.php&path=%2Fhome%2Fmollywopper%2Fmollywoppersnyb.com%2Fwp-includes HTTP/2.0" 200 3482 "-" "Mozilla/5.0 AppleWebKit/537.36 (KHTML, like Gecko; compatible; ClaudeBot/1.0; +claudebot@anthropic.com)"
216.73.216.10 - - [22/Nov/2025:01:13:59 -0800] "GET /2019/10/28/dont-be-a-chicken-%F0%9F%90%93repost-spaghetti_breath%E3%83%BB%E3%83%BB%E3%83%BBmollywoppersnyb-meeting-wednesday-night-730pm-at-omalley-come-get-those-deposits-in-clocks-tic?fileloc=%2Fhome%2Fmollywopper%2Fmollywoppersnyb.com%2Fwp-includes%2Fclass-wp-term-query.php&path=%2Fhome%2Fmollywopper%2Fmollywoppersnyb.com%2Fwp-includes HTTP/2.0" 200 10665 "-" "Mozilla/5.0 AppleWebKit/537.36 (KHTML, like Gecko; compatible; ClaudeBot/1.0; +claudebot@anthropic.com)"
216.73.216.10 - - [22/Nov/2025:01:14:00 -0800] "GET /2019/10/28/dont-be-a-chicken-%F0%9F%90%93repost-spaghetti_breath%E3%83%BB%E3%83%BB%E3%83%BBmollywoppersnyb-meeting-wednesday-night-730pm-at-omalley-come-get-those-deposits-in-clocks-tic?fileloc=%2Fhome%2Fmollywopper%2Fmollywoppersnyb.com%2Fwp-includes%2Ftemplate-loader.php&path=%2Fhome%2Fmollywopper%2Fmollywoppersnyb.com%2Fwp-includes HTTP/2.0" 200 3733 "-" "Mozilla/5.0 AppleWebKit/537.36 (KHTML, like Gecko; compatible; ClaudeBot/1.0; +claudebot@anthropic.com)"
216.73.216.10 - - [22/Nov/2025:01:14:00 -0800] "GET /2019/10/28/dont-be-a-chicken-%F0%9F%90%93repost-spaghetti_breath%E3%83%BB%E3%83%BB%E3%83%BBmollywoppersnyb-meeting-wednesday-night-730pm-at-omalley-come-get-those-deposits-in-clocks-tic?fileloc=%2Fhome%2Fmollywopper%2Fmollywoppersnyb.com%2Fwp-includes%2Fregistration-functions.php&path=%2Fhome%2Fmollywopper%2Fmollywoppersnyb.com%2Fwp-includes HTTP/2.0" 200 2693 "-" "Mozilla/5.0 AppleWebKit/537.36 (KHTML, like Gecko; compatible; ClaudeBot/1.0; +claudebot@anthropic.com)"
216.73.216.10 - - [22/Nov/2025:01:13:59 -0800] "GET /2019/10/28/dont-be-a-chicken-%F0%9F%90%93repost-spaghetti_breath%E3%83%BB%E3%83%BB%E3%83%BBmollywoppersnyb-meeting-wednesday-night-730pm-at-omalley-come-get-those-deposits-in-clocks-tic?fileloc=%2Fhome%2Fmollywopper%2Fmollywoppersnyb.com%2Fwp-includes%2Fclass-walker-page-dropdown.php&path=%2Fhome%2Fmollywopper%2Fmollywoppersnyb.com%2Fwp-includes HTTP/2.0" 200 3546 "-" "Mozilla/5.0 AppleWebKit/537.36 (KHTML, like Gecko; compatible; ClaudeBot/1.0; +claudebot@anthropic.com)"
216.73.216.10 - - [22/Nov/2025:01:13:58 -0800] "GET /2019/10/28/dont-be-a-chicken-%F0%9F%90%93repost-spaghetti_breath%E3%83%BB%E3%83%BB%E3%83%BBmollywoppersnyb-meeting-wednesday-night-730pm-at-omalley-come-get-those-deposits-in-clocks-tic?fileloc=%2Fhome%2Fmollywopper%2Fmollywoppersnyb.com%2Fwp-includes%2Fpluggable-deprecated.php&path=%2Fhome%2Fmollywopper%2Fmollywoppersnyb.com%2Fwp-includes HTTP/2.0" 200 4445 "-" "Mozilla/5.0 AppleWebKit/537.36 (KHTML, like Gecko; compatible; ClaudeBot/1.0; +claudebot@anthropic.com)"
216.73.216.10 - - [22/Nov/2025:01:14:01 -0800] "GET /2019/10/28/dont-be-a-chicken-%F0%9F%90%93repost-spaghetti_breath%E3%83%BB%E3%83%BB%E3%83%BBmollywoppersnyb-meeting-wednesday-night-730pm-at-omalley-come-get-those-deposits-in-clocks-tic?fileloc=%2Fhome%2Fmollywopper%2Fmollywoppersnyb.com%2Fwp-includes%2Fclass-wp-site-query.php&path=%2Fhome%2Fmollywopper%2Fmollywoppersnyb.com%2Fwp-includes HTTP/2.0" 200 7845 "-" "Mozilla/5.0 AppleWebKit/537.36 (KHTML, like Gecko; compatible; ClaudeBot/1.0; +claudebot@anthropic.com)"
216.73.216.10 - - [22/Nov/2025:01:14:01 -0800] "GET /2019/10/28/dont-be-a-chicken-%F0%9F%90%93repost-spaghetti_breath%E3%83%BB%E3%83%BB%E3%83%BBmollywoppersnyb-meeting-wednesday-night-730pm-at-omalley-come-get-those-deposits-in-clocks-tic?fileloc=%2Fhome%2Fmollywopper%2Fmollywoppersnyb.com%2Fwp-includes%2Fclass-wp-widget.php&path=%2Fhome%2Fmollywopper%2Fmollywoppersnyb.com%2Fwp-includes HTTP/2.0" 200 6870 "-" "Mozilla/5.0 AppleWebKit/537.36 (KHTML, like Gecko; compatible; ClaudeBot/1.0; +claudebot@anthropic.com)"
34.227.156.153 - - [22/Nov/2025:01:14:00 -0800] "GET /home/?path=//sys/class/tty/ptype/subsystem/ttyS7/device/subsystem/devices/reg-dummy/subsystem/devices/reg-dummy/driver/reg-dummy/driver/reg-dummy/regulator/regulator.0/device/driver HTTP/1.1" 200 6705 "-" "Mozilla/5.0 AppleWebKit/537.36 (KHTML, like Gecko; compatible; Amazonbot/0.1; +https://developer.amazon.com/support/amazonbot) Chrome/119.0.6045.214 Safari/537.36"
216.73.216.10 - - [22/Nov/2025:01:14:01 -0800] "GET /2019/10/28/dont-be-a-chicken-%F0%9F%90%93repost-spaghetti_breath%E3%83%BB%E3%83%BB%E3%83%BBmollywoppersnyb-meeting-wednesday-night-730pm-at-omalley-come-get-those-deposits-in-clocks-tic?fileloc=%2Fhome%2Fmollywopper%2Fmollywoppersnyb.com%2Fwp-includes%2Fclass-wp-query.php&path=%2Fhome%2Fmollywopper%2Fmollywoppersnyb.com%2Fwp-includes HTTP/2.0" 200 29855 "-" "Mozilla/5.0 AppleWebKit/537.36 (KHTML, like Gecko; compatible; ClaudeBot/1.0; +claudebot@anthropic.com)"
216.73.216.10 - - [22/Nov/2025:01:13:58 -0800] "GET /2019/10/28/dont-be-a-chicken-%F0%9F%90%93repost-spaghetti_breath%E3%83%BB%E3%83%BB%E3%83%BBmollywoppersnyb-meeting-wednesday-night-730pm-at-omalley-come-get-those-deposits-in-clocks-tic?fileloc=%2Fhome%2Fmollywopper%2Fmollywoppersnyb.com%2Fwp-includes%2Fclass-wp-taxonomy.php&path=%2Fhome%2Fmollywopper%2Fmollywoppersnyb.com%2Fwp-includes HTTP/2.0" 200 5015 "-" "Mozilla/5.0 AppleWebKit/537.36 (KHTML, like Gecko; compatible; ClaudeBot/1.0; +claudebot@anthropic.com)"
216.73.216.10 - - [22/Nov/2025:01:14:02 -0800] "GET /2019/10/28/dont-be-a-chicken-%F0%9F%90%93repost-spaghetti_breath%E3%83%BB%E3%83%BB%E3%83%BBmollywoppersnyb-meeting-wednesday-night-730pm-at-omalley-come-get-those-deposits-in-clocks-tic?fileloc=%2Fhome%2Fmollywopper%2Fmollywoppersnyb.com%2Fwp-includes%2Fclass-wp-widget-factory.php&path=%2Fhome%2Fmollywopper%2Fmollywoppersnyb.com%2Fwp-includes HTTP/2.0" 200 3767 "-" "Mozilla/5.0 AppleWebKit/537.36 (KHTML, like Gecko; compatible; ClaudeBot/1.0; +claudebot@anthropic.com)"
216.73.216.10 - - [22/Nov/2025:01:14:00 -0800] "GET /2019/10/28/dont-be-a-chicken-%F0%9F%90%93repost-spaghetti_breath%E3%83%BB%E3%83%BB%E3%83%BBmollywoppersnyb-meeting-wednesday-night-730pm-at-omalley-come-get-those-deposits-in-clocks-tic?fileloc=%2Fhome%2Fmollywopper%2Fmollywoppersnyb.com%2Fwp-includes%2Fms-files.php&path=%2Fhome%2Fmollywopper%2Fmollywoppersnyb.com%2Fwp-includes HTTP/2.0" 200 3692 "-" "Mozilla/5.0 AppleWebKit/537.36 (KHTML, like Gecko; compatible; ClaudeBot/1.0; +claudebot@anthropic.com)"
216.73.216.10 - - [22/Nov/2025:01:14:01 -0800] "GET /2019/10/28/dont-be-a-chicken-%F0%9F%90%93repost-spaghetti_breath%E3%83%BB%E3%83%BB%E3%83%BBmollywoppersnyb-meeting-wednesday-night-730pm-at-omalley-come-get-those-deposits-in-clocks-tic?fileloc=%2Fhome%2Fmollywopper%2Fmollywoppersnyb.com%2Fwp-includes%2Fclass-wp-rewrite.php&path=%2Fhome%2Fmollywopper%2Fmollywoppersnyb.com%2Fwp-includes HTTP/2.0" 200 17162 "-" "Mozilla/5.0 AppleWebKit/537.36 (KHTML, like Gecko; compatible; ClaudeBot/1.0; +claudebot@anthropic.com)"
216.73.216.10 - - [22/Nov/2025:01:14:03 -0800] "GET /2019/10/28/dont-be-a-chicken-%F0%9F%90%93repost-spaghetti_breath%E3%83%BB%E3%83%BB%E3%83%BBmollywoppersnyb-meeting-wednesday-night-730pm-at-omalley-come-get-those-deposits-in-clocks-tic?fileloc=%2Fhome%2Fmollywopper%2Fmollywoppersnyb.com%2Fwp-includes%2Fclass-http.php&path=%2Fhome%2Fmollywopper%2Fmollywoppersnyb.com%2Fwp-includes HTTP/2.0" 200 13035 "-" "Mozilla/5.0 AppleWebKit/537.36 (KHTML, like Gecko; compatible; ClaudeBot/1.0; +claudebot@anthropic.com)"
216.73.216.10 - - [22/Nov/2025:01:14:02 -0800] "GET /2019/10/28/dont-be-a-chicken-%F0%9F%90%93repost-spaghetti_breath%E3%83%BB%E3%83%BB%E3%83%BBmollywoppersnyb-meeting-wednesday-night-730pm-at-omalley-come-get-those-deposits-in-clocks-tic?fileloc=%2Fhome%2Fmollywopper%2Fmollywoppersnyb.com%2Fwp-includes%2Fclass.wp-styles.php&path=%2Fhome%2Fmollywopper%2Fmollywoppersnyb.com%2Fwp-includes HTTP/2.0" 200 5319 "-" "Mozilla/5.0 AppleWebKit/537.36 (KHTML, like Gecko; compatible; ClaudeBot/1.0; +claudebot@anthropic.com)"
