50.19.102.70 - - [22/Nov/2025:01:51:16 -0800] "GET /home/?path=//sys/class/tty/ptype/subsystem/ttyp0/subsystem/ttyv1/subsystem/ttypc/subsystem/ttyqb HTTP/1.1" 200 6605 "-" "Mozilla/5.0 AppleWebKit/537.36 (KHTML, like Gecko; compatible; Amazonbot/0.1; +https://developer.amazon.com/support/amazonbot) Chrome/119.0.6045.214 Safari/537.36"
74.7.243.224 - - [22/Nov/2025:01:51:17 -0800] "GET /search.php?ribbon253046719.html HTTP/2.0" 200 86686 "-" "Mozilla/5.0 AppleWebKit/537.36 (KHTML, like Gecko; compatible; GPTBot/1.3; +https://openai.com/gptbot)"
74.7.243.224 - - [22/Nov/2025:01:51:18 -0800] "GET /search.php?channel=156e34&from=https://mollywoppersnyb.com/chat.htm?items/236035655.html&m=2921046028692 HTTP/2.0" 200 86187 "-" "Mozilla/5.0 AppleWebKit/537.36 (KHTML, like Gecko; compatible; GPTBot/1.3; +https://openai.com/gptbot)"
50.17.193.48 - - [22/Nov/2025:01:51:20 -0800] "GET /?path=//sys/class/tty/ptype/subsystem/ptype/subsystem/ttypa/subsystem/ttyv0/subsystem/ttypc HTTP/1.1" 200 6557 "-" "Mozilla/5.0 AppleWebKit/537.36 (KHTML, like Gecko; compatible; Amazonbot/0.1; +https://developer.amazon.com/support/amazonbot) Chrome/119.0.6045.214 Safari/537.36"
74.7.243.224 - - [22/Nov/2025:01:51:19 -0800] "GET /search.php?items/031049590.html HTTP/2.0" 200 85869 "-" "Mozilla/5.0 AppleWebKit/537.36 (KHTML, like Gecko; compatible; GPTBot/1.3; +https://openai.com/gptbot)"
74.7.243.224 - - [22/Nov/2025:01:51:21 -0800] "GET /search.php?queen253046905.html HTTP/2.0" 200 86577 "-" "Mozilla/5.0 AppleWebKit/537.36 (KHTML, like Gecko; compatible; GPTBot/1.3; +https://openai.com/gptbot)"
74.7.243.224 - - [22/Nov/2025:01:51:22 -0800] "GET /search.php?channel=156e34&from=https://mollywoppersnyb.com/chat.htm?items/254007795.html&m=2921046028692 HTTP/2.0" 200 86028 "-" "Mozilla/5.0 AppleWebKit/537.36 (KHTML, like Gecko; compatible; GPTBot/1.3; +https://openai.com/gptbot)"
74.7.243.224 - - [22/Nov/2025:01:51:24 -0800] "GET /search.php?drink269009973.html HTTP/2.0" 200 86015 "-" "Mozilla/5.0 AppleWebKit/537.36 (KHTML, like Gecko; compatible; GPTBot/1.3; +https://openai.com/gptbot)"
74.7.243.224 - - [22/Nov/2025:01:51:25 -0800] "GET /search.php?product/edit/tuzukiya-m26-15744 HTTP/2.0" 200 85846 "-" "Mozilla/5.0 AppleWebKit/537.36 (KHTML, like Gecko; compatible; GPTBot/1.3; +https://openai.com/gptbot)"
66.249.75.104 - - [22/Nov/2025:01:51:26 -0800] "GET /?market=5082337 HTTP/1.1" 200 25031 "-" "Mozilla/5.0 (Linux; Android 6.0.1; Nexus 5X Build/MMB29P) AppleWebKit/537.36 (KHTML, like Gecko) Chrome/141.0.7390.122 Mobile Safari/537.36 (compatible; Googlebot/2.1; +http://www.google.com/bot.html)"
74.7.243.224 - - [22/Nov/2025:01:51:27 -0800] "GET /search.php?channel=156e34&from=https://mollywoppersnyb.com/chat.htm?items/069018560.html&m=2921046028692 HTTP/2.0" 200 85980 "-" "Mozilla/5.0 AppleWebKit/537.36 (KHTML, like Gecko; compatible; GPTBot/1.3; +https://openai.com/gptbot)"
18.211.39.188 - - [22/Nov/2025:01:51:28 -0800] "GET /home/?path=//sys/class/tty/ptype/subsystem/tty/subsystem/ttype/subsystem/ttyqb/subsystem/ttydb HTTP/1.1" 200 6571 "-" "Mozilla/5.0 AppleWebKit/537.36 (KHTML, like Gecko; compatible; Amazonbot/0.1; +https://developer.amazon.com/support/amazonbot) Chrome/119.0.6045.214 Safari/537.36"
74.7.243.224 - - [22/Nov/2025:01:51:28 -0800] "GET /search.php?icon237011085.html HTTP/2.0" 200 86724 "-" "Mozilla/5.0 AppleWebKit/537.36 (KHTML, like Gecko; compatible; GPTBot/1.3; +https://openai.com/gptbot)"
74.7.243.224 - - [22/Nov/2025:01:51:29 -0800] "GET /search.php?channel=156e34&from=https://mollywoppersnyb.com/chat.htm?pet121003845.html&m=2921046028692 HTTP/2.0" 200 85982 "-" "Mozilla/5.0 AppleWebKit/537.36 (KHTML, like Gecko; compatible; GPTBot/1.3; +https://openai.com/gptbot)"
74.7.243.224 - - [22/Nov/2025:01:51:30 -0800] "GET /search.php?channel=156e34&from=https://mollywoppersnyb.com/chat.htm?items/177014984.html&m=2921046028692 HTTP/2.0" 200 86150 "-" "Mozilla/5.0 AppleWebKit/537.36 (KHTML, like Gecko; compatible; GPTBot/1.3; +https://openai.com/gptbot)"
66.249.75.104 - - [22/Nov/2025:01:51:31 -0800] "GET /category/4738_5227/1 HTTP/1.1" 200 26157 "-" "Mozilla/5.0 (Linux; Android 6.0.1; Nexus 5X Build/MMB29P) AppleWebKit/537.36 (KHTML, like Gecko) Chrome/141.0.7390.122 Mobile Safari/537.36 (compatible; GoogleOther)"
74.7.243.224 - - [22/Nov/2025:01:51:31 -0800] "GET /search.php?channel=156e34&from=https://mollywoppersnyb.com/chat.htm?items/031049590.html&m=2921046028692 HTTP/2.0" 200 85812 "-" "Mozilla/5.0 AppleWebKit/537.36 (KHTML, like Gecko; compatible; GPTBot/1.3; +https://openai.com/gptbot)"
3.212.205.90 - - [22/Nov/2025:01:51:32 -0800] "GET /home/?path=//sys/class/tty/ptype/subsystem/ptyp1/subsystem/ttypc/subsystem/ttysc/subsystem/ptmx HTTP/1.1" 200 6574 "-" "Mozilla/5.0 AppleWebKit/537.36 (KHTML, like Gecko; compatible; Amazonbot/0.1; +https://developer.amazon.com/support/amazonbot) Chrome/119.0.6045.214 Safari/537.36"
74.7.243.224 - - [22/Nov/2025:01:51:33 -0800] "GET /search.php?channel=156e34&from=https://mollywoppersnyb.com/chat.htm?items/233043234.html&m=2921046028692 HTTP/2.0" 200 87534 "-" "Mozilla/5.0 AppleWebKit/537.36 (KHTML, like Gecko; compatible; GPTBot/1.3; +https://openai.com/gptbot)"
74.7.243.224 - - [22/Nov/2025:01:51:34 -0800] "GET /search.php?urban253046621.html HTTP/2.0" 200 86136 "-" "Mozilla/5.0 AppleWebKit/537.36 (KHTML, like Gecko; compatible; GPTBot/1.3; +https://openai.com/gptbot)"
217.113.194.207 - - [22/Nov/2025:01:51:35 -0800] "GET /2019/11/18/its-that-time-of-year-again-for-a-fundraiserrepost-spaghetti_breath%E3%83%BB%E3%83%BB%E3%83%BBthis-sunday-november-24-5-8pm-come-out-to-garagephilly-and-support-mollywoppersnyb-for-t/?fileloc=/home/mollywopper/mollywoppersnyb.com/license.txt&path=/home/mollywopper/mollywoppersnyb.com HTTP/1.1" 200 641 "-" "Mozilla/5.0 (compatible; Barkrowler/0.9; +https://babbar.tech/crawler)"
74.7.243.224 - - [22/Nov/2025:01:51:35 -0800] "GET /search.php?sound253046699.html HTTP/2.0" 200 86119 "-" "Mozilla/5.0 AppleWebKit/537.36 (KHTML, like Gecko; compatible; GPTBot/1.3; +https://openai.com/gptbot)"
74.7.243.224 - - [22/Nov/2025:01:51:37 -0800] "GET /search.php?channel=156e34&from=https://mollywoppersnyb.com/chat.htm?items/102045781.html&m=2921046028692 HTTP/2.0" 200 86184 "-" "Mozilla/5.0 AppleWebKit/537.36 (KHTML, like Gecko; compatible; GPTBot/1.3; +https://openai.com/gptbot)"
74.7.243.224 - - [22/Nov/2025:01:51:38 -0800] "GET /search.php?lower253046989.html HTTP/2.0" 200 87263 "-" "Mozilla/5.0 AppleWebKit/537.36 (KHTML, like Gecko; compatible; GPTBot/1.3; +https://openai.com/gptbot)"
74.7.243.224 - - [22/Nov/2025:01:51:39 -0800] "GET /search.php?nerve145026837.html HTTP/2.0" 200 85932 "-" "Mozilla/5.0 AppleWebKit/537.36 (KHTML, like Gecko; compatible; GPTBot/1.3; +https://openai.com/gptbot)"
34.225.138.57 - - [22/Nov/2025:01:51:40 -0800] "GET /?path=//sys/class/tty/ptype/subsystem/ttyp1/subsystem/ttynull/subsystem/ttysc/subsystem/ttyza HTTP/1.1" 200 6589 "-" "Mozilla/5.0 AppleWebKit/537.36 (KHTML, like Gecko; compatible; Amazonbot/0.1; +https://developer.amazon.com/support/amazonbot) Chrome/119.0.6045.214 Safari/537.36"
74.7.243.224 - - [22/Nov/2025:01:51:41 -0800] "GET /search.php?channel=156e34&from=https://mollywoppersnyb.com/chat.htm?items/206043655.html&m=2921046028692 HTTP/2.0" 200 86805 "-" "Mozilla/5.0 AppleWebKit/537.36 (KHTML, like Gecko; compatible; GPTBot/1.3; +https://openai.com/gptbot)"
74.7.243.224 - - [22/Nov/2025:01:51:42 -0800] "GET /search.php?blow121003845.html HTTP/2.0" 200 85673 "-" "Mozilla/5.0 AppleWebKit/537.36 (KHTML, like Gecko; compatible; GPTBot/1.3; +https://openai.com/gptbot)"
74.7.243.224 - - [22/Nov/2025:01:51:43 -0800] "GET /search.php?crowd259042143.html HTTP/2.0" 200 86116 "-" "Mozilla/5.0 AppleWebKit/537.36 (KHTML, like Gecko; compatible; GPTBot/1.3; +https://openai.com/gptbot)"
98.83.226.125 - - [22/Nov/2025:01:51:44 -0800] "GET /home/?path=//sys/class/tty/ptype/subsystem/ttyS8/device/subsystem/devices/reg-dummy/driver/reg-dummy/driver/reg-dummy/subsystem/drivers/PCCT/PCCT/subsystem/drivers/ramoops HTTP/1.1" 200 6644 "-" "Mozilla/5.0 AppleWebKit/537.36 (KHTML, like Gecko; compatible; Amazonbot/0.1; +https://developer.amazon.com/support/amazonbot) Chrome/119.0.6045.214 Safari/537.36"
74.7.243.224 - - [22/Nov/2025:01:51:44 -0800] "GET /search.php?radical163032739.html HTTP/2.0" 200 86110 "-" "Mozilla/5.0 AppleWebKit/537.36 (KHTML, like Gecko; compatible; GPTBot/1.3; +https://openai.com/gptbot)"
74.7.243.224 - - [22/Nov/2025:01:51:46 -0800] "GET /search.php?channel=156e34&from=https://mollywoppersnyb.com/chat.htm?items/253046594.html&m=2921046028692 HTTP/2.0" 200 86768 "-" "Mozilla/5.0 AppleWebKit/537.36 (KHTML, like Gecko; compatible; GPTBot/1.3; +https://openai.com/gptbot)"
74.7.243.224 - - [22/Nov/2025:01:51:48 -0800] "GET /search.php?channel=156e34&from=https://mollywoppersnyb.com/chat.htm?card253046621.html&m=2921046028692 HTTP/2.0" 200 86415 "-" "Mozilla/5.0 AppleWebKit/537.36 (KHTML, like Gecko; compatible; GPTBot/1.3; +https://openai.com/gptbot)"
54.83.180.239 - - [22/Nov/2025:01:51:48 -0800] "GET /?path=//sys/class/tty/ptype/subsystem/ttyp0/subsystem/ttysc/subsystem/ttyec/subsystem/ttyS1/device HTTP/1.1" 200 6803 "-" "Mozilla/5.0 AppleWebKit/537.36 (KHTML, like Gecko; compatible; Amazonbot/0.1; +https://developer.amazon.com/support/amazonbot) Chrome/119.0.6045.214 Safari/537.36"
74.7.243.224 - - [22/Nov/2025:01:51:49 -0800] "GET /search.php?channel=156e34&from=https://mollywoppersnyb.com/chat.htm?items/168036097.html&m=2921046028692 HTTP/2.0" 200 86238 "-" "Mozilla/5.0 AppleWebKit/537.36 (KHTML, like Gecko; compatible; GPTBot/1.3; +https://openai.com/gptbot)"
66.249.75.104 - - [22/Nov/2025:01:51:49 -0800] "GET /market/1353743174 HTTP/1.1" 200 31353 "-" "Mozilla/5.0 (Linux; Android 6.0.1; Nexus 5X Build/MMB29P) AppleWebKit/537.36 (KHTML, like Gecko) Chrome/141.0.7390.122 Mobile Safari/537.36 (compatible; GoogleOther)"
66.249.75.105 - - [22/Nov/2025:01:51:50 -0800] "GET /?market=1991399915 HTTP/1.1" 200 25243 "-" "Mozilla/5.0 (Linux; Android 6.0.1; Nexus 5X Build/MMB29P) AppleWebKit/537.36 (KHTML, like Gecko) Chrome/141.0.7390.122 Mobile Safari/537.36 (compatible; Googlebot/2.1; +http://www.google.com/bot.html)"
74.7.243.224 - - [22/Nov/2025:01:51:50 -0800] "GET /search.php?channel=156e34&from=https://mollywoppersnyb.com/chat.htm?items/008049079.html&m=2921046028692 HTTP/2.0" 200 86249 "-" "Mozilla/5.0 AppleWebKit/537.36 (KHTML, like Gecko; compatible; GPTBot/1.3; +https://openai.com/gptbot)"
74.7.243.224 - - [22/Nov/2025:01:51:51 -0800] "GET /search.php?channel=156e34&from=https://mollywoppersnyb.com/chat.htm?items/122030921.html&m=2921046028692 HTTP/2.0" 200 86342 "-" "Mozilla/5.0 AppleWebKit/537.36 (KHTML, like Gecko; compatible; GPTBot/1.3; +https://openai.com/gptbot)"
18.215.112.101 - - [22/Nov/2025:01:51:52 -0800] "GET /home/?path=//sys/class/tty/ptype/subsystem/ttyp1/subsystem/ttycc/subsystem/ttyv0/subsystem/ttyv1 HTTP/1.1" 200 6580 "-" "Mozilla/5.0 AppleWebKit/537.36 (KHTML, like Gecko; compatible; Amazonbot/0.1; +https://developer.amazon.com/support/amazonbot) Chrome/119.0.6045.214 Safari/537.36"
74.7.243.224 - - [22/Nov/2025:01:51:53 -0800] "GET /search.php?channel=156e34&from=https://mollywoppersnyb.com/chat.htm?items/027037360.html&m=2921046028692 HTTP/2.0" 200 86008 "-" "Mozilla/5.0 AppleWebKit/537.36 (KHTML, like Gecko; compatible; GPTBot/1.3; +https://openai.com/gptbot)"
74.7.243.224 - - [22/Nov/2025:01:51:54 -0800] "GET /search.php?channel=156e34&from=https://mollywoppersnyb.com/chat.htm?memory233043901.html&m=2921046028692 HTTP/2.0" 200 87245 "-" "Mozilla/5.0 AppleWebKit/537.36 (KHTML, like Gecko; compatible; GPTBot/1.3; +https://openai.com/gptbot)"
74.7.243.224 - - [22/Nov/2025:01:51:55 -0800] "GET /search.php?channel=156e34&from=https://mollywoppersnyb.com/chat.htm?items/178022623.html&m=2921046028692 HTTP/2.0" 200 86003 "-" "Mozilla/5.0 AppleWebKit/537.36 (KHTML, like Gecko; compatible; GPTBot/1.3; +https://openai.com/gptbot)"
74.7.243.224 - - [22/Nov/2025:01:51:57 -0800] "GET /search.php?channel=156e34&from=https://mollywoppersnyb.com/chat.htm?items/098020361.html&m=2921046028692 HTTP/2.0" 200 86308 "-" "Mozilla/5.0 AppleWebKit/537.36 (KHTML, like Gecko; compatible; GPTBot/1.3; +https://openai.com/gptbot)"
74.7.243.224 - - [22/Nov/2025:01:51:58 -0800] "GET /search.php?flood253046597.html HTTP/2.0" 200 86808 "-" "Mozilla/5.0 AppleWebKit/537.36 (KHTML, like Gecko; compatible; GPTBot/1.3; +https://openai.com/gptbot)"
74.7.243.224 - - [22/Nov/2025:01:51:59 -0800] "GET /search.php?items/199011180.html HTTP/2.0" 200 86481 "-" "Mozilla/5.0 AppleWebKit/537.36 (KHTML, like Gecko; compatible; GPTBot/1.3; +https://openai.com/gptbot)"
3.220.70.171 - - [22/Nov/2025:01:52:00 -0800] "GET /home/?path=//sys/class/tty/ptype/subsystem/ptype/subsystem/ttysc/subsystem/ttycd/subsystem/ptyp0 HTTP/1.1" 200 6552 "-" "Mozilla/5.0 AppleWebKit/537.36 (KHTML, like Gecko; compatible; Amazonbot/0.1; +https://developer.amazon.com/support/amazonbot) Chrome/119.0.6045.214 Safari/537.36"
74.7.243.224 - - [22/Nov/2025:01:52:01 -0800] "GET /search.php?channel=156e34&from=https://mollywoppersnyb.com/chat.htm?rhythm253046677.html&m=2921046028692 HTTP/2.0" 200 86379 "-" "Mozilla/5.0 AppleWebKit/537.36 (KHTML, like Gecko; compatible; GPTBot/1.3; +https://openai.com/gptbot)"
74.7.243.224 - - [22/Nov/2025:01:52:02 -0800] "GET /search.php?channel=156e34&from=https://mollywoppersnyb.com/chat.htm?studio296001716.html&m=2921046028692 HTTP/2.0" 200 87475 "-" "Mozilla/5.0 AppleWebKit/537.36 (KHTML, like Gecko; compatible; GPTBot/1.3; +https://openai.com/gptbot)"
54.83.180.239 - - [22/Nov/2025:01:52:04 -0800] "GET /?path=//sys/class/tty/ptype/subsystem/ttyp1/subsystem/ttypc/subsystem/ttyv1/subsystem/tty0 HTTP/1.1" 200 6656 "-" "Mozilla/5.0 AppleWebKit/537.36 (KHTML, like Gecko; compatible; Amazonbot/0.1; +https://developer.amazon.com/support/amazonbot) Chrome/119.0.6045.214 Safari/537.36"
74.7.243.224 - - [22/Nov/2025:01:52:03 -0800] "GET /search.php?trick145026837.html HTTP/2.0" 200 85952 "-" "Mozilla/5.0 AppleWebKit/537.36 (KHTML, like Gecko; compatible; GPTBot/1.3; +https://openai.com/gptbot)"
66.249.75.105 - - [22/Nov/2025:01:52:04 -0800] "GET /market/2038654223 HTTP/1.1" 200 24274 "-" "Mozilla/5.0 (Linux; Android 6.0.1; Nexus 5X Build/MMB29P) AppleWebKit/537.36 (KHTML, like Gecko) Chrome/141.0.7390.122 Mobile Safari/537.36 (compatible; GoogleOther)"
74.7.243.224 - - [22/Nov/2025:01:52:05 -0800] "GET /search.php?Indian253046671.html HTTP/2.0" 200 86807 "-" "Mozilla/5.0 AppleWebKit/537.36 (KHTML, like Gecko; compatible; GPTBot/1.3; +https://openai.com/gptbot)"
40.77.167.36 - - [22/Nov/2025:01:52:06 -0800] "GET /?market=1142305627 HTTP/2.0" 200 28409 "-" "Mozilla/5.0 AppleWebKit/537.36 (KHTML, like Gecko; compatible; bingbot/2.0; +http://www.bing.com/bingbot.htm) Chrome/116.0.1938.76 Safari/537.36"
74.7.243.224 - - [22/Nov/2025:01:52:06 -0800] "GET /search.php?channel=156e34&from=https://mollywoppersnyb.com/chat.htm?add268021054.html&m=2921046028692 HTTP/2.0" 200 86533 "-" "Mozilla/5.0 AppleWebKit/537.36 (KHTML, like Gecko; compatible; GPTBot/1.3; +https://openai.com/gptbot)"
74.7.243.224 - - [22/Nov/2025:01:52:08 -0800] "GET /search.php?fully253046687.html HTTP/2.0" 200 86218 "-" "Mozilla/5.0 AppleWebKit/537.36 (KHTML, like Gecko; compatible; GPTBot/1.3; +https://openai.com/gptbot)"
34.196.6.199 - - [22/Nov/2025:01:52:08 -0800] "GET /?path=//sys/class/tty/ptype/subsystem/ptype/subsystem/ttyp0/subsystem/ttyp8/subsystem/ttynull HTTP/1.1" 200 6539 "-" "Mozilla/5.0 AppleWebKit/537.36 (KHTML, like Gecko; compatible; Amazonbot/0.1; +https://developer.amazon.com/support/amazonbot) Chrome/119.0.6045.214 Safari/537.36"
66.249.75.104 - - [22/Nov/2025:01:52:09 -0800] "GET /market/1353779793 HTTP/1.1" 200 25829 "-" "Mozilla/5.0 (Linux; Android 6.0.1; Nexus 5X Build/MMB29P) AppleWebKit/537.36 (KHTML, like Gecko) Chrome/141.0.7390.122 Mobile Safari/537.36 (compatible; GoogleOther)"
74.7.243.224 - - [22/Nov/2025:01:52:08 -0800] "GET /search.php?product/edit/peintall-nia000017 HTTP/2.0" 200 86385 "-" "Mozilla/5.0 AppleWebKit/537.36 (KHTML, like Gecko; compatible; GPTBot/1.3; +https://openai.com/gptbot)"
74.7.243.224 - - [22/Nov/2025:01:52:10 -0800] "GET /search.php?including253046745.html HTTP/2.0" 200 86281 "-" "Mozilla/5.0 AppleWebKit/537.36 (KHTML, like Gecko; compatible; GPTBot/1.3; +https://openai.com/gptbot)"
74.7.243.224 - - [22/Nov/2025:01:52:11 -0800] "GET /search.php?channel=156e34&from=https://mollywoppersnyb.com/chat.htm?items/133041568.html&m=2921046028692 HTTP/2.0" 200 85739 "-" "Mozilla/5.0 AppleWebKit/537.36 (KHTML, like Gecko; compatible; GPTBot/1.3; +https://openai.com/gptbot)"
74.7.243.224 - - [22/Nov/2025:01:52:12 -0800] "GET /search.php?channel=156e34&from=https://mollywoppersnyb.com/chat.htm?items/237025166.html&m=2921046028692 HTTP/2.0" 200 86248 "-" "Mozilla/5.0 AppleWebKit/537.36 (KHTML, like Gecko; compatible; GPTBot/1.3; +https://openai.com/gptbot)"
74.7.243.224 - - [22/Nov/2025:01:52:13 -0800] "GET /search.php?channel=156e34&from=https://mollywoppersnyb.com/chat.htm?items/106042793.html&m=2921046028692 HTTP/2.0" 200 85921 "-" "Mozilla/5.0 AppleWebKit/537.36 (KHTML, like Gecko; compatible; GPTBot/1.3; +https://openai.com/gptbot)"
74.7.243.224 - - [22/Nov/2025:01:52:14 -0800] "GET /search.php?channel=156e34&from=https://mollywoppersnyb.com/chat.htm?spot253046937.html&m=2921046028692 HTTP/2.0" 200 86767 "-" "Mozilla/5.0 AppleWebKit/537.36 (KHTML, like Gecko; compatible; GPTBot/1.3; +https://openai.com/gptbot)"
74.7.243.224 - - [22/Nov/2025:01:52:15 -0800] "GET /search.php?fixed253046741.html HTTP/2.0" 200 86857 "-" "Mozilla/5.0 AppleWebKit/537.36 (KHTML, like Gecko; compatible; GPTBot/1.3; +https://openai.com/gptbot)"
74.7.243.224 - - [22/Nov/2025:01:52:17 -0800] "GET /search.php?inquiry253046737.html HTTP/2.0" 200 86976 "-" "Mozilla/5.0 AppleWebKit/537.36 (KHTML, like Gecko; compatible; GPTBot/1.3; +https://openai.com/gptbot)"
74.7.243.224 - - [22/Nov/2025:01:52:19 -0800] "GET /search.php?channel=156e34&from=https://mollywoppersnyb.com/chat.htm?badly111004895.html&m=2921046028692 HTTP/2.0" 200 86266 "-" "Mozilla/5.0 AppleWebKit/537.36 (KHTML, like Gecko; compatible; GPTBot/1.3; +https://openai.com/gptbot)"
52.45.15.233 - - [22/Nov/2025:01:52:20 -0800] "GET /home/?path=//sys/class/tty/ptype/subsystem/ptyp1/subsystem/ttyvd/subsystem/ttype/subsystem/ttynull HTTP/1.1" 200 6598 "-" "Mozilla/5.0 AppleWebKit/537.36 (KHTML, like Gecko; compatible; Amazonbot/0.1; +https://developer.amazon.com/support/amazonbot) Chrome/119.0.6045.214 Safari/537.36"
74.7.243.224 - - [22/Nov/2025:01:52:20 -0800] "GET /search.php?channel=156e34&from=https://mollywoppersnyb.com/chat.htm?pray098046794.html&m=2921046028692 HTTP/2.0" 200 85926 "-" "Mozilla/5.0 AppleWebKit/537.36 (KHTML, like Gecko; compatible; GPTBot/1.3; +https://openai.com/gptbot)"
74.7.243.224 - - [22/Nov/2025:01:52:22 -0800] "GET /search.php?jungle253046779.html HTTP/2.0" 200 86281 "-" "Mozilla/5.0 AppleWebKit/537.36 (KHTML, like Gecko; compatible; GPTBot/1.3; +https://openai.com/gptbot)"
74.7.243.224 - - [22/Nov/2025:01:52:23 -0800] "GET /search.php?domain253046941.html HTTP/2.0" 200 86705 "-" "Mozilla/5.0 AppleWebKit/537.36 (KHTML, like Gecko; compatible; GPTBot/1.3; +https://openai.com/gptbot)"
66.249.75.104 - - [22/Nov/2025:01:52:24 -0800] "GET /market/1353817661 HTTP/1.1" 200 25482 "-" "Mozilla/5.0 (Linux; Android 6.0.1; Nexus 5X Build/MMB29P) AppleWebKit/537.36 (KHTML, like Gecko) Chrome/141.0.7390.122 Mobile Safari/537.36 (compatible; GoogleOther)"
74.7.243.224 - - [22/Nov/2025:01:52:24 -0800] "GET /search.php?channel=156e34&from=https://mollywoppersnyb.com/chat.htm?items/207028806.html&m=2921046028692 HTTP/2.0" 200 87390 "-" "Mozilla/5.0 AppleWebKit/537.36 (KHTML, like Gecko; compatible; GPTBot/1.3; +https://openai.com/gptbot)"
74.7.243.224 - - [22/Nov/2025:01:52:25 -0800] "GET /search.php?channel=156e34&from=https://mollywoppersnyb.com/chat.htm?items/137037436.html&m=2921046028692 HTTP/2.0" 200 85706 "-" "Mozilla/5.0 AppleWebKit/537.36 (KHTML, like Gecko; compatible; GPTBot/1.3; +https://openai.com/gptbot)"
74.7.243.224 - - [22/Nov/2025:01:52:26 -0800] "GET /search.php?channel=156e34&from=https://mollywoppersnyb.com/chat.htm?single253046609.html&m=2921046028692 HTTP/2.0" 200 86392 "-" "Mozilla/5.0 AppleWebKit/537.36 (KHTML, like Gecko; compatible; GPTBot/1.3; +https://openai.com/gptbot)"
74.7.243.224 - - [22/Nov/2025:01:52:28 -0800] "GET /search.php?bury253046597.html HTTP/2.0" 200 86615 "-" "Mozilla/5.0 AppleWebKit/537.36 (KHTML, like Gecko; compatible; GPTBot/1.3; +https://openai.com/gptbot)"
74.7.243.224 - - [22/Nov/2025:01:52:29 -0800] "GET /search.php?skill253046919.html HTTP/2.0" 200 86826 "-" "Mozilla/5.0 AppleWebKit/537.36 (KHTML, like Gecko; compatible; GPTBot/1.3; +https://openai.com/gptbot)"
74.7.243.224 - - [22/Nov/2025:01:52:30 -0800] "GET /search.php?channel=156e34&from=https://mollywoppersnyb.com/chat.htm?items/109041722.html&m=2921046028692 HTTP/2.0" 200 86101 "-" "Mozilla/5.0 AppleWebKit/537.36 (KHTML, like Gecko; compatible; GPTBot/1.3; +https://openai.com/gptbot)"
74.7.243.224 - - [22/Nov/2025:01:52:31 -0800] "GET /search.php?channel=156e34&from=https://mollywoppersnyb.com/chat.htm?items/111002944.html&m=2921046028692 HTTP/2.0" 200 85851 "-" "Mozilla/5.0 AppleWebKit/537.36 (KHTML, like Gecko; compatible; GPTBot/1.3; +https://openai.com/gptbot)"
54.83.180.239 - - [22/Nov/2025:01:52:32 -0800] "GET /home/?path=//sys/class/tty/ptype/subsystem/ttyp0/subsystem/ttyv0/subsystem/ttyrf/subsystem/ttyec HTTP/1.1" 200 6520 "-" "Mozilla/5.0 AppleWebKit/537.36 (KHTML, like Gecko; compatible; Amazonbot/0.1; +https://developer.amazon.com/support/amazonbot) Chrome/119.0.6045.214 Safari/537.36"
74.7.243.224 - - [22/Nov/2025:01:52:32 -0800] "GET /search.php?channel=156e34&from=https://mollywoppersnyb.com/chat.htm?plus253046737.html&m=2921046028692 HTTP/2.0" 200 86366 "-" "Mozilla/5.0 AppleWebKit/537.36 (KHTML, like Gecko; compatible; GPTBot/1.3; +https://openai.com/gptbot)"
74.7.243.224 - - [22/Nov/2025:01:52:33 -0800] "GET /search.php?four253046941.html HTTP/2.0" 200 86176 "-" "Mozilla/5.0 AppleWebKit/537.36 (KHTML, like Gecko; compatible; GPTBot/1.3; +https://openai.com/gptbot)"
74.7.243.224 - - [22/Nov/2025:01:52:35 -0800] "GET /search.php?channel=156e34&from=https://mollywoppersnyb.com/chat.htm?birth253046651.html&m=2921046028692 HTTP/2.0" 200 86636 "-" "Mozilla/5.0 AppleWebKit/537.36 (KHTML, like Gecko; compatible; GPTBot/1.3; +https://openai.com/gptbot)"
54.39.136.190 - - [22/Nov/2025:01:52:37 -0800] "GET /?market=798065108 HTTP/2.0" 200 109 "-" "Mozilla/5.0 (compatible; AhrefsBot/7.0; +http://ahrefs.com/robot/)"
74.7.243.224 - - [22/Nov/2025:01:52:36 -0800] "GET /search.php?items/148023595.html HTTP/2.0" 200 86028 "-" "Mozilla/5.0 AppleWebKit/537.36 (KHTML, like Gecko; compatible; GPTBot/1.3; +https://openai.com/gptbot)"
66.249.75.104 - - [22/Nov/2025:01:52:38 -0800] "GET /?market=1991758570 HTTP/1.1" 200 30027 "-" "Mozilla/5.0 (Linux; Android 6.0.1; Nexus 5X Build/MMB29P) AppleWebKit/537.36 (KHTML, like Gecko) Chrome/141.0.7390.122 Mobile Safari/537.36 (compatible; Googlebot/2.1; +http://www.google.com/bot.html)"
74.7.243.224 - - [22/Nov/2025:01:52:38 -0800] "GET /search.php?channel=156e34&from=https://mollywoppersnyb.com/chat.htm?front253046609.html&m=2921046028692 HTTP/2.0" 200 86325 "-" "Mozilla/5.0 AppleWebKit/537.36 (KHTML, like Gecko; compatible; GPTBot/1.3; +https://openai.com/gptbot)"
74.7.243.224 - - [22/Nov/2025:01:52:39 -0800] "GET /search.php?channel=156e34&from=https://mollywoppersnyb.com/chat.htm?items/236030879.html&m=2921046028692 HTTP/2.0" 200 86345 "-" "Mozilla/5.0 AppleWebKit/537.36 (KHTML, like Gecko; compatible; GPTBot/1.3; +https://openai.com/gptbot)"
74.7.243.224 - - [22/Nov/2025:01:52:40 -0800] "GET /search.php?channel=156e34&from=https://mollywoppersnyb.com/chat.htm?star074007460.html&m=2921046028692 HTTP/2.0" 200 86928 "-" "Mozilla/5.0 AppleWebKit/537.36 (KHTML, like Gecko; compatible; GPTBot/1.3; +https://openai.com/gptbot)"
66.249.75.104 - - [22/Nov/2025:01:52:41 -0800] "GET /market/403538766 HTTP/1.1" 200 26931 "-" "Mozilla/5.0 (Linux; Android 6.0.1; Nexus 5X Build/MMB29P) AppleWebKit/537.36 (KHTML, like Gecko) Chrome/141.0.7390.122 Mobile Safari/537.36 (compatible; GoogleOther)"
74.7.243.224 - - [22/Nov/2025:01:52:41 -0800] "GET /search.php?items/171007510.html HTTP/2.0" 200 86138 "-" "Mozilla/5.0 AppleWebKit/537.36 (KHTML, like Gecko; compatible; GPTBot/1.3; +https://openai.com/gptbot)"
74.7.243.224 - - [22/Nov/2025:01:52:42 -0800] "GET /search.php?channel=156e34&from=https://mollywoppersnyb.com/chat.htm?modest253046695.html&m=2921046028692 HTTP/2.0" 200 86455 "-" "Mozilla/5.0 AppleWebKit/537.36 (KHTML, like Gecko; compatible; GPTBot/1.3; +https://openai.com/gptbot)"
74.7.243.224 - - [22/Nov/2025:01:52:44 -0800] "GET /search.php?channel=156e34&from=https://mollywoppersnyb.com/chat.htm?carpet253046835.html&m=2921046028692 HTTP/2.0" 200 86442 "-" "Mozilla/5.0 AppleWebKit/537.36 (KHTML, like Gecko; compatible; GPTBot/1.3; +https://openai.com/gptbot)"
74.7.243.224 - - [22/Nov/2025:01:52:45 -0800] "GET /search.php?channel=156e34&from=https://mollywoppersnyb.com/chat.htm?lap253046691.html&m=2921046028692 HTTP/2.0" 200 86580 "-" "Mozilla/5.0 AppleWebKit/537.36 (KHTML, like Gecko; compatible; GPTBot/1.3; +https://openai.com/gptbot)"
74.7.243.224 - - [22/Nov/2025:01:52:47 -0800] "GET /search.php?channel=156e34&from=https://mollywoppersnyb.com/chat.htm?value241022649.html&m=2921046028692 HTTP/2.0" 200 86516 "-" "Mozilla/5.0 AppleWebKit/537.36 (KHTML, like Gecko; compatible; GPTBot/1.3; +https://openai.com/gptbot)"
74.7.243.224 - - [22/Nov/2025:01:52:48 -0800] "GET /search.php?fun253046597.html HTTP/2.0" 200 86842 "-" "Mozilla/5.0 AppleWebKit/537.36 (KHTML, like Gecko; compatible; GPTBot/1.3; +https://openai.com/gptbot)"
74.7.243.224 - - [22/Nov/2025:01:52:49 -0800] "GET /search.php?golf253046689.html HTTP/2.0" 200 86246 "-" "Mozilla/5.0 AppleWebKit/537.36 (KHTML, like Gecko; compatible; GPTBot/1.3; +https://openai.com/gptbot)"
74.7.243.224 - - [22/Nov/2025:01:52:50 -0800] "GET /search.php?assist253046847.html HTTP/2.0" 200 86763 "-" "Mozilla/5.0 AppleWebKit/537.36 (KHTML, like Gecko; compatible; GPTBot/1.3; +https://openai.com/gptbot)"
34.239.197.197 - - [22/Nov/2025:01:52:52 -0800] "GET /?path=//sys/class/tty/ptype/subsystem/ttype/subsystem/ttyp0/subsystem/ttycb/subsystem/ptmx HTTP/1.1" 200 6532 "-" "Mozilla/5.0 AppleWebKit/537.36 (KHTML, like Gecko; compatible; Amazonbot/0.1; +https://developer.amazon.com/support/amazonbot) Chrome/119.0.6045.214 Safari/537.36"
74.7.243.224 - - [22/Nov/2025:01:52:52 -0800] "GET /search.php?naked253046941.html HTTP/2.0" 200 86665 "-" "Mozilla/5.0 AppleWebKit/537.36 (KHTML, like Gecko; compatible; GPTBot/1.3; +https://openai.com/gptbot)"
74.7.243.224 - - [22/Nov/2025:01:52:53 -0800] "GET /search.php?edge253046691.html HTTP/2.0" 200 86445 "-" "Mozilla/5.0 AppleWebKit/537.36 (KHTML, like Gecko; compatible; GPTBot/1.3; +https://openai.com/gptbot)"
66.249.75.104 - - [22/Nov/2025:01:52:54 -0800] "GET /market/2038607800 HTTP/1.1" 200 24904 "-" "Mozilla/5.0 (Linux; Android 6.0.1; Nexus 5X Build/MMB29P) AppleWebKit/537.36 (KHTML, like Gecko) Chrome/141.0.7390.122 Mobile Safari/537.36 (compatible; GoogleOther)"
74.7.243.224 - - [22/Nov/2025:01:52:54 -0800] "GET /search.php?coordinator253046663.html HTTP/2.0" 200 86153 "-" "Mozilla/5.0 AppleWebKit/537.36 (KHTML, like Gecko; compatible; GPTBot/1.3; +https://openai.com/gptbot)"
74.7.243.224 - - [22/Nov/2025:01:52:56 -0800] "GET /search.php?knife253046845.html HTTP/2.0" 200 86473 "-" "Mozilla/5.0 AppleWebKit/537.36 (KHTML, like Gecko; compatible; GPTBot/1.3; +https://openai.com/gptbot)"
66.249.75.104 - - [22/Nov/2025:01:52:58 -0800] "GET /Congress/n275?pid=6922 HTTP/1.1" 200 21980 "-" "Mozilla/5.0 (Linux; Android 6.0.1; Nexus 5X Build/MMB29P) AppleWebKit/537.36 (KHTML, like Gecko) Chrome/141.0.7390.122 Mobile Safari/537.36 (compatible; GoogleOther)"
74.7.243.224 - - [22/Nov/2025:01:52:57 -0800] "GET /search.php?channel=156e34&from=https://mollywoppersnyb.com/chat.htm?wheelchair253046691.html&m=2921046028692 HTTP/2.0" 200 85988 "-" "Mozilla/5.0 AppleWebKit/537.36 (KHTML, like Gecko; compatible; GPTBot/1.3; +https://openai.com/gptbot)"
74.7.243.224 - - [22/Nov/2025:01:52:59 -0800] "GET /search.php?channel=156e34&from=https://mollywoppersnyb.com/chat.htm?wagon253046695.html&m=2921046028692 HTTP/2.0" 200 86534 "-" "Mozilla/5.0 AppleWebKit/537.36 (KHTML, like Gecko; compatible; GPTBot/1.3; +https://openai.com/gptbot)"
74.7.243.224 - - [22/Nov/2025:01:53:00 -0800] "GET /search.php?channel=156e34&from=https://mollywoppersnyb.com/chat.htm?items/037001740.html&m=2921046028692 HTTP/2.0" 200 86047 "-" "Mozilla/5.0 AppleWebKit/537.36 (KHTML, like Gecko; compatible; GPTBot/1.3; +https://openai.com/gptbot)"
66.249.75.105 - - [22/Nov/2025:01:53:02 -0800] "GET /market/2038632790 HTTP/1.1" 200 24844 "-" "Mozilla/5.0 (Linux; Android 6.0.1; Nexus 5X Build/MMB29P) AppleWebKit/537.36 (KHTML, like Gecko) Chrome/141.0.7390.122 Mobile Safari/537.36 (compatible; GoogleOther)"
74.7.243.224 - - [22/Nov/2025:01:53:02 -0800] "GET /search.php?channel=156e34&from=https://mollywoppersnyb.com/chat.htm?items/056007927.html&m=2921046028692 HTTP/2.0" 200 85900 "-" "Mozilla/5.0 AppleWebKit/537.36 (KHTML, like Gecko; compatible; GPTBot/1.3; +https://openai.com/gptbot)"
74.7.243.224 - - [22/Nov/2025:01:53:03 -0800] "GET /search.php?channel=156e34&from=https://mollywoppersnyb.com/chat.htm?tape253046847.html&m=2921046028692 HTTP/2.0" 200 86472 "-" "Mozilla/5.0 AppleWebKit/537.36 (KHTML, like Gecko; compatible; GPTBot/1.3; +https://openai.com/gptbot)"
184.72.84.154 - - [22/Nov/2025:01:53:04 -0800] "GET /?path=//sys/class/tty/ptype/subsystem/ttysd/subsystem/ttype/subsystem/ttyp1/subsystem/ttyp0 HTTP/1.1" 200 6523 "-" "Mozilla/5.0 AppleWebKit/537.36 (KHTML, like Gecko; compatible; Amazonbot/0.1; +https://developer.amazon.com/support/amazonbot) Chrome/119.0.6045.214 Safari/537.36"
74.7.243.224 - - [22/Nov/2025:01:53:05 -0800] "GET /search.php?rumor253046715.html HTTP/2.0" 200 86575 "-" "Mozilla/5.0 AppleWebKit/537.36 (KHTML, like Gecko; compatible; GPTBot/1.3; +https://openai.com/gptbot)"
74.7.243.224 - - [22/Nov/2025:01:53:06 -0800] "GET /search.php?whole253046769.html HTTP/2.0" 200 87186 "-" "Mozilla/5.0 AppleWebKit/537.36 (KHTML, like Gecko; compatible; GPTBot/1.3; +https://openai.com/gptbot)"
74.7.243.224 - - [22/Nov/2025:01:53:07 -0800] "GET /search.php?channel=156e34&from=https://mollywoppersnyb.com/chat.htm?commit253046559.html&m=2921046028692 HTTP/2.0" 200 86206 "-" "Mozilla/5.0 AppleWebKit/537.36 (KHTML, like Gecko; compatible; GPTBot/1.3; +https://openai.com/gptbot)"
74.7.243.224 - - [22/Nov/2025:01:53:08 -0800] "GET /search.php?due253046691.html HTTP/2.0" 200 86193 "-" "Mozilla/5.0 AppleWebKit/537.36 (KHTML, like Gecko; compatible; GPTBot/1.3; +https://openai.com/gptbot)"
74.7.243.224 - - [22/Nov/2025:01:53:09 -0800] "GET /search.php?want134032196.html HTTP/2.0" 200 85911 "-" "Mozilla/5.0 AppleWebKit/537.36 (KHTML, like Gecko; compatible; GPTBot/1.3; +https://openai.com/gptbot)"
74.7.243.224 - - [22/Nov/2025:01:53:10 -0800] "GET /search.php?channel=156e34&from=https://mollywoppersnyb.com/chat.htm?items/022040177.html&m=2921046028692 HTTP/2.0" 200 85684 "-" "Mozilla/5.0 AppleWebKit/537.36 (KHTML, like Gecko; compatible; GPTBot/1.3; +https://openai.com/gptbot)"
54.89.90.224 - - [22/Nov/2025:01:53:12 -0800] "GET /?path=//sys/class/tty/ptype/subsystem/ttyp1/subsystem/ttyp0/subsystem/ttyec/subsystem/ttyv3 HTTP/1.1" 200 6527 "-" "Mozilla/5.0 AppleWebKit/537.36 (KHTML, like Gecko; compatible; Amazonbot/0.1; +https://developer.amazon.com/support/amazonbot) Chrome/119.0.6045.214 Safari/537.36"
74.7.243.224 - - [22/Nov/2025:01:53:12 -0800] "GET /search.php?channel=156e34&from=https://mollywoppersnyb.com/chat.htm?realm225049621.html&m=2921046028692 HTTP/2.0" 200 86192 "-" "Mozilla/5.0 AppleWebKit/537.36 (KHTML, like Gecko; compatible; GPTBot/1.3; +https://openai.com/gptbot)"
74.7.243.224 - - [22/Nov/2025:01:53:13 -0800] "GET /search.php?channel=156e34&from=https://mollywoppersnyb.com/chat.htm?proof253046933.html&m=2921046028692 HTTP/2.0" 200 86829 "-" "Mozilla/5.0 AppleWebKit/537.36 (KHTML, like Gecko; compatible; GPTBot/1.3; +https://openai.com/gptbot)"
74.7.243.224 - - [22/Nov/2025:01:53:14 -0800] "GET /search.php?wing283016439.html HTTP/2.0" 200 85839 "-" "Mozilla/5.0 AppleWebKit/537.36 (KHTML, like Gecko; compatible; GPTBot/1.3; +https://openai.com/gptbot)"
74.7.243.224 - - [22/Nov/2025:01:53:16 -0800] "GET /search.php?basement253046933.html HTTP/2.0" 200 86702 "-" "Mozilla/5.0 AppleWebKit/537.36 (KHTML, like Gecko; compatible; GPTBot/1.3; +https://openai.com/gptbot)"
66.249.75.105 - - [22/Nov/2025:01:53:17 -0800] "GET /market/50261120 HTTP/1.1" 200 24559 "-" "Mozilla/5.0 (Linux; Android 6.0.1; Nexus 5X Build/MMB29P) AppleWebKit/537.36 (KHTML, like Gecko) Chrome/141.0.7390.122 Mobile Safari/537.36 (compatible; GoogleOther)"
74.7.243.224 - - [22/Nov/2025:01:53:17 -0800] "GET /search.php?channel=156e34&from=https://mollywoppersnyb.com/chat.htm?oxygen281034953.html&m=2921046028692 HTTP/2.0" 200 86128 "-" "Mozilla/5.0 AppleWebKit/537.36 (KHTML, like Gecko; compatible; GPTBot/1.3; +https://openai.com/gptbot)"
74.7.243.224 - - [22/Nov/2025:01:53:19 -0800] "GET /search.php?brown253046769.html HTTP/2.0" 200 87415 "-" "Mozilla/5.0 AppleWebKit/537.36 (KHTML, like Gecko; compatible; GPTBot/1.3; +https://openai.com/gptbot)"
74.7.243.224 - - [22/Nov/2025:01:53:21 -0800] "GET /search.php?south253046713.html HTTP/2.0" 200 86149 "-" "Mozilla/5.0 AppleWebKit/537.36 (KHTML, like Gecko; compatible; GPTBot/1.3; +https://openai.com/gptbot)"
74.7.243.224 - - [22/Nov/2025:01:53:22 -0800] "GET /search.php?channel=156e34&from=https://mollywoppersnyb.com/chat.htm?trail253046781.html&m=2921046028692 HTTP/2.0" 200 86362 "-" "Mozilla/5.0 AppleWebKit/537.36 (KHTML, like Gecko; compatible; GPTBot/1.3; +https://openai.com/gptbot)"
66.249.75.104 - - [22/Nov/2025:01:53:23 -0800] "GET /?market=1696675555 HTTP/1.1" 200 26160 "-" "Mozilla/5.0 (Linux; Android 6.0.1; Nexus 5X Build/MMB29P) AppleWebKit/537.36 (KHTML, like Gecko) Chrome/141.0.7390.122 Mobile Safari/537.36 (compatible; Googlebot/2.1; +http://www.google.com/bot.html)"
74.7.243.224 - - [22/Nov/2025:01:53:24 -0800] "GET /search.php?channel=156e34&from=https://mollywoppersnyb.com/chat.htm?strike253046779.html&m=2921046028692 HTTP/2.0" 200 86445 "-" "Mozilla/5.0 AppleWebKit/537.36 (KHTML, like Gecko; compatible; GPTBot/1.3; +https://openai.com/gptbot)"
74.7.243.224 - - [22/Nov/2025:01:53:25 -0800] "GET /search.php?missile253046691.html HTTP/2.0" 200 86583 "-" "Mozilla/5.0 AppleWebKit/537.36 (KHTML, like Gecko; compatible; GPTBot/1.3; +https://openai.com/gptbot)"
74.7.243.224 - - [22/Nov/2025:01:53:26 -0800] "GET /search.php?product/edit/cocodecow-r4355x HTTP/2.0" 200 86248 "-" "Mozilla/5.0 AppleWebKit/537.36 (KHTML, like Gecko; compatible; GPTBot/1.3; +https://openai.com/gptbot)"
74.7.243.224 - - [22/Nov/2025:01:53:27 -0800] "GET /search.php?junior253046965.html HTTP/2.0" 200 86657 "-" "Mozilla/5.0 AppleWebKit/537.36 (KHTML, like Gecko; compatible; GPTBot/1.3; +https://openai.com/gptbot)"
66.249.75.104 - - [22/Nov/2025:01:53:28 -0800] "GET /?s=2355377813705&channel=123e81&from=http://mollywoppersnyb.com/file.do?m168046616 HTTP/1.1" 200 29804 "-" "Mozilla/5.0 (Linux; Android 6.0.1; Nexus 5X Build/MMB29P) AppleWebKit/537.36 (KHTML, like Gecko) Chrome/141.0.7390.122 Mobile Safari/537.36 (compatible; GoogleOther)"
74.7.243.224 - - [22/Nov/2025:01:53:29 -0800] "GET /search.php?channel=156e34&from=https://mollywoppersnyb.com/chat.htm?couch283016439.html&m=2921046028692 HTTP/2.0" 200 85659 "-" "Mozilla/5.0 AppleWebKit/537.36 (KHTML, like Gecko; compatible; GPTBot/1.3; +https://openai.com/gptbot)"
74.7.243.224 - - [22/Nov/2025:01:53:30 -0800] "GET /search.php?widow281034953.html HTTP/2.0" 200 86220 "-" "Mozilla/5.0 AppleWebKit/537.36 (KHTML, like Gecko; compatible; GPTBot/1.3; +https://openai.com/gptbot)"
74.7.243.224 - - [22/Nov/2025:01:53:31 -0800] "GET /search.php?channel=156e34&from=https://mollywoppersnyb.com/chat.htm?aware253046933.html&m=2921046028692 HTTP/2.0" 200 86413 "-" "Mozilla/5.0 AppleWebKit/537.36 (KHTML, like Gecko; compatible; GPTBot/1.3; +https://openai.com/gptbot)"
18.208.11.93 - - [22/Nov/2025:01:53:32 -0800] "GET /?path=//sys/class/tty/ptype/subsystem/ptyp1/subsystem/ptype/subsystem/ttyqb/subsystem/ptyp0 HTTP/1.1" 200 6567 "-" "Mozilla/5.0 AppleWebKit/537.36 (KHTML, like Gecko; compatible; Amazonbot/0.1; +https://developer.amazon.com/support/amazonbot) Chrome/119.0.6045.214 Safari/537.36"
74.7.243.224 - - [22/Nov/2025:01:53:32 -0800] "GET /search.php?unite253046975.html HTTP/2.0" 200 86428 "-" "Mozilla/5.0 AppleWebKit/537.36 (KHTML, like Gecko; compatible; GPTBot/1.3; +https://openai.com/gptbot)"
74.7.243.224 - - [22/Nov/2025:01:53:33 -0800] "GET /search.php?channel=156e34&from=https://mollywoppersnyb.com/chat.htm?items/075040556.html&m=2921046028692 HTTP/2.0" 200 86565 "-" "Mozilla/5.0 AppleWebKit/537.36 (KHTML, like Gecko; compatible; GPTBot/1.3; +https://openai.com/gptbot)"
66.249.75.104 - - [22/Nov/2025:01:53:35 -0800] "GET /market/86663333 HTTP/1.1" 200 25183 "-" "Mozilla/5.0 (Linux; Android 6.0.1; Nexus 5X Build/MMB29P) AppleWebKit/537.36 (KHTML, like Gecko) Chrome/141.0.7390.122 Mobile Safari/537.36 (compatible; GoogleOther)"
74.7.243.224 - - [22/Nov/2025:01:53:35 -0800] "GET /search.php?obvious253046971.html HTTP/2.0" 200 86716 "-" "Mozilla/5.0 AppleWebKit/537.36 (KHTML, like Gecko; compatible; GPTBot/1.3; +https://openai.com/gptbot)"
54.159.98.248 - - [22/Nov/2025:01:53:36 -0800] "GET /?path=//sys/class/tty/ptype/subsystem/ttyve/subsystem/ttype/subsystem/ptype/subsystem/ttyqb HTTP/1.1" 200 6534 "-" "Mozilla/5.0 AppleWebKit/537.36 (KHTML, like Gecko; compatible; Amazonbot/0.1; +https://developer.amazon.com/support/amazonbot) Chrome/119.0.6045.214 Safari/537.36"
74.7.243.224 - - [22/Nov/2025:01:53:37 -0800] "GET /search.php?channel=156e34&from=https://mollywoppersnyb.com/chat.htm?bonus253046799.html&m=2921046028692 HTTP/2.0" 200 86622 "-" "Mozilla/5.0 AppleWebKit/537.36 (KHTML, like Gecko; compatible; GPTBot/1.3; +https://openai.com/gptbot)"
74.7.243.224 - - [22/Nov/2025:01:53:38 -0800] "GET /search.php?drink253046701.html HTTP/2.0" 200 86635 "-" "Mozilla/5.0 AppleWebKit/537.36 (KHTML, like Gecko; compatible; GPTBot/1.3; +https://openai.com/gptbot)"
74.7.243.224 - - [22/Nov/2025:01:53:39 -0800] "GET /search.php?fluid253046729.html HTTP/2.0" 200 86949 "-" "Mozilla/5.0 AppleWebKit/537.36 (KHTML, like Gecko; compatible; GPTBot/1.3; +https://openai.com/gptbot)"
44.210.213.220 - - [22/Nov/2025:01:53:40 -0800] "GET /home/?path=//sys/class/tty/ptype/subsystem/ttyp0/subsystem/ttyec/subsystem/ttynull/subsystem/ttyp0 HTTP/1.1" 200 6580 "-" "Mozilla/5.0 AppleWebKit/537.36 (KHTML, like Gecko; compatible; Amazonbot/0.1; +https://developer.amazon.com/support/amazonbot) Chrome/119.0.6045.214 Safari/537.36"
74.7.243.224 - - [22/Nov/2025:01:53:40 -0800] "GET /search.php?channel=156e34&from=https://mollywoppersnyb.com/chat.htm?items/253046816.html&m=2921046028692 HTTP/2.0" 200 86243 "-" "Mozilla/5.0 AppleWebKit/537.36 (KHTML, like Gecko; compatible; GPTBot/1.3; +https://openai.com/gptbot)"
74.7.243.224 - - [22/Nov/2025:01:53:42 -0800] "GET /search.php?easy281034953.html HTTP/2.0" 200 86268 "-" "Mozilla/5.0 AppleWebKit/537.36 (KHTML, like Gecko; compatible; GPTBot/1.3; +https://openai.com/gptbot)"
74.7.243.224 - - [22/Nov/2025:01:53:43 -0800] "GET /search.php?items/097042408.html HTTP/2.0" 200 86519 "-" "Mozilla/5.0 AppleWebKit/537.36 (KHTML, like Gecko; compatible; GPTBot/1.3; +https://openai.com/gptbot)"
74.7.243.224 - - [22/Nov/2025:01:53:45 -0800] "GET /search.php?channel=156e34&from=https://mollywoppersnyb.com/chat.htm?Bible216014276.html&m=2921046028692 HTTP/2.0" 200 85985 "-" "Mozilla/5.0 AppleWebKit/537.36 (KHTML, like Gecko; compatible; GPTBot/1.3; +https://openai.com/gptbot)"
74.7.243.224 - - [22/Nov/2025:01:53:46 -0800] "GET /search.php?channel=156e34&from=https://mollywoppersnyb.com/chat.htm?items/293037100.html&m=2921046028692 HTTP/2.0" 200 86273 "-" "Mozilla/5.0 AppleWebKit/537.36 (KHTML, like Gecko; compatible; GPTBot/1.3; +https://openai.com/gptbot)"
74.7.243.224 - - [22/Nov/2025:01:53:47 -0800] "GET /search.php?zone253046819.html HTTP/2.0" 200 86228 "-" "Mozilla/5.0 AppleWebKit/537.36 (KHTML, like Gecko; compatible; GPTBot/1.3; +https://openai.com/gptbot)"
52.70.123.241 - - [22/Nov/2025:01:53:48 -0800] "GET /?path=//sys/class/tty/ptype/subsystem/ptype/subsystem/ptmx/subsystem/ttyv1/subsystem/ttyvd HTTP/1.1" 200 6514 "-" "Mozilla/5.0 AppleWebKit/537.36 (KHTML, like Gecko; compatible; Amazonbot/0.1; +https://developer.amazon.com/support/amazonbot) Chrome/119.0.6045.214 Safari/537.36"
74.7.243.224 - - [22/Nov/2025:01:53:48 -0800] "GET /search.php?channel=156e34&from=https://mollywoppersnyb.com/chat.htm?items/111021652.html&m=2921046028692 HTTP/2.0" 200 85926 "-" "Mozilla/5.0 AppleWebKit/537.36 (KHTML, like Gecko; compatible; GPTBot/1.3; +https://openai.com/gptbot)"
74.7.243.224 - - [22/Nov/2025:01:53:50 -0800] "GET /search.php?channel=156e34&from=https://mollywoppersnyb.com/chat.htm?items/031042404.html&m=2921046028692 HTTP/2.0" 200 85986 "-" "Mozilla/5.0 AppleWebKit/537.36 (KHTML, like Gecko; compatible; GPTBot/1.3; +https://openai.com/gptbot)"
74.7.243.224 - - [22/Nov/2025:01:53:51 -0800] "GET /search.php?enjoy253046737.html HTTP/2.0" 200 86996 "-" "Mozilla/5.0 AppleWebKit/537.36 (KHTML, like Gecko; compatible; GPTBot/1.3; +https://openai.com/gptbot)"
34.194.14.255 - - [22/Nov/2025:01:53:52 -0800] "GET /home/?path=//sys/class/tty/ptype/subsystem/ttyp0/subsystem/ptyp0/subsystem/ttysc/subsystem/ttyad HTTP/1.1" 200 6592 "-" "Mozilla/5.0 AppleWebKit/537.36 (KHTML, like Gecko; compatible; Amazonbot/0.1; +https://developer.amazon.com/support/amazonbot) Chrome/119.0.6045.214 Safari/537.36"
74.7.243.224 - - [22/Nov/2025:01:53:53 -0800] "GET /search.php?working047035931.html HTTP/2.0" 200 86184 "-" "Mozilla/5.0 AppleWebKit/537.36 (KHTML, like Gecko; compatible; GPTBot/1.3; +https://openai.com/gptbot)"
74.7.243.224 - - [22/Nov/2025:01:53:54 -0800] "GET /search.php?radio285004139.html HTTP/2.0" 200 85960 "-" "Mozilla/5.0 AppleWebKit/537.36 (KHTML, like Gecko; compatible; GPTBot/1.3; +https://openai.com/gptbot)"
66.249.75.104 - - [22/Nov/2025:01:53:55 -0800] "GET /market/403543285 HTTP/1.1" 200 25230 "-" "Mozilla/5.0 (Linux; Android 6.0.1; Nexus 5X Build/MMB29P) AppleWebKit/537.36 (KHTML, like Gecko) Chrome/141.0.7390.122 Mobile Safari/537.36 (compatible; GoogleOther)"
74.7.243.224 - - [22/Nov/2025:01:53:55 -0800] "GET /search.php?poverty031006091.html HTTP/2.0" 200 85940 "-" "Mozilla/5.0 AppleWebKit/537.36 (KHTML, like Gecko; compatible; GPTBot/1.3; +https://openai.com/gptbot)"
74.7.243.224 - - [22/Nov/2025:01:53:57 -0800] "GET /search.php?dig253046567.html HTTP/2.0" 200 86461 "-" "Mozilla/5.0 AppleWebKit/537.36 (KHTML, like Gecko; compatible; GPTBot/1.3; +https://openai.com/gptbot)"
74.7.243.224 - - [22/Nov/2025:01:53:58 -0800] "GET /search.php?jaw253046975.html HTTP/2.0" 200 86306 "-" "Mozilla/5.0 AppleWebKit/537.36 (KHTML, like Gecko; compatible; GPTBot/1.3; +https://openai.com/gptbot)"
34.197.28.78 - - [22/Nov/2025:01:54:00 -0800] "GET /home/?path=//sys/class/tty/ptype/subsystem/ttyp0/subsystem/ttyrf/subsystem/ttyv1/subsystem/ttyp0 HTTP/1.1" 200 6533 "-" "Mozilla/5.0 AppleWebKit/537.36 (KHTML, like Gecko; compatible; Amazonbot/0.1; +https://developer.amazon.com/support/amazonbot) Chrome/119.0.6045.214 Safari/537.36"
74.7.243.224 - - [22/Nov/2025:01:53:59 -0800] "GET /search.php?channel=156e34&from=https://mollywoppersnyb.com/chat.htm?items/213008256.html&m=2921046028692 HTTP/2.0" 200 86000 "-" "Mozilla/5.0 AppleWebKit/537.36 (KHTML, like Gecko; compatible; GPTBot/1.3; +https://openai.com/gptbot)"
74.7.243.224 - - [22/Nov/2025:01:54:01 -0800] "GET /search.php?channel=156e34&from=https://mollywoppersnyb.com/chat.htm?items/229048558.html&m=2921046028692 HTTP/2.0" 200 86889 "-" "Mozilla/5.0 AppleWebKit/537.36 (KHTML, like Gecko; compatible; GPTBot/1.3; +https://openai.com/gptbot)"
66.249.75.104 - - [22/Nov/2025:01:54:03 -0800] "GET /?s=2355377813705&channel=123e81&from=http://mollywoppersnyb.com/file.do?m165013131 HTTP/1.1" 200 24665 "-" "Mozilla/5.0 (Linux; Android 6.0.1; Nexus 5X Build/MMB29P) AppleWebKit/537.36 (KHTML, like Gecko) Chrome/141.0.7390.122 Mobile Safari/537.36 (compatible; GoogleOther)"
74.7.243.224 - - [22/Nov/2025:01:54:02 -0800] "GET /search.php?channel=156e34&from=https://mollywoppersnyb.com/chat.htm?tray234046140.html&m=2921046028692 HTTP/2.0" 200 86197 "-" "Mozilla/5.0 AppleWebKit/537.36 (KHTML, like Gecko; compatible; GPTBot/1.3; +https://openai.com/gptbot)"
34.234.200.207 - - [22/Nov/2025:01:54:04 -0800] "GET /?path=//sys/class/tty/ptype/subsystem/ptype/subsystem/ttyp3/subsystem/ttyv1/subsystem/ttyec HTTP/1.1" 200 6516 "-" "Mozilla/5.0 AppleWebKit/537.36 (KHTML, like Gecko; compatible; Amazonbot/0.1; +https://developer.amazon.com/support/amazonbot) Chrome/119.0.6045.214 Safari/537.36"
74.7.243.224 - - [22/Nov/2025:01:54:04 -0800] "GET /search.php?channel=156e34&from=https://mollywoppersnyb.com/chat.htm?items/253046874.html&m=2921046028692 HTTP/2.0" 200 86239 "-" "Mozilla/5.0 AppleWebKit/537.36 (KHTML, like Gecko; compatible; GPTBot/1.3; +https://openai.com/gptbot)"
74.7.243.224 - - [22/Nov/2025:01:54:05 -0800] "GET /search.php?channel=156e34&from=https://mollywoppersnyb.com/chat.htm?items/061009568.html&m=2921046028692 HTTP/2.0" 200 86023 "-" "Mozilla/5.0 AppleWebKit/537.36 (KHTML, like Gecko; compatible; GPTBot/1.3; +https://openai.com/gptbot)"
74.7.243.224 - - [22/Nov/2025:01:54:07 -0800] "GET /search.php?channel=156e34&from=https://mollywoppersnyb.com/chat.htm?items/007027214.html&m=2921046028692 HTTP/2.0" 200 86233 "-" "Mozilla/5.0 AppleWebKit/537.36 (KHTML, like Gecko; compatible; GPTBot/1.3; +https://openai.com/gptbot)"
74.7.243.224 - - [22/Nov/2025:01:54:08 -0800] "GET /search.php?channel=156e34&from=https://mollywoppersnyb.com/chat.htm?items/227002382.html&m=2921046028692 HTTP/2.0" 200 86387 "-" "Mozilla/5.0 AppleWebKit/537.36 (KHTML, like Gecko; compatible; GPTBot/1.3; +https://openai.com/gptbot)"
74.7.243.224 - - [22/Nov/2025:01:54:09 -0800] "GET /search.php?dog253046871.html HTTP/2.0" 200 86429 "-" "Mozilla/5.0 AppleWebKit/537.36 (KHTML, like Gecko; compatible; GPTBot/1.3; +https://openai.com/gptbot)"
66.249.75.104 - - [22/Nov/2025:01:54:10 -0800] "GET /?market=1696495796 HTTP/1.1" 200 24246 "-" "Mozilla/5.0 (Linux; Android 6.0.1; Nexus 5X Build/MMB29P) AppleWebKit/537.36 (KHTML, like Gecko) Chrome/141.0.7390.122 Mobile Safari/537.36 (compatible; Googlebot/2.1; +http://www.google.com/bot.html)"
74.7.243.224 - - [22/Nov/2025:01:54:10 -0800] "GET /search.php?channel=156e34&from=https://mollywoppersnyb.com/chat.htm?items/280013777.html&m=2921046028692 HTTP/2.0" 200 86646 "-" "Mozilla/5.0 AppleWebKit/537.36 (KHTML, like Gecko; compatible; GPTBot/1.3; +https://openai.com/gptbot)"
34.231.181.240 - - [22/Nov/2025:01:54:12 -0800] "GET /?path=//sys/class/tty/ptype/subsystem/ttyp0/subsystem/ttyp1/subsystem/ttyp2/subsystem/ptmx HTTP/1.1" 200 6591 "-" "Mozilla/5.0 AppleWebKit/537.36 (KHTML, like Gecko; compatible; Amazonbot/0.1; +https://developer.amazon.com/support/amazonbot) Chrome/119.0.6045.214 Safari/537.36"
74.7.243.224 - - [22/Nov/2025:01:54:12 -0800] "GET /search.php?channel=156e34&from=https://mollywoppersnyb.com/chat.htm?items/152006359.html&m=2921046028692 HTTP/2.0" 200 86609 "-" "Mozilla/5.0 AppleWebKit/537.36 (KHTML, like Gecko; compatible; GPTBot/1.3; +https://openai.com/gptbot)"
74.7.243.224 - - [22/Nov/2025:01:54:13 -0800] "GET /search.php?channel=156e34&from=https://mollywoppersnyb.com/chat.htm?exceed253046975.html&m=2921046028692 HTTP/2.0" 200 86374 "-" "Mozilla/5.0 AppleWebKit/537.36 (KHTML, like Gecko; compatible; GPTBot/1.3; +https://openai.com/gptbot)"
74.7.243.224 - - [22/Nov/2025:01:54:14 -0800] "GET /search.php?dancing253046839.html HTTP/2.0" 200 86713 "-" "Mozilla/5.0 AppleWebKit/537.36 (KHTML, like Gecko; compatible; GPTBot/1.3; +https://openai.com/gptbot)"
74.7.243.224 - - [22/Nov/2025:01:54:16 -0800] "GET /search.php?channel=156e34&from=https://mollywoppersnyb.com/chat.htm?hair253046573.html&m=2921046028692 HTTP/2.0" 200 86306 "-" "Mozilla/5.0 AppleWebKit/537.36 (KHTML, like Gecko; compatible; GPTBot/1.3; +https://openai.com/gptbot)"
52.3.156.186 - - [22/Nov/2025:01:54:16 -0800] "GET /home/?path=//sys/class/tty/ptype/subsystem/ptyp1/subsystem/ttyqb/subsystem/ttysc/subsystem/ttyec HTTP/1.1" 200 6582 "-" "Mozilla/5.0 AppleWebKit/537.36 (KHTML, like Gecko; compatible; Amazonbot/0.1; +https://developer.amazon.com/support/amazonbot) Chrome/119.0.6045.214 Safari/537.36"
74.7.243.224 - - [22/Nov/2025:01:54:17 -0800] "GET /search.php?blow239035371.html HTTP/2.0" 200 86262 "-" "Mozilla/5.0 AppleWebKit/537.36 (KHTML, like Gecko; compatible; GPTBot/1.3; +https://openai.com/gptbot)"
74.7.243.224 - - [22/Nov/2025:01:54:18 -0800] "GET /search.php?channel=156e34&from=https://mollywoppersnyb.com/chat.htm?ignore285004139.html&m=2921046028692 HTTP/2.0" 200 86024 "-" "Mozilla/5.0 AppleWebKit/537.36 (KHTML, like Gecko; compatible; GPTBot/1.3; +https://openai.com/gptbot)"
107.20.181.148 - - [22/Nov/2025:01:54:20 -0800] "GET /home/?path=//sys/class/tty/ptype/subsystem/ttyp0/subsystem/ttycc/subsystem/ttyp0/subsystem/ttyec HTTP/1.1" 200 6516 "-" "Mozilla/5.0 AppleWebKit/537.36 (KHTML, like Gecko; compatible; Amazonbot/0.1; +https://developer.amazon.com/support/amazonbot) Chrome/119.0.6045.214 Safari/537.36"
74.7.243.224 - - [22/Nov/2025:01:54:19 -0800] "GET /search.php?channel=156e34&from=https://mollywoppersnyb.com/chat.htm?items/214019899.html&m=2921046028692 HTTP/2.0" 200 85504 "-" "Mozilla/5.0 AppleWebKit/537.36 (KHTML, like Gecko; compatible; GPTBot/1.3; +https://openai.com/gptbot)"
