216.73.216.10 - - [22/Nov/2025:02:15:17 -0800] "GET /2019/10/28/dont-be-a-chicken-%F0%9F%90%93repost-spaghetti_breath%E3%83%BB%E3%83%BB%E3%83%BBmollywoppersnyb-meeting-wednesday-night-730pm-at-omalley-come-get-those-deposits-in-clocks-tic?fileloc=%2Fhome%2Fmollywopper%2Fmollywoppersnyb.com.old%2Ffavicon.ico&path=%2Fhome%2Fmollywopper%2Fmollywoppersnyb.com.old HTTP/2.0" 200 75 "-" "Mozilla/5.0 AppleWebKit/537.36 (KHTML, like Gecko; compatible; ClaudeBot/1.0; +claudebot@anthropic.com)"
216.73.216.10 - - [22/Nov/2025:02:15:16 -0800] "GET /2019/10/28/dont-be-a-chicken-%F0%9F%90%93repost-spaghetti_breath%E3%83%BB%E3%83%BB%E3%83%BBmollywoppersnyb-meeting-wednesday-night-730pm-at-omalley-come-get-those-deposits-in-clocks-tic?path=%2F%2Frun%2Fnetwork HTTP/2.0" 200 4654 "-" "Mozilla/5.0 AppleWebKit/537.36 (KHTML, like Gecko; compatible; ClaudeBot/1.0; +claudebot@anthropic.com)"
216.73.216.10 - - [22/Nov/2025:02:15:17 -0800] "GET /2019/10/28/dont-be-a-chicken-%F0%9F%90%93repost-spaghetti_breath%E3%83%BB%E3%83%BB%E3%83%BBmollywoppersnyb-meeting-wednesday-night-730pm-at-omalley-come-get-those-deposits-in-clocks-tic?path=%2F%2Frun%2Fubuntu-advantage HTTP/2.0" 200 2846 "-" "Mozilla/5.0 AppleWebKit/537.36 (KHTML, like Gecko; compatible; ClaudeBot/1.0; +claudebot@anthropic.com)"
216.73.216.10 - - [22/Nov/2025:02:15:17 -0800] "GET /2019/10/28/dont-be-a-chicken-%F0%9F%90%93repost-spaghetti_breath%E3%83%BB%E3%83%BB%E3%83%BBmollywoppersnyb-meeting-wednesday-night-730pm-at-omalley-come-get-those-deposits-in-clocks-tic?fileloc=%2Fhome%2Fmollywopper%2Fmollywoppersnyb.com.old%2Ffavicon.gif&path=%2Fhome%2Fmollywopper%2Fmollywoppersnyb.com.old HTTP/2.0" 200 20 "-" "Mozilla/5.0 AppleWebKit/537.36 (KHTML, like Gecko; compatible; ClaudeBot/1.0; +claudebot@anthropic.com)"
216.73.216.10 - - [22/Nov/2025:02:15:16 -0800] "GET /2019/10/28/dont-be-a-chicken-%F0%9F%90%93repost-spaghetti_breath%E3%83%BB%E3%83%BB%E3%83%BBmollywoppersnyb-meeting-wednesday-night-730pm-at-omalley-come-get-those-deposits-in-clocks-tic?fileloc=%2Fhome%2Fmollywopper%2Fmollywoppersnyb.com.old%2Flicense.txt&path=%2Fhome%2Fmollywopper%2Fmollywoppersnyb.com.old HTTP/2.0" 200 20 "-" "Mozilla/5.0 AppleWebKit/537.36 (KHTML, like Gecko; compatible; ClaudeBot/1.0; +claudebot@anthropic.com)"
216.73.216.10 - - [22/Nov/2025:02:15:16 -0800] "GET /2019/10/28/dont-be-a-chicken-%F0%9F%90%93repost-spaghetti_breath%E3%83%BB%E3%83%BB%E3%83%BBmollywoppersnyb-meeting-wednesday-night-730pm-at-omalley-come-get-those-deposits-in-clocks-tic?fileloc=%2F%2Frun%2Freboot-required&path=%2F%2Frun HTTP/2.0" 200 2542 "-" "Mozilla/5.0 AppleWebKit/537.36 (KHTML, like Gecko; compatible; ClaudeBot/1.0; +claudebot@anthropic.com)"
216.73.216.10 - - [22/Nov/2025:02:15:17 -0800] "GET /2019/10/28/dont-be-a-chicken-%F0%9F%90%93repost-spaghetti_breath%E3%83%BB%E3%83%BB%E3%83%BBmollywoppersnyb-meeting-wednesday-night-730pm-at-omalley-come-get-those-deposits-in-clocks-tic?path=%2Fhome%2Fmollywopper%2Flogs%2Fmollywoppersnyb.com HTTP/2.0" 200 3011 "-" "Mozilla/5.0 AppleWebKit/537.36 (KHTML, like Gecko; compatible; ClaudeBot/1.0; +claudebot@anthropic.com)"
35.174.141.243 - - [22/Nov/2025:02:15:16 -0800] "GET /home/?path=//sys/class/tty/ptype/subsystem/ttyqb/subsystem/ttyp1/subsystem/ttyp1/subsystem/ttyv0 HTTP/1.1" 200 6582 "-" "Mozilla/5.0 AppleWebKit/537.36 (KHTML, like Gecko; compatible; Amazonbot/0.1; +https://developer.amazon.com/support/amazonbot) Chrome/119.0.6045.214 Safari/537.36"
216.73.216.10 - - [22/Nov/2025:02:15:16 -0800] "GET /2019/10/28/dont-be-a-chicken-%F0%9F%90%93repost-spaghetti_breath%E3%83%BB%E3%83%BB%E3%83%BBmollywoppersnyb-meeting-wednesday-night-730pm-at-omalley-come-get-those-deposits-in-clocks-tic?fileloc=%2F%2Frun%2Frpcbind.lock&path=%2F%2Frun HTTP/2.0" 200 2523 "-" "Mozilla/5.0 AppleWebKit/537.36 (KHTML, like Gecko; compatible; ClaudeBot/1.0; +claudebot@anthropic.com)"
216.73.216.10 - - [22/Nov/2025:02:15:18 -0800] "GET /2019/10/28/dont-be-a-chicken-%F0%9F%90%93repost-spaghetti_breath%E3%83%BB%E3%83%BB%E3%83%BBmollywoppersnyb-meeting-wednesday-night-730pm-at-omalley-come-get-those-deposits-in-clocks-tic?path=%2F%2Frun%2Fuuidd HTTP/2.0" 200 2630 "-" "Mozilla/5.0 AppleWebKit/537.36 (KHTML, like Gecko; compatible; ClaudeBot/1.0; +claudebot@anthropic.com)"
216.73.216.10 - - [22/Nov/2025:02:15:17 -0800] "GET /2019/10/28/dont-be-a-chicken-%F0%9F%90%93repost-spaghetti_breath%E3%83%BB%E3%83%BB%E3%83%BBmollywoppersnyb-meeting-wednesday-night-730pm-at-omalley-come-get-those-deposits-in-clocks-tic?path=%2F%2Frun%2Fudev HTTP/2.0" 200 2954 "-" "Mozilla/5.0 AppleWebKit/537.36 (KHTML, like Gecko; compatible; ClaudeBot/1.0; +claudebot@anthropic.com)"
66.249.75.105 - - [22/Nov/2025:02:15:21 -0800] "GET /episode/f27?pid=104 HTTP/1.1" 200 24160 "-" "Mozilla/5.0 (Linux; Android 6.0.1; Nexus 5X Build/MMB29P) AppleWebKit/537.36 (KHTML, like Gecko) Chrome/141.0.7390.122 Mobile Safari/537.36 (compatible; GoogleOther)"
216.73.216.10 - - [22/Nov/2025:02:15:16 -0800] "GET /2019/10/28/dont-be-a-chicken-%F0%9F%90%93repost-spaghetti_breath%E3%83%BB%E3%83%BB%E3%83%BBmollywoppersnyb-meeting-wednesday-night-730pm-at-omalley-come-get-those-deposits-in-clocks-tic?path=%2F%2Frun%2Fnscd HTTP/2.0" 200 2853 "-" "Mozilla/5.0 AppleWebKit/537.36 (KHTML, like Gecko; compatible; ClaudeBot/1.0; +claudebot@anthropic.com)"
74.7.243.224 - - [22/Nov/2025:02:15:18 -0800] "GET /search.php?channel=156e34&from=https://mollywoppersnyb.com/chat.htm?items/191038912.html&m=2921046028692 HTTP/2.0" 200 87257 "-" "Mozilla/5.0 AppleWebKit/537.36 (KHTML, like Gecko; compatible; GPTBot/1.3; +https://openai.com/gptbot)"
216.73.216.10 - - [22/Nov/2025:02:15:22 -0800] "GET /2019/10/28/dont-be-a-chicken-%F0%9F%90%93repost-spaghetti_breath%E3%83%BB%E3%83%BB%E3%83%BBmollywoppersnyb-meeting-wednesday-night-730pm-at-omalley-come-get-those-deposits-in-clocks-tic?fileloc=%2F%2Frun%2Fsshd.pid&path=%2F%2Frun HTTP/2.0" 200 2627 "-" "Mozilla/5.0 AppleWebKit/537.36 (KHTML, like Gecko; compatible; ClaudeBot/1.0; +claudebot@anthropic.com)"
216.73.216.10 - - [22/Nov/2025:02:15:22 -0800] "GET /2019/10/28/dont-be-a-chicken-%F0%9F%90%93repost-spaghetti_breath%E3%83%BB%E3%83%BB%E3%83%BBmollywoppersnyb-meeting-wednesday-night-730pm-at-omalley-come-get-those-deposits-in-clocks-tic?fileloc=%2F%2Frun%2Fprocwatch.pid&path=%2F%2Frun HTTP/2.0" 200 2523 "-" "Mozilla/5.0 AppleWebKit/537.36 (KHTML, like Gecko; compatible; ClaudeBot/1.0; +claudebot@anthropic.com)"
216.73.216.10 - - [22/Nov/2025:02:15:22 -0800] "GET /2019/10/28/dont-be-a-chicken-%F0%9F%90%93repost-spaghetti_breath%E3%83%BB%E3%83%BB%E3%83%BBmollywoppersnyb-meeting-wednesday-night-730pm-at-omalley-come-get-those-deposits-in-clocks-tic?fileloc=%2F%2Frun%2Fcrond.reboot&path=%2F%2Frun HTTP/2.0" 200 2522 "-" "Mozilla/5.0 AppleWebKit/537.36 (KHTML, like Gecko; compatible; ClaudeBot/1.0; +claudebot@anthropic.com)"
216.73.216.10 - - [22/Nov/2025:02:15:23 -0800] "GET /2019/10/28/dont-be-a-chicken-%F0%9F%90%93repost-spaghetti_breath%E3%83%BB%E3%83%BB%E3%83%BBmollywoppersnyb-meeting-wednesday-night-730pm-at-omalley-come-get-those-deposits-in-clocks-tic?fileloc=%2F%2Frun%2Fproftpd.pid&path=%2F%2Frun HTTP/2.0" 200 2575 "-" "Mozilla/5.0 AppleWebKit/537.36 (KHTML, like Gecko; compatible; ClaudeBot/1.0; +claudebot@anthropic.com)"
74.7.243.224 - - [22/Nov/2025:02:15:22 -0800] "GET /search.php?channel=156e34&from=https://mollywoppersnyb.com/chat.htm?items/041000760.html&m=2921046028692 HTTP/2.0" 200 86323 "-" "Mozilla/5.0 AppleWebKit/537.36 (KHTML, like Gecko; compatible; GPTBot/1.3; +https://openai.com/gptbot)"
216.73.216.10 - - [22/Nov/2025:02:15:22 -0800] "GET /2019/10/28/dont-be-a-chicken-%F0%9F%90%93repost-spaghetti_breath%E3%83%BB%E3%83%BB%E3%83%BBmollywoppersnyb-meeting-wednesday-night-730pm-at-omalley-come-get-those-deposits-in-clocks-tic?fileloc=%2F%2Frun%2Futmp&path=%2F%2Frun HTTP/2.0" 200 2517 "-" "Mozilla/5.0 AppleWebKit/537.36 (KHTML, like Gecko; compatible; ClaudeBot/1.0; +claudebot@anthropic.com)"
216.73.216.10 - - [22/Nov/2025:02:15:23 -0800] "GET /2019/10/28/dont-be-a-chicken-%F0%9F%90%93repost-spaghetti_breath%E3%83%BB%E3%83%BB%E3%83%BBmollywoppersnyb-meeting-wednesday-night-730pm-at-omalley-come-get-those-deposits-in-clocks-tic?fileloc=%2F%2Frun%2Freboot-required.pkgs&path=%2F%2Frun HTTP/2.0" 200 2551 "-" "Mozilla/5.0 AppleWebKit/537.36 (KHTML, like Gecko; compatible; ClaudeBot/1.0; +claudebot@anthropic.com)"
216.73.216.10 - - [22/Nov/2025:02:15:22 -0800] "GET /2019/10/28/dont-be-a-chicken-%F0%9F%90%93repost-spaghetti_breath%E3%83%BB%E3%83%BB%E3%83%BBmollywoppersnyb-meeting-wednesday-night-730pm-at-omalley-come-get-those-deposits-in-clocks-tic?fileloc=%2F%2Frun%2Fproftpd.scoreboard&path=%2F%2Frun HTTP/2.0" 200 2526 "-" "Mozilla/5.0 AppleWebKit/537.36 (KHTML, like Gecko; compatible; ClaudeBot/1.0; +claudebot@anthropic.com)"
216.73.216.10 - - [22/Nov/2025:02:15:23 -0800] "GET /2019/10/28/dont-be-a-chicken-%F0%9F%90%93repost-spaghetti_breath%E3%83%BB%E3%83%BB%E3%83%BBmollywoppersnyb-meeting-wednesday-night-730pm-at-omalley-come-get-those-deposits-in-clocks-tic?fileloc=%2F%2Frun%2Funattended-upgrades.lock&path=%2F%2Frun HTTP/2.0" 200 2530 "-" "Mozilla/5.0 AppleWebKit/537.36 (KHTML, like Gecko; compatible; ClaudeBot/1.0; +claudebot@anthropic.com)"
216.73.216.10 - - [22/Nov/2025:02:15:23 -0800] "GET /2019/10/28/dont-be-a-chicken-%F0%9F%90%93repost-spaghetti_breath%E3%83%BB%E3%83%BB%E3%83%BBmollywoppersnyb-meeting-wednesday-night-730pm-at-omalley-come-get-those-deposits-in-clocks-tic?fileloc=%2F%2Frun%2Fmultipathd.pid&path=%2F%2Frun HTTP/2.0" 200 2525 "-" "Mozilla/5.0 AppleWebKit/537.36 (KHTML, like Gecko; compatible; ClaudeBot/1.0; +claudebot@anthropic.com)"
216.73.216.10 - - [22/Nov/2025:02:15:24 -0800] "GET /2019/10/28/dont-be-a-chicken-%F0%9F%90%93repost-spaghetti_breath%E3%83%BB%E3%83%BB%E3%83%BBmollywoppersnyb-meeting-wednesday-night-730pm-at-omalley-come-get-those-deposits-in-clocks-tic?fileloc=%2F%2Frun%2Fsm-notify.pid&path=%2F%2Frun HTTP/2.0" 200 2569 "-" "Mozilla/5.0 AppleWebKit/537.36 (KHTML, like Gecko; compatible; ClaudeBot/1.0; +claudebot@anthropic.com)"
216.73.216.10 - - [22/Nov/2025:02:15:22 -0800] "GET /2019/10/28/dont-be-a-chicken-%F0%9F%90%93repost-spaghetti_breath%E3%83%BB%E3%83%BB%E3%83%BBmollywoppersnyb-meeting-wednesday-night-730pm-at-omalley-come-get-those-deposits-in-clocks-tic?fileloc=%2F%2Frun%2Fntpd.pid&path=%2F%2Frun HTTP/2.0" 200 2524 "-" "Mozilla/5.0 AppleWebKit/537.36 (KHTML, like Gecko; compatible; ClaudeBot/1.0; +claudebot@anthropic.com)"
216.73.216.10 - - [22/Nov/2025:02:15:23 -0800] "GET /2019/10/28/dont-be-a-chicken-%F0%9F%90%93repost-spaghetti_breath%E3%83%BB%E3%83%BB%E3%83%BBmollywoppersnyb-meeting-wednesday-night-730pm-at-omalley-come-get-those-deposits-in-clocks-tic?fileloc=%2F%2Frun%2Fagetty.reload&path=%2F%2Frun HTTP/2.0" 200 2522 "-" "Mozilla/5.0 AppleWebKit/537.36 (KHTML, like Gecko; compatible; ClaudeBot/1.0; +claudebot@anthropic.com)"
74.7.243.224 - - [22/Nov/2025:02:15:23 -0800] "GET /search.php?channel=156e34&from=https://mollywoppersnyb.com/chat.htm?items/203013488.html&m=2921046028692 HTTP/2.0" 200 86433 "-" "Mozilla/5.0 AppleWebKit/537.36 (KHTML, like Gecko; compatible; GPTBot/1.3; +https://openai.com/gptbot)"
18.207.89.138 - - [22/Nov/2025:02:15:24 -0800] "GET /?path=//sys/class/tty/ptype/subsystem/ptyp0/subsystem/ptype/subsystem/ttyS0/subsystem/ptmx HTTP/1.1" 200 6530 "-" "Mozilla/5.0 AppleWebKit/537.36 (KHTML, like Gecko; compatible; Amazonbot/0.1; +https://developer.amazon.com/support/amazonbot) Chrome/119.0.6045.214 Safari/537.36"
216.73.216.10 - - [22/Nov/2025:02:15:22 -0800] "GET /2019/10/28/dont-be-a-chicken-%F0%9F%90%93repost-spaghetti_breath%E3%83%BB%E3%83%BB%E3%83%BBmollywoppersnyb-meeting-wednesday-night-730pm-at-omalley-come-get-those-deposits-in-clocks-tic?fileloc=%2F%2Frun%2Fatd.pid&path=%2F%2Frun HTTP/2.0" 200 2523 "-" "Mozilla/5.0 AppleWebKit/537.36 (KHTML, like Gecko; compatible; ClaudeBot/1.0; +claudebot@anthropic.com)"
216.73.216.10 - - [22/Nov/2025:02:15:23 -0800] "GET /2019/10/28/dont-be-a-chicken-%F0%9F%90%93repost-spaghetti_breath%E3%83%BB%E3%83%BB%E3%83%BBmollywoppersnyb-meeting-wednesday-night-730pm-at-omalley-come-get-those-deposits-in-clocks-tic?fileloc=%2F%2Frun%2Fproftpd.scoreboard.lck&path=%2F%2Frun HTTP/2.0" 200 2529 "-" "Mozilla/5.0 AppleWebKit/537.36 (KHTML, like Gecko; compatible; ClaudeBot/1.0; +claudebot@anthropic.com)"
216.73.216.10 - - [22/Nov/2025:02:15:23 -0800] "GET /2019/10/28/dont-be-a-chicken-%F0%9F%90%93repost-spaghetti_breath%E3%83%BB%E3%83%BB%E3%83%BBmollywoppersnyb-meeting-wednesday-night-730pm-at-omalley-come-get-those-deposits-in-clocks-tic?fileloc=%2F%2Frun%2Fcrond.pid&path=%2F%2Frun HTTP/2.0" 200 2526 "-" "Mozilla/5.0 AppleWebKit/537.36 (KHTML, like Gecko; compatible; ClaudeBot/1.0; +claudebot@anthropic.com)"
216.73.216.10 - - [22/Nov/2025:02:15:24 -0800] "GET /2019/10/28/dont-be-a-chicken-%F0%9F%90%93repost-spaghetti_breath%E3%83%BB%E3%83%BB%E3%83%BBmollywoppersnyb-meeting-wednesday-night-730pm-at-omalley-come-get-those-deposits-in-clocks-tic?path=%2F%2Frun%2Fsshd HTTP/2.0" 200 2583 "-" "Mozilla/5.0 AppleWebKit/537.36 (KHTML, like Gecko; compatible; ClaudeBot/1.0; +claudebot@anthropic.com)"
216.73.216.10 - - [22/Nov/2025:02:15:24 -0800] "GET /2019/10/28/dont-be-a-chicken-%F0%9F%90%93repost-spaghetti_breath%E3%83%BB%E3%83%BB%E3%83%BBmollywoppersnyb-meeting-wednesday-night-730pm-at-omalley-come-get-those-deposits-in-clocks-tic?fileloc=%2F%2Frun%2Fmpt-statusd.pid&path=%2F%2Frun HTTP/2.0" 200 2530 "-" "Mozilla/5.0 AppleWebKit/537.36 (KHTML, like Gecko; compatible; ClaudeBot/1.0; +claudebot@anthropic.com)"
216.73.216.10 - - [22/Nov/2025:02:15:24 -0800] "GET /2019/10/28/dont-be-a-chicken-%F0%9F%90%93repost-spaghetti_breath%E3%83%BB%E3%83%BB%E3%83%BBmollywoppersnyb-meeting-wednesday-night-730pm-at-omalley-come-get-those-deposits-in-clocks-tic?path=%2F%2Frun%2Fzabbix HTTP/2.0" 200 2860 "-" "Mozilla/5.0 AppleWebKit/537.36 (KHTML, like Gecko; compatible; ClaudeBot/1.0; +claudebot@anthropic.com)"
74.7.243.224 - - [22/Nov/2025:02:15:26 -0800] "GET /search.php?give253046809.html HTTP/2.0" 200 86780 "-" "Mozilla/5.0 AppleWebKit/537.36 (KHTML, like Gecko; compatible; GPTBot/1.3; +https://openai.com/gptbot)"
74.7.243.224 - - [22/Nov/2025:02:15:27 -0800] "GET /search.php?channel=156e34&from=https://mollywoppersnyb.com/chat.htm?items/177037330.html&m=2921046028692 HTTP/2.0" 200 85844 "-" "Mozilla/5.0 AppleWebKit/537.36 (KHTML, like Gecko; compatible; GPTBot/1.3; +https://openai.com/gptbot)"
34.234.206.30 - - [22/Nov/2025:02:15:29 -0800] "GET /home/?path=//sys/class/tty/ptype/subsystem/ttyp0/subsystem/ttys1/subsystem/ttyqb/subsystem/ttydb HTTP/1.1" 200 6527 "-" "Mozilla/5.0 AppleWebKit/537.36 (KHTML, like Gecko; compatible; Amazonbot/0.1; +https://developer.amazon.com/support/amazonbot) Chrome/119.0.6045.214 Safari/537.36"
74.7.243.224 - - [22/Nov/2025:02:15:29 -0800] "GET /search.php?channel=156e34&from=https://mollywoppersnyb.com/chat.htm?pastor021017971.html&m=2921046028692 HTTP/2.0" 200 85584 "-" "Mozilla/5.0 AppleWebKit/537.36 (KHTML, like Gecko; compatible; GPTBot/1.3; +https://openai.com/gptbot)"
74.7.243.224 - - [22/Nov/2025:02:15:30 -0800] "GET /search.php?channel=156e34&from=https://mollywoppersnyb.com/chat.htm?total096003780.html&m=2921046028692 HTTP/2.0" 200 85535 "-" "Mozilla/5.0 AppleWebKit/537.36 (KHTML, like Gecko; compatible; GPTBot/1.3; +https://openai.com/gptbot)"
74.7.243.224 - - [22/Nov/2025:02:15:31 -0800] "GET /search.php?channel=156e34&from=https://mollywoppersnyb.com/chat.htm?items/272018809.html&m=2921046028692 HTTP/2.0" 200 85464 "-" "Mozilla/5.0 AppleWebKit/537.36 (KHTML, like Gecko; compatible; GPTBot/1.3; +https://openai.com/gptbot)"
74.7.243.224 - - [22/Nov/2025:02:15:32 -0800] "GET /search.php?fortune253046701.html HTTP/2.0" 200 86577 "-" "Mozilla/5.0 AppleWebKit/537.36 (KHTML, like Gecko; compatible; GPTBot/1.3; +https://openai.com/gptbot)"
18.209.137.234 - - [22/Nov/2025:02:15:32 -0800] "GET /?path=//sys/class/tty/ptype/subsystem/ttyp1/subsystem/ttycc/subsystem/ttyp0/subsystem/ttyS1/device HTTP/1.1" 200 6845 "-" "Mozilla/5.0 AppleWebKit/537.36 (KHTML, like Gecko; compatible; Amazonbot/0.1; +https://developer.amazon.com/support/amazonbot) Chrome/119.0.6045.214 Safari/537.36"
74.7.243.224 - - [22/Nov/2025:02:15:33 -0800] "GET /search.php?channel=156e34&from=https://mollywoppersnyb.com/chat.htm?items/127008628.html&m=2921046028692 HTTP/2.0" 200 85782 "-" "Mozilla/5.0 AppleWebKit/537.36 (KHTML, like Gecko; compatible; GPTBot/1.3; +https://openai.com/gptbot)"
74.7.243.224 - - [22/Nov/2025:02:15:34 -0800] "GET /search.php?kind158019772.html HTTP/2.0" 200 85942 "-" "Mozilla/5.0 AppleWebKit/537.36 (KHTML, like Gecko; compatible; GPTBot/1.3; +https://openai.com/gptbot)"
74.7.243.224 - - [22/Nov/2025:02:15:36 -0800] "GET /search.php?channel=156e34&from=https://mollywoppersnyb.com/chat.htm?items/300038117.html&m=2921046028692 HTTP/2.0" 200 85911 "-" "Mozilla/5.0 AppleWebKit/537.36 (KHTML, like Gecko; compatible; GPTBot/1.3; +https://openai.com/gptbot)"
74.7.243.224 - - [22/Nov/2025:02:15:37 -0800] "GET /search.php?channel=156e34&from=https://mollywoppersnyb.com/chat.htm?sing077021287.html&m=2921046028692 HTTP/2.0" 200 86235 "-" "Mozilla/5.0 AppleWebKit/537.36 (KHTML, like Gecko; compatible; GPTBot/1.3; +https://openai.com/gptbot)"
74.7.243.224 - - [22/Nov/2025:02:15:38 -0800] "GET /search.php?channel=156e34&from=https://mollywoppersnyb.com/chat.htm?items/253046806.html&m=2921046028692 HTTP/2.0" 200 86705 "-" "Mozilla/5.0 AppleWebKit/537.36 (KHTML, like Gecko; compatible; GPTBot/1.3; +https://openai.com/gptbot)"
34.193.2.57 - - [22/Nov/2025:02:15:39 -0800] "GET /home/?path=//sys/class/tty/ptype/subsystem/tty0/subsystem/ptyp1/subsystem/ttype/subsystem/ttyp1 HTTP/1.1" 200 6518 "-" "Mozilla/5.0 AppleWebKit/537.36 (KHTML, like Gecko; compatible; Amazonbot/0.1; +https://developer.amazon.com/support/amazonbot) Chrome/119.0.6045.214 Safari/537.36"
74.7.243.224 - - [22/Nov/2025:02:15:40 -0800] "GET /search.php?pcmypage?callback=/product%2Fdetail%2skymarketplus-yb00h2alcxk HTTP/2.0" 200 86630 "-" "Mozilla/5.0 AppleWebKit/537.36 (KHTML, like Gecko; compatible; GPTBot/1.3; +https://openai.com/gptbot)"
74.7.243.224 - - [22/Nov/2025:02:15:41 -0800] "GET /search.php?channel=156e34&from=https://mollywoppersnyb.com/chat.htm?book099043541.html&m=2921046028692 HTTP/2.0" 200 86244 "-" "Mozilla/5.0 AppleWebKit/537.36 (KHTML, like Gecko; compatible; GPTBot/1.3; +https://openai.com/gptbot)"
74.7.243.224 - - [22/Nov/2025:02:15:42 -0800] "GET /search.php?channel=156e34&from=https://mollywoppersnyb.com/chat.htm?items/144012433.html&m=2921046028692 HTTP/2.0" 200 85928 "-" "Mozilla/5.0 AppleWebKit/537.36 (KHTML, like Gecko; compatible; GPTBot/1.3; +https://openai.com/gptbot)"
74.7.243.224 - - [22/Nov/2025:02:15:44 -0800] "GET /search.php?table253046715.html HTTP/2.0" 200 86674 "-" "Mozilla/5.0 AppleWebKit/537.36 (KHTML, like Gecko; compatible; GPTBot/1.3; +https://openai.com/gptbot)"
74.7.243.224 - - [22/Nov/2025:02:15:45 -0800] "GET /search.php?channel=156e34&from=https://mollywoppersnyb.com/chat.htm?items/202039403.html&m=2921046028692 HTTP/2.0" 200 86597 "-" "Mozilla/5.0 AppleWebKit/537.36 (KHTML, like Gecko; compatible; GPTBot/1.3; +https://openai.com/gptbot)"
74.7.243.224 - - [22/Nov/2025:02:15:46 -0800] "GET /search.php?channel=156e34&from=https://mollywoppersnyb.com/chat.htm?eight083014911.html&m=2921046028692 HTTP/2.0" 200 89270 "-" "Mozilla/5.0 AppleWebKit/537.36 (KHTML, like Gecko; compatible; GPTBot/1.3; +https://openai.com/gptbot)"
74.7.243.224 - - [22/Nov/2025:02:15:48 -0800] "GET /search.php?product/edit/s-lailac-ad-jq7423-1 HTTP/2.0" 200 86291 "-" "Mozilla/5.0 AppleWebKit/537.36 (KHTML, like Gecko; compatible; GPTBot/1.3; +https://openai.com/gptbot)"
44.195.145.102 - - [22/Nov/2025:02:15:49 -0800] "GET /home/?path=//sys/class/tty/ptype/subsystem/ttyp0/subsystem/ttyS1/subsystem/ttyqb/subsystem/ttydb HTTP/1.1" 200 6528 "-" "Mozilla/5.0 AppleWebKit/537.36 (KHTML, like Gecko; compatible; Amazonbot/0.1; +https://developer.amazon.com/support/amazonbot) Chrome/119.0.6045.214 Safari/537.36"
74.7.243.224 - - [22/Nov/2025:02:15:49 -0800] "GET /search.php?channel=156e34&from=https://mollywoppersnyb.com/chat.htm?items/126041229.html&m=2921046028692 HTTP/2.0" 200 85870 "-" "Mozilla/5.0 AppleWebKit/537.36 (KHTML, like Gecko; compatible; GPTBot/1.3; +https://openai.com/gptbot)"
74.7.243.224 - - [22/Nov/2025:02:15:50 -0800] "GET /search.php?pcmypage?callback=product%2Fdetail%2Fnetpaint-ism-cl0051 HTTP/2.0" 200 86260 "-" "Mozilla/5.0 AppleWebKit/537.36 (KHTML, like Gecko; compatible; GPTBot/1.3; +https://openai.com/gptbot)"
74.7.243.224 - - [22/Nov/2025:02:15:52 -0800] "GET /search.php?channel=156e34&from=https://mollywoppersnyb.com/chat.htm?lid099043541.html&m=2921046028692 HTTP/2.0" 200 86133 "-" "Mozilla/5.0 AppleWebKit/537.36 (KHTML, like Gecko; compatible; GPTBot/1.3; +https://openai.com/gptbot)"
98.83.10.183 - - [22/Nov/2025:02:15:52 -0800] "GET /?path=//sys/class/tty/ptype/subsystem/ttyv1/subsystem/ttysc/subsystem/ttyec/subsystem/ptmx HTTP/1.1" 200 6534 "-" "Mozilla/5.0 AppleWebKit/537.36 (KHTML, like Gecko; compatible; Amazonbot/0.1; +https://developer.amazon.com/support/amazonbot) Chrome/119.0.6045.214 Safari/537.36"
74.7.243.224 - - [22/Nov/2025:02:15:53 -0800] "GET /search.php?product/edit/ains1-049115 HTTP/2.0" 200 86174 "-" "Mozilla/5.0 AppleWebKit/537.36 (KHTML, like Gecko; compatible; GPTBot/1.3; +https://openai.com/gptbot)"
74.7.243.224 - - [22/Nov/2025:02:15:54 -0800] "GET /search.php?bug253046593.html HTTP/2.0" 200 86589 "-" "Mozilla/5.0 AppleWebKit/537.36 (KHTML, like Gecko; compatible; GPTBot/1.3; +https://openai.com/gptbot)"
74.7.243.224 - - [22/Nov/2025:02:15:56 -0800] "GET /search.php?channel=156e34&from=https://mollywoppersnyb.com/chat.htm?concrete253046691.html&m=2921046028692 HTTP/2.0" 200 86483 "-" "Mozilla/5.0 AppleWebKit/537.36 (KHTML, like Gecko; compatible; GPTBot/1.3; +https://openai.com/gptbot)"
74.7.243.224 - - [22/Nov/2025:02:15:57 -0800] "GET /search.php?pcmypage?callback=product/review/s-lailac-ad-jq7423-1 HTTP/2.0" 200 86239 "-" "Mozilla/5.0 AppleWebKit/537.36 (KHTML, like Gecko; compatible; GPTBot/1.3; +https://openai.com/gptbot)"
74.7.243.224 - - [22/Nov/2025:02:15:59 -0800] "GET /search.php?channel=156e34&from=https://mollywoppersnyb.com/chat.htm?items/202039915.html&m=2921046028692 HTTP/2.0" 200 87201 "-" "Mozilla/5.0 AppleWebKit/537.36 (KHTML, like Gecko; compatible; GPTBot/1.3; +https://openai.com/gptbot)"
66.249.75.104 - - [22/Nov/2025:02:16:01 -0800] "GET /respect/h52?pid=543 HTTP/1.1" 200 29713 "-" "Mozilla/5.0 (Linux; Android 6.0.1; Nexus 5X Build/MMB29P) AppleWebKit/537.36 (KHTML, like Gecko) Chrome/141.0.7390.122 Mobile Safari/537.36 (compatible; Googlebot/2.1; +http://www.google.com/bot.html)"
44.223.115.10 - - [22/Nov/2025:02:16:01 -0800] "GET /?path=//sys/class/tty/ptype/subsystem/ptype/subsystem/ttyp5/subsystem/ttyp1/subsystem/ptyp0 HTTP/1.1" 200 6532 "-" "Mozilla/5.0 AppleWebKit/537.36 (KHTML, like Gecko; compatible; Amazonbot/0.1; +https://developer.amazon.com/support/amazonbot) Chrome/119.0.6045.214 Safari/537.36"
74.7.243.224 - - [22/Nov/2025:02:16:00 -0800] "GET /search.php?channel=156e34&from=https://mollywoppersnyb.com/chat.htm?items/085009866.html&m=2921046028692 HTTP/2.0" 200 86130 "-" "Mozilla/5.0 AppleWebKit/537.36 (KHTML, like Gecko; compatible; GPTBot/1.3; +https://openai.com/gptbot)"
66.249.75.104 - - [22/Nov/2025:02:16:01 -0800] "GET /?market=1696816583 HTTP/1.1" 200 20710 "-" "Mozilla/5.0 (Linux; Android 6.0.1; Nexus 5X Build/MMB29P) AppleWebKit/537.36 (KHTML, like Gecko) Chrome/141.0.7390.122 Mobile Safari/537.36 (compatible; Googlebot/2.1; +http://www.google.com/bot.html)"
74.7.243.224 - - [22/Nov/2025:02:16:02 -0800] "GET /search.php?channel=156e34&from=https://mollywoppersnyb.com/chat.htm?items/176033841.html&m=2921046028692 HTTP/2.0" 200 86618 "-" "Mozilla/5.0 AppleWebKit/537.36 (KHTML, like Gecko; compatible; GPTBot/1.3; +https://openai.com/gptbot)"
216.73.216.10 - - [22/Nov/2025:02:16:03 -0800] "GET /2019/10/28/dont-be-a-chicken-%F0%9F%90%93repost-spaghetti_breath%E3%83%BB%E3%83%BB%E3%83%BBmollywoppersnyb-meeting-wednesday-night-730pm-at-omalley-come-get-those-deposits-in-clocks-tic?fileloc=%2Fhome%2Fmollywopper%2Fmollywoppersnyb.com.old%2Fwp-rss.php&path=%2Fhome%2Fmollywopper%2Fmollywoppersnyb.com.old HTTP/2.0" 200 2804 "-" "Mozilla/5.0 AppleWebKit/537.36 (KHTML, like Gecko; compatible; ClaudeBot/1.0; +claudebot@anthropic.com)"
216.73.216.10 - - [22/Nov/2025:02:16:03 -0800] "GET /2019/10/28/dont-be-a-chicken-%F0%9F%90%93repost-spaghetti_breath%E3%83%BB%E3%83%BB%E3%83%BBmollywoppersnyb-meeting-wednesday-night-730pm-at-omalley-come-get-those-deposits-in-clocks-tic?fileloc=%2Fhome%2Fmollywopper%2Fmollywoppersnyb.com%2Fmixtape%2Fsongs%2FDevil+in+Disguise.mp3&path=%2Fhome%2Fmollywopper%2Fmollywoppersnyb.com%2Fmixtape%2Fsongs HTTP/2.0" 200 2577 "-" "Mozilla/5.0 AppleWebKit/537.36 (KHTML, like Gecko; compatible; ClaudeBot/1.0; +claudebot@anthropic.com)"
216.73.216.10 - - [22/Nov/2025:02:16:03 -0800] "GET /2019/10/28/dont-be-a-chicken-%F0%9F%90%93repost-spaghetti_breath%E3%83%BB%E3%83%BB%E3%83%BBmollywoppersnyb-meeting-wednesday-night-730pm-at-omalley-come-get-those-deposits-in-clocks-tic?fileloc=%2Fhome%2Fmollywopper%2Fmollywoppersnyb.com%2F772067%2F772067%2Findex.php&path=%2Fhome%2Fmollywopper%2Fmollywoppersnyb.com%2F772067%2F772067 HTTP/2.0" 200 2802 "-" "Mozilla/5.0 AppleWebKit/537.36 (KHTML, like Gecko; compatible; ClaudeBot/1.0; +claudebot@anthropic.com)"
216.73.216.10 - - [22/Nov/2025:02:16:04 -0800] "GET /2019/10/28/dont-be-a-chicken-%F0%9F%90%93repost-spaghetti_breath%E3%83%BB%E3%83%BB%E3%83%BBmollywoppersnyb-meeting-wednesday-night-730pm-at-omalley-come-get-those-deposits-in-clocks-tic?fileloc=%2Fhome%2Fmollywopper%2Fmollywoppersnyb.com.old%2Fwp-commentsrss2.php&path=%2Fhome%2Fmollywopper%2Fmollywoppersnyb.com.old HTTP/2.0" 200 2761 "-" "Mozilla/5.0 AppleWebKit/537.36 (KHTML, like Gecko; compatible; ClaudeBot/1.0; +claudebot@anthropic.com)"
216.73.216.10 - - [22/Nov/2025:02:16:04 -0800] "GET /2019/10/28/dont-be-a-chicken-%F0%9F%90%93repost-spaghetti_breath%E3%83%BB%E3%83%BB%E3%83%BBmollywoppersnyb-meeting-wednesday-night-730pm-at-omalley-come-get-those-deposits-in-clocks-tic?fileloc=%2Fhome%2Fmollywopper%2Fold.mollywoppersnyb.com%2Fpostnews.php&path=%2Fhome%2Fmollywopper%2Fold.mollywoppersnyb.com HTTP/2.0" 200 5018 "-" "Mozilla/5.0 AppleWebKit/537.36 (KHTML, like Gecko; compatible; ClaudeBot/1.0; +claudebot@anthropic.com)"
216.73.216.10 - - [22/Nov/2025:02:16:04 -0800] "GET /2019/10/28/dont-be-a-chicken-%F0%9F%90%93repost-spaghetti_breath%E3%83%BB%E3%83%BB%E3%83%BBmollywoppersnyb-meeting-wednesday-night-730pm-at-omalley-come-get-those-deposits-in-clocks-tic?path=%2Fhome%2Fmollywopper%2Fold.mollywoppersnyb.com%2Fwp-content HTTP/2.0" 200 3288 "-" "Mozilla/5.0 AppleWebKit/537.36 (KHTML, like Gecko; compatible; ClaudeBot/1.0; +claudebot@anthropic.com)"
216.73.216.10 - - [22/Nov/2025:02:16:04 -0800] "GET /2019/10/28/dont-be-a-chicken-%F0%9F%90%93repost-spaghetti_breath%E3%83%BB%E3%83%BB%E3%83%BBmollywoppersnyb-meeting-wednesday-night-730pm-at-omalley-come-get-those-deposits-in-clocks-tic?fileloc=%2Fhome%2Fmollywopper%2Fmollywoppersnyb.com%2Fmixtape%2Fsongs%2FRunnin%27+with+the+Devil.mp3&path=%2Fhome%2Fmollywopper%2Fmollywoppersnyb.com%2Fmixtape%2Fsongs HTTP/2.0" 200 2582 "-" "Mozilla/5.0 AppleWebKit/537.36 (KHTML, like Gecko; compatible; ClaudeBot/1.0; +claudebot@anthropic.com)"
216.73.216.10 - - [22/Nov/2025:02:16:05 -0800] "GET /2019/10/28/dont-be-a-chicken-%F0%9F%90%93repost-spaghetti_breath%E3%83%BB%E3%83%BB%E3%83%BBmollywoppersnyb-meeting-wednesday-night-730pm-at-omalley-come-get-those-deposits-in-clocks-tic?fileloc=%2Fhome%2Fmollywopper%2Fmollywoppersnyb.com%2Fmixtape%2Fsongs%2Findex.php&path=%2Fhome%2Fmollywopper%2Fmollywoppersnyb.com%2Fmixtape%2Fsongs HTTP/2.0" 200 2705 "-" "Mozilla/5.0 AppleWebKit/537.36 (KHTML, like Gecko; compatible; ClaudeBot/1.0; +claudebot@anthropic.com)"
216.73.216.10 - - [22/Nov/2025:02:16:05 -0800] "GET /2019/10/28/dont-be-a-chicken-%F0%9F%90%93repost-spaghetti_breath%E3%83%BB%E3%83%BB%E3%83%BBmollywoppersnyb-meeting-wednesday-night-730pm-at-omalley-come-get-those-deposits-in-clocks-tic?fileloc=%2Fhome%2Fmollywopper%2Fold.mollywoppersnyb.com%2Fwp-signup.php&path=%2Fhome%2Fmollywopper%2Fold.mollywoppersnyb.com HTTP/2.0" 200 7779 "-" "Mozilla/5.0 AppleWebKit/537.36 (KHTML, like Gecko; compatible; ClaudeBot/1.0; +claudebot@anthropic.com)"
216.73.216.10 - - [22/Nov/2025:02:16:04 -0800] "GET /2019/10/28/dont-be-a-chicken-%F0%9F%90%93repost-spaghetti_breath%E3%83%BB%E3%83%BB%E3%83%BBmollywoppersnyb-meeting-wednesday-night-730pm-at-omalley-come-get-those-deposits-in-clocks-tic?fileloc=%2Fhome%2Fmollywopper%2Fold.mollywoppersnyb.com%2Fquickstart.html&path=%2Fhome%2Fmollywopper%2Fold.mollywoppersnyb.com HTTP/2.0" 200 3548 "-" "Mozilla/5.0 AppleWebKit/537.36 (KHTML, like Gecko; compatible; ClaudeBot/1.0; +claudebot@anthropic.com)"
216.73.216.10 - - [22/Nov/2025:02:16:04 -0800] "GET /2019/10/28/dont-be-a-chicken-%F0%9F%90%93repost-spaghetti_breath%E3%83%BB%E3%83%BB%E3%83%BBmollywoppersnyb-meeting-wednesday-night-730pm-at-omalley-come-get-those-deposits-in-clocks-tic?fileloc=%2Fhome%2Fmollywopper%2Fold.mollywoppersnyb.com%2Findex.php&path=%2Fhome%2Fmollywopper%2Fold.mollywoppersnyb.com HTTP/2.0" 200 2765 "-" "Mozilla/5.0 AppleWebKit/537.36 (KHTML, like Gecko; compatible; ClaudeBot/1.0; +claudebot@anthropic.com)"
74.7.243.224 - - [22/Nov/2025:02:16:03 -0800] "GET /search.php?channel=156e34&from=https://mollywoppersnyb.com/chat.htm?items/120004061.html&m=2921046028692 HTTP/2.0" 200 86617 "-" "Mozilla/5.0 AppleWebKit/537.36 (KHTML, like Gecko; compatible; GPTBot/1.3; +https://openai.com/gptbot)"
3.210.114.189 - - [22/Nov/2025:02:16:06 -0800] "GET /?path=//sys/class/tty/ptype/subsystem/ptyp0/subsystem/ptype/subsystem/ttys0/subsystem/ptmx HTTP/1.1" 200 6529 "-" "Mozilla/5.0 AppleWebKit/537.36 (KHTML, like Gecko; compatible; Amazonbot/0.1; +https://developer.amazon.com/support/amazonbot) Chrome/119.0.6045.214 Safari/537.36"
216.73.216.10 - - [22/Nov/2025:02:16:04 -0800] "GET /2019/10/28/dont-be-a-chicken-%F0%9F%90%93repost-spaghetti_breath%E3%83%BB%E3%83%BB%E3%83%BBmollywoppersnyb-meeting-wednesday-night-730pm-at-omalley-come-get-those-deposits-in-clocks-tic?fileloc=%2Fhome%2Fmollywopper%2Fmollywoppersnyb.com.old%2Fwp-rss2.php&path=%2Fhome%2Fmollywopper%2Fmollywoppersnyb.com.old HTTP/2.0" 200 2702 "-" "Mozilla/5.0 AppleWebKit/537.36 (KHTML, like Gecko; compatible; ClaudeBot/1.0; +claudebot@anthropic.com)"
216.73.216.10 - - [22/Nov/2025:02:16:05 -0800] "GET /2019/10/28/dont-be-a-chicken-%F0%9F%90%93repost-spaghetti_breath%E3%83%BB%E3%83%BB%E3%83%BBmollywoppersnyb-meeting-wednesday-night-730pm-at-omalley-come-get-those-deposits-in-clocks-tic?fileloc=%2Fhome%2Fmollywopper%2Fold.mollywoppersnyb.com%2Fwp-load.php&path=%2Fhome%2Fmollywopper%2Fold.mollywoppersnyb.com HTTP/2.0" 200 3604 "-" "Mozilla/5.0 AppleWebKit/537.36 (KHTML, like Gecko; compatible; ClaudeBot/1.0; +claudebot@anthropic.com)"
216.73.216.10 - - [22/Nov/2025:02:16:03 -0800] "GET /2019/10/28/dont-be-a-chicken-%F0%9F%90%93repost-spaghetti_breath%E3%83%BB%E3%83%BB%E3%83%BBmollywoppersnyb-meeting-wednesday-night-730pm-at-omalley-come-get-those-deposits-in-clocks-tic?path=%2Fhome%2Fmollywopper%2Fold.mollywoppersnyb.com%2Fwp-includes HTTP/2.0" 200 6997 "-" "Mozilla/5.0 AppleWebKit/537.36 (KHTML, like Gecko; compatible; ClaudeBot/1.0; +claudebot@anthropic.com)"
216.73.216.10 - - [22/Nov/2025:02:16:03 -0800] "GET /2019/10/28/dont-be-a-chicken-%F0%9F%90%93repost-spaghetti_breath%E3%83%BB%E3%83%BB%E3%83%BBmollywoppersnyb-meeting-wednesday-night-730pm-at-omalley-come-get-those-deposits-in-clocks-tic?fileloc=%2Fhome%2Fmollywopper%2Fmollywoppersnyb.com%2F772067%2F772067%2Fcache.php&path=%2Fhome%2Fmollywopper%2Fmollywoppersnyb.com%2F772067%2F772067 HTTP/2.0" 200 2807 "-" "Mozilla/5.0 AppleWebKit/537.36 (KHTML, like Gecko; compatible; ClaudeBot/1.0; +claudebot@anthropic.com)"
216.73.216.10 - - [22/Nov/2025:02:16:04 -0800] "GET /2019/10/28/dont-be-a-chicken-%F0%9F%90%93repost-spaghetti_breath%E3%83%BB%E3%83%BB%E3%83%BBmollywoppersnyb-meeting-wednesday-night-730pm-at-omalley-come-get-those-deposits-in-clocks-tic?fileloc=%2Fhome%2Fmollywopper%2Fold.mollywoppersnyb.com%2Freadme.html&path=%2Fhome%2Fmollywopper%2Fold.mollywoppersnyb.com HTTP/2.0" 200 6438 "-" "Mozilla/5.0 AppleWebKit/537.36 (KHTML, like Gecko; compatible; ClaudeBot/1.0; +claudebot@anthropic.com)"
216.73.216.10 - - [22/Nov/2025:02:16:05 -0800] "GET /2019/10/28/dont-be-a-chicken-%F0%9F%90%93repost-spaghetti_breath%E3%83%BB%E3%83%BB%E3%83%BBmollywoppersnyb-meeting-wednesday-night-730pm-at-omalley-come-get-those-deposits-in-clocks-tic?fileloc=%2Fhome%2Fmollywopper%2Fold.mollywoppersnyb.com%2Fwp-comments-post.php&path=%2Fhome%2Fmollywopper%2Fold.mollywoppersnyb.com HTTP/2.0" 200 3917 "-" "Mozilla/5.0 AppleWebKit/537.36 (KHTML, like Gecko; compatible; ClaudeBot/1.0; +claudebot@anthropic.com)"
216.73.216.10 - - [22/Nov/2025:02:16:05 -0800] "GET /2019/10/28/dont-be-a-chicken-%F0%9F%90%93repost-spaghetti_breath%E3%83%BB%E3%83%BB%E3%83%BBmollywoppersnyb-meeting-wednesday-night-730pm-at-omalley-come-get-those-deposits-in-clocks-tic?fileloc=%2Fhome%2Fmollywopper%2Fmollywoppersnyb.com%2Fmixtape%2Fsettings%2F.opentape_songlist.php&path=%2Fhome%2Fmollywopper%2Fmollywoppersnyb.com%2Fmixtape%2Fsettings HTTP/2.0" 200 5690 "-" "Mozilla/5.0 AppleWebKit/537.36 (KHTML, like Gecko; compatible; ClaudeBot/1.0; +claudebot@anthropic.com)"
74.7.243.224 - - [22/Nov/2025:02:16:07 -0800] "GET /search.php?channel=156e34&from=https://mollywoppersnyb.com/chat.htm?mode041039741.html&m=2921046028692 HTTP/2.0" 200 86038 "-" "Mozilla/5.0 AppleWebKit/537.36 (KHTML, like Gecko; compatible; GPTBot/1.3; +https://openai.com/gptbot)"
66.249.75.104 - - [22/Nov/2025:02:16:09 -0800] "GET /God/q273?pid=34114 HTTP/1.1" 200 30334 "-" "Mozilla/5.0 (Linux; Android 6.0.1; Nexus 5X Build/MMB29P) AppleWebKit/537.36 (KHTML, like Gecko) Chrome/141.0.7390.122 Mobile Safari/537.36 (compatible; GoogleOther)"
74.7.243.224 - - [22/Nov/2025:02:16:09 -0800] "GET /search.php?channel=156e34&from=https://mollywoppersnyb.com/chat.htm?items/102021979.html&m=2921046028692 HTTP/2.0" 200 86361 "-" "Mozilla/5.0 AppleWebKit/537.36 (KHTML, like Gecko; compatible; GPTBot/1.3; +https://openai.com/gptbot)"
216.73.216.10 - - [22/Nov/2025:02:16:09 -0800] "GET /2019/10/28/dont-be-a-chicken-%F0%9F%90%93repost-spaghetti_breath%E3%83%BB%E3%83%BB%E3%83%BBmollywoppersnyb-meeting-wednesday-night-730pm-at-omalley-come-get-those-deposits-in-clocks-tic?fileloc=%2Fhome%2Fmollywopper%2Fold.mollywoppersnyb.com%2Fwp-rss.php&path=%2Fhome%2Fmollywopper%2Fold.mollywoppersnyb.com HTTP/2.0" 200 2805 "-" "Mozilla/5.0 AppleWebKit/537.36 (KHTML, like Gecko; compatible; ClaudeBot/1.0; +claudebot@anthropic.com)"
216.73.216.10 - - [22/Nov/2025:02:16:09 -0800] "GET /2019/10/28/dont-be-a-chicken-%F0%9F%90%93repost-spaghetti_breath%E3%83%BB%E3%83%BB%E3%83%BBmollywoppersnyb-meeting-wednesday-night-730pm-at-omalley-come-get-those-deposits-in-clocks-tic?fileloc=%2Fhome%2Fmollywopper%2Fold.mollywoppersnyb.com%2Fwp-blog-header.php&path=%2Fhome%2Fmollywopper%2Fold.mollywoppersnyb.com HTTP/2.0" 200 2729 "-" "Mozilla/5.0 AppleWebKit/537.36 (KHTML, like Gecko; compatible; ClaudeBot/1.0; +claudebot@anthropic.com)"
216.73.216.10 - - [22/Nov/2025:02:16:09 -0800] "GET /2019/10/28/dont-be-a-chicken-%F0%9F%90%93repost-spaghetti_breath%E3%83%BB%E3%83%BB%E3%83%BBmollywoppersnyb-meeting-wednesday-night-730pm-at-omalley-come-get-those-deposits-in-clocks-tic?fileloc=%2Fhome%2Fmollywopper%2Fold.mollywoppersnyb.com%2Fwp-rss2.php&path=%2Fhome%2Fmollywopper%2Fold.mollywoppersnyb.com HTTP/2.0" 200 2703 "-" "Mozilla/5.0 AppleWebKit/537.36 (KHTML, like Gecko; compatible; ClaudeBot/1.0; +claudebot@anthropic.com)"
216.73.216.10 - - [22/Nov/2025:02:16:10 -0800] "GET /2019/10/28/dont-be-a-chicken-%F0%9F%90%93repost-spaghetti_breath%E3%83%BB%E3%83%BB%E3%83%BBmollywoppersnyb-meeting-wednesday-night-730pm-at-omalley-come-get-those-deposits-in-clocks-tic?fileloc=%2Fhome%2Fmollywopper%2Fmollywoppersnyb.com%2Fmixtape%2Fcode%2Fwelcome.php&path=%2Fhome%2Fmollywopper%2Fmollywoppersnyb.com%2Fmixtape%2Fcode HTTP/2.0" 200 3895 "-" "Mozilla/5.0 AppleWebKit/537.36 (KHTML, like Gecko; compatible; ClaudeBot/1.0; +claudebot@anthropic.com)"
216.73.216.10 - - [22/Nov/2025:02:16:10 -0800] "GET /2019/10/28/dont-be-a-chicken-%F0%9F%90%93repost-spaghetti_breath%E3%83%BB%E3%83%BB%E3%83%BBmollywoppersnyb-meeting-wednesday-night-730pm-at-omalley-come-get-those-deposits-in-clocks-tic?fileloc=%2Fhome%2Fmollywopper%2Fmollywoppersnyb.com%2Fmixtape%2Fcode%2Fmixtape.php&path=%2Fhome%2Fmollywopper%2Fmollywoppersnyb.com%2Fmixtape%2Fcode HTTP/2.0" 200 5464 "-" "Mozilla/5.0 AppleWebKit/537.36 (KHTML, like Gecko; compatible; ClaudeBot/1.0; +claudebot@anthropic.com)"
216.73.216.10 - - [22/Nov/2025:02:16:10 -0800] "GET /2019/10/28/dont-be-a-chicken-%F0%9F%90%93repost-spaghetti_breath%E3%83%BB%E3%83%BB%E3%83%BBmollywoppersnyb-meeting-wednesday-night-730pm-at-omalley-come-get-those-deposits-in-clocks-tic?fileloc=%2Fhome%2Fmollywopper%2Fmollywoppersnyb.com%2Fmixtape%2Fcode%2Fsettings.php&path=%2Fhome%2Fmollywopper%2Fmollywoppersnyb.com%2Fmixtape%2Fcode HTTP/2.0" 200 4790 "-" "Mozilla/5.0 AppleWebKit/537.36 (KHTML, like Gecko; compatible; ClaudeBot/1.0; +claudebot@anthropic.com)"
216.73.216.10 - - [22/Nov/2025:02:16:09 -0800] "GET /2019/10/28/dont-be-a-chicken-%F0%9F%90%93repost-spaghetti_breath%E3%83%BB%E3%83%BB%E3%83%BBmollywoppersnyb-meeting-wednesday-night-730pm-at-omalley-come-get-those-deposits-in-clocks-tic?fileloc=%2Fhome%2Fmollywopper%2Fold.mollywoppersnyb.com%2Fwp-commentsrss2.php&path=%2Fhome%2Fmollywopper%2Fold.mollywoppersnyb.com HTTP/2.0" 200 2716 "-" "Mozilla/5.0 AppleWebKit/537.36 (KHTML, like Gecko; compatible; ClaudeBot/1.0; +claudebot@anthropic.com)"
216.73.216.10 - - [22/Nov/2025:02:16:09 -0800] "GET /2019/10/28/dont-be-a-chicken-%F0%9F%90%93repost-spaghetti_breath%E3%83%BB%E3%83%BB%E3%83%BBmollywoppersnyb-meeting-wednesday-night-730pm-at-omalley-come-get-those-deposits-in-clocks-tic?fileloc=%2Fhome%2Fmollywopper%2Fmollywoppersnyb.com%2Fmixtape%2Fcode%2Fmodule.audio.mp3.php&path=%2Fhome%2Fmollywopper%2Fmollywoppersnyb.com%2Fmixtape%2Fcode HTTP/2.0" 200 2575 "-" "Mozilla/5.0 AppleWebKit/537.36 (KHTML, like Gecko; compatible; ClaudeBot/1.0; +claudebot@anthropic.com)"
216.73.216.10 - - [22/Nov/2025:02:16:11 -0800] "GET /2019/10/28/dont-be-a-chicken-%F0%9F%90%93repost-spaghetti_breath%E3%83%BB%E3%83%BB%E3%83%BBmollywoppersnyb-meeting-wednesday-night-730pm-at-omalley-come-get-those-deposits-in-clocks-tic?fileloc=%2Fhome%2Fmollywopper%2Fmollywoppersnyb.com%2Fmixtape%2Fcode%2Fedit.php&path=%2Fhome%2Fmollywopper%2Fmollywoppersnyb.com%2Fmixtape%2Fcode HTTP/2.0" 200 6595 "-" "Mozilla/5.0 AppleWebKit/537.36 (KHTML, like Gecko; compatible; ClaudeBot/1.0; +claudebot@anthropic.com)"
216.73.216.10 - - [22/Nov/2025:02:16:11 -0800] "GET /2019/10/28/dont-be-a-chicken-%F0%9F%90%93repost-spaghetti_breath%E3%83%BB%E3%83%BB%E3%83%BBmollywoppersnyb-meeting-wednesday-night-730pm-at-omalley-come-get-those-deposits-in-clocks-tic?fileloc=%2Fhome%2Fmollywopper%2Fmollywoppersnyb.com%2Fmixtape%2Fcode%2Fopentape_common.php&path=%2Fhome%2Fmollywopper%2Fmollywoppersnyb.com%2Fmixtape%2Fcode HTTP/2.0" 200 7898 "-" "Mozilla/5.0 AppleWebKit/537.36 (KHTML, like Gecko; compatible; ClaudeBot/1.0; +claudebot@anthropic.com)"
216.73.216.10 - - [22/Nov/2025:02:16:11 -0800] "GET /2019/10/28/dont-be-a-chicken-%F0%9F%90%93repost-spaghetti_breath%E3%83%BB%E3%83%BB%E3%83%BBmollywoppersnyb-meeting-wednesday-night-730pm-at-omalley-come-get-those-deposits-in-clocks-tic?fileloc=%2Fhome%2Fmollywopper%2Fmollywoppersnyb.com%2Fmixtape%2Fcode%2FJSON.php&path=%2Fhome%2Fmollywopper%2Fmollywoppersnyb.com%2Fmixtape%2Fcode HTTP/2.0" 200 9976 "-" "Mozilla/5.0 AppleWebKit/537.36 (KHTML, like Gecko; compatible; ClaudeBot/1.0; +claudebot@anthropic.com)"
216.73.216.10 - - [22/Nov/2025:02:16:10 -0800] "GET /2019/10/28/dont-be-a-chicken-%F0%9F%90%93repost-spaghetti_breath%E3%83%BB%E3%83%BB%E3%83%BBmollywoppersnyb-meeting-wednesday-night-730pm-at-omalley-come-get-those-deposits-in-clocks-tic?fileloc=%2Fhome%2Fmollywopper%2Fmollywoppersnyb.com%2Fmixtape%2Fcode%2Fwarning.php&path=%2Fhome%2Fmollywopper%2Fmollywoppersnyb.com%2Fmixtape%2Fcode HTTP/2.0" 200 3403 "-" "Mozilla/5.0 AppleWebKit/537.36 (KHTML, like Gecko; compatible; ClaudeBot/1.0; +claudebot@anthropic.com)"
216.73.216.10 - - [22/Nov/2025:02:16:10 -0800] "GET /2019/10/28/dont-be-a-chicken-%F0%9F%90%93repost-spaghetti_breath%E3%83%BB%E3%83%BB%E3%83%BBmollywoppersnyb-meeting-wednesday-night-730pm-at-omalley-come-get-those-deposits-in-clocks-tic?fileloc=%2Fhome%2Fmollywopper%2Fmollywoppersnyb.com%2Fmixtape%2Fcode%2Fgetid3.lib.php&path=%2Fhome%2Fmollywopper%2Fmollywoppersnyb.com%2Fmixtape%2Fcode HTTP/2.0" 200 2571 "-" "Mozilla/5.0 AppleWebKit/537.36 (KHTML, like Gecko; compatible; ClaudeBot/1.0; +claudebot@anthropic.com)"
216.73.216.10 - - [22/Nov/2025:02:16:10 -0800] "GET /2019/10/28/dont-be-a-chicken-%F0%9F%90%93repost-spaghetti_breath%E3%83%BB%E3%83%BB%E3%83%BBmollywoppersnyb-meeting-wednesday-night-730pm-at-omalley-come-get-those-deposits-in-clocks-tic?fileloc=%2Fhome%2Fmollywopper%2Fmollywoppersnyb.com%2Fmixtape%2Fcode%2Fxspf.php&path=%2Fhome%2Fmollywopper%2Fmollywoppersnyb.com%2Fmixtape%2Fcode HTTP/2.0" 200 3674 "-" "Mozilla/5.0 AppleWebKit/537.36 (KHTML, like Gecko; compatible; ClaudeBot/1.0; +claudebot@anthropic.com)"
74.7.243.224 - - [22/Nov/2025:02:16:09 -0800] "GET /search.php?channel=156e34&from=https://mollywoppersnyb.com/chat.htm?buyer062035544.html&m=2921046028692 HTTP/2.0" 200 85659 "-" "Mozilla/5.0 AppleWebKit/537.36 (KHTML, like Gecko; compatible; GPTBot/1.3; +https://openai.com/gptbot)"
216.73.216.10 - - [22/Nov/2025:02:16:11 -0800] "GET /2019/10/28/dont-be-a-chicken-%F0%9F%90%93repost-spaghetti_breath%E3%83%BB%E3%83%BB%E3%83%BBmollywoppersnyb-meeting-wednesday-night-730pm-at-omalley-come-get-those-deposits-in-clocks-tic?fileloc=%2Fhome%2Fmollywopper%2Fmollywoppersnyb.com%2Fmixtape%2Fcode%2Fajax.php&path=%2Fhome%2Fmollywopper%2Fmollywoppersnyb.com%2Fmixtape%2Fcode HTTP/2.0" 200 3729 "-" "Mozilla/5.0 AppleWebKit/537.36 (KHTML, like Gecko; compatible; ClaudeBot/1.0; +claudebot@anthropic.com)"
216.73.216.10 - - [22/Nov/2025:02:16:10 -0800] "GET /2019/10/28/dont-be-a-chicken-%F0%9F%90%93repost-spaghetti_breath%E3%83%BB%E3%83%BB%E3%83%BBmollywoppersnyb-meeting-wednesday-night-730pm-at-omalley-come-get-those-deposits-in-clocks-tic?fileloc=%2Fhome%2Fmollywopper%2Fmollywoppersnyb.com%2Fmixtape%2Fcode%2Fgetid3.php&path=%2Fhome%2Fmollywopper%2Fmollywoppersnyb.com%2Fmixtape%2Fcode HTTP/2.0" 200 14975 "-" "Mozilla/5.0 AppleWebKit/537.36 (KHTML, like Gecko; compatible; ClaudeBot/1.0; +claudebot@anthropic.com)"
216.73.216.10 - - [22/Nov/2025:02:16:10 -0800] "GET /2019/10/28/dont-be-a-chicken-%F0%9F%90%93repost-spaghetti_breath%E3%83%BB%E3%83%BB%E3%83%BBmollywoppersnyb-meeting-wednesday-night-730pm-at-omalley-come-get-those-deposits-in-clocks-tic?fileloc=%2Fhome%2Fmollywopper%2Fmollywoppersnyb.com%2Fmixtape%2Fcode%2Flogout.php&path=%2Fhome%2Fmollywopper%2Fmollywoppersnyb.com%2Fmixtape%2Fcode HTTP/2.0" 200 2689 "-" "Mozilla/5.0 AppleWebKit/537.36 (KHTML, like Gecko; compatible; ClaudeBot/1.0; +claudebot@anthropic.com)"
216.73.216.10 - - [22/Nov/2025:02:16:10 -0800] "GET /2019/10/28/dont-be-a-chicken-%F0%9F%90%93repost-spaghetti_breath%E3%83%BB%E3%83%BB%E3%83%BBmollywoppersnyb-meeting-wednesday-night-730pm-at-omalley-come-get-those-deposits-in-clocks-tic?fileloc=%2Fhome%2Fmollywopper%2Fmollywoppersnyb.com%2Fmixtape%2Fcode%2Findex.php&path=%2Fhome%2Fmollywopper%2Fmollywoppersnyb.com%2Fmixtape%2Fcode HTTP/2.0" 200 2655 "-" "Mozilla/5.0 AppleWebKit/537.36 (KHTML, like Gecko; compatible; ClaudeBot/1.0; +claudebot@anthropic.com)"
216.73.216.10 - - [22/Nov/2025:02:16:11 -0800] "GET /2019/10/28/dont-be-a-chicken-%F0%9F%90%93repost-spaghetti_breath%E3%83%BB%E3%83%BB%E3%83%BBmollywoppersnyb-meeting-wednesday-night-730pm-at-omalley-come-get-those-deposits-in-clocks-tic?fileloc=%2Fhome%2Fmollywopper%2Fmollywoppersnyb.com%2Fmixtape%2Fcode%2Frss.php&path=%2Fhome%2Fmollywopper%2Fmollywoppersnyb.com%2Fmixtape%2Fcode HTTP/2.0" 200 3379 "-" "Mozilla/5.0 AppleWebKit/537.36 (KHTML, like Gecko; compatible; ClaudeBot/1.0; +claudebot@anthropic.com)"
74.7.243.224 - - [22/Nov/2025:02:16:12 -0800] "GET /search.php?channel=156e34&from=https://mollywoppersnyb.com/chat.htm?items/272027425.html&m=2921046028692 HTTP/2.0" 200 85453 "-" "Mozilla/5.0 AppleWebKit/537.36 (KHTML, like Gecko; compatible; GPTBot/1.3; +https://openai.com/gptbot)"
74.7.243.224 - - [22/Nov/2025:02:16:15 -0800] "GET /search.php?channel=156e34&from=https://mollywoppersnyb.com/chat.htm?items/202042915.html&m=2921046028692 HTTP/2.0" 200 87176 "-" "Mozilla/5.0 AppleWebKit/537.36 (KHTML, like Gecko; compatible; GPTBot/1.3; +https://openai.com/gptbot)"
100.28.204.82 - - [22/Nov/2025:02:16:16 -0800] "GET /?path=//sys/class/tty/ptype/subsystem/ptype/subsystem/ttypc/subsystem/ttyvd/subsystem/ttyS1 HTTP/1.1" 200 7208 "-" "Mozilla/5.0 AppleWebKit/537.36 (KHTML, like Gecko; compatible; Amazonbot/0.1; +https://developer.amazon.com/support/amazonbot) Chrome/119.0.6045.214 Safari/537.36"
74.7.243.224 - - [22/Nov/2025:02:16:16 -0800] "GET /search.php?channel=156e34&from=https://mollywoppersnyb.com/chat.htm?items/026000321.html&m=2921046028692 HTTP/2.0" 200 86056 "-" "Mozilla/5.0 AppleWebKit/537.36 (KHTML, like Gecko; compatible; GPTBot/1.3; +https://openai.com/gptbot)"
66.249.75.104 - - [22/Nov/2025:02:16:17 -0800] "GET /market/2083657186 HTTP/1.1" 200 24183 "-" "Mozilla/5.0 (Linux; Android 6.0.1; Nexus 5X Build/MMB29P) AppleWebKit/537.36 (KHTML, like Gecko) Chrome/141.0.7390.122 Mobile Safari/537.36 (compatible; GoogleOther)"
74.7.243.224 - - [22/Nov/2025:02:16:17 -0800] "GET /search.php?channel=156e34&from=https://mollywoppersnyb.com/chat.htm?items/110048247.html&m=2921046028692 HTTP/2.0" 200 86295 "-" "Mozilla/5.0 AppleWebKit/537.36 (KHTML, like Gecko; compatible; GPTBot/1.3; +https://openai.com/gptbot)"
74.7.243.224 - - [22/Nov/2025:02:16:18 -0800] "GET /search.php?product/edit/auc-fujimoyo-youhin-mi-outlander-phev-gg2w-r3s-04 HTTP/2.0" 200 85720 "-" "Mozilla/5.0 AppleWebKit/537.36 (KHTML, like Gecko; compatible; GPTBot/1.3; +https://openai.com/gptbot)"
74.7.243.224 - - [22/Nov/2025:02:16:19 -0800] "GET /search.php?channel=156e34&from=https://mollywoppersnyb.com/chat.htm?tell219006765.html&m=2921046028692 HTTP/2.0" 200 86141 "-" "Mozilla/5.0 AppleWebKit/537.36 (KHTML, like Gecko; compatible; GPTBot/1.3; +https://openai.com/gptbot)"
74.7.243.224 - - [22/Nov/2025:02:16:20 -0800] "GET /search.php?channel=156e34&from=https://mollywoppersnyb.com/chat.htm?items/019029548.html&m=2921046028692 HTTP/2.0" 200 86570 "-" "Mozilla/5.0 AppleWebKit/537.36 (KHTML, like Gecko; compatible; GPTBot/1.3; +https://openai.com/gptbot)"
52.3.156.186 - - [22/Nov/2025:02:16:21 -0800] "GET /home/?path=//sys/class/tty/ptype/subsystem/ttype/subsystem/ptype/subsystem/ttyS2/device/subsystem/devices HTTP/1.1" 200 7076 "-" "Mozilla/5.0 AppleWebKit/537.36 (KHTML, like Gecko; compatible; Amazonbot/0.1; +https://developer.amazon.com/support/amazonbot) Chrome/119.0.6045.214 Safari/537.36"
74.7.243.224 - - [22/Nov/2025:02:16:21 -0800] "GET /search.php?channel=156e34&from=https://mollywoppersnyb.com/chat.htm?items/201022918.html&m=2921046028692 HTTP/2.0" 200 86354 "-" "Mozilla/5.0 AppleWebKit/537.36 (KHTML, like Gecko; compatible; GPTBot/1.3; +https://openai.com/gptbot)"
74.7.243.224 - - [22/Nov/2025:02:16:23 -0800] "GET /search.php?gaze253046701.html HTTP/2.0" 200 86437 "-" "Mozilla/5.0 AppleWebKit/537.36 (KHTML, like Gecko; compatible; GPTBot/1.3; +https://openai.com/gptbot)"
66.249.75.104 - - [22/Nov/2025:02:16:24 -0800] "GET /?market=1008690482 HTTP/1.1" 200 24293 "-" "Mozilla/5.0 (Linux; Android 6.0.1; Nexus 5X Build/MMB29P) AppleWebKit/537.36 (KHTML, like Gecko) Chrome/141.0.7390.122 Mobile Safari/537.36 (compatible; Googlebot/2.1; +http://www.google.com/bot.html)"
74.7.243.224 - - [22/Nov/2025:02:16:24 -0800] "GET /search.php?channel=156e34&from=https://mollywoppersnyb.com/chat.htm?flower202043830.html&m=2921046028692 HTTP/2.0" 200 86255 "-" "Mozilla/5.0 AppleWebKit/537.36 (KHTML, like Gecko; compatible; GPTBot/1.3; +https://openai.com/gptbot)"
34.192.125.239 - - [22/Nov/2025:02:16:25 -0800] "GET /home/?path=//sys/class/tty/ptype/subsystem/ptype/subsystem/ttyp0/subsystem/ptyp2/subsystem/ttypc HTTP/1.1" 200 6593 "-" "Mozilla/5.0 AppleWebKit/537.36 (KHTML, like Gecko; compatible; Amazonbot/0.1; +https://developer.amazon.com/support/amazonbot) Chrome/119.0.6045.214 Safari/537.36"
74.7.243.224 - - [22/Nov/2025:02:16:25 -0800] "GET /search.php?frown161037557.html HTTP/2.0" 200 86415 "-" "Mozilla/5.0 AppleWebKit/537.36 (KHTML, like Gecko; compatible; GPTBot/1.3; +https://openai.com/gptbot)"
74.7.243.224 - - [22/Nov/2025:02:16:27 -0800] "GET /search.php?roof253046847.html HTTP/2.0" 200 86609 "-" "Mozilla/5.0 AppleWebKit/537.36 (KHTML, like Gecko; compatible; GPTBot/1.3; +https://openai.com/gptbot)"
52.3.102.51 - - [22/Nov/2025:02:16:28 -0800] "GET /home/?path=//sys/class/tty/ptype/subsystem/ttypa/subsystem/tty/subsystem/ttype/subsystem/ptmx HTTP/1.1" 200 6520 "-" "Mozilla/5.0 AppleWebKit/537.36 (KHTML, like Gecko; compatible; Amazonbot/0.1; +https://developer.amazon.com/support/amazonbot) Chrome/119.0.6045.214 Safari/537.36"
74.7.243.224 - - [22/Nov/2025:02:16:28 -0800] "GET /search.php?lobby253046699.html HTTP/2.0" 200 86506 "-" "Mozilla/5.0 AppleWebKit/537.36 (KHTML, like Gecko; compatible; GPTBot/1.3; +https://openai.com/gptbot)"
74.7.243.224 - - [22/Nov/2025:02:16:29 -0800] "GET /search.php?channel=156e34&from=https://mollywoppersnyb.com/chat.htm?items/165042574.html&m=2921046028692 HTTP/2.0" 200 86321 "-" "Mozilla/5.0 AppleWebKit/537.36 (KHTML, like Gecko; compatible; GPTBot/1.3; +https://openai.com/gptbot)"
