74.7.227.15 - - [21/Nov/2025:02:01:38 -0800] "GET /search.php?eastern238015780.html HTTP/2.0" 200 86518 "-" "Mozilla/5.0 AppleWebKit/537.36 (KHTML, like Gecko; compatible; GPTBot/1.3; +https://openai.com/gptbot)"
52.45.15.233 - - [21/Nov/2025:02:01:39 -0800] "GET /2015/08/21/ladies-and-gentlemen-theonion/?path=//etc/zabbix/zabbix_agentd.d HTTP/1.1" 200 7080 "-" "Mozilla/5.0 AppleWebKit/537.36 (KHTML, like Gecko; compatible; Amazonbot/0.1; +https://developer.amazon.com/support/amazonbot) Chrome/119.0.6045.214 Safari/537.36"
74.7.227.15 - - [21/Nov/2025:02:01:40 -0800] "GET /search.php?channel=156e34&from=https://mollywoppersnyb.com/chat.htm?van238015778.html&m=2921046028692 HTTP/2.0" 200 86906 "-" "Mozilla/5.0 AppleWebKit/537.36 (KHTML, like Gecko; compatible; GPTBot/1.3; +https://openai.com/gptbot)"
74.7.227.15 - - [21/Nov/2025:02:01:41 -0800] "GET /search.php?channel=156e34&from=https://mollywoppersnyb.com/chat.htm?items/077006520.html&m=2921046028692 HTTP/2.0" 200 86637 "-" "Mozilla/5.0 AppleWebKit/537.36 (KHTML, like Gecko; compatible; GPTBot/1.3; +https://openai.com/gptbot)"
74.7.227.15 - - [21/Nov/2025:02:01:42 -0800] "GET /search.php?channel=156e34&from=https://mollywoppersnyb.com/chat.htm?dream243041929.html&m=2921046028692 HTTP/2.0" 200 85617 "-" "Mozilla/5.0 AppleWebKit/537.36 (KHTML, like Gecko; compatible; GPTBot/1.3; +https://openai.com/gptbot)"
74.7.227.15 - - [21/Nov/2025:02:01:43 -0800] "GET /search.php?channel=156e34&from=https://mollywoppersnyb.com/chat.htm?carbon039037665.html&m=2921046028692 HTTP/2.0" 200 85889 "-" "Mozilla/5.0 AppleWebKit/537.36 (KHTML, like Gecko; compatible; GPTBot/1.3; +https://openai.com/gptbot)"
34.196.237.236 - - [21/Nov/2025:02:01:43 -0800] "GET /2015/08/21/ladies-and-gentlemen-theonion/?path=//lib/locale/ar_SA HTTP/1.1" 200 6861 "-" "Mozilla/5.0 AppleWebKit/537.36 (KHTML, like Gecko; compatible; Amazonbot/0.1; +https://developer.amazon.com/support/amazonbot) Chrome/119.0.6045.214 Safari/537.36"
74.7.227.15 - - [21/Nov/2025:02:01:44 -0800] "GET /search.php?move031004329.html HTTP/2.0" 200 86369 "-" "Mozilla/5.0 AppleWebKit/537.36 (KHTML, like Gecko; compatible; GPTBot/1.3; +https://openai.com/gptbot)"
74.7.227.15 - - [21/Nov/2025:02:01:45 -0800] "GET /search.php?laugh238015714.html HTTP/2.0" 200 86517 "-" "Mozilla/5.0 AppleWebKit/537.36 (KHTML, like Gecko; compatible; GPTBot/1.3; +https://openai.com/gptbot)"
74.7.227.15 - - [21/Nov/2025:02:01:46 -0800] "GET /search.php?pilot238015714.html HTTP/2.0" 200 86339 "-" "Mozilla/5.0 AppleWebKit/537.36 (KHTML, like Gecko; compatible; GPTBot/1.3; +https://openai.com/gptbot)"
54.225.181.161 - - [21/Nov/2025:02:01:47 -0800] "GET /?path=//usr/lib/python3/dist-packages/HweSupportStatus HTTP/1.1" 200 6585 "-" "Mozilla/5.0 AppleWebKit/537.36 (KHTML, like Gecko; compatible; Amazonbot/0.1; +https://developer.amazon.com/support/amazonbot) Chrome/119.0.6045.214 Safari/537.36"
74.7.227.15 - - [21/Nov/2025:02:01:47 -0800] "GET /search.php?channel=156e34&from=https://mollywoppersnyb.com/chat.htm?wrong198010734.html&m=2921046028692 HTTP/2.0" 200 86599 "-" "Mozilla/5.0 AppleWebKit/537.36 (KHTML, like Gecko; compatible; GPTBot/1.3; +https://openai.com/gptbot)"
74.7.227.15 - - [21/Nov/2025:02:01:48 -0800] "GET /search.php?channel=156e34&from=https://mollywoppersnyb.com/chat.htm?items/117005474.html&m=2921046028692 HTTP/2.0" 200 86370 "-" "Mozilla/5.0 AppleWebKit/537.36 (KHTML, like Gecko; compatible; GPTBot/1.3; +https://openai.com/gptbot)"
98.84.70.201 - - [21/Nov/2025:02:01:50 -0800] "GET /my-account/?path=//var/run/systemd/incoming HTTP/1.1" 200 6078 "-" "Mozilla/5.0 AppleWebKit/537.36 (KHTML, like Gecko; compatible; Amazonbot/0.1; +https://developer.amazon.com/support/amazonbot) Chrome/119.0.6045.214 Safari/537.36"
74.7.227.15 - - [21/Nov/2025:02:01:50 -0800] "GET /search.php?channel=156e34&from=https://mollywoppersnyb.com/chat.htm?get238015716.html&m=2921046028692 HTTP/2.0" 200 86539 "-" "Mozilla/5.0 AppleWebKit/537.36 (KHTML, like Gecko; compatible; GPTBot/1.3; +https://openai.com/gptbot)"
74.7.227.15 - - [21/Nov/2025:02:01:51 -0800] "GET /search.php?frozen238015714.html HTTP/2.0" 200 86359 "-" "Mozilla/5.0 AppleWebKit/537.36 (KHTML, like Gecko; compatible; GPTBot/1.3; +https://openai.com/gptbot)"
66.249.69.233 - - [21/Nov/2025:02:01:53 -0800] "GET /market/264577490 HTTP/1.1" 200 24587 "-" "Mozilla/5.0 (Linux; Android 6.0.1; Nexus 5X Build/MMB29P) AppleWebKit/537.36 (KHTML, like Gecko) Chrome/141.0.7390.122 Mobile Safari/537.36 (compatible; GoogleOther)"
74.7.227.15 - - [21/Nov/2025:02:01:53 -0800] "GET /search.php?channel=156e34&from=https://mollywoppersnyb.com/chat.htm?items/220012347.html&m=2921046028692 HTTP/2.0" 200 86893 "-" "Mozilla/5.0 AppleWebKit/537.36 (KHTML, like Gecko; compatible; GPTBot/1.3; +https://openai.com/gptbot)"
74.7.227.15 - - [21/Nov/2025:02:01:54 -0800] "GET /search.php?channel=156e34&from=https://mollywoppersnyb.com/chat.htm?items/206045527.html&m=2921046028692 HTTP/2.0" 200 87402 "-" "Mozilla/5.0 AppleWebKit/537.36 (KHTML, like Gecko; compatible; GPTBot/1.3; +https://openai.com/gptbot)"
44.218.6.93 - - [21/Nov/2025:02:01:55 -0800] "GET /2015/08/21/ladies-and-gentlemen-theonion/?path=//etc/java-8-openjdk/management HTTP/1.1" 200 6569 "-" "Mozilla/5.0 AppleWebKit/537.36 (KHTML, like Gecko; compatible; Amazonbot/0.1; +https://developer.amazon.com/support/amazonbot) Chrome/119.0.6045.214 Safari/537.36"
74.7.227.15 - - [21/Nov/2025:02:01:55 -0800] "GET /search.php?argue048013434.html HTTP/2.0" 200 86267 "-" "Mozilla/5.0 AppleWebKit/537.36 (KHTML, like Gecko; compatible; GPTBot/1.3; +https://openai.com/gptbot)"
74.7.227.15 - - [21/Nov/2025:02:01:56 -0800] "GET /search.php?heart039037665.html HTTP/2.0" 200 85911 "-" "Mozilla/5.0 AppleWebKit/537.36 (KHTML, like Gecko; compatible; GPTBot/1.3; +https://openai.com/gptbot)"
74.7.227.15 - - [21/Nov/2025:02:01:57 -0800] "GET /search.php?channel=156e34&from=https://mollywoppersnyb.com/chat.htm?items/123002070.html&m=2921046028692 HTTP/2.0" 200 86752 "-" "Mozilla/5.0 AppleWebKit/537.36 (KHTML, like Gecko; compatible; GPTBot/1.3; +https://openai.com/gptbot)"
74.7.227.15 - - [21/Nov/2025:02:01:59 -0800] "GET /search.php?channel=156e34&from=https://mollywoppersnyb.com/chat.htm?unable243002711.html&m=2921046028692 HTTP/2.0" 200 86643 "-" "Mozilla/5.0 AppleWebKit/537.36 (KHTML, like Gecko; compatible; GPTBot/1.3; +https://openai.com/gptbot)"
18.235.158.19 - - [21/Nov/2025:02:01:58 -0800] "GET /?path=//lib/python3/dist-packages/uaclient/daemon HTTP/1.1" 200 6629 "-" "Mozilla/5.0 AppleWebKit/537.36 (KHTML, like Gecko; compatible; Amazonbot/0.1; +https://developer.amazon.com/support/amazonbot) Chrome/119.0.6045.214 Safari/537.36"
74.7.227.15 - - [21/Nov/2025:02:02:00 -0800] "GET /search.php?finger238015774.html HTTP/2.0" 200 86454 "-" "Mozilla/5.0 AppleWebKit/537.36 (KHTML, like Gecko; compatible; GPTBot/1.3; +https://openai.com/gptbot)"
74.7.227.15 - - [21/Nov/2025:02:02:01 -0800] "GET /search.php?channel=156e34&from=https://mollywoppersnyb.com/chat.htm?hate238015764.html&m=2921046028692 HTTP/2.0" 200 86279 "-" "Mozilla/5.0 AppleWebKit/537.36 (KHTML, like Gecko; compatible; GPTBot/1.3; +https://openai.com/gptbot)"
74.7.227.15 - - [21/Nov/2025:02:02:02 -0800] "GET /search.php?rare013029915.html HTTP/2.0" 200 85929 "-" "Mozilla/5.0 AppleWebKit/537.36 (KHTML, like Gecko; compatible; GPTBot/1.3; +https://openai.com/gptbot)"
54.90.8.255 - - [21/Nov/2025:02:02:03 -0800] "GET /?path=//sys/bus/acpi/devices/device:5c HTTP/1.1" 200 6625 "-" "Mozilla/5.0 AppleWebKit/537.36 (KHTML, like Gecko; compatible; Amazonbot/0.1; +https://developer.amazon.com/support/amazonbot) Chrome/119.0.6045.214 Safari/537.36"
74.7.227.15 - - [21/Nov/2025:02:02:03 -0800] "GET /search.php?bay238015716.html HTTP/2.0" 200 86401 "-" "Mozilla/5.0 AppleWebKit/537.36 (KHTML, like Gecko; compatible; GPTBot/1.3; +https://openai.com/gptbot)"
74.7.227.15 - - [21/Nov/2025:02:02:04 -0800] "GET /search.php?decade013029915.html HTTP/2.0" 200 86062 "-" "Mozilla/5.0 AppleWebKit/537.36 (KHTML, like Gecko; compatible; GPTBot/1.3; +https://openai.com/gptbot)"
66.249.69.233 - - [21/Nov/2025:02:02:05 -0800] "GET /market/417183537 HTTP/1.1" 200 24794 "-" "Mozilla/5.0 (Linux; Android 6.0.1; Nexus 5X Build/MMB29P) AppleWebKit/537.36 (KHTML, like Gecko) Chrome/141.0.7390.122 Mobile Safari/537.36 (compatible; GoogleOther)"
74.7.227.15 - - [21/Nov/2025:02:02:06 -0800] "GET /search.php?channel=156e34&from=https://mollywoppersnyb.com/chat.htm?items/078022501.html&m=2921046028692 HTTP/2.0" 200 85557 "-" "Mozilla/5.0 AppleWebKit/537.36 (KHTML, like Gecko; compatible; GPTBot/1.3; +https://openai.com/gptbot)"
54.144.185.255 - - [21/Nov/2025:02:02:06 -0800] "GET /2015/08/21/ladies-and-gentlemen-theonion/?path=//lib/firmware/microchip HTTP/1.1" 200 6403 "-" "Mozilla/5.0 AppleWebKit/537.36 (KHTML, like Gecko; compatible; Amazonbot/0.1; +https://developer.amazon.com/support/amazonbot) Chrome/119.0.6045.214 Safari/537.36"
74.7.227.15 - - [21/Nov/2025:02:02:07 -0800] "GET /search.php?channel=156e34&from=https://mollywoppersnyb.com/chat.htm?bad234024744.html&m=2921046028692 HTTP/2.0" 200 85616 "-" "Mozilla/5.0 AppleWebKit/537.36 (KHTML, like Gecko; compatible; GPTBot/1.3; +https://openai.com/gptbot)"
74.7.227.15 - - [21/Nov/2025:02:02:09 -0800] "GET /search.php?channel=156e34&from=https://mollywoppersnyb.com/chat.htm?demand200021132.html&m=2921046028692 HTTP/2.0" 200 86317 "-" "Mozilla/5.0 AppleWebKit/537.36 (KHTML, like Gecko; compatible; GPTBot/1.3; +https://openai.com/gptbot)"
66.249.69.233 - - [21/Nov/2025:02:02:09 -0800] "GET /market/401839774 HTTP/1.1" 200 21017 "-" "Mozilla/5.0 (Linux; Android 6.0.1; Nexus 5X Build/MMB29P) AppleWebKit/537.36 (KHTML, like Gecko) Chrome/141.0.7390.122 Mobile Safari/537.36 (compatible; Googlebot/2.1; +http://www.google.com/bot.html)"
74.7.227.15 - - [21/Nov/2025:02:02:10 -0800] "GET /search.php?wipe238015784.html HTTP/2.0" 200 86290 "-" "Mozilla/5.0 AppleWebKit/537.36 (KHTML, like Gecko; compatible; GPTBot/1.3; +https://openai.com/gptbot)"
23.21.250.48 - - [21/Nov/2025:02:02:11 -0800] "GET /2015/08/21/ladies-and-gentlemen-theonion/?path=//var/log/apache2 HTTP/1.1" 200 6078 "-" "Mozilla/5.0 AppleWebKit/537.36 (KHTML, like Gecko; compatible; Amazonbot/0.1; +https://developer.amazon.com/support/amazonbot) Chrome/119.0.6045.214 Safari/537.36"
74.7.227.15 - - [21/Nov/2025:02:02:11 -0800] "GET /search.php?channel=156e34&from=https://mollywoppersnyb.com/chat.htm?items/069018044.html&m=2921046028692 HTTP/2.0" 200 88551 "-" "Mozilla/5.0 AppleWebKit/537.36 (KHTML, like Gecko; compatible; GPTBot/1.3; +https://openai.com/gptbot)"
74.7.227.15 - - [21/Nov/2025:02:02:12 -0800] "GET /search.php?channel=156e34&from=https://mollywoppersnyb.com/chat.htm?items/067048952.html&m=2921046028692 HTTP/2.0" 200 85933 "-" "Mozilla/5.0 AppleWebKit/537.36 (KHTML, like Gecko; compatible; GPTBot/1.3; +https://openai.com/gptbot)"
74.7.227.15 - - [21/Nov/2025:02:02:13 -0800] "GET /search.php?channel=156e34&from=https://mollywoppersnyb.com/chat.htm?items/051013670.html&m=2921046028692 HTTP/2.0" 200 85860 "-" "Mozilla/5.0 AppleWebKit/537.36 (KHTML, like Gecko; compatible; GPTBot/1.3; +https://openai.com/gptbot)"
66.249.69.233 - - [21/Nov/2025:02:02:14 -0800] "GET /market/24163839 HTTP/1.1" 200 25659 "-" "Mozilla/5.0 (Linux; Android 6.0.1; Nexus 5X Build/MMB29P) AppleWebKit/537.36 (KHTML, like Gecko) Chrome/141.0.7390.122 Mobile Safari/537.36 (compatible; GoogleOther)"
52.73.142.41 - - [21/Nov/2025:02:02:14 -0800] "GET /home/?path=//sys/class/input/input1/input1::numlock/subsystem HTTP/1.1" 200 6529 "-" "Mozilla/5.0 AppleWebKit/537.36 (KHTML, like Gecko; compatible; Amazonbot/0.1; +https://developer.amazon.com/support/amazonbot) Chrome/119.0.6045.214 Safari/537.36"
74.7.227.15 - - [21/Nov/2025:02:02:15 -0800] "GET /search.php?hike238015764.html HTTP/2.0" 200 86587 "-" "Mozilla/5.0 AppleWebKit/537.36 (KHTML, like Gecko; compatible; GPTBot/1.3; +https://openai.com/gptbot)"
74.7.227.15 - - [21/Nov/2025:02:02:17 -0800] "GET /search.php?channel=156e34&from=https://mollywoppersnyb.com/chat.htm?items/012043371.html&m=2921046028692 HTTP/2.0" 200 86332 "-" "Mozilla/5.0 AppleWebKit/537.36 (KHTML, like Gecko; compatible; GPTBot/1.3; +https://openai.com/gptbot)"
74.7.227.15 - - [21/Nov/2025:02:02:18 -0800] "GET /search.php?channel=156e34&from=https://mollywoppersnyb.com/chat.htm?fight123026543.html&m=2921046028692 HTTP/2.0" 200 85598 "-" "Mozilla/5.0 AppleWebKit/537.36 (KHTML, like Gecko; compatible; GPTBot/1.3; +https://openai.com/gptbot)"
74.7.227.15 - - [21/Nov/2025:02:02:19 -0800] "GET /search.php?channel=156e34&from=https://mollywoppersnyb.com/chat.htm?banker238015768.html&m=2921046028692 HTTP/2.0" 200 86743 "-" "Mozilla/5.0 AppleWebKit/537.36 (KHTML, like Gecko; compatible; GPTBot/1.3; +https://openai.com/gptbot)"
34.225.24.180 - - [21/Nov/2025:02:02:19 -0800] "GET /home/?path=//sys/class/tty/ttyv1/subsystem/ttytd HTTP/1.1" 200 6478 "-" "Mozilla/5.0 AppleWebKit/537.36 (KHTML, like Gecko; compatible; Amazonbot/0.1; +https://developer.amazon.com/support/amazonbot) Chrome/119.0.6045.214 Safari/537.36"
74.7.227.15 - - [21/Nov/2025:02:02:20 -0800] "GET /search.php?channel=156e34&from=https://mollywoppersnyb.com/chat.htm?items/181009970.html&m=2921046028692 HTTP/2.0" 200 86359 "-" "Mozilla/5.0 AppleWebKit/537.36 (KHTML, like Gecko; compatible; GPTBot/1.3; +https://openai.com/gptbot)"
66.249.69.233 - - [21/Nov/2025:02:02:22 -0800] "GET /?market=58166022 HTTP/1.1" 200 24170 "-" "Mozilla/5.0 (Linux; Android 6.0.1; Nexus 5X Build/MMB29P) AppleWebKit/537.36 (KHTML, like Gecko) Chrome/141.0.7390.122 Mobile Safari/537.36 (compatible; Googlebot/2.1; +http://www.google.com/bot.html)"
74.7.227.15 - - [21/Nov/2025:02:02:21 -0800] "GET /search.php?channel=156e34&from=https://mollywoppersnyb.com/chat.htm?jungle068033902.html&m=2921046028692 HTTP/2.0" 200 86028 "-" "Mozilla/5.0 AppleWebKit/537.36 (KHTML, like Gecko; compatible; GPTBot/1.3; +https://openai.com/gptbot)"
23.21.175.228 - - [21/Nov/2025:02:02:22 -0800] "GET /?path=//sys/class/tty/ptyp1/subsystem/ttytd HTTP/1.1" 200 6528 "-" "Mozilla/5.0 AppleWebKit/537.36 (KHTML, like Gecko; compatible; Amazonbot/0.1; +https://developer.amazon.com/support/amazonbot) Chrome/119.0.6045.214 Safari/537.36"
74.7.227.15 - - [21/Nov/2025:02:02:23 -0800] "GET /search.php?channel=156e34&from=https://mollywoppersnyb.com/chat.htm?alley234033256.html&m=2921046028692 HTTP/2.0" 200 86055 "-" "Mozilla/5.0 AppleWebKit/537.36 (KHTML, like Gecko; compatible; GPTBot/1.3; +https://openai.com/gptbot)"
74.7.227.15 - - [21/Nov/2025:02:02:25 -0800] "GET /search.php?pcmypage?callback=product/review/e-squ-a0001788693 HTTP/2.0" 200 86009 "-" "Mozilla/5.0 AppleWebKit/537.36 (KHTML, like Gecko; compatible; GPTBot/1.3; +https://openai.com/gptbot)"
44.206.65.8 - - [21/Nov/2025:02:02:26 -0800] "GET /?path=//lib/python3/dist-packages/boto/rds2 HTTP/1.1" 200 6557 "-" "Mozilla/5.0 AppleWebKit/537.36 (KHTML, like Gecko; compatible; Amazonbot/0.1; +https://developer.amazon.com/support/amazonbot) Chrome/119.0.6045.214 Safari/537.36"
74.7.227.15 - - [21/Nov/2025:02:02:26 -0800] "GET /search.php?channel=156e34&from=https://mollywoppersnyb.com/chat.htm?items/242004477.html&m=2921046028692 HTTP/2.0" 200 86669 "-" "Mozilla/5.0 AppleWebKit/537.36 (KHTML, like Gecko; compatible; GPTBot/1.3; +https://openai.com/gptbot)"
74.7.227.15 - - [21/Nov/2025:02:02:28 -0800] "GET /search.php?channel=156e34&from=https://mollywoppersnyb.com/chat.htm?evil096028198.html&m=2921046028692 HTTP/2.0" 200 86787 "-" "Mozilla/5.0 AppleWebKit/537.36 (KHTML, like Gecko; compatible; GPTBot/1.3; +https://openai.com/gptbot)"
66.249.69.233 - - [21/Nov/2025:02:02:29 -0800] "GET /market/1102351138 HTTP/1.1" 200 25552 "-" "Mozilla/5.0 (Linux; Android 6.0.1; Nexus 5X Build/MMB29P) AppleWebKit/537.36 (KHTML, like Gecko) Chrome/141.0.7390.122 Mobile Safari/537.36 (compatible; GoogleOther)"
74.7.227.15 - - [21/Nov/2025:02:02:30 -0800] "GET /search.php?look189043561.html HTTP/2.0" 200 86518 "-" "Mozilla/5.0 AppleWebKit/537.36 (KHTML, like Gecko; compatible; GPTBot/1.3; +https://openai.com/gptbot)"
54.147.182.90 - - [21/Nov/2025:02:02:30 -0800] "GET /home/page/28/?fileloc=//g.,%20v3.0.0%20is%20represented%20as%20300. HTTP/1.1" 200 5978 "-" "Mozilla/5.0 AppleWebKit/537.36 (KHTML, like Gecko; compatible; Amazonbot/0.1; +https://developer.amazon.com/support/amazonbot) Chrome/119.0.6045.214 Safari/537.36"
74.7.227.15 - - [21/Nov/2025:02:02:31 -0800] "GET /search.php?channel=156e34&from=https://mollywoppersnyb.com/chat.htm?items/069002094.html&m=2921046028692 HTTP/2.0" 200 86051 "-" "Mozilla/5.0 AppleWebKit/537.36 (KHTML, like Gecko; compatible; GPTBot/1.3; +https://openai.com/gptbot)"
74.7.227.15 - - [21/Nov/2025:02:02:32 -0800] "GET /search.php?round206049162.html HTTP/2.0" 200 86530 "-" "Mozilla/5.0 AppleWebKit/537.36 (KHTML, like Gecko; compatible; GPTBot/1.3; +https://openai.com/gptbot)"
74.7.227.15 - - [21/Nov/2025:02:02:33 -0800] "GET /search.php?bombing229008165.html HTTP/2.0" 200 86421 "-" "Mozilla/5.0 AppleWebKit/537.36 (KHTML, like Gecko; compatible; GPTBot/1.3; +https://openai.com/gptbot)"
66.249.69.233 - - [21/Nov/2025:02:02:33 -0800] "GET /?market=1724907598 HTTP/1.1" 200 24272 "-" "Mozilla/5.0 (Linux; Android 6.0.1; Nexus 5X Build/MMB29P) AppleWebKit/537.36 (KHTML, like Gecko) Chrome/141.0.7390.122 Mobile Safari/537.36 (compatible; Googlebot/2.1; +http://www.google.com/bot.html)"
74.7.227.15 - - [21/Nov/2025:02:02:35 -0800] "GET /search.php?being210001482.html HTTP/2.0" 200 86149 "-" "Mozilla/5.0 AppleWebKit/537.36 (KHTML, like Gecko; compatible; GPTBot/1.3; +https://openai.com/gptbot)"
50.16.72.185 - - [21/Nov/2025:02:02:34 -0800] "GET /2015/08/21/ladies-and-gentlemen-theonion/?path=//lib/locale/es_PE HTTP/1.1" 200 6913 "-" "Mozilla/5.0 AppleWebKit/537.36 (KHTML, like Gecko; compatible; Amazonbot/0.1; +https://developer.amazon.com/support/amazonbot) Chrome/119.0.6045.214 Safari/537.36"
74.7.227.15 - - [21/Nov/2025:02:02:36 -0800] "GET /search.php?channel=156e34&from=https://mollywoppersnyb.com/chat.htm?player054017564.html&m=2921046028692 HTTP/2.0" 200 86557 "-" "Mozilla/5.0 AppleWebKit/537.36 (KHTML, like Gecko; compatible; GPTBot/1.3; +https://openai.com/gptbot)"
74.7.227.15 - - [21/Nov/2025:02:02:37 -0800] "GET /search.php?widow096028198.html HTTP/2.0" 200 86618 "-" "Mozilla/5.0 AppleWebKit/537.36 (KHTML, like Gecko; compatible; GPTBot/1.3; +https://openai.com/gptbot)"
74.7.227.15 - - [21/Nov/2025:02:02:38 -0800] "GET /search.php?channel=156e34&from=https://mollywoppersnyb.com/chat.htm?advice280041298.html&m=2921046028692 HTTP/2.0" 200 88222 "-" "Mozilla/5.0 AppleWebKit/537.36 (KHTML, like Gecko; compatible; GPTBot/1.3; +https://openai.com/gptbot)"
74.7.227.15 - - [21/Nov/2025:02:02:40 -0800] "GET /search.php?mud111008993.html HTTP/2.0" 200 85780 "-" "Mozilla/5.0 AppleWebKit/537.36 (KHTML, like Gecko; compatible; GPTBot/1.3; +https://openai.com/gptbot)"
74.7.227.15 - - [21/Nov/2025:02:02:41 -0800] "GET /search.php?items/177005606.html HTTP/2.0" 200 85837 "-" "Mozilla/5.0 AppleWebKit/537.36 (KHTML, like Gecko; compatible; GPTBot/1.3; +https://openai.com/gptbot)"
74.7.227.15 - - [21/Nov/2025:02:02:42 -0800] "GET /search.php?channel=156e34&from=https://mollywoppersnyb.com/chat.htm?backyard099040517.html&m=2921046028692 HTTP/2.0" 200 85820 "-" "Mozilla/5.0 AppleWebKit/537.36 (KHTML, like Gecko; compatible; GPTBot/1.3; +https://openai.com/gptbot)"
44.217.255.167 - - [21/Nov/2025:02:02:42 -0800] "GET /?path=//sys/class/tty/ptype/subsystem/ttyp1/subsystem/ttyv1/subsystem/ptype/subsystem/ttynull HTTP/1.1" 200 6593 "-" "Mozilla/5.0 AppleWebKit/537.36 (KHTML, like Gecko; compatible; Amazonbot/0.1; +https://developer.amazon.com/support/amazonbot) Chrome/119.0.6045.214 Safari/537.36"
74.7.227.15 - - [21/Nov/2025:02:02:43 -0800] "GET /search.php?channel=156e34&from=https://mollywoppersnyb.com/chat.htm?plate239046579.html&m=2921046028692 HTTP/2.0" 200 86315 "-" "Mozilla/5.0 AppleWebKit/537.36 (KHTML, like Gecko; compatible; GPTBot/1.3; +https://openai.com/gptbot)"
74.7.227.15 - - [21/Nov/2025:02:02:45 -0800] "GET /search.php?stiff238015716.html HTTP/2.0" 200 86434 "-" "Mozilla/5.0 AppleWebKit/537.36 (KHTML, like Gecko; compatible; GPTBot/1.3; +https://openai.com/gptbot)"
74.7.227.15 - - [21/Nov/2025:02:02:46 -0800] "GET /search.php?channel=156e34&from=https://mollywoppersnyb.com/chat.htm?year206049162.html&m=2921046028692 HTTP/2.0" 200 86470 "-" "Mozilla/5.0 AppleWebKit/537.36 (KHTML, like Gecko; compatible; GPTBot/1.3; +https://openai.com/gptbot)"
66.249.69.233 - - [21/Nov/2025:02:02:48 -0800] "GET /market/19601497 HTTP/1.1" 200 24980 "-" "Mozilla/5.0 (Linux; Android 6.0.1; Nexus 5X Build/MMB29P) AppleWebKit/537.36 (KHTML, like Gecko) Chrome/141.0.7390.122 Mobile Safari/537.36 (compatible; GoogleOther)"
74.7.227.15 - - [21/Nov/2025:02:02:48 -0800] "GET /search.php?items/283019374.html HTTP/2.0" 200 86290 "-" "Mozilla/5.0 AppleWebKit/537.36 (KHTML, like Gecko; compatible; GPTBot/1.3; +https://openai.com/gptbot)"
66.249.69.233 - - [21/Nov/2025:02:02:49 -0800] "GET /market/399737498 HTTP/1.1" 200 22428 "-" "Mozilla/5.0 (Linux; Android 6.0.1; Nexus 5X Build/MMB29P) AppleWebKit/537.36 (KHTML, like Gecko) Chrome/141.0.7390.122 Mobile Safari/537.36 (compatible; Googlebot/2.1; +http://www.google.com/bot.html)"
74.7.227.15 - - [21/Nov/2025:02:02:49 -0800] "GET /search.php?drink229008105.html HTTP/2.0" 200 87009 "-" "Mozilla/5.0 AppleWebKit/537.36 (KHTML, like Gecko; compatible; GPTBot/1.3; +https://openai.com/gptbot)"
74.7.227.15 - - [21/Nov/2025:02:02:50 -0800] "GET /search.php?channel=156e34&from=https://mollywoppersnyb.com/chat.htm?expose229008165.html&m=2921046028692 HTTP/2.0" 200 86781 "-" "Mozilla/5.0 AppleWebKit/537.36 (KHTML, like Gecko; compatible; GPTBot/1.3; +https://openai.com/gptbot)"
74.7.227.15 - - [21/Nov/2025:02:02:52 -0800] "GET /search.php?channel=156e34&from=https://mollywoppersnyb.com/chat.htm?approve287014483.html&m=2921046028692 HTTP/2.0" 200 85882 "-" "Mozilla/5.0 AppleWebKit/537.36 (KHTML, like Gecko; compatible; GPTBot/1.3; +https://openai.com/gptbot)"
74.7.227.15 - - [21/Nov/2025:02:02:53 -0800] "GET /search.php?channel=156e34&from=https://mollywoppersnyb.com/chat.htm?respond057012613.html&m=2921046028692 HTTP/2.0" 200 86063 "-" "Mozilla/5.0 AppleWebKit/537.36 (KHTML, like Gecko; compatible; GPTBot/1.3; +https://openai.com/gptbot)"
35.173.38.202 - - [21/Nov/2025:02:02:54 -0800] "GET /?path=//sys/class/tty/ptype/subsystem/ttycb/subsystem/ttyv0/subsystem/ttyp0/subsystem/ttyec HTTP/1.1" 200 6570 "-" "Mozilla/5.0 AppleWebKit/537.36 (KHTML, like Gecko; compatible; Amazonbot/0.1; +https://developer.amazon.com/support/amazonbot) Chrome/119.0.6045.214 Safari/537.36"
74.7.227.15 - - [21/Nov/2025:02:02:54 -0800] "GET /search.php?deliver238015764.html HTTP/2.0" 200 86438 "-" "Mozilla/5.0 AppleWebKit/537.36 (KHTML, like Gecko; compatible; GPTBot/1.3; +https://openai.com/gptbot)"
66.249.69.233 - - [21/Nov/2025:02:02:55 -0800] "GET /market/1052084027 HTTP/1.1" 200 25490 "-" "Mozilla/5.0 (Linux; Android 6.0.1; Nexus 5X Build/MMB29P) AppleWebKit/537.36 (KHTML, like Gecko) Chrome/141.0.7390.122 Mobile Safari/537.36 (compatible; GoogleOther)"
74.7.227.15 - - [21/Nov/2025:02:02:55 -0800] "GET /search.php?channel=156e34&from=https://mollywoppersnyb.com/chat.htm?items/104038479.html&m=2921046028692 HTTP/2.0" 200 86410 "-" "Mozilla/5.0 AppleWebKit/537.36 (KHTML, like Gecko; compatible; GPTBot/1.3; +https://openai.com/gptbot)"
74.7.227.15 - - [21/Nov/2025:02:02:57 -0800] "GET /search.php?channel=156e34&from=https://mollywoppersnyb.com/chat.htm?armed291042743.html&m=2921046028692 HTTP/2.0" 200 86128 "-" "Mozilla/5.0 AppleWebKit/537.36 (KHTML, like Gecko; compatible; GPTBot/1.3; +https://openai.com/gptbot)"
74.7.227.15 - - [21/Nov/2025:02:02:58 -0800] "GET /search.php?channel=156e34&from=https://mollywoppersnyb.com/chat.htm?items/010011875.html&m=2921046028692 HTTP/2.0" 200 87470 "-" "Mozilla/5.0 AppleWebKit/537.36 (KHTML, like Gecko; compatible; GPTBot/1.3; +https://openai.com/gptbot)"
74.7.227.15 - - [21/Nov/2025:02:02:59 -0800] "GET /search.php?want238015716.html HTTP/2.0" 200 86221 "-" "Mozilla/5.0 AppleWebKit/537.36 (KHTML, like Gecko; compatible; GPTBot/1.3; +https://openai.com/gptbot)"
74.7.227.15 - - [21/Nov/2025:02:03:00 -0800] "GET /search.php?survivor065032487.html HTTP/2.0" 200 86015 "-" "Mozilla/5.0 AppleWebKit/537.36 (KHTML, like Gecko; compatible; GPTBot/1.3; +https://openai.com/gptbot)"
74.7.227.15 - - [21/Nov/2025:02:03:01 -0800] "GET /search.php?opera238015716.html HTTP/2.0" 200 86324 "-" "Mozilla/5.0 AppleWebKit/537.36 (KHTML, like Gecko; compatible; GPTBot/1.3; +https://openai.com/gptbot)"
74.7.227.15 - - [21/Nov/2025:02:03:02 -0800] "GET /search.php?Mexican176000834.html HTTP/2.0" 200 86461 "-" "Mozilla/5.0 AppleWebKit/537.36 (KHTML, like Gecko; compatible; GPTBot/1.3; +https://openai.com/gptbot)"
44.205.120.22 - - [21/Nov/2025:02:03:03 -0800] "GET /?path=//sys/class/tty/ptype/subsystem/ttyp1/subsystem/ptype/subsystem/ttyv0/subsystem/ttypa HTTP/1.1" 200 6548 "-" "Mozilla/5.0 AppleWebKit/537.36 (KHTML, like Gecko; compatible; Amazonbot/0.1; +https://developer.amazon.com/support/amazonbot) Chrome/119.0.6045.214 Safari/537.36"
74.7.227.15 - - [21/Nov/2025:02:03:03 -0800] "GET /search.php?willing238015774.html HTTP/2.0" 200 86238 "-" "Mozilla/5.0 AppleWebKit/537.36 (KHTML, like Gecko; compatible; GPTBot/1.3; +https://openai.com/gptbot)"
74.7.227.15 - - [21/Nov/2025:02:03:05 -0800] "GET /search.php?channel=156e34&from=https://mollywoppersnyb.com/chat.htm?items/207045602.html&m=2921046028692 HTTP/2.0" 200 87441 "-" "Mozilla/5.0 AppleWebKit/537.36 (KHTML, like Gecko; compatible; GPTBot/1.3; +https://openai.com/gptbot)"
52.205.113.104 - - [21/Nov/2025:02:03:06 -0800] "GET /?path=//sys/class/tty/ptype/subsystem/console/subsystem/ttype/subsystem/ptyp1/subsystem/ttyp0 HTTP/1.1" 200 6522 "-" "Mozilla/5.0 AppleWebKit/537.36 (KHTML, like Gecko; compatible; Amazonbot/0.1; +https://developer.amazon.com/support/amazonbot) Chrome/119.0.6045.214 Safari/537.36"
74.7.227.15 - - [21/Nov/2025:02:03:06 -0800] "GET /search.php?anyone057012613.html HTTP/2.0" 200 86032 "-" "Mozilla/5.0 AppleWebKit/537.36 (KHTML, like Gecko; compatible; GPTBot/1.3; +https://openai.com/gptbot)"
66.249.69.235 - - [21/Nov/2025:02:03:06 -0800] "GET /market/93436844 HTTP/1.1" 200 25097 "-" "Mozilla/5.0 (Linux; Android 6.0.1; Nexus 5X Build/MMB29P) AppleWebKit/537.36 (KHTML, like Gecko) Chrome/141.0.7390.122 Mobile Safari/537.36 (compatible; GoogleOther)"
74.7.227.15 - - [21/Nov/2025:02:03:07 -0800] "GET /search.php?channel=156e34&from=https://mollywoppersnyb.com/chat.htm?items/192046639.html&m=2921046028692 HTTP/2.0" 200 85642 "-" "Mozilla/5.0 AppleWebKit/537.36 (KHTML, like Gecko; compatible; GPTBot/1.3; +https://openai.com/gptbot)"
74.7.227.15 - - [21/Nov/2025:02:03:08 -0800] "GET /search.php?channel=156e34&from=https://mollywoppersnyb.com/chat.htm?plate167047117.html&m=2921046028692 HTTP/2.0" 200 85992 "-" "Mozilla/5.0 AppleWebKit/537.36 (KHTML, like Gecko; compatible; GPTBot/1.3; +https://openai.com/gptbot)"
74.7.227.15 - - [21/Nov/2025:02:03:10 -0800] "GET /search.php?channel=156e34&from=https://mollywoppersnyb.com/chat.htm?lane140005582.html&m=2921046028692 HTTP/2.0" 200 86061 "-" "Mozilla/5.0 AppleWebKit/537.36 (KHTML, like Gecko; compatible; GPTBot/1.3; +https://openai.com/gptbot)"
44.195.145.102 - - [21/Nov/2025:02:03:10 -0800] "GET /?path=//sys/class/tty/ptype/subsystem/ttyp0/subsystem/console/subsystem/ptyp1/subsystem/console HTTP/1.1" 200 6568 "-" "Mozilla/5.0 AppleWebKit/537.36 (KHTML, like Gecko; compatible; Amazonbot/0.1; +https://developer.amazon.com/support/amazonbot) Chrome/119.0.6045.214 Safari/537.36"
74.7.227.15 - - [21/Nov/2025:02:03:11 -0800] "GET /search.php?channel=156e34&from=https://mollywoppersnyb.com/chat.htm?items/287002980.html&m=2921046028692 HTTP/2.0" 200 86363 "-" "Mozilla/5.0 AppleWebKit/537.36 (KHTML, like Gecko; compatible; GPTBot/1.3; +https://openai.com/gptbot)"
74.7.227.15 - - [21/Nov/2025:02:03:12 -0800] "GET /search.php?items/175024236.html HTTP/2.0" 200 85679 "-" "Mozilla/5.0 AppleWebKit/537.36 (KHTML, like Gecko; compatible; GPTBot/1.3; +https://openai.com/gptbot)"
74.7.227.15 - - [21/Nov/2025:02:03:14 -0800] "GET /search.php?channel=156e34&from=https://mollywoppersnyb.com/chat.htm?items/070026447.html&m=2921046028692 HTTP/2.0" 200 85800 "-" "Mozilla/5.0 AppleWebKit/537.36 (KHTML, like Gecko; compatible; GPTBot/1.3; +https://openai.com/gptbot)"
34.192.125.239 - - [21/Nov/2025:02:03:15 -0800] "GET /?path=//sys/class/tty/ptype/subsystem/ptyp0/subsystem/ttyp1/subsystem/ttyrf/subsystem/ttysc HTTP/1.1" 200 6578 "-" "Mozilla/5.0 AppleWebKit/537.36 (KHTML, like Gecko; compatible; Amazonbot/0.1; +https://developer.amazon.com/support/amazonbot) Chrome/119.0.6045.214 Safari/537.36"
74.7.227.15 - - [21/Nov/2025:02:03:15 -0800] "GET /search.php?channel=156e34&from=https://mollywoppersnyb.com/chat.htm?items/157029332.html&m=2921046028692 HTTP/2.0" 200 86347 "-" "Mozilla/5.0 AppleWebKit/537.36 (KHTML, like Gecko; compatible; GPTBot/1.3; +https://openai.com/gptbot)"
74.7.227.15 - - [21/Nov/2025:02:03:16 -0800] "GET /search.php?bird238015764.html HTTP/2.0" 200 86328 "-" "Mozilla/5.0 AppleWebKit/537.36 (KHTML, like Gecko; compatible; GPTBot/1.3; +https://openai.com/gptbot)"
74.7.227.15 - - [21/Nov/2025:02:03:17 -0800] "GET /search.php?channel=156e34&from=https://mollywoppersnyb.com/chat.htm?decide166008164.html&m=2921046028692 HTTP/2.0" 200 86008 "-" "Mozilla/5.0 AppleWebKit/537.36 (KHTML, like Gecko; compatible; GPTBot/1.3; +https://openai.com/gptbot)"
74.7.227.15 - - [21/Nov/2025:02:03:19 -0800] "GET /search.php?channel=156e34&from=https://mollywoppersnyb.com/chat.htm?items/090014885.html&m=2921046028692 HTTP/2.0" 200 85809 "-" "Mozilla/5.0 AppleWebKit/537.36 (KHTML, like Gecko; compatible; GPTBot/1.3; +https://openai.com/gptbot)"
74.7.227.15 - - [21/Nov/2025:02:03:20 -0800] "GET /search.php?channel=156e34&from=https://mollywoppersnyb.com/chat.htm?items/090040877.html&m=2921046028692 HTTP/2.0" 200 86116 "-" "Mozilla/5.0 AppleWebKit/537.36 (KHTML, like Gecko; compatible; GPTBot/1.3; +https://openai.com/gptbot)"
74.7.227.15 - - [21/Nov/2025:02:03:22 -0800] "GET /search.php?channel=156e34&from=https://mollywoppersnyb.com/chat.htm?forest238015774.html&m=2921046028692 HTTP/2.0" 200 86420 "-" "Mozilla/5.0 AppleWebKit/537.36 (KHTML, like Gecko; compatible; GPTBot/1.3; +https://openai.com/gptbot)"
74.7.227.15 - - [21/Nov/2025:02:03:23 -0800] "GET /search.php?avoid229008165.html HTTP/2.0" 200 86281 "-" "Mozilla/5.0 AppleWebKit/537.36 (KHTML, like Gecko; compatible; GPTBot/1.3; +https://openai.com/gptbot)"
74.7.227.15 - - [21/Nov/2025:02:03:24 -0800] "GET /search.php?items/287002980.html HTTP/2.0" 200 86083 "-" "Mozilla/5.0 AppleWebKit/537.36 (KHTML, like Gecko; compatible; GPTBot/1.3; +https://openai.com/gptbot)"
74.7.227.15 - - [21/Nov/2025:02:03:25 -0800] "GET /search.php?channel=156e34&from=https://mollywoppersnyb.com/chat.htm?host009044469.html&m=2921046028692 HTTP/2.0" 200 85835 "-" "Mozilla/5.0 AppleWebKit/537.36 (KHTML, like Gecko; compatible; GPTBot/1.3; +https://openai.com/gptbot)"
66.249.69.233 - - [21/Nov/2025:02:03:26 -0800] "GET /market/54186851 HTTP/1.1" 200 25692 "-" "Mozilla/5.0 (Linux; Android 6.0.1; Nexus 5X Build/MMB29P) AppleWebKit/537.36 (KHTML, like Gecko) Chrome/141.0.7390.122 Mobile Safari/537.36 (compatible; GoogleOther)"
74.7.227.15 - - [21/Nov/2025:02:03:27 -0800] "GET /search.php?channel=156e34&from=https://mollywoppersnyb.com/chat.htm?items/151017846.html&m=2921046028692 HTTP/2.0" 200 86412 "-" "Mozilla/5.0 AppleWebKit/537.36 (KHTML, like Gecko; compatible; GPTBot/1.3; +https://openai.com/gptbot)"
74.7.227.15 - - [21/Nov/2025:02:03:28 -0800] "GET /search.php?thing074035368.html HTTP/2.0" 200 85848 "-" "Mozilla/5.0 AppleWebKit/537.36 (KHTML, like Gecko; compatible; GPTBot/1.3; +https://openai.com/gptbot)"
74.7.227.15 - - [21/Nov/2025:02:03:30 -0800] "GET /search.php?channel=156e34&from=https://mollywoppersnyb.com/chat.htm?items/119012718.html&m=2921046028692 HTTP/2.0" 200 85954 "-" "Mozilla/5.0 AppleWebKit/537.36 (KHTML, like Gecko; compatible; GPTBot/1.3; +https://openai.com/gptbot)"
54.225.181.161 - - [21/Nov/2025:02:03:31 -0800] "GET /home/?path=//sys/class/tty/ptype/subsystem/ttyp0/subsystem/ttyS2/subsystem/ttyp1/subsystem/ttydb HTTP/1.1" 200 6596 "-" "Mozilla/5.0 AppleWebKit/537.36 (KHTML, like Gecko; compatible; Amazonbot/0.1; +https://developer.amazon.com/support/amazonbot) Chrome/119.0.6045.214 Safari/537.36"
74.7.227.15 - - [21/Nov/2025:02:03:31 -0800] "GET /search.php?channel=156e34&from=https://mollywoppersnyb.com/chat.htm?items/142017067.html&m=2921046028692 HTTP/2.0" 200 86073 "-" "Mozilla/5.0 AppleWebKit/537.36 (KHTML, like Gecko; compatible; GPTBot/1.3; +https://openai.com/gptbot)"
66.249.69.233 - - [21/Nov/2025:02:03:31 -0800] "GET /market/1035948339 HTTP/1.1" 200 21377 "-" "Mozilla/5.0 (Linux; Android 6.0.1; Nexus 5X Build/MMB29P) AppleWebKit/537.36 (KHTML, like Gecko) Chrome/141.0.7390.122 Mobile Safari/537.36 (compatible; GoogleOther)"
74.7.227.15 - - [21/Nov/2025:02:03:32 -0800] "GET /search.php?safe_search/config?return_url=%2Fproduct%2Fdetail%2Fhonkeya-ds-2428820 HTTP/2.0" 200 87441 "-" "Mozilla/5.0 AppleWebKit/537.36 (KHTML, like Gecko; compatible; GPTBot/1.3; +https://openai.com/gptbot)"
74.7.227.15 - - [21/Nov/2025:02:03:34 -0800] "GET /search.php?channel=156e34&from=https://mollywoppersnyb.com/chat.htm?items/117032354.html&m=2921046028692 HTTP/2.0" 200 85584 "-" "Mozilla/5.0 AppleWebKit/537.36 (KHTML, like Gecko; compatible; GPTBot/1.3; +https://openai.com/gptbot)"
54.85.7.119 - - [21/Nov/2025:02:03:34 -0800] "GET /?path=//sys/class/tty/ptype/subsystem/ttyp1/subsystem/ptype/subsystem/ttyv1/subsystem/tty HTTP/1.1" 200 6570 "-" "Mozilla/5.0 AppleWebKit/537.36 (KHTML, like Gecko; compatible; Amazonbot/0.1; +https://developer.amazon.com/support/amazonbot) Chrome/119.0.6045.214 Safari/537.36"
74.7.227.15 - - [21/Nov/2025:02:03:35 -0800] "GET /search.php?channel=156e34&from=https://mollywoppersnyb.com/chat.htm?brand238015774.html&m=2921046028692 HTTP/2.0" 200 86283 "-" "Mozilla/5.0 AppleWebKit/537.36 (KHTML, like Gecko; compatible; GPTBot/1.3; +https://openai.com/gptbot)"
74.7.227.15 - - [21/Nov/2025:02:03:36 -0800] "GET /search.php?good238015768.html HTTP/2.0" 200 86497 "-" "Mozilla/5.0 AppleWebKit/537.36 (KHTML, like Gecko; compatible; GPTBot/1.3; +https://openai.com/gptbot)"
52.7.33.248 - - [21/Nov/2025:02:03:38 -0800] "GET /?path=//sys/class/tty/ptype/subsystem/ttyp0/subsystem/ttysc/subsystem/ptyp0/subsystem/ttyS0/device HTTP/1.1" 200 6813 "-" "Mozilla/5.0 AppleWebKit/537.36 (KHTML, like Gecko; compatible; Amazonbot/0.1; +https://developer.amazon.com/support/amazonbot) Chrome/119.0.6045.214 Safari/537.36"
74.7.227.15 - - [21/Nov/2025:02:03:38 -0800] "GET /search.php?lawn238015764.html HTTP/2.0" 200 86318 "-" "Mozilla/5.0 AppleWebKit/537.36 (KHTML, like Gecko; compatible; GPTBot/1.3; +https://openai.com/gptbot)"
74.7.227.15 - - [21/Nov/2025:02:03:39 -0800] "GET /search.php?channel=156e34&from=https://mollywoppersnyb.com/chat.htm?items/132016855.html&m=2921046028692 HTTP/2.0" 200 86067 "-" "Mozilla/5.0 AppleWebKit/537.36 (KHTML, like Gecko; compatible; GPTBot/1.3; +https://openai.com/gptbot)"
74.7.227.15 - - [21/Nov/2025:02:03:41 -0800] "GET /search.php?rough238015784.html HTTP/2.0" 200 86190 "-" "Mozilla/5.0 AppleWebKit/537.36 (KHTML, like Gecko; compatible; GPTBot/1.3; +https://openai.com/gptbot)"
74.7.227.15 - - [21/Nov/2025:02:03:42 -0800] "GET /search.php?channel=156e34&from=https://mollywoppersnyb.com/chat.htm?items/247008810.html&m=2921046028692 HTTP/2.0" 200 85912 "-" "Mozilla/5.0 AppleWebKit/537.36 (KHTML, like Gecko; compatible; GPTBot/1.3; +https://openai.com/gptbot)"
74.7.227.15 - - [21/Nov/2025:02:03:43 -0800] "GET /search.php?channel=156e34&from=https://mollywoppersnyb.com/chat.htm?domestic282048076.html&m=2921046028692 HTTP/2.0" 200 86328 "-" "Mozilla/5.0 AppleWebKit/537.36 (KHTML, like Gecko; compatible; GPTBot/1.3; +https://openai.com/gptbot)"
74.7.227.15 - - [21/Nov/2025:02:03:44 -0800] "GET /search.php?channel=156e34&from=https://mollywoppersnyb.com/chat.htm?ultimate270030840.html&m=2921046028692 HTTP/2.0" 200 85934 "-" "Mozilla/5.0 AppleWebKit/537.36 (KHTML, like Gecko; compatible; GPTBot/1.3; +https://openai.com/gptbot)"
74.7.227.15 - - [21/Nov/2025:02:03:45 -0800] "GET /search.php?danger179028549.html HTTP/2.0" 200 85907 "-" "Mozilla/5.0 AppleWebKit/537.36 (KHTML, like Gecko; compatible; GPTBot/1.3; +https://openai.com/gptbot)"
74.7.227.15 - - [21/Nov/2025:02:03:46 -0800] "GET /search.php?channel=156e34&from=https://mollywoppersnyb.com/chat.htm?items/300041485.html&m=2921046028692 HTTP/2.0" 200 86561 "-" "Mozilla/5.0 AppleWebKit/537.36 (KHTML, like Gecko; compatible; GPTBot/1.3; +https://openai.com/gptbot)"
44.194.134.53 - - [21/Nov/2025:02:03:46 -0800] "GET /home/?path=//sys/class/tty/ptype/subsystem/ttypf/subsystem/ttyp1/subsystem/ttype/subsystem/ttyp0 HTTP/1.1" 200 6576 "-" "Mozilla/5.0 AppleWebKit/537.36 (KHTML, like Gecko; compatible; Amazonbot/0.1; +https://developer.amazon.com/support/amazonbot) Chrome/119.0.6045.214 Safari/537.36"
217.113.194.208 - - [21/Nov/2025:02:03:47 -0800] "GET /2018/11/11/todays-the-day-come-on-out-to-garagephilly-3-6pm-to-support-mollywoppersnyb-theres-some-pretty-killer-stuff-going-up-for-auction-and-dogboy701-is-gonna-be-in-the-cart-to-feed-yo-4/?fileloc=/home/mollywopper/mollywoppersnyb.com/wp-includes/rss.php&path=/home/mollywopper/mollywoppersnyb.com/wp-includes HTTP/1.1" 200 10052 "-" "Mozilla/5.0 (compatible; Barkrowler/0.9; +https://babbar.tech/crawler)"
66.249.69.233 - - [21/Nov/2025:02:03:47 -0800] "GET /market/100117515 HTTP/1.1" 200 24985 "-" "Mozilla/5.0 (Linux; Android 6.0.1; Nexus 5X Build/MMB29P) AppleWebKit/537.36 (KHTML, like Gecko) Chrome/141.0.7390.122 Mobile Safari/537.36 (compatible; GoogleOther)"
74.7.227.15 - - [21/Nov/2025:02:03:47 -0800] "GET /search.php?channel=156e34&from=https://mollywoppersnyb.com/chat.htm?pretty238015716.html&m=2921046028692 HTTP/2.0" 200 86484 "-" "Mozilla/5.0 AppleWebKit/537.36 (KHTML, like Gecko; compatible; GPTBot/1.3; +https://openai.com/gptbot)"
74.7.227.15 - - [21/Nov/2025:02:03:49 -0800] "GET /search.php?channel=156e34&from=https://mollywoppersnyb.com/chat.htm?belly155013287.html&m=2921046028692 HTTP/2.0" 200 86325 "-" "Mozilla/5.0 AppleWebKit/537.36 (KHTML, like Gecko; compatible; GPTBot/1.3; +https://openai.com/gptbot)"
74.7.227.15 - - [21/Nov/2025:02:03:50 -0800] "GET /search.php?items/278045311.html HTTP/2.0" 200 86673 "-" "Mozilla/5.0 AppleWebKit/537.36 (KHTML, like Gecko; compatible; GPTBot/1.3; +https://openai.com/gptbot)"
74.7.227.15 - - [21/Nov/2025:02:03:51 -0800] "GET /search.php?channel=156e34&from=https://mollywoppersnyb.com/chat.htm?vision238015768.html&m=2921046028692 HTTP/2.0" 200 86610 "-" "Mozilla/5.0 AppleWebKit/537.36 (KHTML, like Gecko; compatible; GPTBot/1.3; +https://openai.com/gptbot)"
66.249.69.233 - - [21/Nov/2025:02:03:53 -0800] "GET /reduce/c42?pid=55 HTTP/1.1" 200 24694 "-" "Mozilla/5.0 (Linux; Android 6.0.1; Nexus 5X Build/MMB29P) AppleWebKit/537.36 (KHTML, like Gecko) Chrome/141.0.7390.122 Mobile Safari/537.36 (compatible; GoogleOther)"
74.7.227.15 - - [21/Nov/2025:02:03:53 -0800] "GET /search.php?items/052043785.html HTTP/2.0" 200 85621 "-" "Mozilla/5.0 AppleWebKit/537.36 (KHTML, like Gecko; compatible; GPTBot/1.3; +https://openai.com/gptbot)"
74.7.227.15 - - [21/Nov/2025:02:03:54 -0800] "GET /search.php?channel=156e34&from=https://mollywoppersnyb.com/chat.htm?winner064022036.html&m=2921046028692 HTTP/2.0" 200 85645 "-" "Mozilla/5.0 AppleWebKit/537.36 (KHTML, like Gecko; compatible; GPTBot/1.3; +https://openai.com/gptbot)"
54.84.161.62 - - [21/Nov/2025:02:03:55 -0800] "GET /?path=//sys/class/tty/ptype/subsystem/ttysc/subsystem/ttyp0/subsystem/ttydb/subsystem/ttyv0 HTTP/1.1" 200 6587 "-" "Mozilla/5.0 AppleWebKit/537.36 (KHTML, like Gecko; compatible; Amazonbot/0.1; +https://developer.amazon.com/support/amazonbot) Chrome/119.0.6045.214 Safari/537.36"
74.7.227.15 - - [21/Nov/2025:02:03:56 -0800] "GET /search.php?channel=156e34&from=https://mollywoppersnyb.com/chat.htm?main128028802.html&m=2921046028692 HTTP/2.0" 200 86210 "-" "Mozilla/5.0 AppleWebKit/537.36 (KHTML, like Gecko; compatible; GPTBot/1.3; +https://openai.com/gptbot)"
74.7.227.15 - - [21/Nov/2025:02:03:57 -0800] "GET /search.php?channel=156e34&from=https://mollywoppersnyb.com/chat.htm?soup186037712.html&m=2921046028692 HTTP/2.0" 200 85827 "-" "Mozilla/5.0 AppleWebKit/537.36 (KHTML, like Gecko; compatible; GPTBot/1.3; +https://openai.com/gptbot)"
184.73.195.18 - - [21/Nov/2025:02:03:58 -0800] "GET /?path=//sys/class/tty/ptype/subsystem/ptyp1/subsystem/ttype/subsystem/ttyre/subsystem/ttyec HTTP/1.1" 200 6532 "-" "Mozilla/5.0 AppleWebKit/537.36 (KHTML, like Gecko; compatible; Amazonbot/0.1; +https://developer.amazon.com/support/amazonbot) Chrome/119.0.6045.214 Safari/537.36"
74.7.227.15 - - [21/Nov/2025:02:03:59 -0800] "GET /search.php?pcmypage?callback=product%2Fdetail%2Feagleeyeshopping-top1-ds-2103207 HTTP/2.0" 200 86119 "-" "Mozilla/5.0 AppleWebKit/537.36 (KHTML, like Gecko; compatible; GPTBot/1.3; +https://openai.com/gptbot)"
66.249.69.233 - - [21/Nov/2025:02:03:58 -0800] "GET /market/241414458 HTTP/1.1" 200 24302 "-" "Mozilla/5.0 (Linux; Android 6.0.1; Nexus 5X Build/MMB29P) AppleWebKit/537.36 (KHTML, like Gecko) Chrome/141.0.7390.122 Mobile Safari/537.36 (compatible; GoogleOther)"
74.7.227.15 - - [21/Nov/2025:02:04:00 -0800] "GET /search.php?channel=156e34&from=https://mollywoppersnyb.com/chat.htm?island238015780.html&m=2921046028692 HTTP/2.0" 200 86399 "-" "Mozilla/5.0 AppleWebKit/537.36 (KHTML, like Gecko; compatible; GPTBot/1.3; +https://openai.com/gptbot)"
74.7.227.15 - - [21/Nov/2025:02:04:02 -0800] "GET /search.php?channel=156e34&from=https://mollywoppersnyb.com/chat.htm?luck155013287.html&m=2921046028692 HTTP/2.0" 200 86155 "-" "Mozilla/5.0 AppleWebKit/537.36 (KHTML, like Gecko; compatible; GPTBot/1.3; +https://openai.com/gptbot)"
74.7.227.15 - - [21/Nov/2025:02:04:03 -0800] "GET /search.php?channel=156e34&from=https://mollywoppersnyb.com/chat.htm?items/047042856.html&m=2921046028692 HTTP/2.0" 200 85776 "-" "Mozilla/5.0 AppleWebKit/537.36 (KHTML, like Gecko; compatible; GPTBot/1.3; +https://openai.com/gptbot)"
74.7.227.15 - - [21/Nov/2025:02:04:04 -0800] "GET /search.php?channel=156e34&from=https://mollywoppersnyb.com/chat.htm?soak114030240.html&m=2921046028692 HTTP/2.0" 200 87140 "-" "Mozilla/5.0 AppleWebKit/537.36 (KHTML, like Gecko; compatible; GPTBot/1.3; +https://openai.com/gptbot)"
66.249.69.233 - - [21/Nov/2025:02:04:05 -0800] "GET /market/98189007 HTTP/1.1" 200 25713 "-" "Mozilla/5.0 (Linux; Android 6.0.1; Nexus 5X Build/MMB29P) AppleWebKit/537.36 (KHTML, like Gecko) Chrome/141.0.7390.122 Mobile Safari/537.36 (compatible; GoogleOther)"
74.7.227.15 - - [21/Nov/2025:02:04:05 -0800] "GET /search.php?channel=156e34&from=https://mollywoppersnyb.com/chat.htm?access059033893.html&m=2921046028692 HTTP/2.0" 200 86132 "-" "Mozilla/5.0 AppleWebKit/537.36 (KHTML, like Gecko; compatible; GPTBot/1.3; +https://openai.com/gptbot)"
100.28.57.133 - - [21/Nov/2025:02:04:06 -0800] "GET /home/?path=//sys/class/tty/ptype/subsystem/ttydb/subsystem/ttysc/subsystem/ttyec/subsystem/ttyv1 HTTP/1.1" 200 6606 "-" "Mozilla/5.0 AppleWebKit/537.36 (KHTML, like Gecko; compatible; Amazonbot/0.1; +https://developer.amazon.com/support/amazonbot) Chrome/119.0.6045.214 Safari/537.36"
74.7.227.15 - - [21/Nov/2025:02:04:07 -0800] "GET /search.php?channel=156e34&from=https://mollywoppersnyb.com/chat.htm?items/204045717.html&m=2921046028692 HTTP/2.0" 200 87242 "-" "Mozilla/5.0 AppleWebKit/537.36 (KHTML, like Gecko; compatible; GPTBot/1.3; +https://openai.com/gptbot)"
74.7.227.15 - - [21/Nov/2025:02:04:08 -0800] "GET /search.php?inquiry061038487.html HTTP/2.0" 200 85852 "-" "Mozilla/5.0 AppleWebKit/537.36 (KHTML, like Gecko; compatible; GPTBot/1.3; +https://openai.com/gptbot)"
74.7.227.15 - - [21/Nov/2025:02:04:09 -0800] "GET /search.php?items/297017672.html HTTP/2.0" 200 86597 "-" "Mozilla/5.0 AppleWebKit/537.36 (KHTML, like Gecko; compatible; GPTBot/1.3; +https://openai.com/gptbot)"
74.7.227.15 - - [21/Nov/2025:02:04:10 -0800] "GET /search.php?channel=156e34&from=https://mollywoppersnyb.com/chat.htm?meal143026391.html&m=2921046028692 HTTP/2.0" 200 85923 "-" "Mozilla/5.0 AppleWebKit/537.36 (KHTML, like Gecko; compatible; GPTBot/1.3; +https://openai.com/gptbot)"
66.249.69.233 - - [21/Nov/2025:02:04:11 -0800] "GET /market/1049049504 HTTP/1.1" 200 25227 "-" "Mozilla/5.0 (Linux; Android 6.0.1; Nexus 5X Build/MMB29P) AppleWebKit/537.36 (KHTML, like Gecko) Chrome/141.0.7390.122 Mobile Safari/537.36 (compatible; GoogleOther)"
74.7.227.15 - - [21/Nov/2025:02:04:11 -0800] "GET /search.php?channel=156e34&from=https://mollywoppersnyb.com/chat.htm?items/211005244.html&m=2921046028692 HTTP/2.0" 200 86066 "-" "Mozilla/5.0 AppleWebKit/537.36 (KHTML, like Gecko; compatible; GPTBot/1.3; +https://openai.com/gptbot)"
74.7.227.15 - - [21/Nov/2025:02:04:12 -0800] "GET /search.php?channel=156e34&from=https://mollywoppersnyb.com/chat.htm?pickup238015764.html&m=2921046028692 HTTP/2.0" 200 86327 "-" "Mozilla/5.0 AppleWebKit/537.36 (KHTML, like Gecko; compatible; GPTBot/1.3; +https://openai.com/gptbot)"
74.7.227.15 - - [21/Nov/2025:02:04:14 -0800] "GET /search.php?cooking184023154.html HTTP/2.0" 200 85870 "-" "Mozilla/5.0 AppleWebKit/537.36 (KHTML, like Gecko; compatible; GPTBot/1.3; +https://openai.com/gptbot)"
52.71.203.206 - - [21/Nov/2025:02:04:15 -0800] "GET /?path=//sys/class/tty/ptype/subsystem/ptyp0/subsystem/ttype/subsystem/ttysc/subsystem/ttyS1/device HTTP/1.1" 200 6781 "-" "Mozilla/5.0 AppleWebKit/537.36 (KHTML, like Gecko; compatible; Amazonbot/0.1; +https://developer.amazon.com/support/amazonbot) Chrome/119.0.6045.214 Safari/537.36"
74.7.227.15 - - [21/Nov/2025:02:04:15 -0800] "GET /search.php?channel=156e34&from=https://mollywoppersnyb.com/chat.htm?favor233032011.html&m=2921046028692 HTTP/2.0" 200 86445 "-" "Mozilla/5.0 AppleWebKit/537.36 (KHTML, like Gecko; compatible; GPTBot/1.3; +https://openai.com/gptbot)"
74.7.227.15 - - [21/Nov/2025:02:04:16 -0800] "GET /search.php?channel=156e34&from=https://mollywoppersnyb.com/chat.htm?items/204045103.html&m=2921046028692 HTTP/2.0" 200 86912 "-" "Mozilla/5.0 AppleWebKit/537.36 (KHTML, like Gecko; compatible; GPTBot/1.3; +https://openai.com/gptbot)"
66.249.69.233 - - [21/Nov/2025:02:04:17 -0800] "GET /market/163562006 HTTP/1.1" 200 24928 "-" "Mozilla/5.0 (Linux; Android 6.0.1; Nexus 5X Build/MMB29P) AppleWebKit/537.36 (KHTML, like Gecko) Chrome/141.0.7390.122 Mobile Safari/537.36 (compatible; GoogleOther)"
74.7.227.15 - - [21/Nov/2025:02:04:18 -0800] "GET /search.php?channel=156e34&from=https://mollywoppersnyb.com/chat.htm?object276022188.html&m=2921046028692 HTTP/2.0" 200 86066 "-" "Mozilla/5.0 AppleWebKit/537.36 (KHTML, like Gecko; compatible; GPTBot/1.3; +https://openai.com/gptbot)"
74.7.227.15 - - [21/Nov/2025:02:04:19 -0800] "GET /search.php?channel=156e34&from=https://mollywoppersnyb.com/chat.htm?items/174032743.html&m=2921046028692 HTTP/2.0" 200 86062 "-" "Mozilla/5.0 AppleWebKit/537.36 (KHTML, like Gecko; compatible; GPTBot/1.3; +https://openai.com/gptbot)"
74.7.227.15 - - [21/Nov/2025:02:04:20 -0800] "GET /search.php?channel=156e34&from=https://mollywoppersnyb.com/chat.htm?social032021194.html&m=2921046028692 HTTP/2.0" 200 85492 "-" "Mozilla/5.0 AppleWebKit/537.36 (KHTML, like Gecko; compatible; GPTBot/1.3; +https://openai.com/gptbot)"
74.7.227.15 - - [21/Nov/2025:02:04:22 -0800] "GET /search.php?frankly238015716.html HTTP/2.0" 200 86474 "-" "Mozilla/5.0 AppleWebKit/537.36 (KHTML, like Gecko; compatible; GPTBot/1.3; +https://openai.com/gptbot)"
44.217.255.167 - - [21/Nov/2025:02:04:23 -0800] "GET /home/?path=//sys/class/tty/ptype/subsystem/ttyp0/subsystem/ttyse/subsystem/ttysc/subsystem/ttyp1 HTTP/1.1" 200 6595 "-" "Mozilla/5.0 AppleWebKit/537.36 (KHTML, like Gecko; compatible; Amazonbot/0.1; +https://developer.amazon.com/support/amazonbot) Chrome/119.0.6045.214 Safari/537.36"
74.7.227.15 - - [21/Nov/2025:02:04:23 -0800] "GET /search.php?buck238015784.html HTTP/2.0" 200 86329 "-" "Mozilla/5.0 AppleWebKit/537.36 (KHTML, like Gecko; compatible; GPTBot/1.3; +https://openai.com/gptbot)"
66.249.69.233 - - [21/Nov/2025:02:04:23 -0800] "GET /market/98719126 HTTP/1.1" 200 25680 "-" "Mozilla/5.0 (Linux; Android 6.0.1; Nexus 5X Build/MMB29P) AppleWebKit/537.36 (KHTML, like Gecko) Chrome/141.0.7390.122 Mobile Safari/537.36 (compatible; GoogleOther)"
74.7.227.15 - - [21/Nov/2025:02:04:25 -0800] "GET /search.php?channel=156e34&from=https://mollywoppersnyb.com/chat.htm?items/221030348.html&m=2921046028692 HTTP/2.0" 200 86717 "-" "Mozilla/5.0 AppleWebKit/537.36 (KHTML, like Gecko; compatible; GPTBot/1.3; +https://openai.com/gptbot)"
74.7.227.15 - - [21/Nov/2025:02:04:26 -0800] "GET /search.php?icon243026791.html HTTP/2.0" 200 86284 "-" "Mozilla/5.0 AppleWebKit/537.36 (KHTML, like Gecko; compatible; GPTBot/1.3; +https://openai.com/gptbot)"
3.231.193.38 - - [21/Nov/2025:02:04:27 -0800] "GET /?path=//sys/class/tty/ptype/subsystem/ptyp0/subsystem/ttyec/subsystem/ttyp0/subsystem/ttyS1/device HTTP/1.1" 200 6784 "-" "Mozilla/5.0 AppleWebKit/537.36 (KHTML, like Gecko; compatible; Amazonbot/0.1; +https://developer.amazon.com/support/amazonbot) Chrome/119.0.6045.214 Safari/537.36"
74.7.227.15 - - [21/Nov/2025:02:04:27 -0800] "GET /search.php?mode238015764.html HTTP/2.0" 200 86496 "-" "Mozilla/5.0 AppleWebKit/537.36 (KHTML, like Gecko; compatible; GPTBot/1.3; +https://openai.com/gptbot)"
66.249.69.233 - - [21/Nov/2025:02:04:29 -0800] "GET /market/78995600 HTTP/1.1" 200 25222 "-" "Mozilla/5.0 (Linux; Android 6.0.1; Nexus 5X Build/MMB29P) AppleWebKit/537.36 (KHTML, like Gecko) Chrome/141.0.7390.122 Mobile Safari/537.36 (compatible; GoogleOther)"
