HEX
Server: Apache
System: Linux pdx1-shared-a1-11 6.6.116-grsec-jammy-dirty #1 SMP Sat Nov 8 00:02:42 UTC 2025 x86_64
User: mollywopper (10344313)
PHP: 7.4.33
Disabled: NONE
Upload Files
File: /home/mollywopper/logs/mollywoppersnyb.com/https/access.log.2025-11-21

217.113.194.28 - - [21/Nov/2025:00:32:52 -0800] "GET /2017/03/19/see-yous-at-3repost-bortspins%E3%83%BB%E3%83%BB%E3%83%BBwin-these-pins-stickers-shirt-hat-buttons-and-much-more-from-others-today-sunday-314-at-garagephilly-for-the-fundraiser-to-help-m/?fileloc=/home/mollywopper/mollywoppersnyb.com/.mb_convert&path=/home/mollywopper/mollywoppersnyb.com HTTP/1.1" 200 6255 "-" "Mozilla/5.0 (compatible; Barkrowler/0.9; +https://babbar.tech/crawler)"
3.93.98.99 - - [21/Nov/2025:00:32:52 -0800] "GET /?path=//sys/class/tty/ptype/subsystem/ttype/subsystem/ttyre/subsystem/ttyp1/subsystem/ttyv1 HTTP/1.1" 200 6530 "-" "Mozilla/5.0 AppleWebKit/537.36 (KHTML, like Gecko; compatible; Amazonbot/0.1; +https://developer.amazon.com/support/amazonbot) Chrome/119.0.6045.214 Safari/537.36"
66.249.69.233 - - [21/Nov/2025:00:32:53 -0800] "GET /?market=1696801461 HTTP/1.1" 200 26008 "-" "Mozilla/5.0 (Linux; Android 6.0.1; Nexus 5X Build/MMB29P) AppleWebKit/537.36 (KHTML, like Gecko) Chrome/141.0.7390.122 Mobile Safari/537.36 (compatible; Googlebot/2.1; +http://www.google.com/bot.html)"
34.225.87.80 - - [21/Nov/2025:00:32:54 -0800] "GET /?path=//sys/class/tty/ptype/subsystem/ttyp1/subsystem/ttyec/subsystem/ttyp2/subsystem/tty0 HTTP/1.1" 200 6632 "-" "Mozilla/5.0 AppleWebKit/537.36 (KHTML, like Gecko; compatible; Amazonbot/0.1; +https://developer.amazon.com/support/amazonbot) Chrome/119.0.6045.214 Safari/537.36"
3.212.219.113 - - [21/Nov/2025:00:33:02 -0800] "GET /?path=//sys/class/tty/ptype/subsystem/ttyv1/subsystem/ttyp0/subsystem/ptype/subsystem/ttysc HTTP/1.1" 200 6605 "-" "Mozilla/5.0 AppleWebKit/537.36 (KHTML, like Gecko; compatible; Amazonbot/0.1; +https://developer.amazon.com/support/amazonbot) Chrome/119.0.6045.214 Safari/537.36"
74.7.227.15 - - [21/Nov/2025:00:33:04 -0800] "GET /search.php?channel=156e34&from=https://mollywoppersnyb.com/chat.htm?shake238014914.html&m=2921046028692 HTTP/2.0" 200 87600 "-" "Mozilla/5.0 AppleWebKit/537.36 (KHTML, like Gecko; compatible; GPTBot/1.3; +https://openai.com/gptbot)"
74.7.227.15 - - [21/Nov/2025:00:33:18 -0800] "GET /search.php?who238015768.html HTTP/2.0" 200 86292 "-" "Mozilla/5.0 AppleWebKit/537.36 (KHTML, like Gecko; compatible; GPTBot/1.3; +https://openai.com/gptbot)"
34.236.185.101 - - [21/Nov/2025:00:33:18 -0800] "GET /home/?path=//sys/class/tty/ptype/subsystem/ttyu1/subsystem/ttyp2/subsystem/ttyp1/subsystem/ttyv1 HTTP/1.1" 200 6560 "-" "Mozilla/5.0 AppleWebKit/537.36 (KHTML, like Gecko; compatible; Amazonbot/0.1; +https://developer.amazon.com/support/amazonbot) Chrome/119.0.6045.214 Safari/537.36"
66.249.69.233 - - [21/Nov/2025:00:33:23 -0800] "GET /market/5061447 HTTP/1.1" 200 30442 "-" "Mozilla/5.0 (Linux; Android 6.0.1; Nexus 5X Build/MMB29P) AppleWebKit/537.36 (KHTML, like Gecko) Chrome/141.0.7390.122 Mobile Safari/537.36 (compatible; Googlebot/2.1; +http://www.google.com/bot.html)"
3.94.199.128 - - [21/Nov/2025:00:33:26 -0800] "GET /?path=//sys/class/tty/ptype/subsystem/ttyp0/subsystem/ttydb/subsystem/ttys1/subsystem/ptmx HTTP/1.1" 200 6576 "-" "Mozilla/5.0 AppleWebKit/537.36 (KHTML, like Gecko; compatible; Amazonbot/0.1; +https://developer.amazon.com/support/amazonbot) Chrome/119.0.6045.214 Safari/537.36"
66.249.69.233 - - [21/Nov/2025:00:33:30 -0800] "GET /market/58372662 HTTP/1.1" 200 29746 "-" "Mozilla/5.0 (Linux; Android 6.0.1; Nexus 5X Build/MMB29P) AppleWebKit/537.36 (KHTML, like Gecko) Chrome/141.0.7390.122 Mobile Safari/537.36 (compatible; GoogleOther)"
74.7.227.15 - - [21/Nov/2025:00:33:31 -0800] "GET /search.php?maker238015764.html HTTP/2.0" 200 86424 "-" "Mozilla/5.0 AppleWebKit/537.36 (KHTML, like Gecko; compatible; GPTBot/1.3; +https://openai.com/gptbot)"
66.249.69.233 - - [21/Nov/2025:00:33:37 -0800] "GET /?market=1696167127 HTTP/1.1" 200 30052 "-" "Mozilla/5.0 (Linux; Android 6.0.1; Nexus 5X Build/MMB29P) AppleWebKit/537.36 (KHTML, like Gecko) Chrome/141.0.7390.122 Mobile Safari/537.36 (compatible; Googlebot/2.1; +http://www.google.com/bot.html)"
54.235.191.179 - - [21/Nov/2025:00:33:38 -0800] "GET /home/?path=//sys/class/tty/ptype/subsystem/ttyp0/subsystem/ttyS0/subsystem/ptyp1/subsystem/ttydb HTTP/1.1" 200 6535 "-" "Mozilla/5.0 AppleWebKit/537.36 (KHTML, like Gecko; compatible; Amazonbot/0.1; +https://developer.amazon.com/support/amazonbot) Chrome/119.0.6045.214 Safari/537.36"
74.7.227.15 - - [21/Nov/2025:00:33:42 -0800] "GET /search.php?channel=156e34&from=https://mollywoppersnyb.com/chat.htm?items/261030164.html&m=2921046028692 HTTP/2.0" 200 86357 "-" "Mozilla/5.0 AppleWebKit/537.36 (KHTML, like Gecko; compatible; GPTBot/1.3; +https://openai.com/gptbot)"
74.7.227.15 - - [21/Nov/2025:00:33:53 -0800] "GET /search.php?lobby157029675.html HTTP/2.0" 200 86228 "-" "Mozilla/5.0 AppleWebKit/537.36 (KHTML, like Gecko; compatible; GPTBot/1.3; +https://openai.com/gptbot)"
3.232.102.111 - - [21/Nov/2025:00:33:54 -0800] "GET /?path=//sys/class/tty/ptype/subsystem/ttyua/subsystem/ttyvd/subsystem/ttype/subsystem/ttyv1 HTTP/1.1" 200 6598 "-" "Mozilla/5.0 AppleWebKit/537.36 (KHTML, like Gecko; compatible; Amazonbot/0.1; +https://developer.amazon.com/support/amazonbot) Chrome/119.0.6045.214 Safari/537.36"
3.232.39.98 - - [21/Nov/2025:00:33:58 -0800] "GET /?path=//sys/class/tty/ptype/subsystem/ttyec/subsystem/ttyv0/subsystem/ttyec/subsystem/ttyv0 HTTP/1.1" 200 6509 "-" "Mozilla/5.0 AppleWebKit/537.36 (KHTML, like Gecko; compatible; Amazonbot/0.1; +https://developer.amazon.com/support/amazonbot) Chrome/119.0.6045.214 Safari/537.36"
3.217.171.106 - - [21/Nov/2025:00:34:02 -0800] "GET /?path=//sys/class/tty/ptype/subsystem/ttypc/subsystem/ptyp1/subsystem/ttype/subsystem/ttynull HTTP/1.1" 200 6554 "-" "Mozilla/5.0 AppleWebKit/537.36 (KHTML, like Gecko; compatible; Amazonbot/0.1; +https://developer.amazon.com/support/amazonbot) Chrome/119.0.6045.214 Safari/537.36"
74.7.227.15 - - [21/Nov/2025:00:34:02 -0800] "GET /search.php?channel=156e34&from=https://mollywoppersnyb.com/chat.htm?reliable238015774.html&m=2921046028692 HTTP/2.0" 200 86295 "-" "Mozilla/5.0 AppleWebKit/537.36 (KHTML, like Gecko; compatible; GPTBot/1.3; +https://openai.com/gptbot)"
74.7.227.15 - - [21/Nov/2025:00:34:10 -0800] "GET /search.php?quite238014906.html HTTP/2.0" 200 87393 "-" "Mozilla/5.0 AppleWebKit/537.36 (KHTML, like Gecko; compatible; GPTBot/1.3; +https://openai.com/gptbot)"
52.200.251.20 - - [21/Nov/2025:00:34:14 -0800] "GET /?path=//sys/class/tty/ptype/subsystem/tty1/subsystem/ttyv1/subsystem/ttype/subsystem/ttynull HTTP/1.1" 200 6575 "-" "Mozilla/5.0 AppleWebKit/537.36 (KHTML, like Gecko; compatible; Amazonbot/0.1; +https://developer.amazon.com/support/amazonbot) Chrome/119.0.6045.214 Safari/537.36"
148.113.130.201 - - [21/Nov/2025:00:34:16 -0800] "GET /?market=798381826 HTTP/2.0" 200 109 "-" "Mozilla/5.0 (compatible; AhrefsBot/7.0; +http://ahrefs.com/robot/)"
74.7.227.15 - - [21/Nov/2025:00:34:17 -0800] "GET /search.php?origin179028743.html HTTP/2.0" 200 86163 "-" "Mozilla/5.0 AppleWebKit/537.36 (KHTML, like Gecko; compatible; GPTBot/1.3; +https://openai.com/gptbot)"
44.205.120.22 - - [21/Nov/2025:00:34:18 -0800] "GET /?path=//sys/class/tty/ptype/subsystem/ttysa/subsystem/ttype/subsystem/ttyv0/subsystem/ttysc HTTP/1.1" 200 6520 "-" "Mozilla/5.0 AppleWebKit/537.36 (KHTML, like Gecko; compatible; Amazonbot/0.1; +https://developer.amazon.com/support/amazonbot) Chrome/119.0.6045.214 Safari/537.36"
66.249.69.233 - - [21/Nov/2025:00:34:20 -0800] "GET /?market=1352100791 HTTP/1.1" 200 24311 "-" "Mozilla/5.0 (Linux; Android 6.0.1; Nexus 5X Build/MMB29P) AppleWebKit/537.36 (KHTML, like Gecko) Chrome/141.0.7390.122 Mobile Safari/537.36 (compatible; Googlebot/2.1; +http://www.google.com/bot.html)"
66.249.69.234 - - [21/Nov/2025:00:34:22 -0800] "GET /?market=1728612145 HTTP/1.1" 200 24587 "-" "Mozilla/5.0 (Linux; Android 6.0.1; Nexus 5X Build/MMB29P) AppleWebKit/537.36 (KHTML, like Gecko) Chrome/141.0.7390.122 Mobile Safari/537.36 (compatible; Googlebot/2.1; +http://www.google.com/bot.html)"
74.7.227.15 - - [21/Nov/2025:00:34:24 -0800] "GET /search.php?wire238015784.html HTTP/2.0" 200 86522 "-" "Mozilla/5.0 AppleWebKit/537.36 (KHTML, like Gecko; compatible; GPTBot/1.3; +https://openai.com/gptbot)"
52.0.41.164 - - [21/Nov/2025:00:34:26 -0800] "GET /home/?path=//sys/class/tty/ptype/subsystem/ttyp0/subsystem/ptype/subsystem/ttypa/subsystem/ttyqb HTTP/1.1" 200 6519 "-" "Mozilla/5.0 AppleWebKit/537.36 (KHTML, like Gecko; compatible; Amazonbot/0.1; +https://developer.amazon.com/support/amazonbot) Chrome/119.0.6045.214 Safari/537.36"
34.234.200.207 - - [21/Nov/2025:00:34:30 -0800] "GET /?path=//sys/class/tty/ptype/subsystem/ttyp1/subsystem/ttype/subsystem/ptype/subsystem/ttys2 HTTP/1.1" 200 6599 "-" "Mozilla/5.0 AppleWebKit/537.36 (KHTML, like Gecko; compatible; Amazonbot/0.1; +https://developer.amazon.com/support/amazonbot) Chrome/119.0.6045.214 Safari/537.36"
74.7.227.15 - - [21/Nov/2025:00:34:30 -0800] "GET /search.php?blind015021689.html HTTP/2.0" 200 86303 "-" "Mozilla/5.0 AppleWebKit/537.36 (KHTML, like Gecko; compatible; GPTBot/1.3; +https://openai.com/gptbot)"
66.249.69.233 - - [21/Nov/2025:00:34:31 -0800] "GET /market/251901971 HTTP/1.1" 200 24772 "-" "Mozilla/5.0 (Linux; Android 6.0.1; Nexus 5X Build/MMB29P) AppleWebKit/537.36 (KHTML, like Gecko) Chrome/141.0.7390.122 Mobile Safari/537.36 (compatible; GoogleOther)"
192.30.134.109 - - [21/Nov/2025:00:34:34 -0800] "GET /wp-login.php HTTP/1.1" 200 10332 "-" "GRequests/0.10"
192.30.134.109 - - [21/Nov/2025:00:34:34 -0800] "POST /wp-login.php HTTP/1.1" 200 10332 "-" "GRequests/0.10"
34.239.85.139 - - [21/Nov/2025:00:34:34 -0800] "GET /?path=//sys/class/tty/ptype/subsystem/ptype/subsystem/ttyv2/subsystem/ttyv0/subsystem/ptmx HTTP/1.1" 200 6520 "-" "Mozilla/5.0 AppleWebKit/537.36 (KHTML, like Gecko; compatible; Amazonbot/0.1; +https://developer.amazon.com/support/amazonbot) Chrome/119.0.6045.214 Safari/537.36"
192.30.134.109 - - [21/Nov/2025:00:34:34 -0800] "GET /wp-admin/ HTTP/1.1" 200 7087 "-" "GRequests/0.10"
74.7.227.15 - - [21/Nov/2025:00:34:36 -0800] "GET /search.php?without015021689.html HTTP/2.0" 200 86151 "-" "Mozilla/5.0 AppleWebKit/537.36 (KHTML, like Gecko; compatible; GPTBot/1.3; +https://openai.com/gptbot)"
44.215.231.15 - - [21/Nov/2025:00:34:38 -0800] "GET /?path=//sys/class/tty/ptype/subsystem/ttyp1/subsystem/ttyv1/subsystem/ttysc/subsystem/ttyqb HTTP/1.1" 200 6587 "-" "Mozilla/5.0 AppleWebKit/537.36 (KHTML, like Gecko; compatible; Amazonbot/0.1; +https://developer.amazon.com/support/amazonbot) Chrome/119.0.6045.214 Safari/537.36"
74.7.227.15 - - [21/Nov/2025:00:34:41 -0800] "GET /search.php?channel=156e34&from=https://mollywoppersnyb.com/chat.htm?variable250029570.html&m=2921046028692 HTTP/2.0" 200 87234 "-" "Mozilla/5.0 AppleWebKit/537.36 (KHTML, like Gecko; compatible; GPTBot/1.3; +https://openai.com/gptbot)"
52.21.62.139 - - [21/Nov/2025:00:34:46 -0800] "GET /?path=//sys/class/tty/ptype/subsystem/console/subsystem/ttyp0/subsystem/ttyp2/subsystem/console HTTP/1.1" 200 6572 "-" "Mozilla/5.0 AppleWebKit/537.36 (KHTML, like Gecko; compatible; Amazonbot/0.1; +https://developer.amazon.com/support/amazonbot) Chrome/119.0.6045.214 Safari/537.36"
74.7.227.15 - - [21/Nov/2025:00:34:46 -0800] "GET /search.php?AIDS238015770.html HTTP/2.0" 200 86492 "-" "Mozilla/5.0 AppleWebKit/537.36 (KHTML, like Gecko; compatible; GPTBot/1.3; +https://openai.com/gptbot)"
74.7.227.15 - - [21/Nov/2025:00:34:50 -0800] "GET /search.php?channel=156e34&from=https://mollywoppersnyb.com/chat.htm?can157029675.html&m=2921046028692 HTTP/2.0" 200 86015 "-" "Mozilla/5.0 AppleWebKit/537.36 (KHTML, like Gecko; compatible; GPTBot/1.3; +https://openai.com/gptbot)"
74.7.227.15 - - [21/Nov/2025:00:34:53 -0800] "GET /search.php?channel=156e34&from=https://mollywoppersnyb.com/chat.htm?hour035039293.html&m=2921046028692 HTTP/2.0" 200 87048 "-" "Mozilla/5.0 AppleWebKit/537.36 (KHTML, like Gecko; compatible; GPTBot/1.3; +https://openai.com/gptbot)"
44.221.37.41 - - [21/Nov/2025:00:34:54 -0800] "GET /?path=//sys/class/tty/ptype/subsystem/ptype/subsystem/ptyp1/subsystem/ptyp1/subsystem/ttyp2 HTTP/1.1" 200 6595 "-" "Mozilla/5.0 AppleWebKit/537.36 (KHTML, like Gecko; compatible; Amazonbot/0.1; +https://developer.amazon.com/support/amazonbot) Chrome/119.0.6045.214 Safari/537.36"
74.7.227.15 - - [21/Nov/2025:00:34:56 -0800] "GET /search.php?channel=156e34&from=https://mollywoppersnyb.com/chat.htm?items/250025357.html&m=2921046028692 HTTP/2.0" 200 87180 "-" "Mozilla/5.0 AppleWebKit/537.36 (KHTML, like Gecko; compatible; GPTBot/1.3; +https://openai.com/gptbot)"
184.73.68.20 - - [21/Nov/2025:00:34:58 -0800] "GET /?path=//sys/class/tty/ptype/subsystem/ttyba/subsystem/ttype/subsystem/ttyp0/subsystem/ttyec HTTP/1.1" 200 6531 "-" "Mozilla/5.0 AppleWebKit/537.36 (KHTML, like Gecko; compatible; Amazonbot/0.1; +https://developer.amazon.com/support/amazonbot) Chrome/119.0.6045.214 Safari/537.36"
74.7.227.15 - - [21/Nov/2025:00:34:59 -0800] "GET /search.php?channel=156e34&from=https://mollywoppersnyb.com/chat.htm?items/228010933.html&m=2921046028692 HTTP/2.0" 200 86680 "-" "Mozilla/5.0 AppleWebKit/537.36 (KHTML, like Gecko; compatible; GPTBot/1.3; +https://openai.com/gptbot)"
66.249.69.234 - - [21/Nov/2025:00:35:02 -0800] "GET /market/98133647 HTTP/1.1" 200 25240 "-" "Mozilla/5.0 (Linux; Android 6.0.1; Nexus 5X Build/MMB29P) AppleWebKit/537.36 (KHTML, like Gecko) Chrome/141.0.7390.122 Mobile Safari/537.36 (compatible; GoogleOther)"
74.7.227.15 - - [21/Nov/2025:00:35:02 -0800] "GET /search.php?channel=156e34&from=https://mollywoppersnyb.com/chat.htm?items/004013243.html&m=2921046028692 HTTP/2.0" 200 86067 "-" "Mozilla/5.0 AppleWebKit/537.36 (KHTML, like Gecko; compatible; GPTBot/1.3; +https://openai.com/gptbot)"
66.249.69.234 - - [21/Nov/2025:00:35:03 -0800] "GET /?market=1696858264 HTTP/1.1" 200 30147 "-" "Mozilla/5.0 (Linux; Android 6.0.1; Nexus 5X Build/MMB29P) AppleWebKit/537.36 (KHTML, like Gecko) Chrome/141.0.7390.122 Mobile Safari/537.36 (compatible; Googlebot/2.1; +http://www.google.com/bot.html)"
74.7.227.15 - - [21/Nov/2025:00:35:04 -0800] "GET /search.php?channel=156e34&from=https://mollywoppersnyb.com/chat.htm?United238015778.html&m=2921046028692 HTTP/2.0" 200 86512 "-" "Mozilla/5.0 AppleWebKit/537.36 (KHTML, like Gecko; compatible; GPTBot/1.3; +https://openai.com/gptbot)"
34.224.132.215 - - [21/Nov/2025:00:35:06 -0800] "GET /?path=//sys/class/tty/ptype/subsystem/ttyre/subsystem/ttyp0/subsystem/ptype/subsystem/ttyp1 HTTP/1.1" 200 6527 "-" "Mozilla/5.0 AppleWebKit/537.36 (KHTML, like Gecko; compatible; Amazonbot/0.1; +https://developer.amazon.com/support/amazonbot) Chrome/119.0.6045.214 Safari/537.36"
74.7.227.15 - - [21/Nov/2025:00:35:06 -0800] "GET /search.php?channel=156e34&from=https://mollywoppersnyb.com/chat.htm?expected209035097.html&m=2921046028692 HTTP/2.0" 200 86318 "-" "Mozilla/5.0 AppleWebKit/537.36 (KHTML, like Gecko; compatible; GPTBot/1.3; +https://openai.com/gptbot)"
74.7.227.15 - - [21/Nov/2025:00:35:08 -0800] "GET /search.php?convey238015764.html HTTP/2.0" 200 86350 "-" "Mozilla/5.0 AppleWebKit/537.36 (KHTML, like Gecko; compatible; GPTBot/1.3; +https://openai.com/gptbot)"
74.7.227.15 - - [21/Nov/2025:00:35:10 -0800] "GET /search.php?channel=156e34&from=https://mollywoppersnyb.com/chat.htm?items/052040161.html&m=2921046028692 HTTP/2.0" 200 86207 "-" "Mozilla/5.0 AppleWebKit/537.36 (KHTML, like Gecko; compatible; GPTBot/1.3; +https://openai.com/gptbot)"
74.7.227.15 - - [21/Nov/2025:00:35:11 -0800] "GET /search.php?soil238014906.html HTTP/2.0" 200 87559 "-" "Mozilla/5.0 AppleWebKit/537.36 (KHTML, like Gecko; compatible; GPTBot/1.3; +https://openai.com/gptbot)"
74.7.227.15 - - [21/Nov/2025:00:35:13 -0800] "GET /search.php?lemon238015768.html HTTP/2.0" 200 86544 "-" "Mozilla/5.0 AppleWebKit/537.36 (KHTML, like Gecko; compatible; GPTBot/1.3; +https://openai.com/gptbot)"
66.249.69.233 - - [21/Nov/2025:00:35:15 -0800] "GET /market/1394124015 HTTP/1.1" 200 33662 "-" "Mozilla/5.0 (Linux; Android 6.0.1; Nexus 5X Build/MMB29P) AppleWebKit/537.36 (KHTML, like Gecko) Chrome/141.0.7390.122 Mobile Safari/537.36 (compatible; GoogleOther)"
74.7.227.15 - - [21/Nov/2025:00:35:15 -0800] "GET /search.php?channel=156e34&from=https://mollywoppersnyb.com/chat.htm?deer043037793.html&m=2921046028692 HTTP/2.0" 200 86282 "-" "Mozilla/5.0 AppleWebKit/537.36 (KHTML, like Gecko; compatible; GPTBot/1.3; +https://openai.com/gptbot)"
74.7.227.15 - - [21/Nov/2025:00:35:16 -0800] "GET /search.php?channel=156e34&from=https://mollywoppersnyb.com/chat.htm?weak228010746.html&m=2921046028692 HTTP/2.0" 200 86059 "-" "Mozilla/5.0 AppleWebKit/537.36 (KHTML, like Gecko; compatible; GPTBot/1.3; +https://openai.com/gptbot)"
74.7.227.15 - - [21/Nov/2025:00:35:17 -0800] "GET /search.php?channel=156e34&from=https://mollywoppersnyb.com/chat.htm?comfort007047949.html&m=2921046028692 HTTP/2.0" 200 86218 "-" "Mozilla/5.0 AppleWebKit/537.36 (KHTML, like Gecko; compatible; GPTBot/1.3; +https://openai.com/gptbot)"
18.209.137.234 - - [21/Nov/2025:00:35:18 -0800] "GET /?path=//sys/class/tty/ptype/subsystem/ttyp1/subsystem/ttype/subsystem/ptype/subsystem/ttyS2 HTTP/1.1" 200 7186 "-" "Mozilla/5.0 AppleWebKit/537.36 (KHTML, like Gecko; compatible; Amazonbot/0.1; +https://developer.amazon.com/support/amazonbot) Chrome/119.0.6045.214 Safari/537.36"
74.7.227.15 - - [21/Nov/2025:00:35:18 -0800] "GET /search.php?channel=156e34&from=https://mollywoppersnyb.com/chat.htm?talented250029570.html&m=2921046028692 HTTP/2.0" 200 87067 "-" "Mozilla/5.0 AppleWebKit/537.36 (KHTML, like Gecko; compatible; GPTBot/1.3; +https://openai.com/gptbot)"
74.7.227.15 - - [21/Nov/2025:00:35:19 -0800] "GET /search.php?skill238015764.html HTTP/2.0" 200 86349 "-" "Mozilla/5.0 AppleWebKit/537.36 (KHTML, like Gecko; compatible; GPTBot/1.3; +https://openai.com/gptbot)"
74.7.227.15 - - [21/Nov/2025:00:35:20 -0800] "GET /search.php?channel=156e34&from=https://mollywoppersnyb.com/chat.htm?cue250030952.html&m=2921046028692 HTTP/2.0" 200 86700 "-" "Mozilla/5.0 AppleWebKit/537.36 (KHTML, like Gecko; compatible; GPTBot/1.3; +https://openai.com/gptbot)"
74.7.227.15 - - [21/Nov/2025:00:35:21 -0800] "GET /search.php?channel=156e34&from=https://mollywoppersnyb.com/chat.htm?items/221008972.html&m=2921046028692 HTTP/2.0" 200 88400 "-" "Mozilla/5.0 AppleWebKit/537.36 (KHTML, like Gecko; compatible; GPTBot/1.3; +https://openai.com/gptbot)"
74.7.227.15 - - [21/Nov/2025:00:35:23 -0800] "GET /search.php?flying238015764.html HTTP/2.0" 200 86339 "-" "Mozilla/5.0 AppleWebKit/537.36 (KHTML, like Gecko; compatible; GPTBot/1.3; +https://openai.com/gptbot)"
74.7.227.15 - - [21/Nov/2025:00:35:24 -0800] "GET /search.php?tiny096037352.html HTTP/2.0" 200 85725 "-" "Mozilla/5.0 AppleWebKit/537.36 (KHTML, like Gecko; compatible; GPTBot/1.3; +https://openai.com/gptbot)"
74.7.227.15 - - [21/Nov/2025:00:35:25 -0800] "GET /search.php?channel=156e34&from=https://mollywoppersnyb.com/chat.htm?Korean238015768.html&m=2921046028692 HTTP/2.0" 200 86777 "-" "Mozilla/5.0 AppleWebKit/537.36 (KHTML, like Gecko; compatible; GPTBot/1.3; +https://openai.com/gptbot)"
74.7.227.15 - - [21/Nov/2025:00:35:26 -0800] "GET /search.php?channel=156e34&from=https://mollywoppersnyb.com/chat.htm?weed228008896.html&m=2921046028692 HTTP/2.0" 200 86802 "-" "Mozilla/5.0 AppleWebKit/537.36 (KHTML, like Gecko; compatible; GPTBot/1.3; +https://openai.com/gptbot)"
74.7.227.15 - - [21/Nov/2025:00:35:28 -0800] "GET /search.php?tonight169005323.html HTTP/2.0" 200 86145 "-" "Mozilla/5.0 AppleWebKit/537.36 (KHTML, like Gecko; compatible; GPTBot/1.3; +https://openai.com/gptbot)"
74.7.227.15 - - [21/Nov/2025:00:35:29 -0800] "GET /search.php?channel=156e34&from=https://mollywoppersnyb.com/chat.htm?items/228010747.html&m=2921046028692 HTTP/2.0" 200 86344 "-" "Mozilla/5.0 AppleWebKit/537.36 (KHTML, like Gecko; compatible; GPTBot/1.3; +https://openai.com/gptbot)"
74.7.227.15 - - [21/Nov/2025:00:35:30 -0800] "GET /search.php?channel=156e34&from=https://mollywoppersnyb.com/chat.htm?rope019028801.html&m=2921046028692 HTTP/2.0" 200 86589 "-" "Mozilla/5.0 AppleWebKit/537.36 (KHTML, like Gecko; compatible; GPTBot/1.3; +https://openai.com/gptbot)"
54.156.124.2 - - [21/Nov/2025:00:35:30 -0800] "GET /?path=//sys/class/tty/ptype/subsystem/ptype/subsystem/ttyec/subsystem/ttyrf/subsystem/ttyvd HTTP/1.1" 200 6515 "-" "Mozilla/5.0 AppleWebKit/537.36 (KHTML, like Gecko; compatible; Amazonbot/0.1; +https://developer.amazon.com/support/amazonbot) Chrome/119.0.6045.214 Safari/537.36"
74.7.227.15 - - [21/Nov/2025:00:35:31 -0800] "GET /search.php?channel=156e34&from=https://mollywoppersnyb.com/chat.htm?items/181026472.html&m=2921046028692 HTTP/2.0" 200 85642 "-" "Mozilla/5.0 AppleWebKit/537.36 (KHTML, like Gecko; compatible; GPTBot/1.3; +https://openai.com/gptbot)"
74.7.227.15 - - [21/Nov/2025:00:35:32 -0800] "GET /search.php?channel=156e34&from=https://mollywoppersnyb.com/chat.htm?items/090020615.html&m=2921046028692 HTTP/2.0" 200 85532 "-" "Mozilla/5.0 AppleWebKit/537.36 (KHTML, like Gecko; compatible; GPTBot/1.3; +https://openai.com/gptbot)"
18.232.12.157 - - [21/Nov/2025:00:35:34 -0800] "GET /home/?path=//sys/class/tty/ptype/subsystem/ttyre/subsystem/ptype/subsystem/ttyv0/subsystem/ttynull HTTP/1.1" 200 6520 "-" "Mozilla/5.0 AppleWebKit/537.36 (KHTML, like Gecko; compatible; Amazonbot/0.1; +https://developer.amazon.com/support/amazonbot) Chrome/119.0.6045.214 Safari/537.36"
74.7.227.15 - - [21/Nov/2025:00:35:34 -0800] "GET /search.php?channel=156e34&from=https://mollywoppersnyb.com/chat.htm?scenario014032898.html&m=2921046028692 HTTP/2.0" 200 85864 "-" "Mozilla/5.0 AppleWebKit/537.36 (KHTML, like Gecko; compatible; GPTBot/1.3; +https://openai.com/gptbot)"
74.7.227.15 - - [21/Nov/2025:00:35:35 -0800] "GET /search.php?tumor238015716.html HTTP/2.0" 200 86419 "-" "Mozilla/5.0 AppleWebKit/537.36 (KHTML, like Gecko; compatible; GPTBot/1.3; +https://openai.com/gptbot)"
66.249.69.233 - - [21/Nov/2025:00:35:36 -0800] "GET /market/110643823 HTTP/1.1" 200 25476 "-" "Mozilla/5.0 (Linux; Android 6.0.1; Nexus 5X Build/MMB29P) AppleWebKit/537.36 (KHTML, like Gecko) Chrome/141.0.7390.122 Mobile Safari/537.36 (compatible; GoogleOther)"
74.7.227.15 - - [21/Nov/2025:00:35:37 -0800] "GET /search.php?channel=156e34&from=https://mollywoppersnyb.com/chat.htm?finally102045876.html&m=2921046028692 HTTP/2.0" 200 85871 "-" "Mozilla/5.0 AppleWebKit/537.36 (KHTML, like Gecko; compatible; GPTBot/1.3; +https://openai.com/gptbot)"
74.7.227.15 - - [21/Nov/2025:00:35:38 -0800] "GET /search.php?channel=156e34&from=https://mollywoppersnyb.com/chat.htm?heel228009808.html&m=2921046028692 HTTP/2.0" 200 86518 "-" "Mozilla/5.0 AppleWebKit/537.36 (KHTML, like Gecko; compatible; GPTBot/1.3; +https://openai.com/gptbot)"
74.7.227.15 - - [21/Nov/2025:00:35:39 -0800] "GET /search.php?channel=156e34&from=https://mollywoppersnyb.com/chat.htm?interior193038099.html&m=2921046028692 HTTP/2.0" 200 85810 "-" "Mozilla/5.0 AppleWebKit/537.36 (KHTML, like Gecko; compatible; GPTBot/1.3; +https://openai.com/gptbot)"
23.21.227.240 - - [21/Nov/2025:00:35:40 -0800] "GET /?path=//sys/class/tty/ptype/subsystem/ttyp1/subsystem/ttypc/subsystem/ttyv0/subsystem/ttycc HTTP/1.1" 200 6520 "-" "Mozilla/5.0 AppleWebKit/537.36 (KHTML, like Gecko; compatible; Amazonbot/0.1; +https://developer.amazon.com/support/amazonbot) Chrome/119.0.6045.214 Safari/537.36"
74.7.227.15 - - [21/Nov/2025:00:35:40 -0800] "GET /search.php?channel=156e34&from=https://mollywoppersnyb.com/chat.htm?yell121002713.html&m=2921046028692 HTTP/2.0" 200 85928 "-" "Mozilla/5.0 AppleWebKit/537.36 (KHTML, like Gecko; compatible; GPTBot/1.3; +https://openai.com/gptbot)"
74.7.227.15 - - [21/Nov/2025:00:35:41 -0800] "GET /search.php?channel=156e34&from=https://mollywoppersnyb.com/chat.htm?items/228010183.html&m=2921046028692 HTTP/2.0" 200 86810 "-" "Mozilla/5.0 AppleWebKit/537.36 (KHTML, like Gecko; compatible; GPTBot/1.3; +https://openai.com/gptbot)"
74.7.227.15 - - [21/Nov/2025:00:35:43 -0800] "GET /search.php?sunny293018651.html HTTP/2.0" 200 87421 "-" "Mozilla/5.0 AppleWebKit/537.36 (KHTML, like Gecko; compatible; GPTBot/1.3; +https://openai.com/gptbot)"
74.7.227.15 - - [21/Nov/2025:00:35:44 -0800] "GET /search.php?channel=156e34&from=https://mollywoppersnyb.com/chat.htm?content228008896.html&m=2921046028692 HTTP/2.0" 200 86465 "-" "Mozilla/5.0 AppleWebKit/537.36 (KHTML, like Gecko; compatible; GPTBot/1.3; +https://openai.com/gptbot)"
66.249.69.233 - - [21/Nov/2025:00:35:44 -0800] "GET /market/110643823 HTTP/1.1" 200 25498 "-" "Mozilla/5.0 (Linux; Android 6.0.1; Nexus 5X Build/MMB29P) AppleWebKit/537.36 (KHTML, like Gecko) Chrome/141.0.7390.122 Mobile Safari/537.36 (compatible; Googlebot/2.1; +http://www.google.com/bot.html)"
54.197.178.107 - - [21/Nov/2025:00:35:46 -0800] "GET /?path=//sys/class/tty/ptype/subsystem/ptmx/subsystem/ttype/subsystem/ttyp1/subsystem/ttyv1 HTTP/1.1" 200 6605 "-" "Mozilla/5.0 AppleWebKit/537.36 (KHTML, like Gecko; compatible; Amazonbot/0.1; +https://developer.amazon.com/support/amazonbot) Chrome/119.0.6045.214 Safari/537.36"
74.7.227.15 - - [21/Nov/2025:00:35:46 -0800] "GET /search.php?channel=156e34&from=https://mollywoppersnyb.com/chat.htm?proposed014017596.html&m=2921046028692 HTTP/2.0" 200 85793 "-" "Mozilla/5.0 AppleWebKit/537.36 (KHTML, like Gecko; compatible; GPTBot/1.3; +https://openai.com/gptbot)"
66.249.69.233 - - [21/Nov/2025:00:35:47 -0800] "GET /?market=1991641539 HTTP/1.1" 200 32324 "-" "Mozilla/5.0 (Linux; Android 6.0.1; Nexus 5X Build/MMB29P) AppleWebKit/537.36 (KHTML, like Gecko) Chrome/141.0.7390.122 Mobile Safari/537.36 (compatible; Googlebot/2.1; +http://www.google.com/bot.html)"
74.7.227.15 - - [21/Nov/2025:00:35:47 -0800] "GET /search.php?channel=156e34&from=https://mollywoppersnyb.com/chat.htm?secular047049423.html&m=2921046028692 HTTP/2.0" 200 85899 "-" "Mozilla/5.0 AppleWebKit/537.36 (KHTML, like Gecko; compatible; GPTBot/1.3; +https://openai.com/gptbot)"
74.7.227.15 - - [21/Nov/2025:00:35:48 -0800] "GET /search.php?proud238015764.html HTTP/2.0" 200 86151 "-" "Mozilla/5.0 AppleWebKit/537.36 (KHTML, like Gecko; compatible; GPTBot/1.3; +https://openai.com/gptbot)"
44.216.172.204 - - [21/Nov/2025:00:35:50 -0800] "GET /?path=//sys/class/tty/ptype/subsystem/ttyp2/subsystem/ptype/subsystem/ttysc/subsystem/ttycc HTTP/1.1" 200 6580 "-" "Mozilla/5.0 AppleWebKit/537.36 (KHTML, like Gecko; compatible; Amazonbot/0.1; +https://developer.amazon.com/support/amazonbot) Chrome/119.0.6045.214 Safari/537.36"
74.7.227.15 - - [21/Nov/2025:00:35:50 -0800] "GET /search.php?channel=156e34&from=https://mollywoppersnyb.com/chat.htm?items/207016352.html&m=2921046028692 HTTP/2.0" 200 85889 "-" "Mozilla/5.0 AppleWebKit/537.36 (KHTML, like Gecko; compatible; GPTBot/1.3; +https://openai.com/gptbot)"
74.7.227.15 - - [21/Nov/2025:00:35:51 -0800] "GET /search.php?channel=156e34&from=https://mollywoppersnyb.com/chat.htm?academic166030648.html&m=2921046028692 HTTP/2.0" 200 85720 "-" "Mozilla/5.0 AppleWebKit/537.36 (KHTML, like Gecko; compatible; GPTBot/1.3; +https://openai.com/gptbot)"
74.7.227.15 - - [21/Nov/2025:00:35:53 -0800] "GET /search.php?channel=156e34&from=https://mollywoppersnyb.com/chat.htm?bunch023027971.html&m=2921046028692 HTTP/2.0" 200 85738 "-" "Mozilla/5.0 AppleWebKit/537.36 (KHTML, like Gecko; compatible; GPTBot/1.3; +https://openai.com/gptbot)"
66.249.69.233 - - [21/Nov/2025:00:35:54 -0800] "GET /m085009407?fileloc=/home/mollywopper/mollywoppersnyb.com/wp-rss.php&path=/home/mollywopper/mollywoppersnyb.com HTTP/1.1" 200 25706 "-" "Mozilla/5.0 (Linux; Android 6.0.1; Nexus 5X Build/MMB29P) AppleWebKit/537.36 (KHTML, like Gecko) Chrome/141.0.7390.122 Mobile Safari/537.36 (compatible; GoogleOther)"
74.7.227.15 - - [21/Nov/2025:00:35:54 -0800] "GET /search.php?fool293018651.html HTTP/2.0" 200 87049 "-" "Mozilla/5.0 AppleWebKit/537.36 (KHTML, like Gecko; compatible; GPTBot/1.3; +https://openai.com/gptbot)"
3.212.219.113 - - [21/Nov/2025:00:35:54 -0800] "GET /home/?path=//sys/class/tty/ptype/subsystem/ttyp1/subsystem/ttysc/subsystem/ttypc/subsystem/ttyp0 HTTP/1.1" 200 6520 "-" "Mozilla/5.0 AppleWebKit/537.36 (KHTML, like Gecko; compatible; Amazonbot/0.1; +https://developer.amazon.com/support/amazonbot) Chrome/119.0.6045.214 Safari/537.36"
74.7.227.15 - - [21/Nov/2025:00:35:55 -0800] "GET /search.php?channel=156e34&from=https://mollywoppersnyb.com/chat.htm?items/228010109.html&m=2921046028692 HTTP/2.0" 200 86125 "-" "Mozilla/5.0 AppleWebKit/537.36 (KHTML, like Gecko; compatible; GPTBot/1.3; +https://openai.com/gptbot)"
74.7.227.15 - - [21/Nov/2025:00:35:57 -0800] "GET /search.php?channel=156e34&from=https://mollywoppersnyb.com/chat.htm?items/169048602.html&m=2921046028692 HTTP/2.0" 200 86614 "-" "Mozilla/5.0 AppleWebKit/537.36 (KHTML, like Gecko; compatible; GPTBot/1.3; +https://openai.com/gptbot)"
74.7.227.15 - - [21/Nov/2025:00:35:58 -0800] "GET /search.php?channel=156e34&from=https://mollywoppersnyb.com/chat.htm?items/015034784.html&m=2921046028692 HTTP/2.0" 200 86661 "-" "Mozilla/5.0 AppleWebKit/537.36 (KHTML, like Gecko; compatible; GPTBot/1.3; +https://openai.com/gptbot)"
74.7.227.15 - - [21/Nov/2025:00:36:00 -0800] "GET /search.php?items/228010109.html HTTP/2.0" 200 86350 "-" "Mozilla/5.0 AppleWebKit/537.36 (KHTML, like Gecko; compatible; GPTBot/1.3; +https://openai.com/gptbot)"
52.1.106.130 - - [21/Nov/2025:00:36:01 -0800] "GET /home/?path=//sys/class/tty/ptype/subsystem/ttyp0/subsystem/ttyp0/subsystem/ttyv2/subsystem/ttycc HTTP/1.1" 200 6560 "-" "Mozilla/5.0 AppleWebKit/537.36 (KHTML, like Gecko; compatible; Amazonbot/0.1; +https://developer.amazon.com/support/amazonbot) Chrome/119.0.6045.214 Safari/537.36"
66.249.69.235 - - [21/Nov/2025:00:36:01 -0800] "GET /market/1747210593 HTTP/1.1" 200 25998 "-" "Mozilla/5.0 (Linux; Android 6.0.1; Nexus 5X Build/MMB29P) AppleWebKit/537.36 (KHTML, like Gecko) Chrome/141.0.7390.122 Mobile Safari/537.36 (compatible; GoogleOther)"
34.239.197.197 - - [21/Nov/2025:00:36:02 -0800] "GET /home/?path=//sys/class/tty/ptype/subsystem/ttyp0/subsystem/ttyp5/subsystem/ttyp0/subsystem/ttyvd HTTP/1.1" 200 6581 "-" "Mozilla/5.0 AppleWebKit/537.36 (KHTML, like Gecko; compatible; Amazonbot/0.1; +https://developer.amazon.com/support/amazonbot) Chrome/119.0.6045.214 Safari/537.36"
74.7.227.15 - - [21/Nov/2025:00:36:01 -0800] "GET /search.php?channel=156e34&from=https://mollywoppersnyb.com/chat.htm?puzzle157039965.html&m=2921046028692 HTTP/2.0" 200 86314 "-" "Mozilla/5.0 AppleWebKit/537.36 (KHTML, like Gecko; compatible; GPTBot/1.3; +https://openai.com/gptbot)"
74.7.227.15 - - [21/Nov/2025:00:36:04 -0800] "GET /search.php?channel=156e34&from=https://mollywoppersnyb.com/chat.htm?items/243044996.html&m=2921046028692 HTTP/2.0" 200 86227 "-" "Mozilla/5.0 AppleWebKit/537.36 (KHTML, like Gecko; compatible; GPTBot/1.3; +https://openai.com/gptbot)"
74.7.227.15 - - [21/Nov/2025:00:36:05 -0800] "GET /search.php?channel=156e34&from=https://mollywoppersnyb.com/chat.htm?items/042019261.html&m=2921046028692 HTTP/2.0" 200 86400 "-" "Mozilla/5.0 AppleWebKit/537.36 (KHTML, like Gecko; compatible; GPTBot/1.3; +https://openai.com/gptbot)"
74.7.227.15 - - [21/Nov/2025:00:36:06 -0800] "GET /search.php?channel=156e34&from=https://mollywoppersnyb.com/chat.htm?items/151044326.html&m=2921046028692 HTTP/2.0" 200 86827 "-" "Mozilla/5.0 AppleWebKit/537.36 (KHTML, like Gecko; compatible; GPTBot/1.3; +https://openai.com/gptbot)"
74.7.227.15 - - [21/Nov/2025:00:36:08 -0800] "GET /search.php?channel=156e34&from=https://mollywoppersnyb.com/chat.htm?items/199048058.html&m=2921046028692 HTTP/2.0" 200 86031 "-" "Mozilla/5.0 AppleWebKit/537.36 (KHTML, like Gecko; compatible; GPTBot/1.3; +https://openai.com/gptbot)"
74.7.227.15 - - [21/Nov/2025:00:36:09 -0800] "GET /search.php?finger102045876.html HTTP/2.0" 200 85730 "-" "Mozilla/5.0 AppleWebKit/537.36 (KHTML, like Gecko; compatible; GPTBot/1.3; +https://openai.com/gptbot)"
74.7.227.15 - - [21/Nov/2025:00:36:10 -0800] "GET /search.php?items/151044326.html HTTP/2.0" 200 86846 "-" "Mozilla/5.0 AppleWebKit/537.36 (KHTML, like Gecko; compatible; GPTBot/1.3; +https://openai.com/gptbot)"
217.113.194.26 - - [21/Nov/2025:00:36:11 -0800] "GET /2017/03/19/see-yous-at-3repost-bortspins%E3%83%BB%E3%83%BB%E3%83%BBwin-these-pins-stickers-shirt-hat-buttons-and-much-more-from-others-today-sunday-314-at-garagephilly-for-the-fundraiser-to-help-m/?fileloc=/home/mollywopper/mollywoppersnyb.com/wp-trackback.php&path=/home/mollywopper/mollywoppersnyb.com HTTP/1.1" 200 5036 "-" "Mozilla/5.0 (compatible; Barkrowler/0.9; +https://babbar.tech/crawler)"
74.7.227.15 - - [21/Nov/2025:00:36:11 -0800] "GET /search.php?wolf238015716.html HTTP/2.0" 200 86628 "-" "Mozilla/5.0 AppleWebKit/537.36 (KHTML, like Gecko; compatible; GPTBot/1.3; +https://openai.com/gptbot)"
74.7.227.15 - - [21/Nov/2025:00:36:13 -0800] "GET /search.php?wrong127024725.html HTTP/2.0" 200 86220 "-" "Mozilla/5.0 AppleWebKit/537.36 (KHTML, like Gecko; compatible; GPTBot/1.3; +https://openai.com/gptbot)"
66.249.69.233 - - [21/Nov/2025:00:36:15 -0800] "GET /market/59207197 HTTP/1.1" 200 30848 "-" "Mozilla/5.0 (Linux; Android 6.0.1; Nexus 5X Build/MMB29P) AppleWebKit/537.36 (KHTML, like Gecko) Chrome/141.0.7390.122 Mobile Safari/537.36 (compatible; GoogleOther)"
74.7.227.15 - - [21/Nov/2025:00:36:14 -0800] "GET /search.php?product/edit/painttool-ppg000037 HTTP/2.0" 200 87135 "-" "Mozilla/5.0 AppleWebKit/537.36 (KHTML, like Gecko; compatible; GPTBot/1.3; +https://openai.com/gptbot)"
74.7.227.15 - - [21/Nov/2025:00:36:16 -0800] "GET /search.php?channel=156e34&from=https://mollywoppersnyb.com/chat.htm?reliable228009602.html&m=2921046028692 HTTP/2.0" 200 86514 "-" "Mozilla/5.0 AppleWebKit/537.36 (KHTML, like Gecko; compatible; GPTBot/1.3; +https://openai.com/gptbot)"
74.7.227.15 - - [21/Nov/2025:00:36:17 -0800] "GET /search.php?robot238015764.html HTTP/2.0" 200 86340 "-" "Mozilla/5.0 AppleWebKit/537.36 (KHTML, like Gecko; compatible; GPTBot/1.3; +https://openai.com/gptbot)"
107.22.208.39 - - [21/Nov/2025:00:36:18 -0800] "GET /?path=//sys/class/tty/ptype/subsystem/ttyqb/subsystem/ttype/subsystem/ttyp0/subsystem/ttyp1 HTTP/1.1" 200 6524 "-" "Mozilla/5.0 AppleWebKit/537.36 (KHTML, like Gecko; compatible; Amazonbot/0.1; +https://developer.amazon.com/support/amazonbot) Chrome/119.0.6045.214 Safari/537.36"
74.7.227.15 - - [21/Nov/2025:00:36:18 -0800] "GET /search.php?channel=156e34&from=https://mollywoppersnyb.com/chat.htm?spine228010484.html&m=2921046028692 HTTP/2.0" 200 86554 "-" "Mozilla/5.0 AppleWebKit/537.36 (KHTML, like Gecko; compatible; GPTBot/1.3; +https://openai.com/gptbot)"
74.7.227.15 - - [21/Nov/2025:00:36:19 -0800] "GET /search.php?channel=156e34&from=https://mollywoppersnyb.com/chat.htm?Islamic197040529.html&m=2921046028692 HTTP/2.0" 200 85982 "-" "Mozilla/5.0 AppleWebKit/537.36 (KHTML, like Gecko; compatible; GPTBot/1.3; +https://openai.com/gptbot)"
66.249.69.233 - - [21/Nov/2025:00:36:21 -0800] "GET /market/1056612380 HTTP/1.1" 200 25249 "-" "Mozilla/5.0 (Linux; Android 6.0.1; Nexus 5X Build/MMB29P) AppleWebKit/537.36 (KHTML, like Gecko) Chrome/141.0.7390.122 Mobile Safari/537.36 (compatible; GoogleOther)"
74.7.227.15 - - [21/Nov/2025:00:36:21 -0800] "GET /search.php?product/edit/herz-b098375-1 HTTP/2.0" 200 85617 "-" "Mozilla/5.0 AppleWebKit/537.36 (KHTML, like Gecko; compatible; GPTBot/1.3; +https://openai.com/gptbot)"
74.7.227.15 - - [21/Nov/2025:00:36:22 -0800] "GET /search.php?channel=156e34&from=https://mollywoppersnyb.com/chat.htm?album213010651.html&m=2921046028692 HTTP/2.0" 200 85808 "-" "Mozilla/5.0 AppleWebKit/537.36 (KHTML, like Gecko; compatible; GPTBot/1.3; +https://openai.com/gptbot)"
34.238.45.183 - - [21/Nov/2025:00:36:22 -0800] "GET /?path=//sys/class/tty/ttyp1/subsystem/ptype/subsystem/ttype/subsystem/ptype/subsystem/ttyv0 HTTP/1.1" 200 6579 "-" "Mozilla/5.0 AppleWebKit/537.36 (KHTML, like Gecko; compatible; Amazonbot/0.1; +https://developer.amazon.com/support/amazonbot) Chrome/119.0.6045.214 Safari/537.36"
74.7.227.15 - - [21/Nov/2025:00:36:23 -0800] "GET /search.php?how278033348.html HTTP/2.0" 200 86164 "-" "Mozilla/5.0 AppleWebKit/537.36 (KHTML, like Gecko; compatible; GPTBot/1.3; +https://openai.com/gptbot)"
74.7.227.15 - - [21/Nov/2025:00:36:24 -0800] "GET /search.php?items/291015870.html HTTP/2.0" 200 85847 "-" "Mozilla/5.0 AppleWebKit/537.36 (KHTML, like Gecko; compatible; GPTBot/1.3; +https://openai.com/gptbot)"
74.7.227.15 - - [21/Nov/2025:00:36:25 -0800] "GET /search.php?just102045876.html HTTP/2.0" 200 85646 "-" "Mozilla/5.0 AppleWebKit/537.36 (KHTML, like Gecko; compatible; GPTBot/1.3; +https://openai.com/gptbot)"
74.7.227.15 - - [21/Nov/2025:00:36:26 -0800] "GET /search.php?channel=156e34&from=https://mollywoppersnyb.com/chat.htm?function275024597.html&m=2921046028692 HTTP/2.0" 200 85877 "-" "Mozilla/5.0 AppleWebKit/537.36 (KHTML, like Gecko; compatible; GPTBot/1.3; +https://openai.com/gptbot)"
74.7.227.15 - - [21/Nov/2025:00:36:27 -0800] "GET /search.php?channel=156e34&from=https://mollywoppersnyb.com/chat.htm?able028008958.html&m=2921046028692 HTTP/2.0" 200 85709 "-" "Mozilla/5.0 AppleWebKit/537.36 (KHTML, like Gecko; compatible; GPTBot/1.3; +https://openai.com/gptbot)"
74.7.227.15 - - [21/Nov/2025:00:36:28 -0800] "GET /search.php?channel=156e34&from=https://mollywoppersnyb.com/chat.htm?items/086021327.html&m=2921046028692 HTTP/2.0" 200 86223 "-" "Mozilla/5.0 AppleWebKit/537.36 (KHTML, like Gecko; compatible; GPTBot/1.3; +https://openai.com/gptbot)"
74.7.227.15 - - [21/Nov/2025:00:36:29 -0800] "GET /search.php?channel=156e34&from=https://mollywoppersnyb.com/chat.htm?identify212021950.html&m=2921046028692 HTTP/2.0" 200 88199 "-" "Mozilla/5.0 AppleWebKit/537.36 (KHTML, like Gecko; compatible; GPTBot/1.3; +https://openai.com/gptbot)"
74.7.227.15 - - [21/Nov/2025:00:36:30 -0800] "GET /search.php?sexuality001044563.html HTTP/2.0" 200 85904 "-" "Mozilla/5.0 AppleWebKit/537.36 (KHTML, like Gecko; compatible; GPTBot/1.3; +https://openai.com/gptbot)"
74.7.227.15 - - [21/Nov/2025:00:36:31 -0800] "GET /search.php?channel=156e34&from=https://mollywoppersnyb.com/chat.htm?horrible209011715.html&m=2921046028692 HTTP/2.0" 200 86360 "-" "Mozilla/5.0 AppleWebKit/537.36 (KHTML, like Gecko; compatible; GPTBot/1.3; +https://openai.com/gptbot)"
66.249.69.233 - - [21/Nov/2025:00:36:31 -0800] "GET /market/68896728 HTTP/1.1" 200 25069 "-" "Mozilla/5.0 (Linux; Android 6.0.1; Nexus 5X Build/MMB29P) AppleWebKit/537.36 (KHTML, like Gecko) Chrome/141.0.7390.122 Mobile Safari/537.36 (compatible; GoogleOther)"
74.7.227.15 - - [21/Nov/2025:00:36:32 -0800] "GET /search.php?channel=156e34&from=https://mollywoppersnyb.com/chat.htm?items/232035369.html&m=2921046028692 HTTP/2.0" 200 86710 "-" "Mozilla/5.0 AppleWebKit/537.36 (KHTML, like Gecko; compatible; GPTBot/1.3; +https://openai.com/gptbot)"
74.7.227.15 - - [21/Nov/2025:00:36:34 -0800] "GET /search.php?channel=156e34&from=https://mollywoppersnyb.com/chat.htm?candy176042210.html&m=2921046028692 HTTP/2.0" 200 86072 "-" "Mozilla/5.0 AppleWebKit/537.36 (KHTML, like Gecko; compatible; GPTBot/1.3; +https://openai.com/gptbot)"
74.7.227.15 - - [21/Nov/2025:00:36:35 -0800] "GET /search.php?age278033348.html HTTP/2.0" 200 86024 "-" "Mozilla/5.0 AppleWebKit/537.36 (KHTML, like Gecko; compatible; GPTBot/1.3; +https://openai.com/gptbot)"
74.7.227.15 - - [21/Nov/2025:00:36:36 -0800] "GET /search.php?video102045876.html HTTP/2.0" 200 85793 "-" "Mozilla/5.0 AppleWebKit/537.36 (KHTML, like Gecko; compatible; GPTBot/1.3; +https://openai.com/gptbot)"
66.249.69.233 - - [21/Nov/2025:00:36:37 -0800] "GET /m099036151 HTTP/1.1" 200 24363 "-" "Mozilla/5.0 (Linux; Android 6.0.1; Nexus 5X Build/MMB29P) AppleWebKit/537.36 (KHTML, like Gecko) Chrome/141.0.7390.122 Mobile Safari/537.36 (compatible; GoogleOther)"
74.7.227.15 - - [21/Nov/2025:00:36:38 -0800] "GET /search.php?product/edit/akarica-ed225266 HTTP/2.0" 200 85678 "-" "Mozilla/5.0 AppleWebKit/537.36 (KHTML, like Gecko; compatible; GPTBot/1.3; +https://openai.com/gptbot)"
74.7.227.15 - - [21/Nov/2025:00:36:39 -0800] "GET /search.php?lion143029263.html HTTP/2.0" 200 86275 "-" "Mozilla/5.0 AppleWebKit/537.36 (KHTML, like Gecko; compatible; GPTBot/1.3; +https://openai.com/gptbot)"
74.7.227.15 - - [21/Nov/2025:00:36:40 -0800] "GET /search.php?channel=156e34&from=https://mollywoppersnyb.com/chat.htm?soldier181048763.html&m=2921046028692 HTTP/2.0" 200 85770 "-" "Mozilla/5.0 AppleWebKit/537.36 (KHTML, like Gecko; compatible; GPTBot/1.3; +https://openai.com/gptbot)"
184.72.84.154 - - [21/Nov/2025:00:36:42 -0800] "GET /?path=//sys/class/tty/ptype/subsystem/ttycc/subsystem/ttyv0/subsystem/ttyp1/subsystem/ttyp1 HTTP/1.1" 200 6605 "-" "Mozilla/5.0 AppleWebKit/537.36 (KHTML, like Gecko; compatible; Amazonbot/0.1; +https://developer.amazon.com/support/amazonbot) Chrome/119.0.6045.214 Safari/537.36"
74.7.227.15 - - [21/Nov/2025:00:36:42 -0800] "GET /search.php?channel=156e34&from=https://mollywoppersnyb.com/chat.htm?illusion290025204.html&m=2921046028692 HTTP/2.0" 200 86744 "-" "Mozilla/5.0 AppleWebKit/537.36 (KHTML, like Gecko; compatible; GPTBot/1.3; +https://openai.com/gptbot)"
74.7.227.15 - - [21/Nov/2025:00:36:43 -0800] "GET /search.php?channel=156e34&from=https://mollywoppersnyb.com/chat.htm?items/212020899.html&m=2921046028692 HTTP/2.0" 200 88301 "-" "Mozilla/5.0 AppleWebKit/537.36 (KHTML, like Gecko; compatible; GPTBot/1.3; +https://openai.com/gptbot)"
66.249.69.233 - - [21/Nov/2025:00:36:43 -0800] "GET /market/1359127623 HTTP/1.1" 200 26008 "-" "Mozilla/5.0 (Linux; Android 6.0.1; Nexus 5X Build/MMB29P) AppleWebKit/537.36 (KHTML, like Gecko) Chrome/141.0.7390.122 Mobile Safari/537.36 (compatible; GoogleOther)"
74.7.227.15 - - [21/Nov/2025:00:36:44 -0800] "GET /search.php?channel=156e34&from=https://mollywoppersnyb.com/chat.htm?items/257037736.html&m=2921046028692 HTTP/2.0" 200 86086 "-" "Mozilla/5.0 AppleWebKit/537.36 (KHTML, like Gecko; compatible; GPTBot/1.3; +https://openai.com/gptbot)"
74.7.227.15 - - [21/Nov/2025:00:36:46 -0800] "GET /search.php?drunk209011715.html HTTP/2.0" 200 86909 "-" "Mozilla/5.0 AppleWebKit/537.36 (KHTML, like Gecko; compatible; GPTBot/1.3; +https://openai.com/gptbot)"
52.73.6.26 - - [21/Nov/2025:00:36:46 -0800] "GET /?path=//sys/class/tty/ptype/subsystem/ptype/subsystem/ttyec/subsystem/ptyp1/subsystem/ttyv2 HTTP/1.1" 200 6597 "-" "Mozilla/5.0 AppleWebKit/537.36 (KHTML, like Gecko; compatible; Amazonbot/0.1; +https://developer.amazon.com/support/amazonbot) Chrome/119.0.6045.214 Safari/537.36"
74.7.227.15 - - [21/Nov/2025:00:36:47 -0800] "GET /search.php?channel=156e34&from=https://mollywoppersnyb.com/chat.htm?items/258032921.html&m=2921046028692 HTTP/2.0" 200 85878 "-" "Mozilla/5.0 AppleWebKit/537.36 (KHTML, like Gecko; compatible; GPTBot/1.3; +https://openai.com/gptbot)"
66.249.69.233 - - [21/Nov/2025:00:36:49 -0800] "GET /market/1950047582 HTTP/1.1" 200 24224 "-" "Mozilla/5.0 (Linux; Android 6.0.1; Nexus 5X Build/MMB29P) AppleWebKit/537.36 (KHTML, like Gecko) Chrome/141.0.7390.122 Mobile Safari/537.36 (compatible; GoogleOther)"
74.7.227.15 - - [21/Nov/2025:00:36:48 -0800] "GET /search.php?channel=156e34&from=https://mollywoppersnyb.com/chat.htm?items/232035349.html&m=2921046028692 HTTP/2.0" 200 86740 "-" "Mozilla/5.0 AppleWebKit/537.36 (KHTML, like Gecko; compatible; GPTBot/1.3; +https://openai.com/gptbot)"
74.7.227.15 - - [21/Nov/2025:00:36:50 -0800] "GET /search.php?channel=156e34&from=https://mollywoppersnyb.com/chat.htm?cease113016819.html&m=2921046028692 HTTP/2.0" 200 86518 "-" "Mozilla/5.0 AppleWebKit/537.36 (KHTML, like Gecko; compatible; GPTBot/1.3; +https://openai.com/gptbot)"
54.83.56.1 - - [21/Nov/2025:00:36:50 -0800] "GET /?path=//sys/class/tty/ptype/subsystem/ttype/subsystem/ttyv0/subsystem/ttyp1/subsystem/ttyS1/device HTTP/1.1" 200 6829 "-" "Mozilla/5.0 AppleWebKit/537.36 (KHTML, like Gecko; compatible; Amazonbot/0.1; +https://developer.amazon.com/support/amazonbot) Chrome/119.0.6045.214 Safari/537.36"
74.7.227.15 - - [21/Nov/2025:00:36:51 -0800] "GET /search.php?channel=156e34&from=https://mollywoppersnyb.com/chat.htm?shut106019984.html&m=2921046028692 HTTP/2.0" 200 86312 "-" "Mozilla/5.0 AppleWebKit/537.36 (KHTML, like Gecko; compatible; GPTBot/1.3; +https://openai.com/gptbot)"
74.7.227.15 - - [21/Nov/2025:00:36:52 -0800] "GET /search.php?channel=156e34&from=https://mollywoppersnyb.com/chat.htm?items/102030865.html&m=2921046028692 HTTP/2.0" 200 86353 "-" "Mozilla/5.0 AppleWebKit/537.36 (KHTML, like Gecko; compatible; GPTBot/1.3; +https://openai.com/gptbot)"
40.77.167.17 - - [21/Nov/2025:00:36:54 -0800] "GET /?market=1516384050 HTTP/2.0" 200 132 "-" "Mozilla/5.0 AppleWebKit/537.36 (KHTML, like Gecko; compatible; bingbot/2.0; +http://www.bing.com/bingbot.htm) Chrome/116.0.1938.76 Safari/537.36"
74.7.227.15 - - [21/Nov/2025:00:36:54 -0800] "GET /search.php?channel=156e34&from=https://mollywoppersnyb.com/chat.htm?items/212021539.html&m=2921046028692 HTTP/2.0" 200 88430 "-" "Mozilla/5.0 AppleWebKit/537.36 (KHTML, like Gecko; compatible; GPTBot/1.3; +https://openai.com/gptbot)"
74.7.227.15 - - [21/Nov/2025:00:36:55 -0800] "GET /search.php?bowl296047652.html HTTP/2.0" 200 86446 "-" "Mozilla/5.0 AppleWebKit/537.36 (KHTML, like Gecko; compatible; GPTBot/1.3; +https://openai.com/gptbot)"
74.7.227.15 - - [21/Nov/2025:00:36:56 -0800] "GET /search.php?channel=156e34&from=https://mollywoppersnyb.com/chat.htm?swell119001605.html&m=2921046028692 HTTP/2.0" 200 85909 "-" "Mozilla/5.0 AppleWebKit/537.36 (KHTML, like Gecko; compatible; GPTBot/1.3; +https://openai.com/gptbot)"
52.70.138.176 - - [21/Nov/2025:00:36:58 -0800] "GET /home/?path=//sys/class/tty/ptype/subsystem/ptype/subsystem/ttyrf/subsystem/ttype/subsystem/ttyS0/device HTTP/1.1" 200 6837 "-" "Mozilla/5.0 AppleWebKit/537.36 (KHTML, like Gecko; compatible; Amazonbot/0.1; +https://developer.amazon.com/support/amazonbot) Chrome/119.0.6045.214 Safari/537.36"
74.7.227.15 - - [21/Nov/2025:00:36:58 -0800] "GET /search.php?channel=156e34&from=https://mollywoppersnyb.com/chat.htm?items/290026025.html&m=2921046028692 HTTP/2.0" 200 86591 "-" "Mozilla/5.0 AppleWebKit/537.36 (KHTML, like Gecko; compatible; GPTBot/1.3; +https://openai.com/gptbot)"
74.7.227.15 - - [21/Nov/2025:00:37:00 -0800] "GET /search.php?items/165033576.html HTTP/2.0" 200 86469 "-" "Mozilla/5.0 AppleWebKit/537.36 (KHTML, like Gecko; compatible; GPTBot/1.3; +https://openai.com/gptbot)"
66.249.69.234 - - [21/Nov/2025:00:37:00 -0800] "GET /market/1029078650 HTTP/1.1" 200 25098 "-" "Mozilla/5.0 (Linux; Android 6.0.1; Nexus 5X Build/MMB29P) AppleWebKit/537.36 (KHTML, like Gecko) Chrome/141.0.7390.122 Mobile Safari/537.36 (compatible; GoogleOther)"
74.7.227.15 - - [21/Nov/2025:00:37:01 -0800] "GET /search.php?channel=156e34&from=https://mollywoppersnyb.com/chat.htm?items/277040126.html&m=2921046028692 HTTP/2.0" 200 86413 "-" "Mozilla/5.0 AppleWebKit/537.36 (KHTML, like Gecko; compatible; GPTBot/1.3; +https://openai.com/gptbot)"
44.223.115.10 - - [21/Nov/2025:00:37:02 -0800] "GET /?path=//sys/class/tty/ptype/subsystem/ptype/subsystem/ttynull/subsystem/ttyvd/subsystem/console HTTP/1.1" 200 6626 "-" "Mozilla/5.0 AppleWebKit/537.36 (KHTML, like Gecko; compatible; Amazonbot/0.1; +https://developer.amazon.com/support/amazonbot) Chrome/119.0.6045.214 Safari/537.36"
74.7.227.15 - - [21/Nov/2025:00:37:02 -0800] "GET /search.php?channel=156e34&from=https://mollywoppersnyb.com/chat.htm?spring019019005.html&m=2921046028692 HTTP/2.0" 200 85638 "-" "Mozilla/5.0 AppleWebKit/537.36 (KHTML, like Gecko; compatible; GPTBot/1.3; +https://openai.com/gptbot)"
74.7.227.15 - - [21/Nov/2025:00:37:04 -0800] "GET /search.php?channel=156e34&from=https://mollywoppersnyb.com/chat.htm?blast288037120.html&m=2921046028692 HTTP/2.0" 200 85685 "-" "Mozilla/5.0 AppleWebKit/537.36 (KHTML, like Gecko; compatible; GPTBot/1.3; +https://openai.com/gptbot)"
66.249.69.234 - - [21/Nov/2025:00:37:05 -0800] "GET /market/1745251971 HTTP/1.1" 200 21062 "-" "Mozilla/5.0 (Linux; Android 6.0.1; Nexus 5X Build/MMB29P) AppleWebKit/537.36 (KHTML, like Gecko) Chrome/141.0.7390.122 Mobile Safari/537.36 (compatible; GoogleOther)"
74.7.227.15 - - [21/Nov/2025:00:37:05 -0800] "GET /search.php?channel=156e34&from=https://mollywoppersnyb.com/chat.htm?pen212021450.html&m=2921046028692 HTTP/2.0" 200 88217 "-" "Mozilla/5.0 AppleWebKit/537.36 (KHTML, like Gecko; compatible; GPTBot/1.3; +https://openai.com/gptbot)"
74.7.227.15 - - [21/Nov/2025:00:37:06 -0800] "GET /search.php?channel=156e34&from=https://mollywoppersnyb.com/chat.htm?items/266002155.html&m=2921046028692 HTTP/2.0" 200 85689 "-" "Mozilla/5.0 AppleWebKit/537.36 (KHTML, like Gecko; compatible; GPTBot/1.3; +https://openai.com/gptbot)"
74.7.227.15 - - [21/Nov/2025:00:37:08 -0800] "GET /search.php?channel=156e34&from=https://mollywoppersnyb.com/chat.htm?array097036633.html&m=2921046028692 HTTP/2.0" 200 86256 "-" "Mozilla/5.0 AppleWebKit/537.36 (KHTML, like Gecko; compatible; GPTBot/1.3; +https://openai.com/gptbot)"
74.7.227.15 - - [21/Nov/2025:00:37:09 -0800] "GET /search.php?channel=156e34&from=https://mollywoppersnyb.com/chat.htm?items/227012788.html&m=2921046028692 HTTP/2.0" 200 86344 "-" "Mozilla/5.0 AppleWebKit/537.36 (KHTML, like Gecko; compatible; GPTBot/1.3; +https://openai.com/gptbot)"
66.249.69.233 - - [21/Nov/2025:00:37:10 -0800] "GET /market/2011711034 HTTP/1.1" 200 24477 "-" "Mozilla/5.0 (Linux; Android 6.0.1; Nexus 5X Build/MMB29P) AppleWebKit/537.36 (KHTML, like Gecko) Chrome/141.0.7390.122 Mobile Safari/537.36 (compatible; GoogleOther)"
74.7.227.15 - - [21/Nov/2025:00:37:10 -0800] "GET /search.php?channel=156e34&from=https://mollywoppersnyb.com/chat.htm?items/055047398.html&m=2921046028692 HTTP/2.0" 200 86048 "-" "Mozilla/5.0 AppleWebKit/537.36 (KHTML, like Gecko; compatible; GPTBot/1.3; +https://openai.com/gptbot)"
