74.7.227.15 - - [21/Nov/2025:01:36:23 -0800] "GET /search.php?channel=156e34&from=https://mollywoppersnyb.com/chat.htm?isolate012000858.html&m=2921046028692 HTTP/2.0" 200 85866 "-" "Mozilla/5.0 AppleWebKit/537.36 (KHTML, like Gecko; compatible; GPTBot/1.3; +https://openai.com/gptbot)"
74.7.227.15 - - [21/Nov/2025:01:36:24 -0800] "GET /search.php?violence238015768.html HTTP/2.0" 200 86467 "-" "Mozilla/5.0 AppleWebKit/537.36 (KHTML, like Gecko; compatible; GPTBot/1.3; +https://openai.com/gptbot)"
66.249.69.233 - - [21/Nov/2025:01:36:25 -0800] "GET /market/60509379 HTTP/1.1" 200 24949 "-" "Mozilla/5.0 (Linux; Android 6.0.1; Nexus 5X Build/MMB29P) AppleWebKit/537.36 (KHTML, like Gecko) Chrome/141.0.7390.122 Mobile Safari/537.36 (compatible; GoogleOther)"
74.7.227.15 - - [21/Nov/2025:01:36:25 -0800] "GET /search.php?channel=156e34&from=https://mollywoppersnyb.com/chat.htm?items/286003885.html&m=2921046028692 HTTP/2.0" 200 87757 "-" "Mozilla/5.0 AppleWebKit/537.36 (KHTML, like Gecko; compatible; GPTBot/1.3; +https://openai.com/gptbot)"
74.7.227.15 - - [21/Nov/2025:01:36:26 -0800] "GET /search.php?kingdom006032218.html HTTP/2.0" 200 85904 "-" "Mozilla/5.0 AppleWebKit/537.36 (KHTML, like Gecko; compatible; GPTBot/1.3; +https://openai.com/gptbot)"
74.7.227.15 - - [21/Nov/2025:01:36:27 -0800] "GET /search.php?examine238015764.html HTTP/2.0" 200 86783 "-" "Mozilla/5.0 AppleWebKit/537.36 (KHTML, like Gecko; compatible; GPTBot/1.3; +https://openai.com/gptbot)"
66.249.69.233 - - [21/Nov/2025:01:36:29 -0800] "GET /market/70621672 HTTP/1.1" 200 21316 "-" "Mozilla/5.0 (Linux; Android 6.0.1; Nexus 5X Build/MMB29P) AppleWebKit/537.36 (KHTML, like Gecko) Chrome/141.0.7390.122 Mobile Safari/537.36 (compatible; GoogleOther)"
74.7.227.15 - - [21/Nov/2025:01:36:28 -0800] "GET /search.php?channel=156e34&from=https://mollywoppersnyb.com/chat.htm?mill146032198.html&m=2921046028692 HTTP/2.0" 200 85979 "-" "Mozilla/5.0 AppleWebKit/537.36 (KHTML, like Gecko; compatible; GPTBot/1.3; +https://openai.com/gptbot)"
74.7.227.15 - - [21/Nov/2025:01:36:30 -0800] "GET /search.php?channel=156e34&from=https://mollywoppersnyb.com/chat.htm?withdraw189003239.html&m=2921046028692 HTTP/2.0" 200 85884 "-" "Mozilla/5.0 AppleWebKit/537.36 (KHTML, like Gecko; compatible; GPTBot/1.3; +https://openai.com/gptbot)"
74.7.227.15 - - [21/Nov/2025:01:36:31 -0800] "GET /search.php?channel=156e34&from=https://mollywoppersnyb.com/chat.htm?load210024710.html&m=2921046028692 HTTP/2.0" 200 85364 "-" "Mozilla/5.0 AppleWebKit/537.36 (KHTML, like Gecko; compatible; GPTBot/1.3; +https://openai.com/gptbot)"
74.7.227.15 - - [21/Nov/2025:01:36:32 -0800] "GET /search.php?broken189016725.html HTTP/2.0" 200 85915 "-" "Mozilla/5.0 AppleWebKit/537.36 (KHTML, like Gecko; compatible; GPTBot/1.3; +https://openai.com/gptbot)"
74.7.227.15 - - [21/Nov/2025:01:36:33 -0800] "GET /search.php?convince175043729.html HTTP/2.0" 200 86129 "-" "Mozilla/5.0 AppleWebKit/537.36 (KHTML, like Gecko; compatible; GPTBot/1.3; +https://openai.com/gptbot)"
23.22.59.87 - - [21/Nov/2025:01:36:34 -0800] "GET /?path=//sys/class/tty/ptype/subsystem/ttysc/subsystem/ptys0/subsystem/ttype/subsystem/ttyec HTTP/1.1" 200 6594 "-" "Mozilla/5.0 AppleWebKit/537.36 (KHTML, like Gecko; compatible; Amazonbot/0.1; +https://developer.amazon.com/support/amazonbot) Chrome/119.0.6045.214 Safari/537.36"
74.7.227.15 - - [21/Nov/2025:01:36:35 -0800] "GET /search.php?genuine238015768.html HTTP/2.0" 200 86634 "-" "Mozilla/5.0 AppleWebKit/537.36 (KHTML, like Gecko; compatible; GPTBot/1.3; +https://openai.com/gptbot)"
74.7.227.15 - - [21/Nov/2025:01:36:36 -0800] "GET /search.php?known238015778.html HTTP/2.0" 200 86429 "-" "Mozilla/5.0 AppleWebKit/537.36 (KHTML, like Gecko; compatible; GPTBot/1.3; +https://openai.com/gptbot)"
66.249.69.233 - - [21/Nov/2025:01:36:37 -0800] "GET /market/1745002337 HTTP/1.1" 200 25253 "-" "Mozilla/5.0 (Linux; Android 6.0.1; Nexus 5X Build/MMB29P) AppleWebKit/537.36 (KHTML, like Gecko) Chrome/141.0.7390.122 Mobile Safari/537.36 (compatible; GoogleOther)"
74.7.227.15 - - [21/Nov/2025:01:36:37 -0800] "GET /search.php?channel=156e34&from=https://mollywoppersnyb.com/chat.htm?items/054016571.html&m=2921046028692 HTTP/2.0" 200 85708 "-" "Mozilla/5.0 AppleWebKit/537.36 (KHTML, like Gecko; compatible; GPTBot/1.3; +https://openai.com/gptbot)"
54.197.102.71 - - [21/Nov/2025:01:36:38 -0800] "GET /home/?path=//sys/class/tty/ptype/subsystem/ttysc/subsystem/ttype/subsystem/ttype/subsystem/ttyS1/device HTTP/1.1" 200 6800 "-" "Mozilla/5.0 AppleWebKit/537.36 (KHTML, like Gecko; compatible; Amazonbot/0.1; +https://developer.amazon.com/support/amazonbot) Chrome/119.0.6045.214 Safari/537.36"
74.7.227.15 - - [21/Nov/2025:01:36:39 -0800] "GET /search.php?abandon238015774.html HTTP/2.0" 200 86210 "-" "Mozilla/5.0 AppleWebKit/537.36 (KHTML, like Gecko; compatible; GPTBot/1.3; +https://openai.com/gptbot)"
66.249.69.233 - - [21/Nov/2025:01:36:41 -0800] "GET /market/181630655 HTTP/1.1" 200 21293 "-" "Mozilla/5.0 (Linux; Android 6.0.1; Nexus 5X Build/MMB29P) AppleWebKit/537.36 (KHTML, like Gecko) Chrome/141.0.7390.122 Mobile Safari/537.36 (compatible; GoogleOther)"
74.7.227.15 - - [21/Nov/2025:01:36:40 -0800] "GET /search.php?decline238015764.html HTTP/2.0" 200 86279 "-" "Mozilla/5.0 AppleWebKit/537.36 (KHTML, like Gecko; compatible; GPTBot/1.3; +https://openai.com/gptbot)"
74.7.227.15 - - [21/Nov/2025:01:36:42 -0800] "GET /search.php?channel=156e34&from=https://mollywoppersnyb.com/chat.htm?yield144007908.html&m=2921046028692 HTTP/2.0" 200 86320 "-" "Mozilla/5.0 AppleWebKit/537.36 (KHTML, like Gecko; compatible; GPTBot/1.3; +https://openai.com/gptbot)"
74.7.227.15 - - [21/Nov/2025:01:36:44 -0800] "GET /search.php?long146032198.html HTTP/2.0" 200 86180 "-" "Mozilla/5.0 AppleWebKit/537.36 (KHTML, like Gecko; compatible; GPTBot/1.3; +https://openai.com/gptbot)"
74.7.227.15 - - [21/Nov/2025:01:36:45 -0800] "GET /search.php?genuine238015784.html HTTP/2.0" 200 86745 "-" "Mozilla/5.0 AppleWebKit/537.36 (KHTML, like Gecko; compatible; GPTBot/1.3; +https://openai.com/gptbot)"
74.7.227.15 - - [21/Nov/2025:01:36:46 -0800] "GET /search.php?feeling215043947.html HTTP/2.0" 200 86357 "-" "Mozilla/5.0 AppleWebKit/537.36 (KHTML, like Gecko; compatible; GPTBot/1.3; +https://openai.com/gptbot)"
74.7.227.15 - - [21/Nov/2025:01:36:48 -0800] "GET /search.php?channel=156e34&from=https://mollywoppersnyb.com/chat.htm?slave184039672.html&m=2921046028692 HTTP/2.0" 200 86049 "-" "Mozilla/5.0 AppleWebKit/537.36 (KHTML, like Gecko; compatible; GPTBot/1.3; +https://openai.com/gptbot)"
74.7.227.15 - - [21/Nov/2025:01:36:49 -0800] "GET /search.php?evening238015716.html HTTP/2.0" 200 86337 "-" "Mozilla/5.0 AppleWebKit/537.36 (KHTML, like Gecko; compatible; GPTBot/1.3; +https://openai.com/gptbot)"
66.249.69.233 - - [21/Nov/2025:01:36:50 -0800] "GET /market/105228717 HTTP/1.1" 200 24931 "-" "Mozilla/5.0 (Linux; Android 6.0.1; Nexus 5X Build/MMB29P) AppleWebKit/537.36 (KHTML, like Gecko) Chrome/141.0.7390.122 Mobile Safari/537.36 (compatible; GoogleOther)"
74.7.227.15 - - [21/Nov/2025:01:36:50 -0800] "GET /search.php?fix238015716.html HTTP/2.0" 200 86451 "-" "Mozilla/5.0 AppleWebKit/537.36 (KHTML, like Gecko; compatible; GPTBot/1.3; +https://openai.com/gptbot)"
74.7.227.15 - - [21/Nov/2025:01:36:51 -0800] "GET /search.php?channel=156e34&from=https://mollywoppersnyb.com/chat.htm?blast208002276.html&m=2921046028692 HTTP/2.0" 200 85800 "-" "Mozilla/5.0 AppleWebKit/537.36 (KHTML, like Gecko; compatible; GPTBot/1.3; +https://openai.com/gptbot)"
74.7.227.15 - - [21/Nov/2025:01:36:53 -0800] "GET /search.php?channel=156e34&from=https://mollywoppersnyb.com/chat.htm?thin175018055.html&m=2921046028692 HTTP/2.0" 200 85563 "-" "Mozilla/5.0 AppleWebKit/537.36 (KHTML, like Gecko; compatible; GPTBot/1.3; +https://openai.com/gptbot)"
66.249.87.105 - - [21/Nov/2025:01:36:54 -0800] "GET /?market=2378387473 HTTP/1.1" 200 10381 "-" "Mozilla/5.0 (X11; Linux x86_64) AppleWebKit/537.36 (KHTML, like Gecko) Chrome/141.0.7390.122 Safari/537.36"
74.7.227.15 - - [21/Nov/2025:01:36:54 -0800] "GET /search.php?channel=156e34&from=https://mollywoppersnyb.com/chat.htm?the035017259.html&m=2921046028692 HTTP/2.0" 200 85878 "-" "Mozilla/5.0 AppleWebKit/537.36 (KHTML, like Gecko; compatible; GPTBot/1.3; +https://openai.com/gptbot)"
74.7.227.15 - - [21/Nov/2025:01:36:55 -0800] "GET /search.php?during238015770.html HTTP/2.0" 200 86285 "-" "Mozilla/5.0 AppleWebKit/537.36 (KHTML, like Gecko; compatible; GPTBot/1.3; +https://openai.com/gptbot)"
74.7.227.15 - - [21/Nov/2025:01:36:56 -0800] "GET /search.php?channel=156e34&from=https://mollywoppersnyb.com/chat.htm?stage132037466.html&m=2921046028692 HTTP/2.0" 200 85989 "-" "Mozilla/5.0 AppleWebKit/537.36 (KHTML, like Gecko; compatible; GPTBot/1.3; +https://openai.com/gptbot)"
74.7.227.15 - - [21/Nov/2025:01:36:58 -0800] "GET /search.php?enjoy125039899.html HTTP/2.0" 200 85898 "-" "Mozilla/5.0 AppleWebKit/537.36 (KHTML, like Gecko; compatible; GPTBot/1.3; +https://openai.com/gptbot)"
98.84.184.80 - - [21/Nov/2025:01:36:58 -0800] "GET /?path=//sys/class/tty/ptype/subsystem/ttyp1/subsystem/ttype/subsystem/tty/subsystem/ptyp0 HTTP/1.1" 200 6593 "-" "Mozilla/5.0 AppleWebKit/537.36 (KHTML, like Gecko; compatible; Amazonbot/0.1; +https://developer.amazon.com/support/amazonbot) Chrome/119.0.6045.214 Safari/537.36"
74.7.227.15 - - [21/Nov/2025:01:36:59 -0800] "GET /search.php?channel=156e34&from=https://mollywoppersnyb.com/chat.htm?items/019015442.html&m=2921046028692 HTTP/2.0" 200 87743 "-" "Mozilla/5.0 AppleWebKit/537.36 (KHTML, like Gecko; compatible; GPTBot/1.3; +https://openai.com/gptbot)"
74.7.227.15 - - [21/Nov/2025:01:37:00 -0800] "GET /search.php?channel=156e34&from=https://mollywoppersnyb.com/chat.htm?lesson238015768.html&m=2921046028692 HTTP/2.0" 200 86291 "-" "Mozilla/5.0 AppleWebKit/537.36 (KHTML, like Gecko; compatible; GPTBot/1.3; +https://openai.com/gptbot)"
66.249.69.234 - - [21/Nov/2025:01:37:01 -0800] "GET /market/6793759 HTTP/1.1" 200 25243 "-" "Mozilla/5.0 (Linux; Android 6.0.1; Nexus 5X Build/MMB29P) AppleWebKit/537.36 (KHTML, like Gecko) Chrome/141.0.7390.122 Mobile Safari/537.36 (compatible; GoogleOther)"
74.7.227.15 - - [21/Nov/2025:01:37:01 -0800] "GET /search.php?channel=156e34&from=https://mollywoppersnyb.com/chat.htm?high-tech215043887.html&m=2921046028692 HTTP/2.0" 200 86422 "-" "Mozilla/5.0 AppleWebKit/537.36 (KHTML, like Gecko; compatible; GPTBot/1.3; +https://openai.com/gptbot)"
74.7.227.15 - - [21/Nov/2025:01:37:02 -0800] "GET /search.php?dawn238015770.html HTTP/2.0" 200 86469 "-" "Mozilla/5.0 AppleWebKit/537.36 (KHTML, like Gecko; compatible; GPTBot/1.3; +https://openai.com/gptbot)"
74.7.227.15 - - [21/Nov/2025:01:37:03 -0800] "GET /search.php?oral184039672.html HTTP/2.0" 200 86010 "-" "Mozilla/5.0 AppleWebKit/537.36 (KHTML, like Gecko; compatible; GPTBot/1.3; +https://openai.com/gptbot)"
74.7.227.15 - - [21/Nov/2025:01:37:05 -0800] "GET /search.php?book238015778.html HTTP/2.0" 200 86206 "-" "Mozilla/5.0 AppleWebKit/537.36 (KHTML, like Gecko; compatible; GPTBot/1.3; +https://openai.com/gptbot)"
74.7.227.15 - - [21/Nov/2025:01:37:07 -0800] "GET /search.php?channel=156e34&from=https://mollywoppersnyb.com/chat.htm?close238015778.html&m=2921046028692 HTTP/2.0" 200 86401 "-" "Mozilla/5.0 AppleWebKit/537.36 (KHTML, like Gecko; compatible; GPTBot/1.3; +https://openai.com/gptbot)"
40.77.167.72 - - [21/Nov/2025:01:37:08 -0800] "GET /?market=2198935020 HTTP/2.0" 200 132 "-" "Mozilla/5.0 AppleWebKit/537.36 (KHTML, like Gecko; compatible; bingbot/2.0; +http://www.bing.com/bingbot.htm) Chrome/116.0.1938.76 Safari/537.36"
74.7.227.15 - - [21/Nov/2025:01:37:08 -0800] "GET /search.php?channel=156e34&from=https://mollywoppersnyb.com/chat.htm?items/128036337.html&m=2921046028692 HTTP/2.0" 200 85641 "-" "Mozilla/5.0 AppleWebKit/537.36 (KHTML, like Gecko; compatible; GPTBot/1.3; +https://openai.com/gptbot)"
74.7.227.15 - - [21/Nov/2025:01:37:09 -0800] "GET /search.php?channel=156e34&from=https://mollywoppersnyb.com/chat.htm?items/092043595.html&m=2921046028692 HTTP/2.0" 200 86011 "-" "Mozilla/5.0 AppleWebKit/537.36 (KHTML, like Gecko; compatible; GPTBot/1.3; +https://openai.com/gptbot)"
54.157.84.74 - - [21/Nov/2025:01:37:10 -0800] "GET /?path=//sys/class/tty/ptype/subsystem/ttyp1/subsystem/ttype/subsystem/ttype/subsystem/ttysd HTTP/1.1" 200 6565 "-" "Mozilla/5.0 AppleWebKit/537.36 (KHTML, like Gecko; compatible; Amazonbot/0.1; +https://developer.amazon.com/support/amazonbot) Chrome/119.0.6045.214 Safari/537.36"
74.7.227.15 - - [21/Nov/2025:01:37:10 -0800] "GET /search.php?channel=156e34&from=https://mollywoppersnyb.com/chat.htm?jump256032870.html&m=2921046028692 HTTP/2.0" 200 89070 "-" "Mozilla/5.0 AppleWebKit/537.36 (KHTML, like Gecko; compatible; GPTBot/1.3; +https://openai.com/gptbot)"
74.7.227.15 - - [21/Nov/2025:01:37:12 -0800] "GET /search.php?channel=156e34&from=https://mollywoppersnyb.com/chat.htm?items/028011571.html&m=2921046028692 HTTP/2.0" 200 85845 "-" "Mozilla/5.0 AppleWebKit/537.36 (KHTML, like Gecko; compatible; GPTBot/1.3; +https://openai.com/gptbot)"
74.7.227.15 - - [21/Nov/2025:01:37:13 -0800] "GET /search.php?channel=156e34&from=https://mollywoppersnyb.com/chat.htm?ground238015768.html&m=2921046028692 HTTP/2.0" 200 86559 "-" "Mozilla/5.0 AppleWebKit/537.36 (KHTML, like Gecko; compatible; GPTBot/1.3; +https://openai.com/gptbot)"
3.219.81.66 - - [21/Nov/2025:01:37:14 -0800] "GET /home/?path=//sys/class/tty/ptype/subsystem/ttyp0/subsystem/ttys1/subsystem/ttyp2/subsystem/ttypc HTTP/1.1" 200 6583 "-" "Mozilla/5.0 AppleWebKit/537.36 (KHTML, like Gecko; compatible; Amazonbot/0.1; +https://developer.amazon.com/support/amazonbot) Chrome/119.0.6045.214 Safari/537.36"
74.7.227.15 - - [21/Nov/2025:01:37:14 -0800] "GET /search.php?channel=156e34&from=https://mollywoppersnyb.com/chat.htm?items/215043240.html&m=2921046028692 HTTP/2.0" 200 86523 "-" "Mozilla/5.0 AppleWebKit/537.36 (KHTML, like Gecko; compatible; GPTBot/1.3; +https://openai.com/gptbot)"
74.7.227.15 - - [21/Nov/2025:01:37:16 -0800] "GET /search.php?channel=156e34&from=https://mollywoppersnyb.com/chat.htm?items/228001581.html&m=2921046028692 HTTP/2.0" 200 86966 "-" "Mozilla/5.0 AppleWebKit/537.36 (KHTML, like Gecko; compatible; GPTBot/1.3; +https://openai.com/gptbot)"
74.7.227.15 - - [21/Nov/2025:01:37:17 -0800] "GET /search.php?channel=156e34&from=https://mollywoppersnyb.com/chat.htm?items/111047506.html&m=2921046028692 HTTP/2.0" 200 87919 "-" "Mozilla/5.0 AppleWebKit/537.36 (KHTML, like Gecko; compatible; GPTBot/1.3; +https://openai.com/gptbot)"
74.7.227.15 - - [21/Nov/2025:01:37:19 -0800] "GET /search.php?items/215043252.html HTTP/2.0" 200 86396 "-" "Mozilla/5.0 AppleWebKit/537.36 (KHTML, like Gecko; compatible; GPTBot/1.3; +https://openai.com/gptbot)"
74.7.227.15 - - [21/Nov/2025:01:37:20 -0800] "GET /search.php?channel=156e34&from=https://mollywoppersnyb.com/chat.htm?boss206013070.html&m=2921046028692 HTTP/2.0" 200 87771 "-" "Mozilla/5.0 AppleWebKit/537.36 (KHTML, like Gecko; compatible; GPTBot/1.3; +https://openai.com/gptbot)"
74.7.227.15 - - [21/Nov/2025:01:37:21 -0800] "GET /search.php?pilot238015774.html HTTP/2.0" 200 86310 "-" "Mozilla/5.0 AppleWebKit/537.36 (KHTML, like Gecko; compatible; GPTBot/1.3; +https://openai.com/gptbot)"
74.7.227.15 - - [21/Nov/2025:01:37:23 -0800] "GET /search.php?channel=156e34&from=https://mollywoppersnyb.com/chat.htm?items/213020896.html&m=2921046028692 HTTP/2.0" 200 86139 "-" "Mozilla/5.0 AppleWebKit/537.36 (KHTML, like Gecko; compatible; GPTBot/1.3; +https://openai.com/gptbot)"
66.249.69.233 - - [21/Nov/2025:01:37:23 -0800] "GET /?market=1012260378 HTTP/1.1" 200 24744 "-" "Mozilla/5.0 (Linux; Android 6.0.1; Nexus 5X Build/MMB29P) AppleWebKit/537.36 (KHTML, like Gecko) Chrome/141.0.7390.122 Mobile Safari/537.36 (compatible; Googlebot/2.1; +http://www.google.com/bot.html)"
66.249.69.233 - - [21/Nov/2025:01:37:24 -0800] "GET /?market=51387513 HTTP/1.1" 200 21241 "-" "Mozilla/5.0 (Linux; Android 6.0.1; Nexus 5X Build/MMB29P) AppleWebKit/537.36 (KHTML, like Gecko) Chrome/141.0.7390.122 Mobile Safari/537.36 (compatible; Googlebot/2.1; +http://www.google.com/bot.html)"
74.7.227.15 - - [21/Nov/2025:01:37:24 -0800] "GET /search.php?wrong298014478.html HTTP/2.0" 200 87958 "-" "Mozilla/5.0 AppleWebKit/537.36 (KHTML, like Gecko; compatible; GPTBot/1.3; +https://openai.com/gptbot)"
66.249.69.233 - - [21/Nov/2025:01:37:25 -0800] "GET /?market=58291385 HTTP/1.1" 200 22985 "-" "Mozilla/5.0 (Linux; Android 6.0.1; Nexus 5X Build/MMB29P) AppleWebKit/537.36 (KHTML, like Gecko) Chrome/141.0.7390.122 Mobile Safari/537.36 (compatible; Googlebot/2.1; +http://www.google.com/bot.html)"
74.7.227.15 - - [21/Nov/2025:01:37:25 -0800] "GET /search.php?trade238015782.html HTTP/2.0" 200 86471 "-" "Mozilla/5.0 AppleWebKit/537.36 (KHTML, like Gecko; compatible; GPTBot/1.3; +https://openai.com/gptbot)"
52.203.152.231 - - [21/Nov/2025:01:37:26 -0800] "GET /?path=//sys/class/tty/ptype/subsystem/ttyse/subsystem/ttype/subsystem/ttype/subsystem/tty1 HTTP/1.1" 200 6514 "-" "Mozilla/5.0 AppleWebKit/537.36 (KHTML, like Gecko; compatible; Amazonbot/0.1; +https://developer.amazon.com/support/amazonbot) Chrome/119.0.6045.214 Safari/537.36"
74.7.227.15 - - [21/Nov/2025:01:37:27 -0800] "GET /search.php?channel=156e34&from=https://mollywoppersnyb.com/chat.htm?shot134020160.html&m=2921046028692 HTTP/2.0" 200 86169 "-" "Mozilla/5.0 AppleWebKit/537.36 (KHTML, like Gecko; compatible; GPTBot/1.3; +https://openai.com/gptbot)"
74.7.227.15 - - [21/Nov/2025:01:37:28 -0800] "GET /search.php?channel=156e34&from=https://mollywoppersnyb.com/chat.htm?items/215043570.html&m=2921046028692 HTTP/2.0" 200 86739 "-" "Mozilla/5.0 AppleWebKit/537.36 (KHTML, like Gecko; compatible; GPTBot/1.3; +https://openai.com/gptbot)"
74.7.227.15 - - [21/Nov/2025:01:37:29 -0800] "GET /search.php?channel=156e34&from=https://mollywoppersnyb.com/chat.htm?items/100041667.html&m=2921046028692 HTTP/2.0" 200 86500 "-" "Mozilla/5.0 AppleWebKit/537.36 (KHTML, like Gecko; compatible; GPTBot/1.3; +https://openai.com/gptbot)"
3.224.215.150 - - [21/Nov/2025:01:37:30 -0800] "GET /home/?path=//sys/class/tty/ptype/subsystem/ttyp0/subsystem/ttyp0/subsystem/ttynull/subsystem/ttyvd HTTP/1.1" 200 6523 "-" "Mozilla/5.0 AppleWebKit/537.36 (KHTML, like Gecko; compatible; Amazonbot/0.1; +https://developer.amazon.com/support/amazonbot) Chrome/119.0.6045.214 Safari/537.36"
74.7.227.15 - - [21/Nov/2025:01:37:30 -0800] "GET /search.php?items/215042122.html HTTP/2.0" 200 86318 "-" "Mozilla/5.0 AppleWebKit/537.36 (KHTML, like Gecko; compatible; GPTBot/1.3; +https://openai.com/gptbot)"
74.7.227.15 - - [21/Nov/2025:01:37:31 -0800] "GET /search.php?channel=156e34&from=https://mollywoppersnyb.com/chat.htm?sue206013268.html&m=2921046028692 HTTP/2.0" 200 86607 "-" "Mozilla/5.0 AppleWebKit/537.36 (KHTML, like Gecko; compatible; GPTBot/1.3; +https://openai.com/gptbot)"
74.7.227.15 - - [21/Nov/2025:01:37:32 -0800] "GET /search.php?cover238015714.html HTTP/2.0" 200 86561 "-" "Mozilla/5.0 AppleWebKit/537.36 (KHTML, like Gecko; compatible; GPTBot/1.3; +https://openai.com/gptbot)"
74.7.227.15 - - [21/Nov/2025:01:37:34 -0800] "GET /search.php?channel=156e34&from=https://mollywoppersnyb.com/chat.htm?items/099048088.html&m=2921046028692 HTTP/2.0" 200 86365 "-" "Mozilla/5.0 AppleWebKit/537.36 (KHTML, like Gecko; compatible; GPTBot/1.3; +https://openai.com/gptbot)"
74.7.227.15 - - [21/Nov/2025:01:37:35 -0800] "GET /search.php?channel=156e34&from=https://mollywoppersnyb.com/chat.htm?height238015764.html&m=2921046028692 HTTP/2.0" 200 86531 "-" "Mozilla/5.0 AppleWebKit/537.36 (KHTML, like Gecko; compatible; GPTBot/1.3; +https://openai.com/gptbot)"
74.7.227.15 - - [21/Nov/2025:01:37:36 -0800] "GET /search.php?pond238015782.html HTTP/2.0" 200 86714 "-" "Mozilla/5.0 AppleWebKit/537.36 (KHTML, like Gecko; compatible; GPTBot/1.3; +https://openai.com/gptbot)"
74.7.227.15 - - [21/Nov/2025:01:37:37 -0800] "GET /search.php?product/edit/cocodecow-r678hw HTTP/2.0" 200 86828 "-" "Mozilla/5.0 AppleWebKit/537.36 (KHTML, like Gecko; compatible; GPTBot/1.3; +https://openai.com/gptbot)"
74.7.227.15 - - [21/Nov/2025:01:37:38 -0800] "GET /search.php?channel=156e34&from=https://mollywoppersnyb.com/chat.htm?items/215042048.html&m=2921046028692 HTTP/2.0" 200 86442 "-" "Mozilla/5.0 AppleWebKit/537.36 (KHTML, like Gecko; compatible; GPTBot/1.3; +https://openai.com/gptbot)"
34.224.9.144 - - [21/Nov/2025:01:37:39 -0800] "GET /?path=//sys/class/tty/ptype/subsystem/ptyp1/subsystem/ttyp2/subsystem/ttysc/subsystem/ptmx HTTP/1.1" 200 6604 "-" "Mozilla/5.0 AppleWebKit/537.36 (KHTML, like Gecko; compatible; Amazonbot/0.1; +https://developer.amazon.com/support/amazonbot) Chrome/119.0.6045.214 Safari/537.36"
74.7.227.15 - - [21/Nov/2025:01:37:39 -0800] "GET /search.php?brain238015770.html HTTP/2.0" 200 86320 "-" "Mozilla/5.0 AppleWebKit/537.36 (KHTML, like Gecko; compatible; GPTBot/1.3; +https://openai.com/gptbot)"
74.7.227.15 - - [21/Nov/2025:01:37:40 -0800] "GET /search.php?badly238015772.html HTTP/2.0" 200 86708 "-" "Mozilla/5.0 AppleWebKit/537.36 (KHTML, like Gecko; compatible; GPTBot/1.3; +https://openai.com/gptbot)"
74.7.227.15 - - [21/Nov/2025:01:37:42 -0800] "GET /search.php?items/296045789.html HTTP/2.0" 200 86072 "-" "Mozilla/5.0 AppleWebKit/537.36 (KHTML, like Gecko; compatible; GPTBot/1.3; +https://openai.com/gptbot)"
34.202.88.37 - - [21/Nov/2025:01:37:42 -0800] "GET /?path=//sys/class/tty/ptype/subsystem/ttyu0/subsystem/ttype/subsystem/ttyp1/subsystem/tty1 HTTP/1.1" 200 6524 "-" "Mozilla/5.0 AppleWebKit/537.36 (KHTML, like Gecko; compatible; Amazonbot/0.1; +https://developer.amazon.com/support/amazonbot) Chrome/119.0.6045.214 Safari/537.36"
74.7.227.15 - - [21/Nov/2025:01:37:43 -0800] "GET /search.php?jump238015714.html HTTP/2.0" 200 86238 "-" "Mozilla/5.0 AppleWebKit/537.36 (KHTML, like Gecko; compatible; GPTBot/1.3; +https://openai.com/gptbot)"
54.39.6.32 - - [21/Nov/2025:01:37:45 -0800] "GET /?market=1045387309 HTTP/2.0" 200 109 "-" "Mozilla/5.0 (compatible; AhrefsBot/7.0; +http://ahrefs.com/robot/)"
74.7.227.15 - - [21/Nov/2025:01:37:44 -0800] "GET /search.php?mind238015772.html HTTP/2.0" 200 86532 "-" "Mozilla/5.0 AppleWebKit/537.36 (KHTML, like Gecko; compatible; GPTBot/1.3; +https://openai.com/gptbot)"
23.23.137.202 - - [21/Nov/2025:01:37:46 -0800] "GET /?path=//sys/class/tty/ptype/subsystem/ttype/subsystem/ttyp3/subsystem/ttyp0/subsystem/ttyv1 HTTP/1.1" 200 6529 "-" "Mozilla/5.0 AppleWebKit/537.36 (KHTML, like Gecko; compatible; Amazonbot/0.1; +https://developer.amazon.com/support/amazonbot) Chrome/119.0.6045.214 Safari/537.36"
74.7.227.15 - - [21/Nov/2025:01:37:45 -0800] "GET /search.php?channel=156e34&from=https://mollywoppersnyb.com/chat.htm?monthly298015080.html&m=2921046028692 HTTP/2.0" 200 86500 "-" "Mozilla/5.0 AppleWebKit/537.36 (KHTML, like Gecko; compatible; GPTBot/1.3; +https://openai.com/gptbot)"
40.77.167.72 - - [21/Nov/2025:01:37:48 -0800] "GET /?market=1142385368 HTTP/2.0" 200 132 "-" "Mozilla/5.0 AppleWebKit/537.36 (KHTML, like Gecko; compatible; bingbot/2.0; +http://www.bing.com/bingbot.htm) Chrome/116.0.1938.76 Safari/537.36"
74.7.227.15 - - [21/Nov/2025:01:37:47 -0800] "GET /search.php?channel=156e34&from=https://mollywoppersnyb.com/chat.htm?items/048000649.html&m=2921046028692 HTTP/2.0" 200 86765 "-" "Mozilla/5.0 AppleWebKit/537.36 (KHTML, like Gecko; compatible; GPTBot/1.3; +https://openai.com/gptbot)"
74.7.227.15 - - [21/Nov/2025:01:37:48 -0800] "GET /search.php?channel=156e34&from=https://mollywoppersnyb.com/chat.htm?nor238015770.html&m=2921046028692 HTTP/2.0" 200 86013 "-" "Mozilla/5.0 AppleWebKit/537.36 (KHTML, like Gecko; compatible; GPTBot/1.3; +https://openai.com/gptbot)"
74.7.227.15 - - [21/Nov/2025:01:37:50 -0800] "GET /search.php?items/048000649.html HTTP/2.0" 200 86701 "-" "Mozilla/5.0 AppleWebKit/537.36 (KHTML, like Gecko; compatible; GPTBot/1.3; +https://openai.com/gptbot)"
66.249.69.233 - - [21/Nov/2025:01:37:51 -0800] "GET /market/110320216 HTTP/1.1" 200 24339 "-" "Mozilla/5.0 (Linux; Android 6.0.1; Nexus 5X Build/MMB29P) AppleWebKit/537.36 (KHTML, like Gecko) Chrome/141.0.7390.122 Mobile Safari/537.36 (compatible; GoogleOther)"
74.7.227.15 - - [21/Nov/2025:01:37:51 -0800] "GET /search.php?channel=156e34&from=https://mollywoppersnyb.com/chat.htm?items/160004095.html&m=2921046028692 HTTP/2.0" 200 85946 "-" "Mozilla/5.0 AppleWebKit/537.36 (KHTML, like Gecko; compatible; GPTBot/1.3; +https://openai.com/gptbot)"
74.7.227.15 - - [21/Nov/2025:01:37:52 -0800] "GET /search.php?channel=156e34&from=https://mollywoppersnyb.com/chat.htm?items/250028113.html&m=2921046028692 HTTP/2.0" 200 87210 "-" "Mozilla/5.0 AppleWebKit/537.36 (KHTML, like Gecko; compatible; GPTBot/1.3; +https://openai.com/gptbot)"
74.7.227.15 - - [21/Nov/2025:01:37:53 -0800] "GET /search.php?mixed238015764.html HTTP/2.0" 200 86401 "-" "Mozilla/5.0 AppleWebKit/537.36 (KHTML, like Gecko; compatible; GPTBot/1.3; +https://openai.com/gptbot)"
74.7.227.15 - - [21/Nov/2025:01:37:54 -0800] "GET /search.php?channel=156e34&from=https://mollywoppersnyb.com/chat.htm?sin285025761.html&m=2921046028692 HTTP/2.0" 200 86098 "-" "Mozilla/5.0 AppleWebKit/537.36 (KHTML, like Gecko; compatible; GPTBot/1.3; +https://openai.com/gptbot)"
74.7.227.15 - - [21/Nov/2025:01:37:55 -0800] "GET /search.php?product/edit/finetoolpro-migu21s02coilx3-23 HTTP/2.0" 200 85708 "-" "Mozilla/5.0 AppleWebKit/537.36 (KHTML, like Gecko; compatible; GPTBot/1.3; +https://openai.com/gptbot)"
74.7.227.15 - - [21/Nov/2025:01:37:56 -0800] "GET /search.php?coming238015786.html HTTP/2.0" 200 86278 "-" "Mozilla/5.0 AppleWebKit/537.36 (KHTML, like Gecko; compatible; GPTBot/1.3; +https://openai.com/gptbot)"
3.210.29.96 - - [21/Nov/2025:01:37:58 -0800] "GET /?path=//sys/class/tty/ptype/subsystem/ptyp0/subsystem/ttypc/subsystem/ttyv1/subsystem/ptmx HTTP/1.1" 200 6586 "-" "Mozilla/5.0 AppleWebKit/537.36 (KHTML, like Gecko; compatible; Amazonbot/0.1; +https://developer.amazon.com/support/amazonbot) Chrome/119.0.6045.214 Safari/537.36"
74.7.227.15 - - [21/Nov/2025:01:37:58 -0800] "GET /search.php?channel=156e34&from=https://mollywoppersnyb.com/chat.htm?items/298015049.html&m=2921046028692 HTTP/2.0" 200 86712 "-" "Mozilla/5.0 AppleWebKit/537.36 (KHTML, like Gecko; compatible; GPTBot/1.3; +https://openai.com/gptbot)"
74.7.227.15 - - [21/Nov/2025:01:37:59 -0800] "GET /search.php?channel=156e34&from=https://mollywoppersnyb.com/chat.htm?items/031034540.html&m=2921046028692 HTTP/2.0" 200 85608 "-" "Mozilla/5.0 AppleWebKit/537.36 (KHTML, like Gecko; compatible; GPTBot/1.3; +https://openai.com/gptbot)"
74.7.227.15 - - [21/Nov/2025:01:38:00 -0800] "GET /search.php?pcmypage?callback=product%2Fdetail%2Ffujinamielectric-b07jyqnn5f HTTP/2.0" 200 86132 "-" "Mozilla/5.0 AppleWebKit/537.36 (KHTML, like Gecko; compatible; GPTBot/1.3; +https://openai.com/gptbot)"
66.249.69.234 - - [21/Nov/2025:01:38:01 -0800] "GET /?market=1728283476 HTTP/1.1" 200 24387 "-" "Mozilla/5.0 (Linux; Android 6.0.1; Nexus 5X Build/MMB29P) AppleWebKit/537.36 (KHTML, like Gecko) Chrome/141.0.7390.122 Mobile Safari/537.36 (compatible; Googlebot/2.1; +http://www.google.com/bot.html)"
74.7.227.15 - - [21/Nov/2025:01:38:01 -0800] "GET /search.php?channel=156e34&from=https://mollywoppersnyb.com/chat.htm?items/212015545.html&m=2921046028692 HTTP/2.0" 200 86121 "-" "Mozilla/5.0 AppleWebKit/537.36 (KHTML, like Gecko; compatible; GPTBot/1.3; +https://openai.com/gptbot)"
74.7.227.15 - - [21/Nov/2025:01:38:02 -0800] "GET /search.php?channel=156e34&from=https://mollywoppersnyb.com/chat.htm?rub125027063.html&m=2921046028692 HTTP/2.0" 200 86159 "-" "Mozilla/5.0 AppleWebKit/537.36 (KHTML, like Gecko; compatible; GPTBot/1.3; +https://openai.com/gptbot)"
66.249.69.235 - - [21/Nov/2025:01:38:03 -0800] "GET /market/77251401 HTTP/1.1" 200 24404 "-" "Mozilla/5.0 (Linux; Android 6.0.1; Nexus 5X Build/MMB29P) AppleWebKit/537.36 (KHTML, like Gecko) Chrome/141.0.7390.122 Mobile Safari/537.36 (compatible; GoogleOther)"
74.7.227.15 - - [21/Nov/2025:01:38:03 -0800] "GET /search.php?economically281027903.html HTTP/2.0" 200 85732 "-" "Mozilla/5.0 AppleWebKit/537.36 (KHTML, like Gecko; compatible; GPTBot/1.3; +https://openai.com/gptbot)"
74.7.227.15 - - [21/Nov/2025:01:38:04 -0800] "GET /search.php?channel=156e34&from=https://mollywoppersnyb.com/chat.htm?items/250034327.html&m=2921046028692 HTTP/2.0" 200 86517 "-" "Mozilla/5.0 AppleWebKit/537.36 (KHTML, like Gecko; compatible; GPTBot/1.3; +https://openai.com/gptbot)"
74.7.227.15 - - [21/Nov/2025:01:38:06 -0800] "GET /search.php?channel=156e34&from=https://mollywoppersnyb.com/chat.htm?items/297035068.html&m=2921046028692 HTTP/2.0" 200 85830 "-" "Mozilla/5.0 AppleWebKit/537.36 (KHTML, like Gecko; compatible; GPTBot/1.3; +https://openai.com/gptbot)"
34.203.111.15 - - [21/Nov/2025:01:38:06 -0800] "GET /?path=//sys/class/tty/ptype/subsystem/ptype/subsystem/ttyec/subsystem/ptyp0/subsystem/ttydb HTTP/1.1" 200 6579 "-" "Mozilla/5.0 AppleWebKit/537.36 (KHTML, like Gecko; compatible; Amazonbot/0.1; +https://developer.amazon.com/support/amazonbot) Chrome/119.0.6045.214 Safari/537.36"
74.7.227.15 - - [21/Nov/2025:01:38:07 -0800] "GET /search.php?channel=156e34&from=https://mollywoppersnyb.com/chat.htm?flight172028932.html&m=2921046028692 HTTP/2.0" 200 86018 "-" "Mozilla/5.0 AppleWebKit/537.36 (KHTML, like Gecko; compatible; GPTBot/1.3; +https://openai.com/gptbot)"
74.7.227.15 - - [21/Nov/2025:01:38:08 -0800] "GET /search.php?channel=156e34&from=https://mollywoppersnyb.com/chat.htm?vital205014239.html&m=2921046028692 HTTP/2.0" 200 86191 "-" "Mozilla/5.0 AppleWebKit/537.36 (KHTML, like Gecko; compatible; GPTBot/1.3; +https://openai.com/gptbot)"
74.7.227.15 - - [21/Nov/2025:01:38:09 -0800] "GET /search.php?items/087000056.html HTTP/2.0" 200 86582 "-" "Mozilla/5.0 AppleWebKit/537.36 (KHTML, like Gecko; compatible; GPTBot/1.3; +https://openai.com/gptbot)"
184.73.47.24 - - [21/Nov/2025:01:38:10 -0800] "GET /?path=//sys/class/tty/ptype/subsystem/ttyS0/subsystem/ptype/subsystem/ttyv1/subsystem/ttyec HTTP/1.1" 200 6592 "-" "Mozilla/5.0 AppleWebKit/537.36 (KHTML, like Gecko; compatible; Amazonbot/0.1; +https://developer.amazon.com/support/amazonbot) Chrome/119.0.6045.214 Safari/537.36"
74.7.227.15 - - [21/Nov/2025:01:38:11 -0800] "GET /search.php?channel=156e34&from=https://mollywoppersnyb.com/chat.htm?items/086005491.html&m=2921046028692 HTTP/2.0" 200 85754 "-" "Mozilla/5.0 AppleWebKit/537.36 (KHTML, like Gecko; compatible; GPTBot/1.3; +https://openai.com/gptbot)"
40.77.167.25 - - [21/Nov/2025:01:38:12 -0800] "GET /?market=636213659 HTTP/2.0" 200 132 "-" "Mozilla/5.0 AppleWebKit/537.36 (KHTML, like Gecko; compatible; bingbot/2.0; +http://www.bing.com/bingbot.htm) Chrome/116.0.1938.76 Safari/537.36"
74.7.227.15 - - [21/Nov/2025:01:38:12 -0800] "GET /search.php?channel=156e34&from=https://mollywoppersnyb.com/chat.htm?part137015027.html&m=2921046028692 HTTP/2.0" 200 85784 "-" "Mozilla/5.0 AppleWebKit/537.36 (KHTML, like Gecko; compatible; GPTBot/1.3; +https://openai.com/gptbot)"
74.7.227.15 - - [21/Nov/2025:01:38:13 -0800] "GET /search.php?being238015764.html HTTP/2.0" 200 86274 "-" "Mozilla/5.0 AppleWebKit/537.36 (KHTML, like Gecko; compatible; GPTBot/1.3; +https://openai.com/gptbot)"
3.215.59.93 - - [21/Nov/2025:01:38:14 -0800] "GET /home/?path=//sys/class/tty/ptype/subsystem/ttyS15/device/subsystem/devices/reg-dummy/subsystem/drivers/reg-dummy/reg-dummy/driver/reg-dummy/regulator/regulator.0/device HTTP/1.1" 200 6729 "-" "Mozilla/5.0 AppleWebKit/537.36 (KHTML, like Gecko; compatible; Amazonbot/0.1; +https://developer.amazon.com/support/amazonbot) Chrome/119.0.6045.214 Safari/537.36"
74.7.227.15 - - [21/Nov/2025:01:38:15 -0800] "GET /search.php?channel=156e34&from=https://mollywoppersnyb.com/chat.htm?items/212014589.html&m=2921046028692 HTTP/2.0" 200 86251 "-" "Mozilla/5.0 AppleWebKit/537.36 (KHTML, like Gecko; compatible; GPTBot/1.3; +https://openai.com/gptbot)"
66.249.69.233 - - [21/Nov/2025:01:38:16 -0800] "GET /?market=1728319230 HTTP/1.1" 200 25007 "-" "Mozilla/5.0 (Linux; Android 6.0.1; Nexus 5X Build/MMB29P) AppleWebKit/537.36 (KHTML, like Gecko) Chrome/141.0.7390.122 Mobile Safari/537.36 (compatible; Googlebot/2.1; +http://www.google.com/bot.html)"
74.7.227.15 - - [21/Nov/2025:01:38:16 -0800] "GET /search.php?items/164016737.html HTTP/2.0" 200 86079 "-" "Mozilla/5.0 AppleWebKit/537.36 (KHTML, like Gecko; compatible; GPTBot/1.3; +https://openai.com/gptbot)"
74.7.227.15 - - [21/Nov/2025:01:38:17 -0800] "GET /search.php?channel=156e34&from=https://mollywoppersnyb.com/chat.htm?draw281027903.html&m=2921046028692 HTTP/2.0" 200 85787 "-" "Mozilla/5.0 AppleWebKit/537.36 (KHTML, like Gecko; compatible; GPTBot/1.3; +https://openai.com/gptbot)"
66.249.69.233 - - [21/Nov/2025:01:38:19 -0800] "GET /market/9544948 HTTP/1.1" 200 26758 "-" "Mozilla/5.0 (Linux; Android 6.0.1; Nexus 5X Build/MMB29P) AppleWebKit/537.36 (KHTML, like Gecko) Chrome/141.0.7390.122 Mobile Safari/537.36 (compatible; GoogleOther)"
74.7.227.15 - - [21/Nov/2025:01:38:18 -0800] "GET /search.php?channel=156e34&from=https://mollywoppersnyb.com/chat.htm?items/250026271.html&m=2921046028692 HTTP/2.0" 200 87493 "-" "Mozilla/5.0 AppleWebKit/537.36 (KHTML, like Gecko; compatible; GPTBot/1.3; +https://openai.com/gptbot)"
74.7.227.15 - - [21/Nov/2025:01:38:20 -0800] "GET /search.php?channel=156e34&from=https://mollywoppersnyb.com/chat.htm?items/177047218.html&m=2921046028692 HTTP/2.0" 200 86520 "-" "Mozilla/5.0 AppleWebKit/537.36 (KHTML, like Gecko; compatible; GPTBot/1.3; +https://openai.com/gptbot)"
74.7.227.15 - - [21/Nov/2025:01:38:21 -0800] "GET /search.php?minor286015734.html HTTP/2.0" 200 89355 "-" "Mozilla/5.0 AppleWebKit/537.36 (KHTML, like Gecko; compatible; GPTBot/1.3; +https://openai.com/gptbot)"
54.84.147.79 - - [21/Nov/2025:01:38:22 -0800] "GET /?path=//sys/class/tty/ptype/subsystem/ttyp0/subsystem/ttycc/subsystem/ptype/subsystem/ttyqb HTTP/1.1" 200 6577 "-" "Mozilla/5.0 AppleWebKit/537.36 (KHTML, like Gecko; compatible; Amazonbot/0.1; +https://developer.amazon.com/support/amazonbot) Chrome/119.0.6045.214 Safari/537.36"
74.7.227.15 - - [21/Nov/2025:01:38:22 -0800] "GET /search.php?fish238015716.html HTTP/2.0" 200 86460 "-" "Mozilla/5.0 AppleWebKit/537.36 (KHTML, like Gecko; compatible; GPTBot/1.3; +https://openai.com/gptbot)"
74.7.227.15 - - [21/Nov/2025:01:38:23 -0800] "GET /search.php?channel=156e34&from=https://mollywoppersnyb.com/chat.htm?items/269033672.html&m=2921046028692 HTTP/2.0" 200 86028 "-" "Mozilla/5.0 AppleWebKit/537.36 (KHTML, like Gecko; compatible; GPTBot/1.3; +https://openai.com/gptbot)"
66.249.69.233 - - [21/Nov/2025:01:38:23 -0800] "GET /market/1051239818 HTTP/1.1" 200 21188 "-" "Mozilla/5.0 (Linux; Android 6.0.1; Nexus 5X Build/MMB29P) AppleWebKit/537.36 (KHTML, like Gecko) Chrome/141.0.7390.122 Mobile Safari/537.36 (compatible; GoogleOther)"
74.7.227.15 - - [21/Nov/2025:01:38:24 -0800] "GET /search.php?stand238015764.html HTTP/2.0" 200 86307 "-" "Mozilla/5.0 AppleWebKit/537.36 (KHTML, like Gecko; compatible; GPTBot/1.3; +https://openai.com/gptbot)"
74.7.227.15 - - [21/Nov/2025:01:38:25 -0800] "GET /search.php?faint215043855.html HTTP/2.0" 200 86196 "-" "Mozilla/5.0 AppleWebKit/537.36 (KHTML, like Gecko; compatible; GPTBot/1.3; +https://openai.com/gptbot)"
74.7.227.15 - - [21/Nov/2025:01:38:26 -0800] "GET /search.php?gay258029146.html HTTP/2.0" 200 86596 "-" "Mozilla/5.0 AppleWebKit/537.36 (KHTML, like Gecko; compatible; GPTBot/1.3; +https://openai.com/gptbot)"
74.7.227.15 - - [21/Nov/2025:01:38:27 -0800] "GET /search.php?channel=156e34&from=https://mollywoppersnyb.com/chat.htm?wow281027903.html&m=2921046028692 HTTP/2.0" 200 85806 "-" "Mozilla/5.0 AppleWebKit/537.36 (KHTML, like Gecko; compatible; GPTBot/1.3; +https://openai.com/gptbot)"
74.7.227.15 - - [21/Nov/2025:01:38:28 -0800] "GET /search.php?channel=156e34&from=https://mollywoppersnyb.com/chat.htm?data021032445.html&m=2921046028692 HTTP/2.0" 200 86194 "-" "Mozilla/5.0 AppleWebKit/537.36 (KHTML, like Gecko; compatible; GPTBot/1.3; +https://openai.com/gptbot)"
74.7.227.15 - - [21/Nov/2025:01:38:29 -0800] "GET /search.php?brain277015289.html HTTP/2.0" 200 86081 "-" "Mozilla/5.0 AppleWebKit/537.36 (KHTML, like Gecko; compatible; GPTBot/1.3; +https://openai.com/gptbot)"
3.215.59.93 - - [21/Nov/2025:01:38:30 -0800] "GET /?path=//sys/class/tty/ptype/subsystem/ptyp5/subsystem/ttysc/subsystem/ttype/subsystem/ttyp0 HTTP/1.1" 200 6578 "-" "Mozilla/5.0 AppleWebKit/537.36 (KHTML, like Gecko; compatible; Amazonbot/0.1; +https://developer.amazon.com/support/amazonbot) Chrome/119.0.6045.214 Safari/537.36"
74.7.227.15 - - [21/Nov/2025:01:38:30 -0800] "GET /search.php?donate286015734.html HTTP/2.0" 200 89644 "-" "Mozilla/5.0 AppleWebKit/537.36 (KHTML, like Gecko; compatible; GPTBot/1.3; +https://openai.com/gptbot)"
40.77.167.25 - - [21/Nov/2025:01:38:30 -0800] "GET /?market=1797633660 HTTP/2.0" 200 132 "-" "Mozilla/5.0 AppleWebKit/537.36 (KHTML, like Gecko; compatible; bingbot/2.0; +http://www.bing.com/bingbot.htm) Chrome/116.0.1938.76 Safari/537.36"
74.7.227.15 - - [21/Nov/2025:01:38:31 -0800] "GET /search.php?broad238015772.html HTTP/2.0" 200 86368 "-" "Mozilla/5.0 AppleWebKit/537.36 (KHTML, like Gecko; compatible; GPTBot/1.3; +https://openai.com/gptbot)"
74.7.227.15 - - [21/Nov/2025:01:38:32 -0800] "GET /search.php?channel=156e34&from=https://mollywoppersnyb.com/chat.htm?passion080039540.html&m=2921046028692 HTTP/2.0" 200 86454 "-" "Mozilla/5.0 AppleWebKit/537.36 (KHTML, like Gecko; compatible; GPTBot/1.3; +https://openai.com/gptbot)"
74.7.227.15 - - [21/Nov/2025:01:38:33 -0800] "GET /search.php?grin176023580.html HTTP/2.0" 200 86332 "-" "Mozilla/5.0 AppleWebKit/537.36 (KHTML, like Gecko; compatible; GPTBot/1.3; +https://openai.com/gptbot)"
18.213.240.226 - - [21/Nov/2025:01:38:34 -0800] "GET /?path=//sys/class/tty/ptype/subsystem/ttype/subsystem/ttyp1/subsystem/ttyv1/subsystem/ttyS1/device HTTP/1.1" 200 6789 "-" "Mozilla/5.0 AppleWebKit/537.36 (KHTML, like Gecko; compatible; Amazonbot/0.1; +https://developer.amazon.com/support/amazonbot) Chrome/119.0.6045.214 Safari/537.36"
74.7.227.15 - - [21/Nov/2025:01:38:34 -0800] "GET /search.php?channel=156e34&from=https://mollywoppersnyb.com/chat.htm?battery103036401.html&m=2921046028692 HTTP/2.0" 200 86070 "-" "Mozilla/5.0 AppleWebKit/537.36 (KHTML, like Gecko; compatible; GPTBot/1.3; +https://openai.com/gptbot)"
74.7.227.15 - - [21/Nov/2025:01:38:36 -0800] "GET /search.php?channel=156e34&from=https://mollywoppersnyb.com/chat.htm?apart238015768.html&m=2921046028692 HTTP/2.0" 200 86603 "-" "Mozilla/5.0 AppleWebKit/537.36 (KHTML, like Gecko; compatible; GPTBot/1.3; +https://openai.com/gptbot)"
74.7.227.15 - - [21/Nov/2025:01:38:37 -0800] "GET /search.php?items/215043528.html HTTP/2.0" 200 86151 "-" "Mozilla/5.0 AppleWebKit/537.36 (KHTML, like Gecko; compatible; GPTBot/1.3; +https://openai.com/gptbot)"
74.7.227.15 - - [21/Nov/2025:01:38:38 -0800] "GET /search.php?channel=156e34&from=https://mollywoppersnyb.com/chat.htm?he110024718.html&m=2921046028692 HTTP/2.0" 200 85929 "-" "Mozilla/5.0 AppleWebKit/537.36 (KHTML, like Gecko; compatible; GPTBot/1.3; +https://openai.com/gptbot)"
74.7.227.15 - - [21/Nov/2025:01:38:39 -0800] "GET /search.php?channel=156e34&from=https://mollywoppersnyb.com/chat.htm?items/132008983.html&m=2921046028692 HTTP/2.0" 200 86059 "-" "Mozilla/5.0 AppleWebKit/537.36 (KHTML, like Gecko; compatible; GPTBot/1.3; +https://openai.com/gptbot)"
66.249.69.233 - - [21/Nov/2025:01:38:40 -0800] "GET /market/79545453 HTTP/1.1" 200 24618 "-" "Mozilla/5.0 (Linux; Android 6.0.1; Nexus 5X Build/MMB29P) AppleWebKit/537.36 (KHTML, like Gecko) Chrome/141.0.7390.122 Mobile Safari/537.36 (compatible; GoogleOther)"
74.7.227.15 - - [21/Nov/2025:01:38:40 -0800] "GET /search.php?product/edit/hirochishop-cwl201 HTTP/2.0" 200 85672 "-" "Mozilla/5.0 AppleWebKit/537.36 (KHTML, like Gecko; compatible; GPTBot/1.3; +https://openai.com/gptbot)"
74.7.227.15 - - [21/Nov/2025:01:38:42 -0800] "GET /search.php?channel=156e34&from=https://mollywoppersnyb.com/chat.htm?items/083014114.html&m=2921046028692 HTTP/2.0" 200 86256 "-" "Mozilla/5.0 AppleWebKit/537.36 (KHTML, like Gecko; compatible; GPTBot/1.3; +https://openai.com/gptbot)"
74.7.227.15 - - [21/Nov/2025:01:38:43 -0800] "GET /search.php?channel=156e34&from=https://mollywoppersnyb.com/chat.htm?items/062011457.html&m=2921046028692 HTTP/2.0" 200 85929 "-" "Mozilla/5.0 AppleWebKit/537.36 (KHTML, like Gecko; compatible; GPTBot/1.3; +https://openai.com/gptbot)"
74.7.227.15 - - [21/Nov/2025:01:38:45 -0800] "GET /search.php?channel=156e34&from=https://mollywoppersnyb.com/chat.htm?items/140003343.html&m=2921046028692 HTTP/2.0" 200 85805 "-" "Mozilla/5.0 AppleWebKit/537.36 (KHTML, like Gecko; compatible; GPTBot/1.3; +https://openai.com/gptbot)"
66.249.69.233 - - [21/Nov/2025:01:38:46 -0800] "GET /?market=51568393 HTTP/1.1" 200 24752 "-" "Mozilla/5.0 (Linux; Android 6.0.1; Nexus 5X Build/MMB29P) AppleWebKit/537.36 (KHTML, like Gecko) Chrome/141.0.7390.122 Mobile Safari/537.36 (compatible; Googlebot/2.1; +http://www.google.com/bot.html)"
74.7.227.15 - - [21/Nov/2025:01:38:46 -0800] "GET /search.php?items/083014114.html HTTP/2.0" 200 86450 "-" "Mozilla/5.0 AppleWebKit/537.36 (KHTML, like Gecko; compatible; GPTBot/1.3; +https://openai.com/gptbot)"
18.211.39.188 - - [21/Nov/2025:01:38:46 -0800] "GET /?path=//sys/class/tty/ptype/subsystem/ptyp2/subsystem/ttype/subsystem/ttyvd/subsystem/ttyv1 HTTP/1.1" 200 6528 "-" "Mozilla/5.0 AppleWebKit/537.36 (KHTML, like Gecko; compatible; Amazonbot/0.1; +https://developer.amazon.com/support/amazonbot) Chrome/119.0.6045.214 Safari/537.36"
74.7.227.15 - - [21/Nov/2025:01:38:48 -0800] "GET /search.php?jazz286015734.html HTTP/2.0" 200 89338 "-" "Mozilla/5.0 AppleWebKit/537.36 (KHTML, like Gecko; compatible; GPTBot/1.3; +https://openai.com/gptbot)"
35.173.18.61 - - [21/Nov/2025:01:38:50 -0800] "GET /home/?path=//sys/class/tty/ptype/subsystem/ttyp1/subsystem/ptyp0/subsystem/ptmx/subsystem/console HTTP/1.1" 200 6626 "-" "Mozilla/5.0 AppleWebKit/537.36 (KHTML, like Gecko; compatible; Amazonbot/0.1; +https://developer.amazon.com/support/amazonbot) Chrome/119.0.6045.214 Safari/537.36"
74.7.227.15 - - [21/Nov/2025:01:38:50 -0800] "GET /search.php?channel=156e34&from=https://mollywoppersnyb.com/chat.htm?items/190040821.html&m=2921046028692 HTTP/2.0" 200 85695 "-" "Mozilla/5.0 AppleWebKit/537.36 (KHTML, like Gecko; compatible; GPTBot/1.3; +https://openai.com/gptbot)"
74.7.227.15 - - [21/Nov/2025:01:38:51 -0800] "GET /search.php?juice049005267.html HTTP/2.0" 200 86494 "-" "Mozilla/5.0 AppleWebKit/537.36 (KHTML, like Gecko; compatible; GPTBot/1.3; +https://openai.com/gptbot)"
74.7.227.15 - - [21/Nov/2025:01:38:53 -0800] "GET /search.php?son238015774.html HTTP/2.0" 200 86546 "-" "Mozilla/5.0 AppleWebKit/537.36 (KHTML, like Gecko; compatible; GPTBot/1.3; +https://openai.com/gptbot)"
35.168.238.50 - - [21/Nov/2025:01:38:54 -0800] "GET /?path=//sys/class/tty/ptype/subsystem/ttyp0/subsystem/ptype/subsystem/ptyp1/subsystem/ttynull HTTP/1.1" 200 6519 "-" "Mozilla/5.0 AppleWebKit/537.36 (KHTML, like Gecko; compatible; Amazonbot/0.1; +https://developer.amazon.com/support/amazonbot) Chrome/119.0.6045.214 Safari/537.36"
74.7.227.15 - - [21/Nov/2025:01:38:54 -0800] "GET /search.php?drum176023580.html HTTP/2.0" 200 86239 "-" "Mozilla/5.0 AppleWebKit/537.36 (KHTML, like Gecko; compatible; GPTBot/1.3; +https://openai.com/gptbot)"
74.7.227.15 - - [21/Nov/2025:01:38:55 -0800] "GET /search.php?burn151035927.html HTTP/2.0" 200 85854 "-" "Mozilla/5.0 AppleWebKit/537.36 (KHTML, like Gecko; compatible; GPTBot/1.3; +https://openai.com/gptbot)"
74.7.227.15 - - [21/Nov/2025:01:38:56 -0800] "GET /search.php?channel=156e34&from=https://mollywoppersnyb.com/chat.htm?weapon076012236.html&m=2921046028692 HTTP/2.0" 200 85926 "-" "Mozilla/5.0 AppleWebKit/537.36 (KHTML, like Gecko; compatible; GPTBot/1.3; +https://openai.com/gptbot)"
74.7.227.15 - - [21/Nov/2025:01:38:58 -0800] "GET /search.php?wing265026783.html HTTP/2.0" 200 86609 "-" "Mozilla/5.0 AppleWebKit/537.36 (KHTML, like Gecko; compatible; GPTBot/1.3; +https://openai.com/gptbot)"
52.45.15.233 - - [21/Nov/2025:01:38:58 -0800] "GET /?path=//sys/class/tty/ptype/subsystem/ttyre/subsystem/ttyp1/subsystem/ptype/subsystem/ttyp1 HTTP/1.1" 200 6583 "-" "Mozilla/5.0 AppleWebKit/537.36 (KHTML, like Gecko; compatible; Amazonbot/0.1; +https://developer.amazon.com/support/amazonbot) Chrome/119.0.6045.214 Safari/537.36"
66.249.69.233 - - [21/Nov/2025:01:38:58 -0800] "GET /market/274353426 HTTP/1.1" 200 25187 "-" "Mozilla/5.0 (Linux; Android 6.0.1; Nexus 5X Build/MMB29P) AppleWebKit/537.36 (KHTML, like Gecko) Chrome/141.0.7390.122 Mobile Safari/537.36 (compatible; GoogleOther)"
74.7.227.15 - - [21/Nov/2025:01:38:59 -0800] "GET /search.php?normal297017631.html HTTP/2.0" 200 87662 "-" "Mozilla/5.0 AppleWebKit/537.36 (KHTML, like Gecko; compatible; GPTBot/1.3; +https://openai.com/gptbot)"
74.7.227.15 - - [21/Nov/2025:01:39:00 -0800] "GET /search.php?doubt097044189.html HTTP/2.0" 200 85848 "-" "Mozilla/5.0 AppleWebKit/537.36 (KHTML, like Gecko; compatible; GPTBot/1.3; +https://openai.com/gptbot)"
74.7.227.15 - - [21/Nov/2025:01:39:01 -0800] "GET /search.php?channel=156e34&from=https://mollywoppersnyb.com/chat.htm?items/051038650.html&m=2921046028692 HTTP/2.0" 200 86467 "-" "Mozilla/5.0 AppleWebKit/537.36 (KHTML, like Gecko; compatible; GPTBot/1.3; +https://openai.com/gptbot)"
74.7.227.15 - - [21/Nov/2025:01:39:02 -0800] "GET /search.php?channel=156e34&from=https://mollywoppersnyb.com/chat.htm?confess258029146.html&m=2921046028692 HTTP/2.0" 200 86688 "-" "Mozilla/5.0 AppleWebKit/537.36 (KHTML, like Gecko; compatible; GPTBot/1.3; +https://openai.com/gptbot)"
74.7.227.15 - - [21/Nov/2025:01:39:04 -0800] "GET /search.php?come286015734.html HTTP/2.0" 200 89078 "-" "Mozilla/5.0 AppleWebKit/537.36 (KHTML, like Gecko; compatible; GPTBot/1.3; +https://openai.com/gptbot)"
74.7.227.15 - - [21/Nov/2025:01:39:05 -0800] "GET /search.php?avoid176023580.html HTTP/2.0" 200 86304 "-" "Mozilla/5.0 AppleWebKit/537.36 (KHTML, like Gecko; compatible; GPTBot/1.3; +https://openai.com/gptbot)"
66.249.69.233 - - [21/Nov/2025:01:39:06 -0800] "GET /market/118133174 HTTP/1.1" 200 24519 "-" "Mozilla/5.0 (Linux; Android 6.0.1; Nexus 5X Build/MMB29P) AppleWebKit/537.36 (KHTML, like Gecko) Chrome/141.0.7390.122 Mobile Safari/537.36 (compatible; GoogleOther)"
74.7.227.15 - - [21/Nov/2025:01:39:07 -0800] "GET /search.php?know238015770.html HTTP/2.0" 200 86508 "-" "Mozilla/5.0 AppleWebKit/537.36 (KHTML, like Gecko; compatible; GPTBot/1.3; +https://openai.com/gptbot)"
74.7.227.15 - - [21/Nov/2025:01:39:08 -0800] "GET /search.php?channel=156e34&from=https://mollywoppersnyb.com/chat.htm?trial064019826.html&m=2921046028692 HTTP/2.0" 200 86125 "-" "Mozilla/5.0 AppleWebKit/537.36 (KHTML, like Gecko; compatible; GPTBot/1.3; +https://openai.com/gptbot)"
74.7.227.15 - - [21/Nov/2025:01:39:09 -0800] "GET /search.php?channel=156e34&from=https://mollywoppersnyb.com/chat.htm?items/219017924.html&m=2921046028692 HTTP/2.0" 200 85945 "-" "Mozilla/5.0 AppleWebKit/537.36 (KHTML, like Gecko; compatible; GPTBot/1.3; +https://openai.com/gptbot)"
74.7.227.15 - - [21/Nov/2025:01:39:11 -0800] "GET /search.php?channel=156e34&from=https://mollywoppersnyb.com/chat.htm?election227019653.html&m=2921046028692 HTTP/2.0" 200 86921 "-" "Mozilla/5.0 AppleWebKit/537.36 (KHTML, like Gecko; compatible; GPTBot/1.3; +https://openai.com/gptbot)"
74.7.227.15 - - [21/Nov/2025:01:39:12 -0800] "GET /search.php?irony250022292.html HTTP/2.0" 200 86903 "-" "Mozilla/5.0 AppleWebKit/537.36 (KHTML, like Gecko; compatible; GPTBot/1.3; +https://openai.com/gptbot)"
74.7.227.15 - - [21/Nov/2025:01:39:13 -0800] "GET /search.php?channel=156e34&from=https://mollywoppersnyb.com/chat.htm?items/275015462.html&m=2921046028692 HTTP/2.0" 200 86239 "-" "Mozilla/5.0 AppleWebKit/537.36 (KHTML, like Gecko; compatible; GPTBot/1.3; +https://openai.com/gptbot)"
74.7.227.15 - - [21/Nov/2025:01:39:14 -0800] "GET /search.php?channel=156e34&from=https://mollywoppersnyb.com/chat.htm?tribal097044189.html&m=2921046028692 HTTP/2.0" 200 86055 "-" "Mozilla/5.0 AppleWebKit/537.36 (KHTML, like Gecko; compatible; GPTBot/1.3; +https://openai.com/gptbot)"
74.7.227.15 - - [21/Nov/2025:01:39:15 -0800] "GET /search.php?channel=156e34&from=https://mollywoppersnyb.com/chat.htm?items/286016111.html&m=2921046028692 HTTP/2.0" 200 89030 "-" "Mozilla/5.0 AppleWebKit/537.36 (KHTML, like Gecko; compatible; GPTBot/1.3; +https://openai.com/gptbot)"
74.7.227.15 - - [21/Nov/2025:01:39:16 -0800] "GET /search.php?resist243046643.html HTTP/2.0" 200 85617 "-" "Mozilla/5.0 AppleWebKit/537.36 (KHTML, like Gecko; compatible; GPTBot/1.3; +https://openai.com/gptbot)"
66.249.69.233 - - [21/Nov/2025:01:39:17 -0800] "GET /market/259273519 HTTP/1.1" 200 24776 "-" "Mozilla/5.0 (Linux; Android 6.0.1; Nexus 5X Build/MMB29P) AppleWebKit/537.36 (KHTML, like Gecko) Chrome/141.0.7390.122 Mobile Safari/537.36 (compatible; GoogleOther)"
74.7.227.15 - - [21/Nov/2025:01:39:18 -0800] "GET /search.php?channel=156e34&from=https://mollywoppersnyb.com/chat.htm?staff226022732.html&m=2921046028692 HTTP/2.0" 200 85887 "-" "Mozilla/5.0 AppleWebKit/537.36 (KHTML, like Gecko; compatible; GPTBot/1.3; +https://openai.com/gptbot)"
74.7.227.15 - - [21/Nov/2025:01:39:19 -0800] "GET /search.php?channel=156e34&from=https://mollywoppersnyb.com/chat.htm?items/174041751.html&m=2921046028692 HTTP/2.0" 200 86171 "-" "Mozilla/5.0 AppleWebKit/537.36 (KHTML, like Gecko; compatible; GPTBot/1.3; +https://openai.com/gptbot)"
74.7.227.15 - - [21/Nov/2025:01:39:20 -0800] "GET /search.php?channel=156e34&from=https://mollywoppersnyb.com/chat.htm?plunge243029671.html&m=2921046028692 HTTP/2.0" 200 85976 "-" "Mozilla/5.0 AppleWebKit/537.36 (KHTML, like Gecko; compatible; GPTBot/1.3; +https://openai.com/gptbot)"
