74.7.227.15 - - [21/Nov/2025:01:04:09 -0800] "GET /search.php?channel=156e34&from=https://mollywoppersnyb.com/chat.htm?thereby283001285.html&m=2921046028692 HTTP/2.0" 200 86153 "-" "Mozilla/5.0 AppleWebKit/537.36 (KHTML, like Gecko; compatible; GPTBot/1.3; +https://openai.com/gptbot)"
54.84.93.8 - - [21/Nov/2025:01:04:10 -0800] "GET /?path=//sys/class/tty/ptype/subsystem/ptype/subsystem/ttydb/subsystem/ttyqb/subsystem/ptyp1 HTTP/1.1" 200 6581 "-" "Mozilla/5.0 AppleWebKit/537.36 (KHTML, like Gecko; compatible; Amazonbot/0.1; +https://developer.amazon.com/support/amazonbot) Chrome/119.0.6045.214 Safari/537.36"
74.7.227.15 - - [21/Nov/2025:01:04:10 -0800] "GET /search.php?channel=156e34&from=https://mollywoppersnyb.com/chat.htm?items/285038542.html&m=2921046028692 HTTP/2.0" 200 86721 "-" "Mozilla/5.0 AppleWebKit/537.36 (KHTML, like Gecko; compatible; GPTBot/1.3; +https://openai.com/gptbot)"
74.7.227.15 - - [21/Nov/2025:01:04:12 -0800] "GET /search.php?channel=156e34&from=https://mollywoppersnyb.com/chat.htm?items/278045387.html&m=2921046028692 HTTP/2.0" 200 86547 "-" "Mozilla/5.0 AppleWebKit/537.36 (KHTML, like Gecko; compatible; GPTBot/1.3; +https://openai.com/gptbot)"
66.249.69.233 - - [21/Nov/2025:01:04:13 -0800] "GET /market/14574904 HTTP/1.1" 200 25116 "-" "Mozilla/5.0 (Linux; Android 6.0.1; Nexus 5X Build/MMB29P) AppleWebKit/537.36 (KHTML, like Gecko) Chrome/141.0.7390.122 Mobile Safari/537.36 (compatible; GoogleOther)"
74.7.227.15 - - [21/Nov/2025:01:04:13 -0800] "GET /search.php?channel=156e34&from=https://mollywoppersnyb.com/chat.htm?wealthy116006646.html&m=2921046028692 HTTP/2.0" 200 86374 "-" "Mozilla/5.0 AppleWebKit/537.36 (KHTML, like Gecko; compatible; GPTBot/1.3; +https://openai.com/gptbot)"
3.216.86.144 - - [21/Nov/2025:01:04:14 -0800] "GET /home/?path=//sys/class/tty/ptype/subsystem/ttyp0/subsystem/ttyqb/subsystem/ttyv1/subsystem/console HTTP/1.1" 200 6612 "-" "Mozilla/5.0 AppleWebKit/537.36 (KHTML, like Gecko; compatible; Amazonbot/0.1; +https://developer.amazon.com/support/amazonbot) Chrome/119.0.6045.214 Safari/537.36"
74.7.227.15 - - [21/Nov/2025:01:04:15 -0800] "GET /search.php?channel=156e34&from=https://mollywoppersnyb.com/chat.htm?items/045004874.html&m=2921046028692 HTTP/2.0" 200 86637 "-" "Mozilla/5.0 AppleWebKit/537.36 (KHTML, like Gecko; compatible; GPTBot/1.3; +https://openai.com/gptbot)"
74.7.227.15 - - [21/Nov/2025:01:04:16 -0800] "GET /search.php?channel=156e34&from=https://mollywoppersnyb.com/chat.htm?tight119035757.html&m=2921046028692 HTTP/2.0" 200 86044 "-" "Mozilla/5.0 AppleWebKit/537.36 (KHTML, like Gecko; compatible; GPTBot/1.3; +https://openai.com/gptbot)"
74.7.227.15 - - [21/Nov/2025:01:04:17 -0800] "GET /search.php?mine018048588.html HTTP/2.0" 200 86986 "-" "Mozilla/5.0 AppleWebKit/537.36 (KHTML, like Gecko; compatible; GPTBot/1.3; +https://openai.com/gptbot)"
44.223.193.255 - - [21/Nov/2025:01:04:19 -0800] "GET /?path=//sys/class/tty/ptype/subsystem/ptype/subsystem/ttype/subsystem/ttyS2/subsystem/console HTTP/1.1" 200 6639 "-" "Mozilla/5.0 AppleWebKit/537.36 (KHTML, like Gecko; compatible; Amazonbot/0.1; +https://developer.amazon.com/support/amazonbot) Chrome/119.0.6045.214 Safari/537.36"
74.7.227.15 - - [21/Nov/2025:01:04:18 -0800] "GET /search.php?solid100010554.html HTTP/2.0" 200 85861 "-" "Mozilla/5.0 AppleWebKit/537.36 (KHTML, like Gecko; compatible; GPTBot/1.3; +https://openai.com/gptbot)"
74.7.227.15 - - [21/Nov/2025:01:04:20 -0800] "GET /search.php?items/274032575.html HTTP/2.0" 200 85866 "-" "Mozilla/5.0 AppleWebKit/537.36 (KHTML, like Gecko; compatible; GPTBot/1.3; +https://openai.com/gptbot)"
44.205.120.22 - - [21/Nov/2025:01:04:22 -0800] "GET /?path=//sys/class/tty/ptype/subsystem/ttyv1/subsystem/ttype/subsystem/ttyqb/subsystem/ttyp1 HTTP/1.1" 200 6567 "-" "Mozilla/5.0 AppleWebKit/537.36 (KHTML, like Gecko; compatible; Amazonbot/0.1; +https://developer.amazon.com/support/amazonbot) Chrome/119.0.6045.214 Safari/537.36"
74.7.227.15 - - [21/Nov/2025:01:04:22 -0800] "GET /search.php?product/edit/s-specchio-423499-1 HTTP/2.0" 200 85687 "-" "Mozilla/5.0 AppleWebKit/537.36 (KHTML, like Gecko; compatible; GPTBot/1.3; +https://openai.com/gptbot)"
74.7.227.15 - - [21/Nov/2025:01:04:24 -0800] "GET /search.php?channel=156e34&from=https://mollywoppersnyb.com/chat.htm?invade106017610.html&m=2921046028692 HTTP/2.0" 200 85752 "-" "Mozilla/5.0 AppleWebKit/537.36 (KHTML, like Gecko; compatible; GPTBot/1.3; +https://openai.com/gptbot)"
74.7.227.15 - - [21/Nov/2025:01:04:25 -0800] "GET /search.php?channel=156e34&from=https://mollywoppersnyb.com/chat.htm?whole238015774.html&m=2921046028692 HTTP/2.0" 200 86587 "-" "Mozilla/5.0 AppleWebKit/537.36 (KHTML, like Gecko; compatible; GPTBot/1.3; +https://openai.com/gptbot)"
66.249.69.233 - - [21/Nov/2025:01:04:24 -0800] "GET /market/40781976 HTTP/1.1" 200 24515 "-" "Mozilla/5.0 (Linux; Android 6.0.1; Nexus 5X Build/MMB29P) AppleWebKit/537.36 (KHTML, like Gecko) Chrome/141.0.7390.122 Mobile Safari/537.36 (compatible; GoogleOther)"
74.7.227.15 - - [21/Nov/2025:01:04:26 -0800] "GET /search.php?channel=156e34&from=https://mollywoppersnyb.com/chat.htm?midnight165035103.html&m=2921046028692 HTTP/2.0" 200 85890 "-" "Mozilla/5.0 AppleWebKit/537.36 (KHTML, like Gecko; compatible; GPTBot/1.3; +https://openai.com/gptbot)"
74.7.227.15 - - [21/Nov/2025:01:04:27 -0800] "GET /search.php?channel=156e34&from=https://mollywoppersnyb.com/chat.htm?warrior275030779.html&m=2921046028692 HTTP/2.0" 200 86266 "-" "Mozilla/5.0 AppleWebKit/537.36 (KHTML, like Gecko; compatible; GPTBot/1.3; +https://openai.com/gptbot)"
74.7.227.15 - - [21/Nov/2025:01:04:27 -0800] "GET /search.php?safe_search/config?return_url=%2Fproduct%2Fdetail%2Fbike-mainte-h11-22071870-000625 HTTP/2.0" 200 85960 "-" "Mozilla/5.0 AppleWebKit/537.36 (KHTML, like Gecko; compatible; GPTBot/1.3; +https://openai.com/gptbot)"
74.7.227.15 - - [21/Nov/2025:01:04:29 -0800] "GET /search.php?channel=156e34&from=https://mollywoppersnyb.com/chat.htm?items/181024358.html&m=2921046028692 HTTP/2.0" 200 85656 "-" "Mozilla/5.0 AppleWebKit/537.36 (KHTML, like Gecko; compatible; GPTBot/1.3; +https://openai.com/gptbot)"
74.7.227.15 - - [21/Nov/2025:01:04:30 -0800] "GET /search.php?into091032681.html HTTP/2.0" 200 86200 "-" "Mozilla/5.0 AppleWebKit/537.36 (KHTML, like Gecko; compatible; GPTBot/1.3; +https://openai.com/gptbot)"
100.27.153.9 - - [21/Nov/2025:01:04:30 -0800] "GET /home/?path=//sys/class/tty/ptype/subsystem/ttyp1/subsystem/ttyp2/subsystem/ttyS1/subsystem/ttynull HTTP/1.1" 200 6524 "-" "Mozilla/5.0 AppleWebKit/537.36 (KHTML, like Gecko; compatible; Amazonbot/0.1; +https://developer.amazon.com/support/amazonbot) Chrome/119.0.6045.214 Safari/537.36"
66.249.69.233 - - [21/Nov/2025:01:04:31 -0800] "GET /market/1040546658 HTTP/1.1" 200 24028 "-" "Mozilla/5.0 (Linux; Android 6.0.1; Nexus 5X Build/MMB29P) AppleWebKit/537.36 (KHTML, like Gecko) Chrome/141.0.7390.122 Mobile Safari/537.36 (compatible; GoogleOther)"
74.7.227.15 - - [21/Nov/2025:01:04:31 -0800] "GET /search.php?channel=156e34&from=https://mollywoppersnyb.com/chat.htm?items/075033716.html&m=2921046028692 HTTP/2.0" 200 86897 "-" "Mozilla/5.0 AppleWebKit/537.36 (KHTML, like Gecko; compatible; GPTBot/1.3; +https://openai.com/gptbot)"
74.7.227.15 - - [21/Nov/2025:01:04:33 -0800] "GET /search.php?channel=156e34&from=https://mollywoppersnyb.com/chat.htm?thought038049568.html&m=2921046028692 HTTP/2.0" 200 86420 "-" "Mozilla/5.0 AppleWebKit/537.36 (KHTML, like Gecko; compatible; GPTBot/1.3; +https://openai.com/gptbot)"
3.216.227.216 - - [21/Nov/2025:01:04:34 -0800] "GET /home/?path=//sys/class/tty/ptype/subsystem/ttyp1/subsystem/ttyp2/subsystem/ttys1/subsystem/ttynull HTTP/1.1" 200 6522 "-" "Mozilla/5.0 AppleWebKit/537.36 (KHTML, like Gecko; compatible; Amazonbot/0.1; +https://developer.amazon.com/support/amazonbot) Chrome/119.0.6045.214 Safari/537.36"
74.7.227.15 - - [21/Nov/2025:01:04:35 -0800] "GET /search.php?willing238015764.html HTTP/2.0" 200 86363 "-" "Mozilla/5.0 AppleWebKit/537.36 (KHTML, like Gecko; compatible; GPTBot/1.3; +https://openai.com/gptbot)"
74.7.227.15 - - [21/Nov/2025:01:04:35 -0800] "GET /search.php?channel=156e34&from=https://mollywoppersnyb.com/chat.htm?epidemic024037782.html&m=2921046028692 HTTP/2.0" 200 87321 "-" "Mozilla/5.0 AppleWebKit/537.36 (KHTML, like Gecko; compatible; GPTBot/1.3; +https://openai.com/gptbot)"
74.7.227.15 - - [21/Nov/2025:01:04:37 -0800] "GET /search.php?channel=156e34&from=https://mollywoppersnyb.com/chat.htm?material176035674.html&m=2921046028692 HTTP/2.0" 200 86211 "-" "Mozilla/5.0 AppleWebKit/537.36 (KHTML, like Gecko; compatible; GPTBot/1.3; +https://openai.com/gptbot)"
23.21.175.228 - - [21/Nov/2025:01:04:38 -0800] "GET /?path=//sys/class/tty/ptype/subsystem/ttyp0/subsystem/ptmx/subsystem/ttyp2/subsystem/ttyec HTTP/1.1" 200 6536 "-" "Mozilla/5.0 AppleWebKit/537.36 (KHTML, like Gecko; compatible; Amazonbot/0.1; +https://developer.amazon.com/support/amazonbot) Chrome/119.0.6045.214 Safari/537.36"
74.7.227.15 - - [21/Nov/2025:01:04:38 -0800] "GET /search.php?channel=156e34&from=https://mollywoppersnyb.com/chat.htm?listener238015768.html&m=2921046028692 HTTP/2.0" 200 86442 "-" "Mozilla/5.0 AppleWebKit/537.36 (KHTML, like Gecko; compatible; GPTBot/1.3; +https://openai.com/gptbot)"
74.7.227.15 - - [21/Nov/2025:01:04:39 -0800] "GET /search.php?fucking160043544.html HTTP/2.0" 200 86045 "-" "Mozilla/5.0 AppleWebKit/537.36 (KHTML, like Gecko; compatible; GPTBot/1.3; +https://openai.com/gptbot)"
74.7.227.15 - - [21/Nov/2025:01:04:40 -0800] "GET /search.php?channel=156e34&from=https://mollywoppersnyb.com/chat.htm?items/104010783.html&m=2921046028692 HTTP/2.0" 200 85415 "-" "Mozilla/5.0 AppleWebKit/537.36 (KHTML, like Gecko; compatible; GPTBot/1.3; +https://openai.com/gptbot)"
74.7.227.15 - - [21/Nov/2025:01:04:41 -0800] "GET /search.php?wildlife256037196.html HTTP/2.0" 200 86582 "-" "Mozilla/5.0 AppleWebKit/537.36 (KHTML, like Gecko; compatible; GPTBot/1.3; +https://openai.com/gptbot)"
66.249.69.233 - - [21/Nov/2025:01:04:42 -0800] "GET /?market=1947718482 HTTP/1.1" 200 23963 "-" "Mozilla/5.0 (Linux; Android 6.0.1; Nexus 5X Build/MMB29P) AppleWebKit/537.36 (KHTML, like Gecko) Chrome/141.0.7390.122 Mobile Safari/537.36 (compatible; Googlebot/2.1; +http://www.google.com/bot.html)"
74.7.227.15 - - [21/Nov/2025:01:04:43 -0800] "GET /search.php?channel=156e34&from=https://mollywoppersnyb.com/chat.htm?items/022028163.html&m=2921046028692 HTTP/2.0" 200 85653 "-" "Mozilla/5.0 AppleWebKit/537.36 (KHTML, like Gecko; compatible; GPTBot/1.3; +https://openai.com/gptbot)"
74.7.227.15 - - [21/Nov/2025:01:04:44 -0800] "GET /search.php?coup256037196.html HTTP/2.0" 200 86381 "-" "Mozilla/5.0 AppleWebKit/537.36 (KHTML, like Gecko; compatible; GPTBot/1.3; +https://openai.com/gptbot)"
44.212.232.231 - - [21/Nov/2025:01:04:46 -0800] "GET /home/?path=//sys/class/tty/ptype/subsystem/ttyp0/subsystem/ptyp1/subsystem/ttyv0/subsystem/ttyde HTTP/1.1" 200 6592 "-" "Mozilla/5.0 AppleWebKit/537.36 (KHTML, like Gecko; compatible; Amazonbot/0.1; +https://developer.amazon.com/support/amazonbot) Chrome/119.0.6045.214 Safari/537.36"
74.7.227.15 - - [21/Nov/2025:01:04:46 -0800] "GET /search.php?channel=156e34&from=https://mollywoppersnyb.com/chat.htm?killing061041009.html&m=2921046028692 HTTP/2.0" 200 86433 "-" "Mozilla/5.0 AppleWebKit/537.36 (KHTML, like Gecko; compatible; GPTBot/1.3; +https://openai.com/gptbot)"
74.7.227.15 - - [21/Nov/2025:01:04:47 -0800] "GET /search.php?channel=156e34&from=https://mollywoppersnyb.com/chat.htm?western044012050.html&m=2921046028692 HTTP/2.0" 200 85852 "-" "Mozilla/5.0 AppleWebKit/537.36 (KHTML, like Gecko; compatible; GPTBot/1.3; +https://openai.com/gptbot)"
74.7.227.15 - - [21/Nov/2025:01:04:48 -0800] "GET /search.php?avoid166027296.html HTTP/2.0" 200 85505 "-" "Mozilla/5.0 AppleWebKit/537.36 (KHTML, like Gecko; compatible; GPTBot/1.3; +https://openai.com/gptbot)"
66.249.69.233 - - [21/Nov/2025:01:04:49 -0800] "GET /market/107071363 HTTP/1.1" 200 24776 "-" "Mozilla/5.0 (Linux; Android 6.0.1; Nexus 5X Build/MMB29P) AppleWebKit/537.36 (KHTML, like Gecko) Chrome/141.0.7390.122 Mobile Safari/537.36 (compatible; GoogleOther)"
74.7.227.15 - - [21/Nov/2025:01:04:50 -0800] "GET /search.php?channel=156e34&from=https://mollywoppersnyb.com/chat.htm?items/010004009.html&m=2921046028692 HTTP/2.0" 200 86204 "-" "Mozilla/5.0 AppleWebKit/537.36 (KHTML, like Gecko; compatible; GPTBot/1.3; +https://openai.com/gptbot)"
74.7.227.15 - - [21/Nov/2025:01:04:51 -0800] "GET /search.php?channel=156e34&from=https://mollywoppersnyb.com/chat.htm?finish267018971.html&m=2921046028692 HTTP/2.0" 200 86339 "-" "Mozilla/5.0 AppleWebKit/537.36 (KHTML, like Gecko; compatible; GPTBot/1.3; +https://openai.com/gptbot)"
74.7.227.15 - - [21/Nov/2025:01:04:52 -0800] "GET /search.php?distant238015764.html HTTP/2.0" 200 86545 "-" "Mozilla/5.0 AppleWebKit/537.36 (KHTML, like Gecko; compatible; GPTBot/1.3; +https://openai.com/gptbot)"
74.7.227.15 - - [21/Nov/2025:01:04:53 -0800] "GET /search.php?grin167004635.html HTTP/2.0" 200 85877 "-" "Mozilla/5.0 AppleWebKit/537.36 (KHTML, like Gecko; compatible; GPTBot/1.3; +https://openai.com/gptbot)"
66.249.69.233 - - [21/Nov/2025:01:04:54 -0800] "GET /market/1104468600 HTTP/1.1" 200 24405 "-" "Mozilla/5.0 (Linux; Android 6.0.1; Nexus 5X Build/MMB29P) AppleWebKit/537.36 (KHTML, like Gecko) Chrome/141.0.7390.122 Mobile Safari/537.36 (compatible; GoogleOther)"
74.7.227.15 - - [21/Nov/2025:01:04:54 -0800] "GET /search.php?vaccine238015764.html HTTP/2.0" 200 86423 "-" "Mozilla/5.0 AppleWebKit/537.36 (KHTML, like Gecko; compatible; GPTBot/1.3; +https://openai.com/gptbot)"
74.7.227.15 - - [21/Nov/2025:01:04:55 -0800] "GET /search.php?channel=156e34&from=https://mollywoppersnyb.com/chat.htm?items/217012414.html&m=2921046028692 HTTP/2.0" 200 85938 "-" "Mozilla/5.0 AppleWebKit/537.36 (KHTML, like Gecko; compatible; GPTBot/1.3; +https://openai.com/gptbot)"
74.7.227.15 - - [21/Nov/2025:01:04:56 -0800] "GET /search.php?channel=156e34&from=https://mollywoppersnyb.com/chat.htm?items/256037063.html&m=2921046028692 HTTP/2.0" 200 86583 "-" "Mozilla/5.0 AppleWebKit/537.36 (KHTML, like Gecko; compatible; GPTBot/1.3; +https://openai.com/gptbot)"
74.7.227.15 - - [21/Nov/2025:01:04:57 -0800] "GET /search.php?channel=156e34&from=https://mollywoppersnyb.com/chat.htm?pack044012050.html&m=2921046028692 HTTP/2.0" 200 85717 "-" "Mozilla/5.0 AppleWebKit/537.36 (KHTML, like Gecko; compatible; GPTBot/1.3; +https://openai.com/gptbot)"
74.7.227.15 - - [21/Nov/2025:01:04:58 -0800] "GET /search.php?channel=156e34&from=https://mollywoppersnyb.com/chat.htm?spit071008343.html&m=2921046028692 HTTP/2.0" 200 85931 "-" "Mozilla/5.0 AppleWebKit/537.36 (KHTML, like Gecko; compatible; GPTBot/1.3; +https://openai.com/gptbot)"
74.7.227.15 - - [21/Nov/2025:01:05:00 -0800] "GET /search.php?busy256037064.html HTTP/2.0" 200 86398 "-" "Mozilla/5.0 AppleWebKit/537.36 (KHTML, like Gecko; compatible; GPTBot/1.3; +https://openai.com/gptbot)"
74.7.227.15 - - [21/Nov/2025:01:05:02 -0800] "GET /search.php?channel=156e34&from=https://mollywoppersnyb.com/chat.htm?voice152017746.html&m=2921046028692 HTTP/2.0" 200 87203 "-" "Mozilla/5.0 AppleWebKit/537.36 (KHTML, like Gecko; compatible; GPTBot/1.3; +https://openai.com/gptbot)"
34.225.87.80 - - [21/Nov/2025:01:05:02 -0800] "GET /home/?path=//sys/class/tty/ptype/subsystem/ptyp1/subsystem/ttyp0/subsystem/ttyrf/subsystem/ttyp0 HTTP/1.1" 200 6547 "-" "Mozilla/5.0 AppleWebKit/537.36 (KHTML, like Gecko; compatible; Amazonbot/0.1; +https://developer.amazon.com/support/amazonbot) Chrome/119.0.6045.214 Safari/537.36"
74.7.227.15 - - [21/Nov/2025:01:05:03 -0800] "GET /search.php?textbook165014827.html HTTP/2.0" 200 86336 "-" "Mozilla/5.0 AppleWebKit/537.36 (KHTML, like Gecko; compatible; GPTBot/1.3; +https://openai.com/gptbot)"
74.7.227.15 - - [21/Nov/2025:01:05:05 -0800] "GET /search.php?channel=156e34&from=https://mollywoppersnyb.com/chat.htm?items/192038839.html&m=2921046028692 HTTP/2.0" 200 87528 "-" "Mozilla/5.0 AppleWebKit/537.36 (KHTML, like Gecko; compatible; GPTBot/1.3; +https://openai.com/gptbot)"
74.7.227.15 - - [21/Nov/2025:01:05:06 -0800] "GET /search.php?channel=156e34&from=https://mollywoppersnyb.com/chat.htm?items/125046546.html&m=2921046028692 HTTP/2.0" 200 85950 "-" "Mozilla/5.0 AppleWebKit/537.36 (KHTML, like Gecko; compatible; GPTBot/1.3; +https://openai.com/gptbot)"
66.249.69.233 - - [21/Nov/2025:01:05:08 -0800] "GET /market/1060328558 HTTP/1.1" 200 24726 "-" "Mozilla/5.0 (Linux; Android 6.0.1; Nexus 5X Build/MMB29P) AppleWebKit/537.36 (KHTML, like Gecko) Chrome/141.0.7390.122 Mobile Safari/537.36 (compatible; GoogleOther)"
74.7.227.15 - - [21/Nov/2025:01:05:07 -0800] "GET /search.php?channel=156e34&from=https://mollywoppersnyb.com/chat.htm?beyond238015764.html&m=2921046028692 HTTP/2.0" 200 86197 "-" "Mozilla/5.0 AppleWebKit/537.36 (KHTML, like Gecko; compatible; GPTBot/1.3; +https://openai.com/gptbot)"
74.7.227.15 - - [21/Nov/2025:01:05:09 -0800] "GET /search.php?view238015784.html HTTP/2.0" 200 86450 "-" "Mozilla/5.0 AppleWebKit/537.36 (KHTML, like Gecko; compatible; GPTBot/1.3; +https://openai.com/gptbot)"
217.113.194.23 - - [21/Nov/2025:01:05:10 -0800] "GET /2018/11/11/%F0%9F%98%8D%F0%9F%A4%99%F0%9F%8F%BC%F0%9F%92%AF-repost-coleyunger-heres-to-my-idiot-friends-mollywoppersnyb/?fileloc=//OOKIES:%25%7C!REQUEST_COOKIES_NAMES:%25%7C!ARGS_NAMES:tribe_tickets_ar_data%7C!ARGS_NAMES:customize_changeset_data%7C!ARGS_NAMES:actions%7C!ARGS_NAMES:et_pb_contact_email_fields_0%7C!ARGS_NAMES:cmtx_sort%7C!ARGS_NAMES:widget-custom_html%5B3%5D%5Bcontent%5D%7C!ARGS_NAMES:cmtx_page&path=/ HTTP/1.1" 200 3282 "-" "Mozilla/5.0 (compatible; Barkrowler/0.9; +https://babbar.tech/crawler)"
74.7.227.15 - - [21/Nov/2025:01:05:10 -0800] "GET /search.php?channel=156e34&from=https://mollywoppersnyb.com/chat.htm?items/269045520.html&m=2921046028692 HTTP/2.0" 200 85856 "-" "Mozilla/5.0 AppleWebKit/537.36 (KHTML, like Gecko; compatible; GPTBot/1.3; +https://openai.com/gptbot)"
74.7.227.15 - - [21/Nov/2025:01:05:11 -0800] "GET /search.php?items/278011435.html HTTP/2.0" 200 85554 "-" "Mozilla/5.0 AppleWebKit/537.36 (KHTML, like Gecko; compatible; GPTBot/1.3; +https://openai.com/gptbot)"
74.7.227.15 - - [21/Nov/2025:01:05:12 -0800] "GET /search.php?channel=156e34&from=https://mollywoppersnyb.com/chat.htm?items/031021356.html&m=2921046028692 HTTP/2.0" 200 85843 "-" "Mozilla/5.0 AppleWebKit/537.36 (KHTML, like Gecko; compatible; GPTBot/1.3; +https://openai.com/gptbot)"
74.7.227.15 - - [21/Nov/2025:01:05:13 -0800] "GET /search.php?channel=156e34&from=https://mollywoppersnyb.com/chat.htm?items/277000886.html&m=2921046028692 HTTP/2.0" 200 86236 "-" "Mozilla/5.0 AppleWebKit/537.36 (KHTML, like Gecko; compatible; GPTBot/1.3; +https://openai.com/gptbot)"
66.249.69.233 - - [21/Nov/2025:01:05:14 -0800] "GET /market/1104485549 HTTP/1.1" 200 25459 "-" "Mozilla/5.0 (Linux; Android 6.0.1; Nexus 5X Build/MMB29P) AppleWebKit/537.36 (KHTML, like Gecko) Chrome/141.0.7390.122 Mobile Safari/537.36 (compatible; GoogleOther)"
74.7.227.15 - - [21/Nov/2025:01:05:15 -0800] "GET /search.php?channel=156e34&from=https://mollywoppersnyb.com/chat.htm?adopt256037258.html&m=2921046028692 HTTP/2.0" 200 86692 "-" "Mozilla/5.0 AppleWebKit/537.36 (KHTML, like Gecko; compatible; GPTBot/1.3; +https://openai.com/gptbot)"
74.7.227.15 - - [21/Nov/2025:01:05:16 -0800] "GET /search.php?divine165014827.html HTTP/2.0" 200 86407 "-" "Mozilla/5.0 AppleWebKit/537.36 (KHTML, like Gecko; compatible; GPTBot/1.3; +https://openai.com/gptbot)"
40.77.167.13 - - [21/Nov/2025:01:05:18 -0800] "GET /?market=903528754 HTTP/2.0" 200 132 "-" "Mozilla/5.0 AppleWebKit/537.36 (KHTML, like Gecko; compatible; bingbot/2.0; +http://www.bing.com/bingbot.htm) Chrome/116.0.1938.76 Safari/537.36"
74.7.227.15 - - [21/Nov/2025:01:05:18 -0800] "GET /search.php?join143025357.html HTTP/2.0" 200 85760 "-" "Mozilla/5.0 AppleWebKit/537.36 (KHTML, like Gecko; compatible; GPTBot/1.3; +https://openai.com/gptbot)"
74.7.227.15 - - [21/Nov/2025:01:05:19 -0800] "GET /search.php?channel=156e34&from=https://mollywoppersnyb.com/chat.htm?ideal197008593.html&m=2921046028692 HTTP/2.0" 200 86482 "-" "Mozilla/5.0 AppleWebKit/537.36 (KHTML, like Gecko; compatible; GPTBot/1.3; +https://openai.com/gptbot)"
74.7.227.15 - - [21/Nov/2025:01:05:21 -0800] "GET /search.php?channel=156e34&from=https://mollywoppersnyb.com/chat.htm?items/267019576.html&m=2921046028692 HTTP/2.0" 200 86269 "-" "Mozilla/5.0 AppleWebKit/537.36 (KHTML, like Gecko; compatible; GPTBot/1.3; +https://openai.com/gptbot)"
74.7.227.15 - - [21/Nov/2025:01:05:22 -0800] "GET /search.php?channel=156e34&from=https://mollywoppersnyb.com/chat.htm?items/074002773.html&m=2921046028692 HTTP/2.0" 200 86232 "-" "Mozilla/5.0 AppleWebKit/537.36 (KHTML, like Gecko; compatible; GPTBot/1.3; +https://openai.com/gptbot)"
52.200.58.199 - - [21/Nov/2025:01:05:22 -0800] "GET /?path=//sys/class/tty/ptype/subsystem/ttyp1/subsystem/ttysc/subsystem/ttyv1/subsystem/ttywb HTTP/1.1" 200 6565 "-" "Mozilla/5.0 AppleWebKit/537.36 (KHTML, like Gecko; compatible; Amazonbot/0.1; +https://developer.amazon.com/support/amazonbot) Chrome/119.0.6045.214 Safari/537.36"
74.7.227.15 - - [21/Nov/2025:01:05:23 -0800] "GET /search.php?channel=156e34&from=https://mollywoppersnyb.com/chat.htm?saving130019034.html&m=2921046028692 HTTP/2.0" 200 85808 "-" "Mozilla/5.0 AppleWebKit/537.36 (KHTML, like Gecko; compatible; GPTBot/1.3; +https://openai.com/gptbot)"
74.7.227.15 - - [21/Nov/2025:01:05:25 -0800] "GET /search.php?feed238015768.html HTTP/2.0" 200 86535 "-" "Mozilla/5.0 AppleWebKit/537.36 (KHTML, like Gecko; compatible; GPTBot/1.3; +https://openai.com/gptbot)"
74.7.227.15 - - [21/Nov/2025:01:05:26 -0800] "GET /search.php?product/edit/hatoya-2-cr4547424807632 HTTP/2.0" 200 89406 "-" "Mozilla/5.0 AppleWebKit/537.36 (KHTML, like Gecko; compatible; GPTBot/1.3; +https://openai.com/gptbot)"
52.2.83.227 - - [21/Nov/2025:01:05:26 -0800] "GET /?path=//sys/class/tty/ptype/subsystem/console/subsystem/ttyp0/subsystem/ptyp0/subsystem/ttyp1 HTTP/1.1" 200 6524 "-" "Mozilla/5.0 AppleWebKit/537.36 (KHTML, like Gecko; compatible; Amazonbot/0.1; +https://developer.amazon.com/support/amazonbot) Chrome/119.0.6045.214 Safari/537.36"
66.249.69.233 - - [21/Nov/2025:01:05:26 -0800] "GET /market/14534666 HTTP/1.1" 200 25236 "-" "Mozilla/5.0 (Linux; Android 6.0.1; Nexus 5X Build/MMB29P) AppleWebKit/537.36 (KHTML, like Gecko) Chrome/141.0.7390.122 Mobile Safari/537.36 (compatible; GoogleOther)"
74.7.227.15 - - [21/Nov/2025:01:05:27 -0800] "GET /search.php?skill238015768.html HTTP/2.0" 200 86306 "-" "Mozilla/5.0 AppleWebKit/537.36 (KHTML, like Gecko; compatible; GPTBot/1.3; +https://openai.com/gptbot)"
74.7.227.15 - - [21/Nov/2025:01:05:28 -0800] "GET /search.php?any238015774.html HTTP/2.0" 200 86252 "-" "Mozilla/5.0 AppleWebKit/537.36 (KHTML, like Gecko; compatible; GPTBot/1.3; +https://openai.com/gptbot)"
74.7.227.15 - - [21/Nov/2025:01:05:29 -0800] "GET /search.php?channel=156e34&from=https://mollywoppersnyb.com/chat.htm?items/069027276.html&m=2921046028692 HTTP/2.0" 200 86037 "-" "Mozilla/5.0 AppleWebKit/537.36 (KHTML, like Gecko; compatible; GPTBot/1.3; +https://openai.com/gptbot)"
74.7.227.15 - - [21/Nov/2025:01:05:30 -0800] "GET /search.php?jury256037238.html HTTP/2.0" 200 86408 "-" "Mozilla/5.0 AppleWebKit/537.36 (KHTML, like Gecko; compatible; GPTBot/1.3; +https://openai.com/gptbot)"
18.232.11.247 - - [21/Nov/2025:01:05:30 -0800] "GET /?path=//sys/class/tty/ptype/subsystem/ttysc/subsystem/ttype/subsystem/ptype/subsystem/ttypa HTTP/1.1" 200 6589 "-" "Mozilla/5.0 AppleWebKit/537.36 (KHTML, like Gecko; compatible; Amazonbot/0.1; +https://developer.amazon.com/support/amazonbot) Chrome/119.0.6045.214 Safari/537.36"
74.7.227.15 - - [21/Nov/2025:01:05:31 -0800] "GET /search.php?product/edit/tkonline-un-071038 HTTP/2.0" 200 86153 "-" "Mozilla/5.0 AppleWebKit/537.36 (KHTML, like Gecko; compatible; GPTBot/1.3; +https://openai.com/gptbot)"
74.7.227.15 - - [21/Nov/2025:01:05:32 -0800] "GET /search.php?today269013339.html HTTP/2.0" 200 86183 "-" "Mozilla/5.0 AppleWebKit/537.36 (KHTML, like Gecko; compatible; GPTBot/1.3; +https://openai.com/gptbot)"
74.7.227.15 - - [21/Nov/2025:01:05:33 -0800] "GET /search.php?channel=156e34&from=https://mollywoppersnyb.com/chat.htm?solely238015768.html&m=2921046028692 HTTP/2.0" 200 86716 "-" "Mozilla/5.0 AppleWebKit/537.36 (KHTML, like Gecko; compatible; GPTBot/1.3; +https://openai.com/gptbot)"
74.7.227.15 - - [21/Nov/2025:01:05:35 -0800] "GET /search.php?noon165014827.html HTTP/2.0" 200 86195 "-" "Mozilla/5.0 AppleWebKit/537.36 (KHTML, like Gecko; compatible; GPTBot/1.3; +https://openai.com/gptbot)"
74.7.227.15 - - [21/Nov/2025:01:05:36 -0800] "GET /search.php?fog238015768.html HTTP/2.0" 200 86512 "-" "Mozilla/5.0 AppleWebKit/537.36 (KHTML, like Gecko; compatible; GPTBot/1.3; +https://openai.com/gptbot)"
74.7.227.15 - - [21/Nov/2025:01:05:37 -0800] "GET /search.php?channel=156e34&from=https://mollywoppersnyb.com/chat.htm?enhance238015770.html&m=2921046028692 HTTP/2.0" 200 86273 "-" "Mozilla/5.0 AppleWebKit/537.36 (KHTML, like Gecko; compatible; GPTBot/1.3; +https://openai.com/gptbot)"
52.6.97.88 - - [21/Nov/2025:01:05:38 -0800] "GET /?path=//sys/class/tty/ptype/subsystem/ptype/subsystem/ttype/subsystem/ttys2/subsystem/console HTTP/1.1" 200 6639 "-" "Mozilla/5.0 AppleWebKit/537.36 (KHTML, like Gecko; compatible; Amazonbot/0.1; +https://developer.amazon.com/support/amazonbot) Chrome/119.0.6045.214 Safari/537.36"
66.249.69.233 - - [21/Nov/2025:01:05:39 -0800] "GET /market/71389024 HTTP/1.1" 200 25037 "-" "Mozilla/5.0 (Linux; Android 6.0.1; Nexus 5X Build/MMB29P) AppleWebKit/537.36 (KHTML, like Gecko) Chrome/141.0.7390.122 Mobile Safari/537.36 (compatible; GoogleOther)"
74.7.227.15 - - [21/Nov/2025:01:05:39 -0800] "GET /search.php?channel=156e34&from=https://mollywoppersnyb.com/chat.htm?items/150036363.html&m=2921046028692 HTTP/2.0" 200 86677 "-" "Mozilla/5.0 AppleWebKit/537.36 (KHTML, like Gecko; compatible; GPTBot/1.3; +https://openai.com/gptbot)"
74.7.227.15 - - [21/Nov/2025:01:05:40 -0800] "GET /search.php?channel=156e34&from=https://mollywoppersnyb.com/chat.htm?deputy249020445.html&m=2921046028692 HTTP/2.0" 200 86424 "-" "Mozilla/5.0 AppleWebKit/537.36 (KHTML, like Gecko; compatible; GPTBot/1.3; +https://openai.com/gptbot)"
74.7.227.15 - - [21/Nov/2025:01:05:42 -0800] "GET /search.php?suddenly201030103.html HTTP/2.0" 200 87303 "-" "Mozilla/5.0 AppleWebKit/537.36 (KHTML, like Gecko; compatible; GPTBot/1.3; +https://openai.com/gptbot)"
54.166.104.83 - - [21/Nov/2025:01:05:42 -0800] "GET /?path=//sys/class/tty/ptype/subsystem/ttyp1/subsystem/ttyec/subsystem/ttyv1/subsystem/ttypa HTTP/1.1" 200 6591 "-" "Mozilla/5.0 AppleWebKit/537.36 (KHTML, like Gecko; compatible; Amazonbot/0.1; +https://developer.amazon.com/support/amazonbot) Chrome/119.0.6045.214 Safari/537.36"
74.7.227.15 - - [21/Nov/2025:01:05:43 -0800] "GET /search.php?channel=156e34&from=https://mollywoppersnyb.com/chat.htm?daily191006195.html&m=2921046028692 HTTP/2.0" 200 85754 "-" "Mozilla/5.0 AppleWebKit/537.36 (KHTML, like Gecko; compatible; GPTBot/1.3; +https://openai.com/gptbot)"
74.7.227.15 - - [21/Nov/2025:01:05:44 -0800] "GET /search.php?channel=156e34&from=https://mollywoppersnyb.com/chat.htm?quiet256036926.html&m=2921046028692 HTTP/2.0" 200 86484 "-" "Mozilla/5.0 AppleWebKit/537.36 (KHTML, like Gecko; compatible; GPTBot/1.3; +https://openai.com/gptbot)"
66.249.69.233 - - [21/Nov/2025:01:05:45 -0800] "GET /market/28183184 HTTP/1.1" 200 24601 "-" "Mozilla/5.0 (Linux; Android 6.0.1; Nexus 5X Build/MMB29P) AppleWebKit/537.36 (KHTML, like Gecko) Chrome/141.0.7390.122 Mobile Safari/537.36 (compatible; GoogleOther)"
74.7.227.15 - - [21/Nov/2025:01:05:46 -0800] "GET /search.php?channel=156e34&from=https://mollywoppersnyb.com/chat.htm?items/100023019.html&m=2921046028692 HTTP/2.0" 200 86146 "-" "Mozilla/5.0 AppleWebKit/537.36 (KHTML, like Gecko; compatible; GPTBot/1.3; +https://openai.com/gptbot)"
23.20.178.124 - - [21/Nov/2025:01:05:46 -0800] "GET /?path=//sys/class/tty/ptype/subsystem/ttyp0/subsystem/ttyqb/subsystem/ptyp0/subsystem/ttypc HTTP/1.1" 200 6581 "-" "Mozilla/5.0 AppleWebKit/537.36 (KHTML, like Gecko; compatible; Amazonbot/0.1; +https://developer.amazon.com/support/amazonbot) Chrome/119.0.6045.214 Safari/537.36"
74.7.227.15 - - [21/Nov/2025:01:05:47 -0800] "GET /search.php?channel=156e34&from=https://mollywoppersnyb.com/chat.htm?items/267017558.html&m=2921046028692 HTTP/2.0" 200 86900 "-" "Mozilla/5.0 AppleWebKit/537.36 (KHTML, like Gecko; compatible; GPTBot/1.3; +https://openai.com/gptbot)"
74.7.227.15 - - [21/Nov/2025:01:05:48 -0800] "GET /search.php?channel=156e34&from=https://mollywoppersnyb.com/chat.htm?items/231031680.html&m=2921046028692 HTTP/2.0" 200 86297 "-" "Mozilla/5.0 AppleWebKit/537.36 (KHTML, like Gecko; compatible; GPTBot/1.3; +https://openai.com/gptbot)"
74.7.227.15 - - [21/Nov/2025:01:05:49 -0800] "GET /search.php?ride238015782.html HTTP/2.0" 200 86513 "-" "Mozilla/5.0 AppleWebKit/537.36 (KHTML, like Gecko; compatible; GPTBot/1.3; +https://openai.com/gptbot)"
74.7.227.15 - - [21/Nov/2025:01:05:50 -0800] "GET /search.php?wing238015768.html HTTP/2.0" 200 86460 "-" "Mozilla/5.0 AppleWebKit/537.36 (KHTML, like Gecko; compatible; GPTBot/1.3; +https://openai.com/gptbot)"
18.211.148.239 - - [21/Nov/2025:01:05:50 -0800] "GET /?path=//sys/class/tty/ptype/subsystem/ptype/subsystem/ttyv1/subsystem/ptyp0/subsystem/ttyqb HTTP/1.1" 200 6527 "-" "Mozilla/5.0 AppleWebKit/537.36 (KHTML, like Gecko; compatible; Amazonbot/0.1; +https://developer.amazon.com/support/amazonbot) Chrome/119.0.6045.214 Safari/537.36"
74.7.227.15 - - [21/Nov/2025:01:05:51 -0800] "GET /search.php?channel=156e34&from=https://mollywoppersnyb.com/chat.htm?items/268031507.html&m=2921046028692 HTTP/2.0" 200 86121 "-" "Mozilla/5.0 AppleWebKit/537.36 (KHTML, like Gecko; compatible; GPTBot/1.3; +https://openai.com/gptbot)"
74.7.227.15 - - [21/Nov/2025:01:05:52 -0800] "GET /search.php?channel=156e34&from=https://mollywoppersnyb.com/chat.htm?toward046000832.html&m=2921046028692 HTTP/2.0" 200 86169 "-" "Mozilla/5.0 AppleWebKit/537.36 (KHTML, like Gecko; compatible; GPTBot/1.3; +https://openai.com/gptbot)"
74.7.227.15 - - [21/Nov/2025:01:05:53 -0800] "GET /search.php?channel=156e34&from=https://mollywoppersnyb.com/chat.htm?items/088007175.html&m=2921046028692 HTTP/2.0" 200 85774 "-" "Mozilla/5.0 AppleWebKit/537.36 (KHTML, like Gecko; compatible; GPTBot/1.3; +https://openai.com/gptbot)"
23.22.105.143 - - [21/Nov/2025:01:05:54 -0800] "GET /?path=//sys/class/tty/ptype/subsystem/ttycb/subsystem/ttype/subsystem/ttyp0/subsystem/ttyp0 HTTP/1.1" 200 6557 "-" "Mozilla/5.0 AppleWebKit/537.36 (KHTML, like Gecko; compatible; Amazonbot/0.1; +https://developer.amazon.com/support/amazonbot) Chrome/119.0.6045.214 Safari/537.36"
74.7.227.15 - - [21/Nov/2025:01:05:54 -0800] "GET /search.php?channel=156e34&from=https://mollywoppersnyb.com/chat.htm?class089009067.html&m=2921046028692 HTTP/2.0" 200 85382 "-" "Mozilla/5.0 AppleWebKit/537.36 (KHTML, like Gecko; compatible; GPTBot/1.3; +https://openai.com/gptbot)"
74.7.227.15 - - [21/Nov/2025:01:05:55 -0800] "GET /search.php?channel=156e34&from=https://mollywoppersnyb.com/chat.htm?items/227022764.html&m=2921046028692 HTTP/2.0" 200 86636 "-" "Mozilla/5.0 AppleWebKit/537.36 (KHTML, like Gecko; compatible; GPTBot/1.3; +https://openai.com/gptbot)"
74.7.227.15 - - [21/Nov/2025:01:05:56 -0800] "GET /search.php?channel=156e34&from=https://mollywoppersnyb.com/chat.htm?items/201041428.html&m=2921046028692 HTTP/2.0" 200 86271 "-" "Mozilla/5.0 AppleWebKit/537.36 (KHTML, like Gecko; compatible; GPTBot/1.3; +https://openai.com/gptbot)"
74.7.227.15 - - [21/Nov/2025:01:05:58 -0800] "GET /search.php?flying238015774.html HTTP/2.0" 200 86393 "-" "Mozilla/5.0 AppleWebKit/537.36 (KHTML, like Gecko; compatible; GPTBot/1.3; +https://openai.com/gptbot)"
74.7.227.15 - - [21/Nov/2025:01:05:59 -0800] "GET /search.php?sky238015778.html HTTP/2.0" 200 86308 "-" "Mozilla/5.0 AppleWebKit/537.36 (KHTML, like Gecko; compatible; GPTBot/1.3; +https://openai.com/gptbot)"
74.7.227.15 - - [21/Nov/2025:01:06:01 -0800] "GET /search.php?channel=156e34&from=https://mollywoppersnyb.com/chat.htm?sales238015764.html&m=2921046028692 HTTP/2.0" 200 86217 "-" "Mozilla/5.0 AppleWebKit/537.36 (KHTML, like Gecko; compatible; GPTBot/1.3; +https://openai.com/gptbot)"
66.249.69.235 - - [21/Nov/2025:01:06:03 -0800] "GET /market/17953988 HTTP/1.1" 200 30990 "-" "Mozilla/5.0 (Linux; Android 6.0.1; Nexus 5X Build/MMB29P) AppleWebKit/537.36 (KHTML, like Gecko) Chrome/141.0.7390.122 Mobile Safari/537.36 (compatible; GoogleOther)"
74.7.227.15 - - [21/Nov/2025:01:06:02 -0800] "GET /search.php?channel=156e34&from=https://mollywoppersnyb.com/chat.htm?items/012035853.html&m=2921046028692 HTTP/2.0" 200 86060 "-" "Mozilla/5.0 AppleWebKit/537.36 (KHTML, like Gecko; compatible; GPTBot/1.3; +https://openai.com/gptbot)"
74.7.227.15 - - [21/Nov/2025:01:06:04 -0800] "GET /search.php?channel=156e34&from=https://mollywoppersnyb.com/chat.htm?items/219017164.html&m=2921046028692 HTTP/2.0" 200 86367 "-" "Mozilla/5.0 AppleWebKit/537.36 (KHTML, like Gecko; compatible; GPTBot/1.3; +https://openai.com/gptbot)"
74.7.227.15 - - [21/Nov/2025:01:06:05 -0800] "GET /search.php?valid238015768.html HTTP/2.0" 200 86851 "-" "Mozilla/5.0 AppleWebKit/537.36 (KHTML, like Gecko; compatible; GPTBot/1.3; +https://openai.com/gptbot)"
54.210.155.69 - - [21/Nov/2025:01:06:06 -0800] "GET /?path=//sys/class/tty/ptype/subsystem/ttyp1/subsystem/ttyde/subsystem/ttyp1/subsystem/ttypc HTTP/1.1" 200 6570 "-" "Mozilla/5.0 AppleWebKit/537.36 (KHTML, like Gecko; compatible; Amazonbot/0.1; +https://developer.amazon.com/support/amazonbot) Chrome/119.0.6045.214 Safari/537.36"
74.7.227.15 - - [21/Nov/2025:01:06:07 -0800] "GET /search.php?channel=156e34&from=https://mollywoppersnyb.com/chat.htm?dumb157026943.html&m=2921046028692 HTTP/2.0" 200 87864 "-" "Mozilla/5.0 AppleWebKit/537.36 (KHTML, like Gecko; compatible; GPTBot/1.3; +https://openai.com/gptbot)"
74.7.227.15 - - [21/Nov/2025:01:06:08 -0800] "GET /search.php?channel=156e34&from=https://mollywoppersnyb.com/chat.htm?gang196027212.html&m=2921046028692 HTTP/2.0" 200 85895 "-" "Mozilla/5.0 AppleWebKit/537.36 (KHTML, like Gecko; compatible; GPTBot/1.3; +https://openai.com/gptbot)"
74.7.227.15 - - [21/Nov/2025:01:06:09 -0800] "GET /search.php?channel=156e34&from=https://mollywoppersnyb.com/chat.htm?items/106044433.html&m=2921046028692 HTTP/2.0" 200 86100 "-" "Mozilla/5.0 AppleWebKit/537.36 (KHTML, like Gecko; compatible; GPTBot/1.3; +https://openai.com/gptbot)"
74.7.227.15 - - [21/Nov/2025:01:06:10 -0800] "GET /search.php?broad238015786.html HTTP/2.0" 200 86058 "-" "Mozilla/5.0 AppleWebKit/537.36 (KHTML, like Gecko; compatible; GPTBot/1.3; +https://openai.com/gptbot)"
74.7.227.15 - - [21/Nov/2025:01:06:11 -0800] "GET /search.php?channel=156e34&from=https://mollywoppersnyb.com/chat.htm?string238015772.html&m=2921046028692 HTTP/2.0" 200 86284 "-" "Mozilla/5.0 AppleWebKit/537.36 (KHTML, like Gecko; compatible; GPTBot/1.3; +https://openai.com/gptbot)"
74.7.227.15 - - [21/Nov/2025:01:06:12 -0800] "GET /search.php?channel=156e34&from=https://mollywoppersnyb.com/chat.htm?items/298041043.html&m=2921046028692 HTTP/2.0" 200 86286 "-" "Mozilla/5.0 AppleWebKit/537.36 (KHTML, like Gecko; compatible; GPTBot/1.3; +https://openai.com/gptbot)"
74.7.227.15 - - [21/Nov/2025:01:06:14 -0800] "GET /search.php?channel=156e34&from=https://mollywoppersnyb.com/chat.htm?items/209047298.html&m=2921046028692 HTTP/2.0" 200 86722 "-" "Mozilla/5.0 AppleWebKit/537.36 (KHTML, like Gecko; compatible; GPTBot/1.3; +https://openai.com/gptbot)"
66.249.69.233 - - [21/Nov/2025:01:06:14 -0800] "GET /?market=1696518028 HTTP/1.1" 200 30565 "-" "Mozilla/5.0 (Linux; Android 6.0.1; Nexus 5X Build/MMB29P) AppleWebKit/537.36 (KHTML, like Gecko) Chrome/141.0.7390.122 Mobile Safari/537.36 (compatible; Googlebot/2.1; +http://www.google.com/bot.html)"
98.83.10.183 - - [21/Nov/2025:01:06:14 -0800] "GET /?path=//sys/class/tty/ptype/subsystem/ptyp1/subsystem/ttyv1/subsystem/ttyp0/subsystem/console HTTP/1.1" 200 6627 "-" "Mozilla/5.0 AppleWebKit/537.36 (KHTML, like Gecko; compatible; Amazonbot/0.1; +https://developer.amazon.com/support/amazonbot) Chrome/119.0.6045.214 Safari/537.36"
74.7.227.15 - - [21/Nov/2025:01:06:15 -0800] "GET /search.php?workout238015764.html HTTP/2.0" 200 86647 "-" "Mozilla/5.0 AppleWebKit/537.36 (KHTML, like Gecko; compatible; GPTBot/1.3; +https://openai.com/gptbot)"
74.7.227.15 - - [21/Nov/2025:01:06:17 -0800] "GET /search.php?channel=156e34&from=https://mollywoppersnyb.com/chat.htm?items/051042212.html&m=2921046028692 HTTP/2.0" 200 86219 "-" "Mozilla/5.0 AppleWebKit/537.36 (KHTML, like Gecko; compatible; GPTBot/1.3; +https://openai.com/gptbot)"
34.225.24.180 - - [21/Nov/2025:01:06:18 -0800] "GET /?path=//sys/class/tty/ptype/subsystem/ttynull/subsystem/ttyp1/subsystem/ttyp0/subsystem/ttyp1 HTTP/1.1" 200 6561 "-" "Mozilla/5.0 AppleWebKit/537.36 (KHTML, like Gecko; compatible; Amazonbot/0.1; +https://developer.amazon.com/support/amazonbot) Chrome/119.0.6045.214 Safari/537.36"
74.7.227.15 - - [21/Nov/2025:01:06:18 -0800] "GET /search.php?channel=156e34&from=https://mollywoppersnyb.com/chat.htm?items/269002912.html&m=2921046028692 HTTP/2.0" 200 86611 "-" "Mozilla/5.0 AppleWebKit/537.36 (KHTML, like Gecko; compatible; GPTBot/1.3; +https://openai.com/gptbot)"
74.7.227.15 - - [21/Nov/2025:01:06:20 -0800] "GET /search.php?channel=156e34&from=https://mollywoppersnyb.com/chat.htm?items/128007599.html&m=2921046028692 HTTP/2.0" 200 86065 "-" "Mozilla/5.0 AppleWebKit/537.36 (KHTML, like Gecko; compatible; GPTBot/1.3; +https://openai.com/gptbot)"
74.7.227.15 - - [21/Nov/2025:01:06:21 -0800] "GET /search.php?channel=156e34&from=https://mollywoppersnyb.com/chat.htm?eating202045352.html&m=2921046028692 HTTP/2.0" 200 87141 "-" "Mozilla/5.0 AppleWebKit/537.36 (KHTML, like Gecko; compatible; GPTBot/1.3; +https://openai.com/gptbot)"
52.44.229.124 - - [21/Nov/2025:01:06:22 -0800] "GET /?path=//sys/class/tty/ptype/subsystem/ttyvd/subsystem/ttyv1/subsystem/ttyp0/subsystem/ptmx HTTP/1.1" 200 6527 "-" "Mozilla/5.0 AppleWebKit/537.36 (KHTML, like Gecko; compatible; Amazonbot/0.1; +https://developer.amazon.com/support/amazonbot) Chrome/119.0.6045.214 Safari/537.36"
74.7.227.15 - - [21/Nov/2025:01:06:22 -0800] "GET /search.php?channel=156e34&from=https://mollywoppersnyb.com/chat.htm?strike252008210.html&m=2921046028692 HTTP/2.0" 200 87086 "-" "Mozilla/5.0 AppleWebKit/537.36 (KHTML, like Gecko; compatible; GPTBot/1.3; +https://openai.com/gptbot)"
66.249.69.233 - - [21/Nov/2025:01:06:23 -0800] "GET /market/292853326 HTTP/1.1" 200 25458 "-" "Mozilla/5.0 (Linux; Android 6.0.1; Nexus 5X Build/MMB29P) AppleWebKit/537.36 (KHTML, like Gecko) Chrome/141.0.7390.122 Mobile Safari/537.36 (compatible; GoogleOther)"
74.7.227.15 - - [21/Nov/2025:01:06:24 -0800] "GET /search.php?owner238015764.html HTTP/2.0" 200 86552 "-" "Mozilla/5.0 AppleWebKit/537.36 (KHTML, like Gecko; compatible; GPTBot/1.3; +https://openai.com/gptbot)"
74.7.227.15 - - [21/Nov/2025:01:06:25 -0800] "GET /search.php?undergo155026693.html HTTP/2.0" 200 86061 "-" "Mozilla/5.0 AppleWebKit/537.36 (KHTML, like Gecko; compatible; GPTBot/1.3; +https://openai.com/gptbot)"
74.7.227.15 - - [21/Nov/2025:01:06:26 -0800] "GET /search.php?wrong157026943.html HTTP/2.0" 200 87988 "-" "Mozilla/5.0 AppleWebKit/537.36 (KHTML, like Gecko; compatible; GPTBot/1.3; +https://openai.com/gptbot)"
74.7.227.15 - - [21/Nov/2025:01:06:27 -0800] "GET /search.php?channel=156e34&from=https://mollywoppersnyb.com/chat.htm?level209042363.html&m=2921046028692 HTTP/2.0" 200 86072 "-" "Mozilla/5.0 AppleWebKit/537.36 (KHTML, like Gecko; compatible; GPTBot/1.3; +https://openai.com/gptbot)"
74.7.227.15 - - [21/Nov/2025:01:06:29 -0800] "GET /search.php?channel=156e34&from=https://mollywoppersnyb.com/chat.htm?items/209047242.html&m=2921046028692 HTTP/2.0" 200 86711 "-" "Mozilla/5.0 AppleWebKit/537.36 (KHTML, like Gecko; compatible; GPTBot/1.3; +https://openai.com/gptbot)"
66.249.69.233 - - [21/Nov/2025:01:06:29 -0800] "GET /market/18076081 HTTP/1.1" 200 24925 "-" "Mozilla/5.0 (Linux; Android 6.0.1; Nexus 5X Build/MMB29P) AppleWebKit/537.36 (KHTML, like Gecko) Chrome/141.0.7390.122 Mobile Safari/537.36 (compatible; GoogleOther)"
74.7.227.15 - - [21/Nov/2025:01:06:30 -0800] "GET /search.php?channel=156e34&from=https://mollywoppersnyb.com/chat.htm?items/222012319.html&m=2921046028692 HTTP/2.0" 200 86049 "-" "Mozilla/5.0 AppleWebKit/537.36 (KHTML, like Gecko; compatible; GPTBot/1.3; +https://openai.com/gptbot)"
74.7.227.15 - - [21/Nov/2025:01:06:31 -0800] "GET /search.php?channel=156e34&from=https://mollywoppersnyb.com/chat.htm?costly213002721.html&m=2921046028692 HTTP/2.0" 200 86442 "-" "Mozilla/5.0 AppleWebKit/537.36 (KHTML, like Gecko; compatible; GPTBot/1.3; +https://openai.com/gptbot)"
74.7.227.15 - - [21/Nov/2025:01:06:32 -0800] "GET /search.php?channel=156e34&from=https://mollywoppersnyb.com/chat.htm?items/006003325.html&m=2921046028692 HTTP/2.0" 200 85845 "-" "Mozilla/5.0 AppleWebKit/537.36 (KHTML, like Gecko; compatible; GPTBot/1.3; +https://openai.com/gptbot)"
74.7.227.15 - - [21/Nov/2025:01:06:33 -0800] "GET /search.php?channel=156e34&from=https://mollywoppersnyb.com/chat.htm?angle293048845.html&m=2921046028692 HTTP/2.0" 200 86210 "-" "Mozilla/5.0 AppleWebKit/537.36 (KHTML, like Gecko; compatible; GPTBot/1.3; +https://openai.com/gptbot)"
74.7.227.15 - - [21/Nov/2025:01:06:35 -0800] "GET /search.php?narrative120025974.html HTTP/2.0" 200 88065 "-" "Mozilla/5.0 AppleWebKit/537.36 (KHTML, like Gecko; compatible; GPTBot/1.3; +https://openai.com/gptbot)"
74.7.227.15 - - [21/Nov/2025:01:06:36 -0800] "GET /search.php?channel=156e34&from=https://mollywoppersnyb.com/chat.htm?items/048029455.html&m=2921046028692 HTTP/2.0" 200 85692 "-" "Mozilla/5.0 AppleWebKit/537.36 (KHTML, like Gecko; compatible; GPTBot/1.3; +https://openai.com/gptbot)"
74.7.227.15 - - [21/Nov/2025:01:06:37 -0800] "GET /search.php?African238015714.html HTTP/2.0" 200 86530 "-" "Mozilla/5.0 AppleWebKit/537.36 (KHTML, like Gecko; compatible; GPTBot/1.3; +https://openai.com/gptbot)"
74.7.227.15 - - [21/Nov/2025:01:06:38 -0800] "GET /search.php?channel=156e34&from=https://mollywoppersnyb.com/chat.htm?items/080040283.html&m=2921046028692 HTTP/2.0" 200 86448 "-" "Mozilla/5.0 AppleWebKit/537.36 (KHTML, like Gecko; compatible; GPTBot/1.3; +https://openai.com/gptbot)"
74.7.227.15 - - [21/Nov/2025:01:06:39 -0800] "GET /search.php?badly238015714.html HTTP/2.0" 200 86407 "-" "Mozilla/5.0 AppleWebKit/537.36 (KHTML, like Gecko; compatible; GPTBot/1.3; +https://openai.com/gptbot)"
74.7.227.15 - - [21/Nov/2025:01:06:41 -0800] "GET /search.php?side238015768.html HTTP/2.0" 200 86384 "-" "Mozilla/5.0 AppleWebKit/537.36 (KHTML, like Gecko; compatible; GPTBot/1.3; +https://openai.com/gptbot)"
98.82.40.168 - - [21/Nov/2025:01:06:42 -0800] "GET /?path=//sys/class/tty/ptype/subsystem/ttype/subsystem/ttysc/subsystem/ptype/subsystem/ttyS0/device HTTP/1.1" 200 6823 "-" "Mozilla/5.0 AppleWebKit/537.36 (KHTML, like Gecko; compatible; Amazonbot/0.1; +https://developer.amazon.com/support/amazonbot) Chrome/119.0.6045.214 Safari/537.36"
74.7.227.15 - - [21/Nov/2025:01:06:42 -0800] "GET /search.php?body275047021.html HTTP/2.0" 200 87512 "-" "Mozilla/5.0 AppleWebKit/537.36 (KHTML, like Gecko; compatible; GPTBot/1.3; +https://openai.com/gptbot)"
66.249.69.233 - - [21/Nov/2025:01:06:42 -0800] "GET /market/1074407206 HTTP/1.1" 200 25502 "-" "Mozilla/5.0 (Linux; Android 6.0.1; Nexus 5X Build/MMB29P) AppleWebKit/537.36 (KHTML, like Gecko) Chrome/141.0.7390.122 Mobile Safari/537.36 (compatible; GoogleOther)"
74.7.227.15 - - [21/Nov/2025:01:06:43 -0800] "GET /search.php?channel=156e34&from=https://mollywoppersnyb.com/chat.htm?items/273001356.html&m=2921046028692 HTTP/2.0" 200 86559 "-" "Mozilla/5.0 AppleWebKit/537.36 (KHTML, like Gecko; compatible; GPTBot/1.3; +https://openai.com/gptbot)"
74.7.227.15 - - [21/Nov/2025:01:06:45 -0800] "GET /search.php?channel=156e34&from=https://mollywoppersnyb.com/chat.htm?items/181005038.html&m=2921046028692 HTTP/2.0" 200 85816 "-" "Mozilla/5.0 AppleWebKit/537.36 (KHTML, like Gecko; compatible; GPTBot/1.3; +https://openai.com/gptbot)"
44.221.227.90 - - [21/Nov/2025:01:06:46 -0800] "GET /?path=//sys/class/tty/ptype/subsystem/ttyp2/subsystem/ttyza/subsystem/ttype/subsystem/ttyvd HTTP/1.1" 200 6541 "-" "Mozilla/5.0 AppleWebKit/537.36 (KHTML, like Gecko; compatible; Amazonbot/0.1; +https://developer.amazon.com/support/amazonbot) Chrome/119.0.6045.214 Safari/537.36"
74.7.227.15 - - [21/Nov/2025:01:06:46 -0800] "GET /search.php?channel=156e34&from=https://mollywoppersnyb.com/chat.htm?items/008032227.html&m=2921046028692 HTTP/2.0" 200 86309 "-" "Mozilla/5.0 AppleWebKit/537.36 (KHTML, like Gecko; compatible; GPTBot/1.3; +https://openai.com/gptbot)"
74.7.227.15 - - [21/Nov/2025:01:06:47 -0800] "GET /search.php?once238015768.html HTTP/2.0" 200 86237 "-" "Mozilla/5.0 AppleWebKit/537.36 (KHTML, like Gecko; compatible; GPTBot/1.3; +https://openai.com/gptbot)"
74.7.227.15 - - [21/Nov/2025:01:06:48 -0800] "GET /search.php?product/edit/0101marui-ce018178040101-1 HTTP/2.0" 200 87622 "-" "Mozilla/5.0 AppleWebKit/537.36 (KHTML, like Gecko; compatible; GPTBot/1.3; +https://openai.com/gptbot)"
74.7.227.15 - - [21/Nov/2025:01:06:49 -0800] "GET /search.php?channel=156e34&from=https://mollywoppersnyb.com/chat.htm?mass280003684.html&m=2921046028692 HTTP/2.0" 200 86221 "-" "Mozilla/5.0 AppleWebKit/537.36 (KHTML, like Gecko; compatible; GPTBot/1.3; +https://openai.com/gptbot)"
3.227.180.70 - - [21/Nov/2025:01:06:50 -0800] "GET /home/?path=//sys/class/tty/ptype/subsystem/ttyp2/subsystem/ttyp1/subsystem/ttyv2/subsystem/console HTTP/1.1" 200 6573 "-" "Mozilla/5.0 AppleWebKit/537.36 (KHTML, like Gecko; compatible; Amazonbot/0.1; +https://developer.amazon.com/support/amazonbot) Chrome/119.0.6045.214 Safari/537.36"
74.7.227.15 - - [21/Nov/2025:01:06:50 -0800] "GET /search.php?channel=156e34&from=https://mollywoppersnyb.com/chat.htm?items/215003430.html&m=2921046028692 HTTP/2.0" 200 88023 "-" "Mozilla/5.0 AppleWebKit/537.36 (KHTML, like Gecko; compatible; GPTBot/1.3; +https://openai.com/gptbot)"
74.7.227.15 - - [21/Nov/2025:01:06:52 -0800] "GET /search.php?favor238015770.html HTTP/2.0" 200 86428 "-" "Mozilla/5.0 AppleWebKit/537.36 (KHTML, like Gecko; compatible; GPTBot/1.3; +https://openai.com/gptbot)"
74.7.227.15 - - [21/Nov/2025:01:06:53 -0800] "GET /search.php?channel=156e34&from=https://mollywoppersnyb.com/chat.htm?items/279041046.html&m=2921046028692 HTTP/2.0" 200 85842 "-" "Mozilla/5.0 AppleWebKit/537.36 (KHTML, like Gecko; compatible; GPTBot/1.3; +https://openai.com/gptbot)"
44.197.76.210 - - [21/Nov/2025:01:06:54 -0800] "GET /?path=//sys/class/tty/ptype/subsystem/ttyua/subsystem/ttyp1/subsystem/ttysc/subsystem/ptmx HTTP/1.1" 200 6522 "-" "Mozilla/5.0 AppleWebKit/537.36 (KHTML, like Gecko; compatible; Amazonbot/0.1; +https://developer.amazon.com/support/amazonbot) Chrome/119.0.6045.214 Safari/537.36"
74.7.227.15 - - [21/Nov/2025:01:06:54 -0800] "GET /search.php?channel=156e34&from=https://mollywoppersnyb.com/chat.htm?items/179019466.html&m=2921046028692 HTTP/2.0" 200 86178 "-" "Mozilla/5.0 AppleWebKit/537.36 (KHTML, like Gecko; compatible; GPTBot/1.3; +https://openai.com/gptbot)"
66.249.69.233 - - [21/Nov/2025:01:06:55 -0800] "GET /market/255626958 HTTP/1.1" 200 24658 "-" "Mozilla/5.0 (Linux; Android 6.0.1; Nexus 5X Build/MMB29P) AppleWebKit/537.36 (KHTML, like Gecko) Chrome/141.0.7390.122 Mobile Safari/537.36 (compatible; GoogleOther)"
74.7.227.15 - - [21/Nov/2025:01:06:56 -0800] "GET /search.php?channel=156e34&from=https://mollywoppersnyb.com/chat.htm?items/161045428.html&m=2921046028692 HTTP/2.0" 200 85805 "-" "Mozilla/5.0 AppleWebKit/537.36 (KHTML, like Gecko; compatible; GPTBot/1.3; +https://openai.com/gptbot)"
66.249.69.233 - - [21/Nov/2025:01:06:56 -0800] "GET /?market=1696723419 HTTP/1.1" 200 26187 "-" "Mozilla/5.0 (Linux; Android 6.0.1; Nexus 5X Build/MMB29P) AppleWebKit/537.36 (KHTML, like Gecko) Chrome/141.0.7390.122 Mobile Safari/537.36 (compatible; Googlebot/2.1; +http://www.google.com/bot.html)"
52.2.83.227 - - [21/Nov/2025:01:06:58 -0800] "GET /?path=//sys/class/tty/ptype/subsystem/ptype/subsystem/ttyrf/subsystem/ttyqb/subsystem/ptyp1 HTTP/1.1" 200 6562 "-" "Mozilla/5.0 AppleWebKit/537.36 (KHTML, like Gecko; compatible; Amazonbot/0.1; +https://developer.amazon.com/support/amazonbot) Chrome/119.0.6045.214 Safari/537.36"
74.7.227.15 - - [21/Nov/2025:01:06:57 -0800] "GET /search.php?drunk238015778.html HTTP/2.0" 200 86572 "-" "Mozilla/5.0 AppleWebKit/537.36 (KHTML, like Gecko; compatible; GPTBot/1.3; +https://openai.com/gptbot)"
52.167.144.177 - - [21/Nov/2025:01:06:59 -0800] "GET /?market=2198580849 HTTP/2.0" 200 132 "-" "Mozilla/5.0 AppleWebKit/537.36 (KHTML, like Gecko; compatible; bingbot/2.0; +http://www.bing.com/bingbot.htm) Chrome/116.0.1938.76 Safari/537.36"
74.7.227.15 - - [21/Nov/2025:01:07:00 -0800] "GET /search.php?channel=156e34&from=https://mollywoppersnyb.com/chat.htm?cotton273000897.html&m=2921046028692 HTTP/2.0" 200 86492 "-" "Mozilla/5.0 AppleWebKit/537.36 (KHTML, like Gecko; compatible; GPTBot/1.3; +https://openai.com/gptbot)"
66.249.69.234 - - [21/Nov/2025:01:07:01 -0800] "GET /market/399401269 HTTP/1.1" 200 24741 "-" "Mozilla/5.0 (Linux; Android 6.0.1; Nexus 5X Build/MMB29P) AppleWebKit/537.36 (KHTML, like Gecko) Chrome/141.0.7390.122 Mobile Safari/537.36 (compatible; GoogleOther)"
74.7.227.15 - - [21/Nov/2025:01:07:01 -0800] "GET /search.php?wind065018147.html HTTP/2.0" 200 86417 "-" "Mozilla/5.0 AppleWebKit/537.36 (KHTML, like Gecko; compatible; GPTBot/1.3; +https://openai.com/gptbot)"
74.7.227.15 - - [21/Nov/2025:01:07:03 -0800] "GET /search.php?thick238015714.html HTTP/2.0" 200 86374 "-" "Mozilla/5.0 AppleWebKit/537.36 (KHTML, like Gecko; compatible; GPTBot/1.3; +https://openai.com/gptbot)"
