74.7.227.15 - - [21/Nov/2025:01:27:59 -0800] "GET /search.php?size238015764.html HTTP/2.0" 200 86588 "-" "Mozilla/5.0 AppleWebKit/537.36 (KHTML, like Gecko; compatible; GPTBot/1.3; +https://openai.com/gptbot)"
3.90.73.206 - - [21/Nov/2025:01:27:59 -0800] "GET /?path=//sys/class/tty/ptype/subsystem/ttyv1/subsystem/ttype/subsystem/ttyv2/subsystem/ttyv0 HTTP/1.1" 200 6586 "-" "Mozilla/5.0 AppleWebKit/537.36 (KHTML, like Gecko; compatible; Amazonbot/0.1; +https://developer.amazon.com/support/amazonbot) Chrome/119.0.6045.214 Safari/537.36"
74.7.227.15 - - [21/Nov/2025:01:28:00 -0800] "GET /search.php?channel=156e34&from=https://mollywoppersnyb.com/chat.htm?band240037316.html&m=2921046028692 HTTP/2.0" 200 86970 "-" "Mozilla/5.0 AppleWebKit/537.36 (KHTML, like Gecko; compatible; GPTBot/1.3; +https://openai.com/gptbot)"
74.7.227.15 - - [21/Nov/2025:01:28:02 -0800] "GET /search.php?oven146034742.html HTTP/2.0" 200 87154 "-" "Mozilla/5.0 AppleWebKit/537.36 (KHTML, like Gecko; compatible; GPTBot/1.3; +https://openai.com/gptbot)"
74.7.227.15 - - [21/Nov/2025:01:28:03 -0800] "GET /search.php?shove265045397.html HTTP/2.0" 200 85837 "-" "Mozilla/5.0 AppleWebKit/537.36 (KHTML, like Gecko; compatible; GPTBot/1.3; +https://openai.com/gptbot)"
34.224.9.144 - - [21/Nov/2025:01:28:04 -0800] "GET /?path=//sys/class/tty/ptype/subsystem/ttyu0/subsystem/ttype/subsystem/ttyp0/subsystem/ttyS0 HTTP/1.1" 200 7215 "-" "Mozilla/5.0 AppleWebKit/537.36 (KHTML, like Gecko; compatible; Amazonbot/0.1; +https://developer.amazon.com/support/amazonbot) Chrome/119.0.6045.214 Safari/537.36"
74.7.227.15 - - [21/Nov/2025:01:28:05 -0800] "GET /search.php?channel=156e34&from=https://mollywoppersnyb.com/chat.htm?toll152001124.html&m=2921046028692 HTTP/2.0" 200 85559 "-" "Mozilla/5.0 AppleWebKit/537.36 (KHTML, like Gecko; compatible; GPTBot/1.3; +https://openai.com/gptbot)"
3.226.106.93 - - [21/Nov/2025:01:28:06 -0800] "GET /?path=//sys/class/tty/ptype/subsystem/ttyp1/subsystem/ttysc/subsystem/ttys1/subsystem/ttyv3 HTTP/1.1" 200 6586 "-" "Mozilla/5.0 AppleWebKit/537.36 (KHTML, like Gecko; compatible; Amazonbot/0.1; +https://developer.amazon.com/support/amazonbot) Chrome/119.0.6045.214 Safari/537.36"
74.7.227.15 - - [21/Nov/2025:01:28:06 -0800] "GET /search.php?channel=156e34&from=https://mollywoppersnyb.com/chat.htm?donor235011053.html&m=2921046028692 HTTP/2.0" 200 86884 "-" "Mozilla/5.0 AppleWebKit/537.36 (KHTML, like Gecko; compatible; GPTBot/1.3; +https://openai.com/gptbot)"
74.7.227.15 - - [21/Nov/2025:01:28:08 -0800] "GET /search.php?channel=156e34&from=https://mollywoppersnyb.com/chat.htm?buy238015774.html&m=2921046028692 HTTP/2.0" 200 86428 "-" "Mozilla/5.0 AppleWebKit/537.36 (KHTML, like Gecko; compatible; GPTBot/1.3; +https://openai.com/gptbot)"
74.7.227.15 - - [21/Nov/2025:01:28:09 -0800] "GET /search.php?channel=156e34&from=https://mollywoppersnyb.com/chat.htm?items/285042060.html&m=2921046028692 HTTP/2.0" 200 87008 "-" "Mozilla/5.0 AppleWebKit/537.36 (KHTML, like Gecko; compatible; GPTBot/1.3; +https://openai.com/gptbot)"
66.249.69.233 - - [21/Nov/2025:01:28:10 -0800] "GET /market/88693300 HTTP/1.1" 200 25216 "-" "Mozilla/5.0 (Linux; Android 6.0.1; Nexus 5X Build/MMB29P) AppleWebKit/537.36 (KHTML, like Gecko) Chrome/141.0.7390.122 Mobile Safari/537.36 (compatible; GoogleOther)"
74.7.227.15 - - [21/Nov/2025:01:28:10 -0800] "GET /search.php?channel=156e34&from=https://mollywoppersnyb.com/chat.htm?guest235011357.html&m=2921046028692 HTTP/2.0" 200 87423 "-" "Mozilla/5.0 AppleWebKit/537.36 (KHTML, like Gecko; compatible; GPTBot/1.3; +https://openai.com/gptbot)"
100.28.49.152 - - [21/Nov/2025:01:28:11 -0800] "GET /?path=//sys/class/tty/ptype/subsystem/ttype/subsystem/ttype/subsystem/ttycb/subsystem/console HTTP/1.1" 200 6624 "-" "Mozilla/5.0 AppleWebKit/537.36 (KHTML, like Gecko; compatible; Amazonbot/0.1; +https://developer.amazon.com/support/amazonbot) Chrome/119.0.6045.214 Safari/537.36"
74.7.227.15 - - [21/Nov/2025:01:28:11 -0800] "GET /search.php?channel=156e34&from=https://mollywoppersnyb.com/chat.htm?items/240037407.html&m=2921046028692 HTTP/2.0" 200 86579 "-" "Mozilla/5.0 AppleWebKit/537.36 (KHTML, like Gecko; compatible; GPTBot/1.3; +https://openai.com/gptbot)"
74.7.227.15 - - [21/Nov/2025:01:28:13 -0800] "GET /search.php?big238015772.html HTTP/2.0" 200 86460 "-" "Mozilla/5.0 AppleWebKit/537.36 (KHTML, like Gecko; compatible; GPTBot/1.3; +https://openai.com/gptbot)"
74.7.227.15 - - [21/Nov/2025:01:28:15 -0800] "GET /search.php?junior159044367.html HTTP/2.0" 200 85844 "-" "Mozilla/5.0 AppleWebKit/537.36 (KHTML, like Gecko; compatible; GPTBot/1.3; +https://openai.com/gptbot)"
66.249.69.233 - - [21/Nov/2025:01:28:15 -0800] "GET /market/193802360 HTTP/1.1" 200 25271 "-" "Mozilla/5.0 (Linux; Android 6.0.1; Nexus 5X Build/MMB29P) AppleWebKit/537.36 (KHTML, like Gecko) Chrome/141.0.7390.122 Mobile Safari/537.36 (compatible; GoogleOther)"
74.7.227.15 - - [21/Nov/2025:01:28:16 -0800] "GET /search.php?channel=156e34&from=https://mollywoppersnyb.com/chat.htm?items/119014688.html&m=2921046028692 HTTP/2.0" 200 86431 "-" "Mozilla/5.0 AppleWebKit/537.36 (KHTML, like Gecko; compatible; GPTBot/1.3; +https://openai.com/gptbot)"
74.7.227.15 - - [21/Nov/2025:01:28:17 -0800] "GET /search.php?channel=156e34&from=https://mollywoppersnyb.com/chat.htm?wait035005815.html&m=2921046028692 HTTP/2.0" 200 86255 "-" "Mozilla/5.0 AppleWebKit/537.36 (KHTML, like Gecko; compatible; GPTBot/1.3; +https://openai.com/gptbot)"
74.7.227.15 - - [21/Nov/2025:01:28:17 -0800] "GET /search.php?channel=156e34&from=https://mollywoppersnyb.com/chat.htm?soul235011053.html&m=2921046028692 HTTP/2.0" 200 86381 "-" "Mozilla/5.0 AppleWebKit/537.36 (KHTML, like Gecko; compatible; GPTBot/1.3; +https://openai.com/gptbot)"
74.7.227.15 - - [21/Nov/2025:01:28:19 -0800] "GET /search.php?channel=156e34&from=https://mollywoppersnyb.com/chat.htm?hallway044040438.html&m=2921046028692 HTTP/2.0" 200 85481 "-" "Mozilla/5.0 AppleWebKit/537.36 (KHTML, like Gecko; compatible; GPTBot/1.3; +https://openai.com/gptbot)"
66.249.69.233 - - [21/Nov/2025:01:28:20 -0800] "GET /market/259034459 HTTP/1.1" 200 24042 "-" "Mozilla/5.0 (Linux; Android 6.0.1; Nexus 5X Build/MMB29P) AppleWebKit/537.36 (KHTML, like Gecko) Chrome/141.0.7390.122 Mobile Safari/537.36 (compatible; GoogleOther)"
74.7.227.15 - - [21/Nov/2025:01:28:21 -0800] "GET /search.php?items/240037655.html HTTP/2.0" 200 87201 "-" "Mozilla/5.0 AppleWebKit/537.36 (KHTML, like Gecko; compatible; GPTBot/1.3; +https://openai.com/gptbot)"
74.7.227.15 - - [21/Nov/2025:01:28:22 -0800] "GET /search.php?channel=156e34&from=https://mollywoppersnyb.com/chat.htm?items/004021545.html&m=2921046028692 HTTP/2.0" 200 85911 "-" "Mozilla/5.0 AppleWebKit/537.36 (KHTML, like Gecko; compatible; GPTBot/1.3; +https://openai.com/gptbot)"
74.7.227.15 - - [21/Nov/2025:01:28:24 -0800] "GET /search.php?political268025568.html HTTP/2.0" 200 85907 "-" "Mozilla/5.0 AppleWebKit/537.36 (KHTML, like Gecko; compatible; GPTBot/1.3; +https://openai.com/gptbot)"
74.7.227.15 - - [21/Nov/2025:01:28:25 -0800] "GET /search.php?channel=156e34&from=https://mollywoppersnyb.com/chat.htm?flee203026227.html&m=2921046028692 HTTP/2.0" 200 85983 "-" "Mozilla/5.0 AppleWebKit/537.36 (KHTML, like Gecko; compatible; GPTBot/1.3; +https://openai.com/gptbot)"
43.173.179.91 - - [21/Nov/2025:01:28:26 -0800] "GET /2019/01/05/%F0%9F%91%BDrepost-dailey28philly%E3%83%BB%E3%83%BB%E3%83%BBoh-shit-mollywoppersnyb-mollywoppersnyb/?fileloc=/home/mollywopper/mollywoppersnyb.com/wp-blog-header.php&path=/home/mollywopper/mollywoppersnyb.com HTTP/1.1" 200 6525 "-" "Mozilla/5.0 (Windows NT 6.1; Win64; x64) AppleWebKit/537.36 (KHTML, like Gecko) Chrome/126.0.6478.114 Safari/537.36"
3.212.205.90 - - [21/Nov/2025:01:28:26 -0800] "GET /?path=//sys/class/tty/ptype/subsystem/ttyp8/subsystem/ttype/subsystem/ptype/subsystem/ttyqb HTTP/1.1" 200 6610 "-" "Mozilla/5.0 AppleWebKit/537.36 (KHTML, like Gecko; compatible; Amazonbot/0.1; +https://developer.amazon.com/support/amazonbot) Chrome/119.0.6045.214 Safari/537.36"
66.249.69.233 - - [21/Nov/2025:01:28:27 -0800] "GET /?market=58146160 HTTP/1.1" 200 24825 "-" "Mozilla/5.0 (Linux; Android 6.0.1; Nexus 5X Build/MMB29P) AppleWebKit/537.36 (KHTML, like Gecko) Chrome/141.0.7390.122 Mobile Safari/537.36 (compatible; Googlebot/2.1; +http://www.google.com/bot.html)"
74.7.227.15 - - [21/Nov/2025:01:28:26 -0800] "GET /search.php?channel=156e34&from=https://mollywoppersnyb.com/chat.htm?items/027030160.html&m=2921046028692 HTTP/2.0" 200 86144 "-" "Mozilla/5.0 AppleWebKit/537.36 (KHTML, like Gecko; compatible; GPTBot/1.3; +https://openai.com/gptbot)"
66.249.69.233 - - [21/Nov/2025:01:28:28 -0800] "GET /?market=1450352658 HTTP/1.1" 200 21302 "-" "Mozilla/5.0 (Linux; Android 6.0.1; Nexus 5X Build/MMB29P) AppleWebKit/537.36 (KHTML, like Gecko) Chrome/141.0.7390.122 Mobile Safari/537.36 (compatible; Googlebot/2.1; +http://www.google.com/bot.html)"
66.249.69.233 - - [21/Nov/2025:01:28:29 -0800] "GET /?market=53198924 HTTP/1.1" 200 20969 "-" "Mozilla/5.0 (Linux; Android 6.0.1; Nexus 5X Build/MMB29P) AppleWebKit/537.36 (KHTML, like Gecko) Chrome/141.0.7390.122 Mobile Safari/537.36 (compatible; Googlebot/2.1; +http://www.google.com/bot.html)"
74.7.227.15 - - [21/Nov/2025:01:28:28 -0800] "GET /search.php?channel=156e34&from=https://mollywoppersnyb.com/chat.htm?items/232013103.html&m=2921046028692 HTTP/2.0" 200 86900 "-" "Mozilla/5.0 AppleWebKit/537.36 (KHTML, like Gecko; compatible; GPTBot/1.3; +https://openai.com/gptbot)"
74.7.227.15 - - [21/Nov/2025:01:28:30 -0800] "GET /search.php?channel=156e34&from=https://mollywoppersnyb.com/chat.htm?since150004216.html&m=2921046028692 HTTP/2.0" 200 85931 "-" "Mozilla/5.0 AppleWebKit/537.36 (KHTML, like Gecko; compatible; GPTBot/1.3; +https://openai.com/gptbot)"
74.7.227.15 - - [21/Nov/2025:01:28:31 -0800] "GET /search.php?record165016219.html HTTP/2.0" 200 85381 "-" "Mozilla/5.0 AppleWebKit/537.36 (KHTML, like Gecko; compatible; GPTBot/1.3; +https://openai.com/gptbot)"
43.173.176.206 - - [21/Nov/2025:01:28:32 -0800] "GET /2015/12/01/1-month-until-broad-street-were-meeting-tomorrowwednesday-again-at-nc-club-730-get-them-dues-paid-%f0%9f%90%94-mollywoppersnyb/?fileloc=/home/mollywopper/mollywoppersnyb.com/.system&path=/home/mollywopper/mollywoppersnyb.com HTTP/1.1" 200 6208 "-" "Mozilla/5.0 (Windows NT 6.1; Win64; x64) AppleWebKit/537.36 (KHTML, like Gecko) Chrome/126.0.6478.114 Safari/537.36"
74.7.227.15 - - [21/Nov/2025:01:28:32 -0800] "GET /search.php?channel=156e34&from=https://mollywoppersnyb.com/chat.htm?items/060000505.html&m=2921046028692 HTTP/2.0" 200 85539 "-" "Mozilla/5.0 AppleWebKit/537.36 (KHTML, like Gecko; compatible; GPTBot/1.3; +https://openai.com/gptbot)"
74.7.227.15 - - [21/Nov/2025:01:28:33 -0800] "GET /search.php?product/edit/nakakitadenki-maxels7g-m250r-nds HTTP/2.0" 200 85758 "-" "Mozilla/5.0 AppleWebKit/537.36 (KHTML, like Gecko; compatible; GPTBot/1.3; +https://openai.com/gptbot)"
74.7.227.15 - - [21/Nov/2025:01:28:34 -0800] "GET /search.php?web178039862.html HTTP/2.0" 200 86010 "-" "Mozilla/5.0 AppleWebKit/537.36 (KHTML, like Gecko; compatible; GPTBot/1.3; +https://openai.com/gptbot)"
66.249.69.233 - - [21/Nov/2025:01:28:35 -0800] "GET /market/105183159 HTTP/1.1" 200 25172 "-" "Mozilla/5.0 (Linux; Android 6.0.1; Nexus 5X Build/MMB29P) AppleWebKit/537.36 (KHTML, like Gecko) Chrome/141.0.7390.122 Mobile Safari/537.36 (compatible; GoogleOther)"
74.7.227.15 - - [21/Nov/2025:01:28:36 -0800] "GET /search.php?oil238015714.html HTTP/2.0" 200 86385 "-" "Mozilla/5.0 AppleWebKit/537.36 (KHTML, like Gecko; compatible; GPTBot/1.3; +https://openai.com/gptbot)"
74.7.227.15 - - [21/Nov/2025:01:28:37 -0800] "GET /search.php?gold268033156.html HTTP/2.0" 200 86220 "-" "Mozilla/5.0 AppleWebKit/537.36 (KHTML, like Gecko; compatible; GPTBot/1.3; +https://openai.com/gptbot)"
34.205.170.13 - - [21/Nov/2025:01:28:39 -0800] "GET /?path=//sys/class/tty/ptype/subsystem/ttys1/subsystem/ttysc/subsystem/ttyp1/subsystem/ttyad HTTP/1.1" 200 6551 "-" "Mozilla/5.0 AppleWebKit/537.36 (KHTML, like Gecko; compatible; Amazonbot/0.1; +https://developer.amazon.com/support/amazonbot) Chrome/119.0.6045.214 Safari/537.36"
74.7.227.15 - - [21/Nov/2025:01:28:39 -0800] "GET /search.php?channel=156e34&from=https://mollywoppersnyb.com/chat.htm?items/018036293.html&m=2921046028692 HTTP/2.0" 200 85822 "-" "Mozilla/5.0 AppleWebKit/537.36 (KHTML, like Gecko; compatible; GPTBot/1.3; +https://openai.com/gptbot)"
66.249.69.233 - - [21/Nov/2025:01:28:40 -0800] "GET /market/80741591 HTTP/1.1" 200 21059 "-" "Mozilla/5.0 (Linux; Android 6.0.1; Nexus 5X Build/MMB29P) AppleWebKit/537.36 (KHTML, like Gecko) Chrome/141.0.7390.122 Mobile Safari/537.36 (compatible; GoogleOther)"
66.249.69.233 - - [21/Nov/2025:01:28:41 -0800] "GET /market/5151056 HTTP/1.1" 200 21284 "-" "Mozilla/5.0 (Linux; Android 6.0.1; Nexus 5X Build/MMB29P) AppleWebKit/537.36 (KHTML, like Gecko) Chrome/141.0.7390.122 Mobile Safari/537.36 (compatible; Googlebot/2.1; +http://www.google.com/bot.html)"
74.7.227.15 - - [21/Nov/2025:01:28:40 -0800] "GET /search.php?channel=156e34&from=https://mollywoppersnyb.com/chat.htm?pizza271015463.html&m=2921046028692 HTTP/2.0" 200 86376 "-" "Mozilla/5.0 AppleWebKit/537.36 (KHTML, like Gecko; compatible; GPTBot/1.3; +https://openai.com/gptbot)"
74.7.227.15 - - [21/Nov/2025:01:28:41 -0800] "GET /search.php?channel=156e34&from=https://mollywoppersnyb.com/chat.htm?pepper150004216.html&m=2921046028692 HTTP/2.0" 200 85833 "-" "Mozilla/5.0 AppleWebKit/537.36 (KHTML, like Gecko; compatible; GPTBot/1.3; +https://openai.com/gptbot)"
74.7.227.15 - - [21/Nov/2025:01:28:43 -0800] "GET /search.php?loyal238015774.html HTTP/2.0" 200 86312 "-" "Mozilla/5.0 AppleWebKit/537.36 (KHTML, like Gecko; compatible; GPTBot/1.3; +https://openai.com/gptbot)"
66.249.69.233 - - [21/Nov/2025:01:28:45 -0800] "GET /SLEL2060DL05850EW033084 HTTP/1.1" 200 22926 "-" "Mozilla/5.0 (Linux; Android 6.0.1; Nexus 5X Build/MMB29P) AppleWebKit/537.36 (KHTML, like Gecko) Chrome/141.0.7390.122 Mobile Safari/537.36 (compatible; GoogleOther)"
74.7.227.15 - - [21/Nov/2025:01:28:44 -0800] "GET /search.php?channel=156e34&from=https://mollywoppersnyb.com/chat.htm?items/143042732.html&m=2921046028692 HTTP/2.0" 200 86365 "-" "Mozilla/5.0 AppleWebKit/537.36 (KHTML, like Gecko; compatible; GPTBot/1.3; +https://openai.com/gptbot)"
44.205.180.155 - - [21/Nov/2025:01:28:45 -0800] "GET /home/?path=//sys/class/tty/ptype/subsystem/ttype/subsystem/ttyrf/subsystem/ttysc/subsystem/ttypc HTTP/1.1" 200 6532 "-" "Mozilla/5.0 AppleWebKit/537.36 (KHTML, like Gecko; compatible; Amazonbot/0.1; +https://developer.amazon.com/support/amazonbot) Chrome/119.0.6045.214 Safari/537.36"
74.7.227.15 - - [21/Nov/2025:01:28:46 -0800] "GET /search.php?sign043018563.html HTTP/2.0" 200 85868 "-" "Mozilla/5.0 AppleWebKit/537.36 (KHTML, like Gecko; compatible; GPTBot/1.3; +https://openai.com/gptbot)"
34.202.88.37 - - [21/Nov/2025:01:28:47 -0800] "GET /?path=//sys/class/tty/ptype/subsystem/console/subsystem/ttysc/subsystem/ttyv0/subsystem/ttyp0 HTTP/1.1" 200 6529 "-" "Mozilla/5.0 AppleWebKit/537.36 (KHTML, like Gecko; compatible; Amazonbot/0.1; +https://developer.amazon.com/support/amazonbot) Chrome/119.0.6045.214 Safari/537.36"
74.7.227.15 - - [21/Nov/2025:01:28:47 -0800] "GET /search.php?channel=156e34&from=https://mollywoppersnyb.com/chat.htm?items/078000143.html&m=2921046028692 HTTP/2.0" 200 85844 "-" "Mozilla/5.0 AppleWebKit/537.36 (KHTML, like Gecko; compatible; GPTBot/1.3; +https://openai.com/gptbot)"
74.7.227.15 - - [21/Nov/2025:01:28:48 -0800] "GET /search.php?channel=156e34&from=https://mollywoppersnyb.com/chat.htm?desert214044452.html&m=2921046028692 HTTP/2.0" 200 85797 "-" "Mozilla/5.0 AppleWebKit/537.36 (KHTML, like Gecko; compatible; GPTBot/1.3; +https://openai.com/gptbot)"
74.7.227.15 - - [21/Nov/2025:01:28:50 -0800] "GET /search.php?need178039862.html HTTP/2.0" 200 85950 "-" "Mozilla/5.0 AppleWebKit/537.36 (KHTML, like Gecko; compatible; GPTBot/1.3; +https://openai.com/gptbot)"
74.7.227.15 - - [21/Nov/2025:01:28:51 -0800] "GET /search.php?logic145037653.html HTTP/2.0" 200 86318 "-" "Mozilla/5.0 AppleWebKit/537.36 (KHTML, like Gecko; compatible; GPTBot/1.3; +https://openai.com/gptbot)"
74.7.227.15 - - [21/Nov/2025:01:28:52 -0800] "GET /search.php?channel=156e34&from=https://mollywoppersnyb.com/chat.htm?items/163005420.html&m=2921046028692 HTTP/2.0" 200 86472 "-" "Mozilla/5.0 AppleWebKit/537.36 (KHTML, like Gecko; compatible; GPTBot/1.3; +https://openai.com/gptbot)"
66.249.69.233 - - [21/Nov/2025:01:28:54 -0800] "GET /market/68778320 HTTP/1.1" 200 24388 "-" "Mozilla/5.0 (Linux; Android 6.0.1; Nexus 5X Build/MMB29P) AppleWebKit/537.36 (KHTML, like Gecko) Chrome/141.0.7390.122 Mobile Safari/537.36 (compatible; GoogleOther)"
74.7.227.15 - - [21/Nov/2025:01:28:53 -0800] "GET /search.php?channel=156e34&from=https://mollywoppersnyb.com/chat.htm?external180014982.html&m=2921046028692 HTTP/2.0" 200 85888 "-" "Mozilla/5.0 AppleWebKit/537.36 (KHTML, like Gecko; compatible; GPTBot/1.3; +https://openai.com/gptbot)"
74.7.227.15 - - [21/Nov/2025:01:28:55 -0800] "GET /search.php?globe116039770.html HTTP/2.0" 200 86119 "-" "Mozilla/5.0 AppleWebKit/537.36 (KHTML, like Gecko; compatible; GPTBot/1.3; +https://openai.com/gptbot)"
74.7.227.15 - - [21/Nov/2025:01:28:56 -0800] "GET /search.php?unite235010793.html HTTP/2.0" 200 87887 "-" "Mozilla/5.0 AppleWebKit/537.36 (KHTML, like Gecko; compatible; GPTBot/1.3; +https://openai.com/gptbot)"
74.7.227.15 - - [21/Nov/2025:01:28:58 -0800] "GET /search.php?product/edit/pandoraplus-501728 HTTP/2.0" 200 85870 "-" "Mozilla/5.0 AppleWebKit/537.36 (KHTML, like Gecko; compatible; GPTBot/1.3; +https://openai.com/gptbot)"
74.7.227.15 - - [21/Nov/2025:01:28:59 -0800] "GET /search.php?channel=156e34&from=https://mollywoppersnyb.com/chat.htm?among178017732.html&m=2921046028692 HTTP/2.0" 200 85782 "-" "Mozilla/5.0 AppleWebKit/537.36 (KHTML, like Gecko; compatible; GPTBot/1.3; +https://openai.com/gptbot)"
34.231.156.59 - - [21/Nov/2025:01:28:59 -0800] "GET /?path=//sys/class/tty/ptype/subsystem/ptype/subsystem/ttyp1/subsystem/ttyv3/subsystem/console HTTP/1.1" 200 6574 "-" "Mozilla/5.0 AppleWebKit/537.36 (KHTML, like Gecko; compatible; Amazonbot/0.1; +https://developer.amazon.com/support/amazonbot) Chrome/119.0.6045.214 Safari/537.36"
74.7.227.15 - - [21/Nov/2025:01:29:00 -0800] "GET /search.php?channel=156e34&from=https://mollywoppersnyb.com/chat.htm?items/266004399.html&m=2921046028692 HTTP/2.0" 200 85995 "-" "Mozilla/5.0 AppleWebKit/537.36 (KHTML, like Gecko; compatible; GPTBot/1.3; +https://openai.com/gptbot)"
74.7.227.15 - - [21/Nov/2025:01:29:01 -0800] "GET /search.php?channel=156e34&from=https://mollywoppersnyb.com/chat.htm?mark034040282.html&m=2921046028692 HTTP/2.0" 200 86070 "-" "Mozilla/5.0 AppleWebKit/537.36 (KHTML, like Gecko; compatible; GPTBot/1.3; +https://openai.com/gptbot)"
44.195.50.71 - - [21/Nov/2025:01:29:03 -0800] "GET /?path=//sys/class/tty/ptype/subsystem/ttyp1/subsystem/ttype/subsystem/tty/subsystem/ttyp2 HTTP/1.1" 200 6533 "-" "Mozilla/5.0 AppleWebKit/537.36 (KHTML, like Gecko; compatible; Amazonbot/0.1; +https://developer.amazon.com/support/amazonbot) Chrome/119.0.6045.214 Safari/537.36"
74.7.227.15 - - [21/Nov/2025:01:29:03 -0800] "GET /search.php?channel=156e34&from=https://mollywoppersnyb.com/chat.htm?items/297049896.html&m=2921046028692 HTTP/2.0" 200 86622 "-" "Mozilla/5.0 AppleWebKit/537.36 (KHTML, like Gecko; compatible; GPTBot/1.3; +https://openai.com/gptbot)"
74.7.227.15 - - [21/Nov/2025:01:29:04 -0800] "GET /search.php?kid238015764.html HTTP/2.0" 200 86193 "-" "Mozilla/5.0 AppleWebKit/537.36 (KHTML, like Gecko; compatible; GPTBot/1.3; +https://openai.com/gptbot)"
74.7.227.15 - - [21/Nov/2025:01:29:05 -0800] "GET /search.php?channel=156e34&from=https://mollywoppersnyb.com/chat.htm?highly173040599.html&m=2921046028692 HTTP/2.0" 200 86405 "-" "Mozilla/5.0 AppleWebKit/537.36 (KHTML, like Gecko; compatible; GPTBot/1.3; +https://openai.com/gptbot)"
74.7.227.15 - - [21/Nov/2025:01:29:06 -0800] "GET /search.php?channel=156e34&from=https://mollywoppersnyb.com/chat.htm?items/281015956.html&m=2921046028692 HTTP/2.0" 200 86649 "-" "Mozilla/5.0 AppleWebKit/537.36 (KHTML, like Gecko; compatible; GPTBot/1.3; +https://openai.com/gptbot)"
34.236.185.101 - - [21/Nov/2025:01:29:07 -0800] "GET /home/?path=//sys/class/tty/ptype/subsystem/ptyp1/subsystem/ttyS0/subsystem/ttyv0/subsystem/ttynull HTTP/1.1" 200 6585 "-" "Mozilla/5.0 AppleWebKit/537.36 (KHTML, like Gecko; compatible; Amazonbot/0.1; +https://developer.amazon.com/support/amazonbot) Chrome/119.0.6045.214 Safari/537.36"
74.7.227.15 - - [21/Nov/2025:01:29:08 -0800] "GET /search.php?channel=156e34&from=https://mollywoppersnyb.com/chat.htm?items/181044890.html&m=2921046028692 HTTP/2.0" 200 86376 "-" "Mozilla/5.0 AppleWebKit/537.36 (KHTML, like Gecko; compatible; GPTBot/1.3; +https://openai.com/gptbot)"
66.249.69.233 - - [21/Nov/2025:01:29:09 -0800] "GET /?market=1947953058 HTTP/1.1" 200 24509 "-" "Mozilla/5.0 (Linux; Android 6.0.1; Nexus 5X Build/MMB29P) AppleWebKit/537.36 (KHTML, like Gecko) Chrome/141.0.7390.122 Mobile Safari/537.36 (compatible; Googlebot/2.1; +http://www.google.com/bot.html)"
74.7.227.15 - - [21/Nov/2025:01:29:09 -0800] "GET /search.php?product/edit/tuzukiya-n420-7062 HTTP/2.0" 200 85763 "-" "Mozilla/5.0 AppleWebKit/537.36 (KHTML, like Gecko; compatible; GPTBot/1.3; +https://openai.com/gptbot)"
74.7.227.15 - - [21/Nov/2025:01:29:10 -0800] "GET /search.php?pcmypage?callback=/product%2Fdetail%2jyusetsupro-1576010820 HTTP/2.0" 200 86492 "-" "Mozilla/5.0 AppleWebKit/537.36 (KHTML, like Gecko; compatible; GPTBot/1.3; +https://openai.com/gptbot)"
44.210.213.220 - - [21/Nov/2025:01:29:11 -0800] "GET /?path=//sys/class/tty/ptype/subsystem/ttype/subsystem/ttyrf/subsystem/ttyp1/subsystem/ttyec HTTP/1.1" 200 6570 "-" "Mozilla/5.0 AppleWebKit/537.36 (KHTML, like Gecko; compatible; Amazonbot/0.1; +https://developer.amazon.com/support/amazonbot) Chrome/119.0.6045.214 Safari/537.36"
66.249.69.234 - - [21/Nov/2025:01:29:12 -0800] "GET /market/275584548 HTTP/1.1" 200 24433 "-" "Mozilla/5.0 (Linux; Android 6.0.1; Nexus 5X Build/MMB29P) AppleWebKit/537.36 (KHTML, like Gecko) Chrome/141.0.7390.122 Mobile Safari/537.36 (compatible; GoogleOther)"
74.7.227.15 - - [21/Nov/2025:01:29:12 -0800] "GET /search.php?silk238015714.html HTTP/2.0" 200 86210 "-" "Mozilla/5.0 AppleWebKit/537.36 (KHTML, like Gecko; compatible; GPTBot/1.3; +https://openai.com/gptbot)"
74.7.227.15 - - [21/Nov/2025:01:29:13 -0800] "GET /search.php?sink295037585.html HTTP/2.0" 200 86371 "-" "Mozilla/5.0 AppleWebKit/537.36 (KHTML, like Gecko; compatible; GPTBot/1.3; +https://openai.com/gptbot)"
43.173.180.134 - - [21/Nov/2025:01:29:14 -0800] "GET /2019/03/07/mondayrepost-jinxedstore%E3%83%BB%E3%83%BB%E3%83%BBcome-out-to-pistolasdelsur-in-south-philly-on-monday-3-11-and-have-some-food-and-fun-with-the-mollywoppersnyb-specials-and-raffles-all-nigh/?fileloc=/home/mollywopper/mollywoppersnyb.com/mixtape/index.php&path=/home/mollywopper/mollywoppersnyb.com/mixtape HTTP/1.1" 200 6634 "-" "Mozilla/5.0 (Windows NT 6.1; Win64; x64) AppleWebKit/537.36 (KHTML, like Gecko) Chrome/126.0.6478.114 Safari/537.36"
74.7.227.15 - - [21/Nov/2025:01:29:14 -0800] "GET /search.php?blend197043055.html HTTP/2.0" 200 86169 "-" "Mozilla/5.0 AppleWebKit/537.36 (KHTML, like Gecko; compatible; GPTBot/1.3; +https://openai.com/gptbot)"
74.7.227.15 - - [21/Nov/2025:01:29:15 -0800] "GET /search.php?channel=156e34&from=https://mollywoppersnyb.com/chat.htm?servant268025568.html&m=2921046028692 HTTP/2.0" 200 85500 "-" "Mozilla/5.0 AppleWebKit/537.36 (KHTML, like Gecko; compatible; GPTBot/1.3; +https://openai.com/gptbot)"
74.7.227.15 - - [21/Nov/2025:01:29:16 -0800] "GET /search.php?vote238015716.html HTTP/2.0" 200 86442 "-" "Mozilla/5.0 AppleWebKit/537.36 (KHTML, like Gecko; compatible; GPTBot/1.3; +https://openai.com/gptbot)"
74.7.227.15 - - [21/Nov/2025:01:29:18 -0800] "GET /search.php?channel=156e34&from=https://mollywoppersnyb.com/chat.htm?category104024384.html&m=2921046028692 HTTP/2.0" 200 85734 "-" "Mozilla/5.0 AppleWebKit/537.36 (KHTML, like Gecko; compatible; GPTBot/1.3; +https://openai.com/gptbot)"
54.39.210.175 - - [21/Nov/2025:01:29:19 -0800] "GET /?market=1045397689 HTTP/2.0" 200 109 "-" "Mozilla/5.0 (compatible; AhrefsBot/7.0; +http://ahrefs.com/robot/)"
74.7.227.15 - - [21/Nov/2025:01:29:19 -0800] "GET /search.php?channel=156e34&from=https://mollywoppersnyb.com/chat.htm?selected286017612.html&m=2921046028692 HTTP/2.0" 200 86735 "-" "Mozilla/5.0 AppleWebKit/537.36 (KHTML, like Gecko; compatible; GPTBot/1.3; +https://openai.com/gptbot)"
34.236.41.241 - - [21/Nov/2025:01:29:19 -0800] "GET /?path=//sys/class/tty/ptype/subsystem/ptype/subsystem/ttyvd/subsystem/ttyqb/subsystem/ptyp1 HTTP/1.1" 200 6527 "-" "Mozilla/5.0 AppleWebKit/537.36 (KHTML, like Gecko; compatible; Amazonbot/0.1; +https://developer.amazon.com/support/amazonbot) Chrome/119.0.6045.214 Safari/537.36"
74.7.227.15 - - [21/Nov/2025:01:29:20 -0800] "GET /search.php?channel=156e34&from=https://mollywoppersnyb.com/chat.htm?winter261044381.html&m=2921046028692 HTTP/2.0" 200 86159 "-" "Mozilla/5.0 AppleWebKit/537.36 (KHTML, like Gecko; compatible; GPTBot/1.3; +https://openai.com/gptbot)"
74.7.227.15 - - [21/Nov/2025:01:29:21 -0800] "GET /search.php?channel=156e34&from=https://mollywoppersnyb.com/chat.htm?items/128020865.html&m=2921046028692 HTTP/2.0" 200 85730 "-" "Mozilla/5.0 AppleWebKit/537.36 (KHTML, like Gecko; compatible; GPTBot/1.3; +https://openai.com/gptbot)"
74.7.227.15 - - [21/Nov/2025:01:29:22 -0800] "GET /search.php?while238015784.html HTTP/2.0" 200 86210 "-" "Mozilla/5.0 AppleWebKit/537.36 (KHTML, like Gecko; compatible; GPTBot/1.3; +https://openai.com/gptbot)"
66.249.69.233 - - [21/Nov/2025:01:29:23 -0800] "GET /?market=51414264 HTTP/1.1" 200 24980 "-" "Mozilla/5.0 (Linux; Android 6.0.1; Nexus 5X Build/MMB29P) AppleWebKit/537.36 (KHTML, like Gecko) Chrome/141.0.7390.122 Mobile Safari/537.36 (compatible; Googlebot/2.1; +http://www.google.com/bot.html)"
74.7.227.15 - - [21/Nov/2025:01:29:23 -0800] "GET /search.php?channel=156e34&from=https://mollywoppersnyb.com/chat.htm?register214023428.html&m=2921046028692 HTTP/2.0" 200 86279 "-" "Mozilla/5.0 AppleWebKit/537.36 (KHTML, like Gecko; compatible; GPTBot/1.3; +https://openai.com/gptbot)"
74.7.227.15 - - [21/Nov/2025:01:29:24 -0800] "GET /search.php?channel=156e34&from=https://mollywoppersnyb.com/chat.htm?items/074047999.html&m=2921046028692 HTTP/2.0" 200 85925 "-" "Mozilla/5.0 AppleWebKit/537.36 (KHTML, like Gecko; compatible; GPTBot/1.3; +https://openai.com/gptbot)"
74.7.227.15 - - [21/Nov/2025:01:29:25 -0800] "GET /search.php?oxygen268035872.html HTTP/2.0" 200 86066 "-" "Mozilla/5.0 AppleWebKit/537.36 (KHTML, like Gecko; compatible; GPTBot/1.3; +https://openai.com/gptbot)"
3.210.223.61 - - [21/Nov/2025:01:29:25 -0800] "GET /home/?path=//sys/class/tty/ptype/subsystem/ttyS8/device/subsystem/drivers/reg-dummy/reg-dummy/driver/reg-dummy/driver/reg-dummy/subsystem/devices/pcspkr/subsystem/drivers/PCCT HTTP/1.1" 200 6638 "-" "Mozilla/5.0 AppleWebKit/537.36 (KHTML, like Gecko; compatible; Amazonbot/0.1; +https://developer.amazon.com/support/amazonbot) Chrome/119.0.6045.214 Safari/537.36"
74.7.227.15 - - [21/Nov/2025:01:29:26 -0800] "GET /search.php?channel=156e34&from=https://mollywoppersnyb.com/chat.htm?pride055015781.html&m=2921046028692 HTTP/2.0" 200 85939 "-" "Mozilla/5.0 AppleWebKit/537.36 (KHTML, like Gecko; compatible; GPTBot/1.3; +https://openai.com/gptbot)"
74.7.227.15 - - [21/Nov/2025:01:29:28 -0800] "GET /search.php?channel=156e34&from=https://mollywoppersnyb.com/chat.htm?fully180026434.html&m=2921046028692 HTTP/2.0" 200 85754 "-" "Mozilla/5.0 AppleWebKit/537.36 (KHTML, like Gecko; compatible; GPTBot/1.3; +https://openai.com/gptbot)"
74.7.227.15 - - [21/Nov/2025:01:29:29 -0800] "GET /search.php?channel=156e34&from=https://mollywoppersnyb.com/chat.htm?items/240027907.html&m=2921046028692 HTTP/2.0" 200 86552 "-" "Mozilla/5.0 AppleWebKit/537.36 (KHTML, like Gecko; compatible; GPTBot/1.3; +https://openai.com/gptbot)"
66.249.69.233 - - [21/Nov/2025:01:29:30 -0800] "GET /market/402983723 HTTP/1.1" 200 24369 "-" "Mozilla/5.0 (Linux; Android 6.0.1; Nexus 5X Build/MMB29P) AppleWebKit/537.36 (KHTML, like Gecko) Chrome/141.0.7390.122 Mobile Safari/537.36 (compatible; GoogleOther)"
74.7.227.15 - - [21/Nov/2025:01:29:30 -0800] "GET /search.php?channel=156e34&from=https://mollywoppersnyb.com/chat.htm?items/286018317.html&m=2921046028692 HTTP/2.0" 200 87028 "-" "Mozilla/5.0 AppleWebKit/537.36 (KHTML, like Gecko; compatible; GPTBot/1.3; +https://openai.com/gptbot)"
74.7.227.15 - - [21/Nov/2025:01:29:32 -0800] "GET /search.php?channel=156e34&from=https://mollywoppersnyb.com/chat.htm?sweet205037545.html&m=2921046028692 HTTP/2.0" 200 86321 "-" "Mozilla/5.0 AppleWebKit/537.36 (KHTML, like Gecko; compatible; GPTBot/1.3; +https://openai.com/gptbot)"
74.7.227.15 - - [21/Nov/2025:01:29:33 -0800] "GET /search.php?could179016247.html HTTP/2.0" 200 86317 "-" "Mozilla/5.0 AppleWebKit/537.36 (KHTML, like Gecko; compatible; GPTBot/1.3; +https://openai.com/gptbot)"
74.7.227.15 - - [21/Nov/2025:01:29:34 -0800] "GET /search.php?channel=156e34&from=https://mollywoppersnyb.com/chat.htm?items/110004755.html&m=2921046028692 HTTP/2.0" 200 85838 "-" "Mozilla/5.0 AppleWebKit/537.36 (KHTML, like Gecko; compatible; GPTBot/1.3; +https://openai.com/gptbot)"
66.249.69.233 - - [21/Nov/2025:01:29:34 -0800] "GET /market/1393918624 HTTP/1.1" 200 20628 "-" "Mozilla/5.0 (Linux; Android 6.0.1; Nexus 5X Build/MMB29P) AppleWebKit/537.36 (KHTML, like Gecko) Chrome/141.0.7390.122 Mobile Safari/537.36 (compatible; GoogleOther)"
74.7.227.15 - - [21/Nov/2025:01:29:35 -0800] "GET /search.php?voting238015716.html HTTP/2.0" 200 86103 "-" "Mozilla/5.0 AppleWebKit/537.36 (KHTML, like Gecko; compatible; GPTBot/1.3; +https://openai.com/gptbot)"
74.7.227.15 - - [21/Nov/2025:01:29:36 -0800] "GET /search.php?kind001024961.html HTTP/2.0" 200 85750 "-" "Mozilla/5.0 AppleWebKit/537.36 (KHTML, like Gecko; compatible; GPTBot/1.3; +https://openai.com/gptbot)"
74.7.227.15 - - [21/Nov/2025:01:29:37 -0800] "GET /search.php?friendship165043561.html HTTP/2.0" 200 86055 "-" "Mozilla/5.0 AppleWebKit/537.36 (KHTML, like Gecko; compatible; GPTBot/1.3; +https://openai.com/gptbot)"
74.7.227.15 - - [21/Nov/2025:01:29:38 -0800] "GET /search.php?channel=156e34&from=https://mollywoppersnyb.com/chat.htm?flavor106011846.html&m=2921046028692 HTTP/2.0" 200 86007 "-" "Mozilla/5.0 AppleWebKit/537.36 (KHTML, like Gecko; compatible; GPTBot/1.3; +https://openai.com/gptbot)"
52.204.253.129 - - [21/Nov/2025:01:29:39 -0800] "GET /home/?path=//sys/class/tty/ptype/subsystem/ttyS10/device/subsystem/devices/reg-dummy/driver/reg-dummy/driver/reg-dummy/driver/reg-dummy/subsystem/devices/PCCT/subsystem/drivers HTTP/1.1" 200 7529 "-" "Mozilla/5.0 AppleWebKit/537.36 (KHTML, like Gecko; compatible; Amazonbot/0.1; +https://developer.amazon.com/support/amazonbot) Chrome/119.0.6045.214 Safari/537.36"
74.7.227.15 - - [21/Nov/2025:01:29:40 -0800] "GET /search.php?items/278047237.html HTTP/2.0" 200 86949 "-" "Mozilla/5.0 AppleWebKit/537.36 (KHTML, like Gecko; compatible; GPTBot/1.3; +https://openai.com/gptbot)"
74.7.227.15 - - [21/Nov/2025:01:29:41 -0800] "GET /search.php?pcmypage?callback=/product%2Fdetail%2jyusetsupro-319000822 HTTP/2.0" 200 85795 "-" "Mozilla/5.0 AppleWebKit/537.36 (KHTML, like Gecko; compatible; GPTBot/1.3; +https://openai.com/gptbot)"
74.7.227.15 - - [21/Nov/2025:01:29:42 -0800] "GET /search.php?desperate080041606.html HTTP/2.0" 200 85939 "-" "Mozilla/5.0 AppleWebKit/537.36 (KHTML, like Gecko; compatible; GPTBot/1.3; +https://openai.com/gptbot)"
74.7.227.15 - - [21/Nov/2025:01:29:43 -0800] "GET /search.php?intensity097021171.html HTTP/2.0" 200 86158 "-" "Mozilla/5.0 AppleWebKit/537.36 (KHTML, like Gecko; compatible; GPTBot/1.3; +https://openai.com/gptbot)"
18.232.36.1 - - [21/Nov/2025:01:29:43 -0800] "GET /home/?path=//sys/class/tty/ptype/subsystem/ttyS7/device/subsystem/devices/reg-dummy/driver/reg-dummy/driver/reg-dummy/subsystem/devices/PCCT/subsystem/devices/reg-dummy/driver HTTP/1.1" 200 6693 "-" "Mozilla/5.0 AppleWebKit/537.36 (KHTML, like Gecko; compatible; Amazonbot/0.1; +https://developer.amazon.com/support/amazonbot) Chrome/119.0.6045.214 Safari/537.36"
74.7.227.15 - - [21/Nov/2025:01:29:44 -0800] "GET /search.php?pcmypage?callback=product%2Fdetail%2Fhcvalor-eshop-trusco-4826684 HTTP/2.0" 200 86073 "-" "Mozilla/5.0 AppleWebKit/537.36 (KHTML, like Gecko; compatible; GPTBot/1.3; +https://openai.com/gptbot)"
74.7.227.15 - - [21/Nov/2025:01:29:45 -0800] "GET /search.php?channel=156e34&from=https://mollywoppersnyb.com/chat.htm?items/071007358.html&m=2921046028692 HTTP/2.0" 200 87861 "-" "Mozilla/5.0 AppleWebKit/537.36 (KHTML, like Gecko; compatible; GPTBot/1.3; +https://openai.com/gptbot)"
74.7.227.15 - - [21/Nov/2025:01:29:47 -0800] "GET /search.php?channel=156e34&from=https://mollywoppersnyb.com/chat.htm?items/153021690.html&m=2921046028692 HTTP/2.0" 200 85969 "-" "Mozilla/5.0 AppleWebKit/537.36 (KHTML, like Gecko; compatible; GPTBot/1.3; +https://openai.com/gptbot)"
74.7.227.15 - - [21/Nov/2025:01:29:48 -0800] "GET /search.php?drunk112035018.html HTTP/2.0" 200 85651 "-" "Mozilla/5.0 AppleWebKit/537.36 (KHTML, like Gecko; compatible; GPTBot/1.3; +https://openai.com/gptbot)"
66.249.69.233 - - [21/Nov/2025:01:29:49 -0800] "GET /market/1052231880 HTTP/1.1" 200 25635 "-" "Mozilla/5.0 (Linux; Android 6.0.1; Nexus 5X Build/MMB29P) AppleWebKit/537.36 (KHTML, like Gecko) Chrome/141.0.7390.122 Mobile Safari/537.36 (compatible; GoogleOther)"
74.7.227.15 - - [21/Nov/2025:01:29:49 -0800] "GET /search.php?channel=156e34&from=https://mollywoppersnyb.com/chat.htm?memory110042550.html&m=2921046028692 HTTP/2.0" 200 85900 "-" "Mozilla/5.0 AppleWebKit/537.36 (KHTML, like Gecko; compatible; GPTBot/1.3; +https://openai.com/gptbot)"
107.20.181.148 - - [21/Nov/2025:01:29:50 -0800] "GET /home/?path=//sys/class/tty/ptype/subsystem/ttyS7/device/subsystem/drivers/reg-dummy/reg-dummy/driver/reg-dummy/driver/reg-dummy/subsystem/devices/microcode/subsystem/devices/PCCT HTTP/1.1" 200 6791 "-" "Mozilla/5.0 AppleWebKit/537.36 (KHTML, like Gecko; compatible; Amazonbot/0.1; +https://developer.amazon.com/support/amazonbot) Chrome/119.0.6045.214 Safari/537.36"
74.7.227.15 - - [21/Nov/2025:01:29:50 -0800] "GET /search.php?channel=156e34&from=https://mollywoppersnyb.com/chat.htm?items/016016529.html&m=2921046028692 HTTP/2.0" 200 86061 "-" "Mozilla/5.0 AppleWebKit/537.36 (KHTML, like Gecko; compatible; GPTBot/1.3; +https://openai.com/gptbot)"
52.44.229.124 - - [21/Nov/2025:01:29:52 -0800] "GET /home/?path=//sys/class/tty/ptype/subsystem/ttyS2/device/subsystem/devices/reg-dummy/driver/reg-dummy/driver/reg-dummy/subsystem/devices/reg-dummy/subsystem/drivers/i2c_amd_mp2 HTTP/1.1" 200 6553 "-" "Mozilla/5.0 AppleWebKit/537.36 (KHTML, like Gecko; compatible; Amazonbot/0.1; +https://developer.amazon.com/support/amazonbot) Chrome/119.0.6045.214 Safari/537.36"
74.7.227.15 - - [21/Nov/2025:01:29:51 -0800] "GET /search.php?channel=156e34&from=https://mollywoppersnyb.com/chat.htm?orbit002024316.html&m=2921046028692 HTTP/2.0" 200 85788 "-" "Mozilla/5.0 AppleWebKit/537.36 (KHTML, like Gecko; compatible; GPTBot/1.3; +https://openai.com/gptbot)"
74.7.227.15 - - [21/Nov/2025:01:29:53 -0800] "GET /search.php?box268035872.html HTTP/2.0" 200 86031 "-" "Mozilla/5.0 AppleWebKit/537.36 (KHTML, like Gecko; compatible; GPTBot/1.3; +https://openai.com/gptbot)"
74.7.227.15 - - [21/Nov/2025:01:29:54 -0800] "GET /search.php?blend132004886.html HTTP/2.0" 200 85689 "-" "Mozilla/5.0 AppleWebKit/537.36 (KHTML, like Gecko; compatible; GPTBot/1.3; +https://openai.com/gptbot)"
66.249.69.233 - - [21/Nov/2025:01:29:55 -0800] "GET /market/102597765 HTTP/1.1" 200 24413 "-" "Mozilla/5.0 (Linux; Android 6.0.1; Nexus 5X Build/MMB29P) AppleWebKit/537.36 (KHTML, like Gecko) Chrome/141.0.7390.122 Mobile Safari/537.36 (compatible; GoogleOther)"
74.7.227.15 - - [21/Nov/2025:01:29:55 -0800] "GET /search.php?items/202021777.html HTTP/2.0" 200 86037 "-" "Mozilla/5.0 AppleWebKit/537.36 (KHTML, like Gecko; compatible; GPTBot/1.3; +https://openai.com/gptbot)"
74.7.227.15 - - [21/Nov/2025:01:29:57 -0800] "GET /search.php?sunny197043055.html HTTP/2.0" 200 86005 "-" "Mozilla/5.0 AppleWebKit/537.36 (KHTML, like Gecko; compatible; GPTBot/1.3; +https://openai.com/gptbot)"
74.7.227.15 - - [21/Nov/2025:01:29:58 -0800] "GET /search.php?channel=156e34&from=https://mollywoppersnyb.com/chat.htm?items/282023707.html&m=2921046028692 HTTP/2.0" 200 86548 "-" "Mozilla/5.0 AppleWebKit/537.36 (KHTML, like Gecko; compatible; GPTBot/1.3; +https://openai.com/gptbot)"
74.7.227.15 - - [21/Nov/2025:01:30:00 -0800] "GET /search.php?channel=156e34&from=https://mollywoppersnyb.com/chat.htm?many250035526.html&m=2921046028692 HTTP/2.0" 200 86424 "-" "Mozilla/5.0 AppleWebKit/537.36 (KHTML, like Gecko; compatible; GPTBot/1.3; +https://openai.com/gptbot)"
74.7.227.15 - - [21/Nov/2025:01:30:01 -0800] "GET /search.php?wagon219038201.html HTTP/2.0" 200 85832 "-" "Mozilla/5.0 AppleWebKit/537.36 (KHTML, like Gecko; compatible; GPTBot/1.3; +https://openai.com/gptbot)"
74.7.227.15 - - [21/Nov/2025:01:30:02 -0800] "GET /search.php?broad043019987.html HTTP/2.0" 200 86017 "-" "Mozilla/5.0 AppleWebKit/537.36 (KHTML, like Gecko; compatible; GPTBot/1.3; +https://openai.com/gptbot)"
74.7.227.15 - - [21/Nov/2025:01:30:04 -0800] "GET /search.php?channel=156e34&from=https://mollywoppersnyb.com/chat.htm?think166031460.html&m=2921046028692 HTTP/2.0" 200 86803 "-" "Mozilla/5.0 AppleWebKit/537.36 (KHTML, like Gecko; compatible; GPTBot/1.3; +https://openai.com/gptbot)"
74.7.227.15 - - [21/Nov/2025:01:30:05 -0800] "GET /search.php?channel=156e34&from=https://mollywoppersnyb.com/chat.htm?effort287022499.html&m=2921046028692 HTTP/2.0" 200 85862 "-" "Mozilla/5.0 AppleWebKit/537.36 (KHTML, like Gecko; compatible; GPTBot/1.3; +https://openai.com/gptbot)"
66.249.69.235 - - [21/Nov/2025:01:30:07 -0800] "GET /m041000187 HTTP/1.1" 200 24594 "-" "Mozilla/5.0 (Linux; Android 6.0.1; Nexus 5X Build/MMB29P) AppleWebKit/537.36 (KHTML, like Gecko) Chrome/141.0.7390.122 Mobile Safari/537.36 (compatible; GoogleOther)"
74.7.227.15 - - [21/Nov/2025:01:30:07 -0800] "GET /search.php?park238015764.html HTTP/2.0" 200 86386 "-" "Mozilla/5.0 AppleWebKit/537.36 (KHTML, like Gecko; compatible; GPTBot/1.3; +https://openai.com/gptbot)"
74.7.227.15 - - [21/Nov/2025:01:30:09 -0800] "GET /search.php?channel=156e34&from=https://mollywoppersnyb.com/chat.htm?items/202020525.html&m=2921046028692 HTTP/2.0" 200 86543 "-" "Mozilla/5.0 AppleWebKit/537.36 (KHTML, like Gecko; compatible; GPTBot/1.3; +https://openai.com/gptbot)"
74.7.227.15 - - [21/Nov/2025:01:30:10 -0800] "GET /search.php?channel=156e34&from=https://mollywoppersnyb.com/chat.htm?struggle223029133.html&m=2921046028692 HTTP/2.0" 200 85632 "-" "Mozilla/5.0 AppleWebKit/537.36 (KHTML, like Gecko; compatible; GPTBot/1.3; +https://openai.com/gptbot)"
74.7.227.15 - - [21/Nov/2025:01:30:11 -0800] "GET /search.php?channel=156e34&from=https://mollywoppersnyb.com/chat.htm?engineer159044367.html&m=2921046028692 HTTP/2.0" 200 85579 "-" "Mozilla/5.0 AppleWebKit/537.36 (KHTML, like Gecko; compatible; GPTBot/1.3; +https://openai.com/gptbot)"
66.249.69.234 - - [21/Nov/2025:01:30:12 -0800] "GET /?s=2355377813705&channel=123e81&from=http://mollywoppersnyb.com/file.do?m071000693 HTTP/1.1" 200 24632 "-" "Mozilla/5.0 (Linux; Android 6.0.1; Nexus 5X Build/MMB29P) AppleWebKit/537.36 (KHTML, like Gecko) Chrome/141.0.7390.122 Mobile Safari/537.36 (compatible; GoogleOther)"
74.7.227.15 - - [21/Nov/2025:01:30:12 -0800] "GET /search.php?conclude276043984.html HTTP/2.0" 200 85907 "-" "Mozilla/5.0 AppleWebKit/537.36 (KHTML, like Gecko; compatible; GPTBot/1.3; +https://openai.com/gptbot)"
74.7.227.15 - - [21/Nov/2025:01:30:13 -0800] "GET /search.php?unlikely256031304.html HTTP/2.0" 200 87467 "-" "Mozilla/5.0 AppleWebKit/537.36 (KHTML, like Gecko; compatible; GPTBot/1.3; +https://openai.com/gptbot)"
74.7.227.15 - - [21/Nov/2025:01:30:14 -0800] "GET /search.php?drug153036283.html HTTP/2.0" 200 86972 "-" "Mozilla/5.0 AppleWebKit/537.36 (KHTML, like Gecko; compatible; GPTBot/1.3; +https://openai.com/gptbot)"
74.7.227.15 - - [21/Nov/2025:01:30:15 -0800] "GET /search.php?thigh180004974.html HTTP/2.0" 200 86117 "-" "Mozilla/5.0 AppleWebKit/537.36 (KHTML, like Gecko; compatible; GPTBot/1.3; +https://openai.com/gptbot)"
74.7.227.15 - - [21/Nov/2025:01:30:16 -0800] "GET /search.php?channel=156e34&from=https://mollywoppersnyb.com/chat.htm?items/242001993.html&m=2921046028692 HTTP/2.0" 200 86013 "-" "Mozilla/5.0 AppleWebKit/537.36 (KHTML, like Gecko; compatible; GPTBot/1.3; +https://openai.com/gptbot)"
74.7.227.15 - - [21/Nov/2025:01:30:17 -0800] "GET /search.php?channel=156e34&from=https://mollywoppersnyb.com/chat.htm?items/079042672.html&m=2921046028692 HTTP/2.0" 200 86124 "-" "Mozilla/5.0 AppleWebKit/537.36 (KHTML, like Gecko; compatible; GPTBot/1.3; +https://openai.com/gptbot)"
74.7.227.15 - - [21/Nov/2025:01:30:18 -0800] "GET /search.php?foreign238015780.html HTTP/2.0" 200 86582 "-" "Mozilla/5.0 AppleWebKit/537.36 (KHTML, like Gecko; compatible; GPTBot/1.3; +https://openai.com/gptbot)"
74.7.227.15 - - [21/Nov/2025:01:30:18 -0800] "GET /search.php?channel=156e34&from=https://mollywoppersnyb.com/chat.htm?items/294001023.html&m=2921046028692 HTTP/2.0" 200 85820 "-" "Mozilla/5.0 AppleWebKit/537.36 (KHTML, like Gecko; compatible; GPTBot/1.3; +https://openai.com/gptbot)"
74.7.227.15 - - [21/Nov/2025:01:30:19 -0800] "GET /search.php?working201022367.html HTTP/2.0" 200 86868 "-" "Mozilla/5.0 AppleWebKit/537.36 (KHTML, like Gecko; compatible; GPTBot/1.3; +https://openai.com/gptbot)"
66.249.69.233 - - [21/Nov/2025:01:30:20 -0800] "GET /market/71558917 HTTP/1.1" 200 25001 "-" "Mozilla/5.0 (Linux; Android 6.0.1; Nexus 5X Build/MMB29P) AppleWebKit/537.36 (KHTML, like Gecko) Chrome/141.0.7390.122 Mobile Safari/537.36 (compatible; GoogleOther)"
34.231.118.144 - - [21/Nov/2025:01:30:20 -0800] "GET /home/?path=//sys/class/tty/ptype/subsystem/ttyS2/device/subsystem/devices/reg-dummy/driver/reg-dummy/driver/reg-dummy/subsystem/drivers/PCCT/PCCT/subsystem/drivers/ohci-platform HTTP/1.1" 200 6592 "-" "Mozilla/5.0 AppleWebKit/537.36 (KHTML, like Gecko; compatible; Amazonbot/0.1; +https://developer.amazon.com/support/amazonbot) Chrome/119.0.6045.214 Safari/537.36"
74.7.227.15 - - [21/Nov/2025:01:30:20 -0800] "GET /search.php?product/edit/auc-kobefm-570164 HTTP/2.0" 200 85733 "-" "Mozilla/5.0 AppleWebKit/537.36 (KHTML, like Gecko; compatible; GPTBot/1.3; +https://openai.com/gptbot)"
74.7.227.15 - - [21/Nov/2025:01:30:21 -0800] "GET /search.php?twin233041619.html HTTP/2.0" 200 86380 "-" "Mozilla/5.0 AppleWebKit/537.36 (KHTML, like Gecko; compatible; GPTBot/1.3; +https://openai.com/gptbot)"
74.7.227.15 - - [21/Nov/2025:01:30:22 -0800] "GET /search.php?channel=156e34&from=https://mollywoppersnyb.com/chat.htm?items/133047714.html&m=2921046028692 HTTP/2.0" 200 86537 "-" "Mozilla/5.0 AppleWebKit/537.36 (KHTML, like Gecko; compatible; GPTBot/1.3; +https://openai.com/gptbot)"
52.4.238.8 - - [21/Nov/2025:01:30:23 -0800] "GET /?path=//sys/class/tty/ptype/subsystem/ptype/subsystem/ttyS1/subsystem/ttype/subsystem/ttyS0/device/driver HTTP/1.1" 200 6684 "-" "Mozilla/5.0 AppleWebKit/537.36 (KHTML, like Gecko; compatible; Amazonbot/0.1; +https://developer.amazon.com/support/amazonbot) Chrome/119.0.6045.214 Safari/537.36"
74.7.227.15 - - [21/Nov/2025:01:30:23 -0800] "GET /search.php?billion238015714.html HTTP/2.0" 200 86465 "-" "Mozilla/5.0 AppleWebKit/537.36 (KHTML, like Gecko; compatible; GPTBot/1.3; +https://openai.com/gptbot)"
74.7.227.15 - - [21/Nov/2025:01:30:25 -0800] "GET /search.php?channel=156e34&from=https://mollywoppersnyb.com/chat.htm?basis274028440.html&m=2921046028692 HTTP/2.0" 200 86070 "-" "Mozilla/5.0 AppleWebKit/537.36 (KHTML, like Gecko; compatible; GPTBot/1.3; +https://openai.com/gptbot)"
74.7.227.15 - - [21/Nov/2025:01:30:26 -0800] "GET /search.php?pcmypage?callback=product/review/f232025-okazaki-1617358 HTTP/2.0" 200 86402 "-" "Mozilla/5.0 AppleWebKit/537.36 (KHTML, like Gecko; compatible; GPTBot/1.3; +https://openai.com/gptbot)"
66.249.69.233 - - [21/Nov/2025:01:30:27 -0800] "GET /?market=51376140 HTTP/1.1" 200 25390 "-" "Mozilla/5.0 (Linux; Android 6.0.1; Nexus 5X Build/MMB29P) AppleWebKit/537.36 (KHTML, like Gecko) Chrome/141.0.7390.122 Mobile Safari/537.36 (compatible; Googlebot/2.1; +http://www.google.com/bot.html)"
74.7.227.15 - - [21/Nov/2025:01:30:27 -0800] "GET /search.php?swimming286043758.html HTTP/2.0" 200 86743 "-" "Mozilla/5.0 AppleWebKit/537.36 (KHTML, like Gecko; compatible; GPTBot/1.3; +https://openai.com/gptbot)"
66.249.69.233 - - [21/Nov/2025:01:30:28 -0800] "GET /market/72936385 HTTP/1.1" 200 24785 "-" "Mozilla/5.0 (Linux; Android 6.0.1; Nexus 5X Build/MMB29P) AppleWebKit/537.36 (KHTML, like Gecko) Chrome/141.0.7390.122 Mobile Safari/537.36 (compatible; GoogleOther)"
74.7.227.15 - - [21/Nov/2025:01:30:28 -0800] "GET /search.php?channel=156e34&from=https://mollywoppersnyb.com/chat.htm?items/021000654.html&m=2921046028692 HTTP/2.0" 200 86275 "-" "Mozilla/5.0 AppleWebKit/537.36 (KHTML, like Gecko; compatible; GPTBot/1.3; +https://openai.com/gptbot)"
44.223.116.180 - - [21/Nov/2025:01:30:30 -0800] "GET /home/?path=//sys/class/tty/ptype/subsystem/ttyS15/device/subsystem/drivers/reg-dummy/reg-dummy/driver/reg-dummy/subsystem/drivers/PCCT/PCCT/driver/PCCT/driver/PCCT HTTP/1.1" 200 6751 "-" "Mozilla/5.0 AppleWebKit/537.36 (KHTML, like Gecko; compatible; Amazonbot/0.1; +https://developer.amazon.com/support/amazonbot) Chrome/119.0.6045.214 Safari/537.36"
74.7.227.15 - - [21/Nov/2025:01:30:30 -0800] "GET /search.php?benefit238015784.html HTTP/2.0" 200 86343 "-" "Mozilla/5.0 AppleWebKit/537.36 (KHTML, like Gecko; compatible; GPTBot/1.3; +https://openai.com/gptbot)"
74.7.227.15 - - [21/Nov/2025:01:30:31 -0800] "GET /search.php?channel=156e34&from=https://mollywoppersnyb.com/chat.htm?items/201019946.html&m=2921046028692 HTTP/2.0" 200 87082 "-" "Mozilla/5.0 AppleWebKit/537.36 (KHTML, like Gecko; compatible; GPTBot/1.3; +https://openai.com/gptbot)"
74.7.227.15 - - [21/Nov/2025:01:30:32 -0800] "GET /search.php?identity238015714.html HTTP/2.0" 200 86286 "-" "Mozilla/5.0 AppleWebKit/537.36 (KHTML, like Gecko; compatible; GPTBot/1.3; +https://openai.com/gptbot)"
74.7.227.15 - - [21/Nov/2025:01:30:34 -0800] "GET /search.php?channel=156e34&from=https://mollywoppersnyb.com/chat.htm?skirt233041619.html&m=2921046028692 HTTP/2.0" 200 86121 "-" "Mozilla/5.0 AppleWebKit/537.36 (KHTML, like Gecko; compatible; GPTBot/1.3; +https://openai.com/gptbot)"
3.90.73.206 - - [21/Nov/2025:01:30:35 -0800] "GET /home/?path=//sys/class/tty/ptype/subsystem/ttyS3/device/subsystem/drivers/reg-dummy/reg-dummy/subsystem/devices/microcode/subsystem/drivers HTTP/1.1" 200 7517 "-" "Mozilla/5.0 AppleWebKit/537.36 (KHTML, like Gecko; compatible; Amazonbot/0.1; +https://developer.amazon.com/support/amazonbot) Chrome/119.0.6045.214 Safari/537.36"
74.7.227.15 - - [21/Nov/2025:01:30:35 -0800] "GET /search.php?ideology208013750.html HTTP/2.0" 200 86112 "-" "Mozilla/5.0 AppleWebKit/537.36 (KHTML, like Gecko; compatible; GPTBot/1.3; +https://openai.com/gptbot)"
74.7.227.15 - - [21/Nov/2025:01:30:36 -0800] "GET /search.php?channel=156e34&from=https://mollywoppersnyb.com/chat.htm?acid238015784.html&m=2921046028692 HTTP/2.0" 200 86529 "-" "Mozilla/5.0 AppleWebKit/537.36 (KHTML, like Gecko; compatible; GPTBot/1.3; +https://openai.com/gptbot)"
74.7.227.15 - - [21/Nov/2025:01:30:37 -0800] "GET /search.php?channel=156e34&from=https://mollywoppersnyb.com/chat.htm?items/068031547.html&m=2921046028692 HTTP/2.0" 200 85469 "-" "Mozilla/5.0 AppleWebKit/537.36 (KHTML, like Gecko; compatible; GPTBot/1.3; +https://openai.com/gptbot)"
3.210.114.189 - - [21/Nov/2025:01:30:38 -0800] "GET /home/?path=//sys/class/tty/ptype/subsystem/ttyS10/device/subsystem/drivers/reg-dummy/reg-dummy/driver/reg-dummy/driver/reg-dummy/subsystem/devices/PNP0C33:00/subsystem/devices HTTP/1.1" 200 7117 "-" "Mozilla/5.0 AppleWebKit/537.36 (KHTML, like Gecko; compatible; Amazonbot/0.1; +https://developer.amazon.com/support/amazonbot) Chrome/119.0.6045.214 Safari/537.36"
74.7.227.15 - - [21/Nov/2025:01:30:39 -0800] "GET /search.php?study238015778.html HTTP/2.0" 200 86459 "-" "Mozilla/5.0 AppleWebKit/537.36 (KHTML, like Gecko; compatible; GPTBot/1.3; +https://openai.com/gptbot)"
74.7.227.15 - - [21/Nov/2025:01:30:40 -0800] "GET /search.php?channel=156e34&from=https://mollywoppersnyb.com/chat.htm?forward286043486.html&m=2921046028692 HTTP/2.0" 200 86339 "-" "Mozilla/5.0 AppleWebKit/537.36 (KHTML, like Gecko; compatible; GPTBot/1.3; +https://openai.com/gptbot)"
74.7.227.15 - - [21/Nov/2025:01:30:41 -0800] "GET /search.php?channel=156e34&from=https://mollywoppersnyb.com/chat.htm?consider286043488.html&m=2921046028692 HTTP/2.0" 200 86507 "-" "Mozilla/5.0 AppleWebKit/537.36 (KHTML, like Gecko; compatible; GPTBot/1.3; +https://openai.com/gptbot)"
66.249.69.233 - - [21/Nov/2025:01:30:43 -0800] "GET /market/101709598 HTTP/1.1" 200 24936 "-" "Mozilla/5.0 (Linux; Android 6.0.1; Nexus 5X Build/MMB29P) AppleWebKit/537.36 (KHTML, like Gecko) Chrome/141.0.7390.122 Mobile Safari/537.36 (compatible; GoogleOther)"
74.7.227.15 - - [21/Nov/2025:01:30:43 -0800] "GET /search.php?swimming296038674.html HTTP/2.0" 200 86441 "-" "Mozilla/5.0 AppleWebKit/537.36 (KHTML, like Gecko; compatible; GPTBot/1.3; +https://openai.com/gptbot)"
34.235.239.240 - - [21/Nov/2025:01:30:44 -0800] "GET /home/?path=//sys/class/tty/ptype/subsystem/ttyS10/device/subsystem/drivers/reg-dummy/reg-dummy/driver/reg-dummy/driver/reg-dummy/subsystem/devices/IPI0001:00/driver/IPI0001:00 HTTP/1.1" 200 6760 "-" "Mozilla/5.0 AppleWebKit/537.36 (KHTML, like Gecko; compatible; Amazonbot/0.1; +https://developer.amazon.com/support/amazonbot) Chrome/119.0.6045.214 Safari/537.36"
