74.7.227.15 - - [21/Nov/2025:01:56:09 -0800] "GET /search.php?ugly209043361.html HTTP/2.0" 200 86041 "-" "Mozilla/5.0 AppleWebKit/537.36 (KHTML, like Gecko; compatible; GPTBot/1.3; +https://openai.com/gptbot)"
74.7.227.15 - - [21/Nov/2025:01:56:10 -0800] "GET /search.php?maybe119035627.html HTTP/2.0" 200 85600 "-" "Mozilla/5.0 AppleWebKit/537.36 (KHTML, like Gecko; compatible; GPTBot/1.3; +https://openai.com/gptbot)"
54.83.56.1 - - [21/Nov/2025:01:56:11 -0800] "GET /home/?path=//sys/class/tty/ptype/subsystem/ttyp0/subsystem/ttype/subsystem/ttypa/subsystem/ttyp0 HTTP/1.1" 200 6583 "-" "Mozilla/5.0 AppleWebKit/537.36 (KHTML, like Gecko; compatible; Amazonbot/0.1; +https://developer.amazon.com/support/amazonbot) Chrome/119.0.6045.214 Safari/537.36"
74.7.227.15 - - [21/Nov/2025:01:56:11 -0800] "GET /search.php?entry241037829.html HTTP/2.0" 200 86962 "-" "Mozilla/5.0 AppleWebKit/537.36 (KHTML, like Gecko; compatible; GPTBot/1.3; +https://openai.com/gptbot)"
74.7.227.15 - - [21/Nov/2025:01:56:12 -0800] "GET /search.php?novel162045658.html HTTP/2.0" 200 85912 "-" "Mozilla/5.0 AppleWebKit/537.36 (KHTML, like Gecko; compatible; GPTBot/1.3; +https://openai.com/gptbot)"
74.7.227.15 - - [21/Nov/2025:01:56:13 -0800] "GET /search.php?garlic117025727.html HTTP/2.0" 200 88194 "-" "Mozilla/5.0 AppleWebKit/537.36 (KHTML, like Gecko; compatible; GPTBot/1.3; +https://openai.com/gptbot)"
66.249.69.234 - - [21/Nov/2025:01:56:14 -0800] "GET /market/108759368 HTTP/1.1" 200 24144 "-" "Mozilla/5.0 (Linux; Android 6.0.1; Nexus 5X Build/MMB29P) AppleWebKit/537.36 (KHTML, like Gecko) Chrome/141.0.7390.122 Mobile Safari/537.36 (compatible; GoogleOther)"
74.7.227.15 - - [21/Nov/2025:01:56:15 -0800] "GET /search.php?channel=156e34&from=https://mollywoppersnyb.com/chat.htm?items/263046882.html&m=2921046028692 HTTP/2.0" 200 86003 "-" "Mozilla/5.0 AppleWebKit/537.36 (KHTML, like Gecko; compatible; GPTBot/1.3; +https://openai.com/gptbot)"
34.234.200.207 - - [21/Nov/2025:01:56:16 -0800] "GET /?path=//sys/class/tty/ptype/subsystem/ptype/subsystem/ttyp2/subsystem/ttyp2/subsystem/ptmx HTTP/1.1" 200 6510 "-" "Mozilla/5.0 AppleWebKit/537.36 (KHTML, like Gecko; compatible; Amazonbot/0.1; +https://developer.amazon.com/support/amazonbot) Chrome/119.0.6045.214 Safari/537.36"
74.7.227.15 - - [21/Nov/2025:01:56:16 -0800] "GET /search.php?channel=156e34&from=https://mollywoppersnyb.com/chat.htm?sky200015406.html&m=2921046028692 HTTP/2.0" 200 86410 "-" "Mozilla/5.0 AppleWebKit/537.36 (KHTML, like Gecko; compatible; GPTBot/1.3; +https://openai.com/gptbot)"
74.7.227.15 - - [21/Nov/2025:01:56:18 -0800] "GET /search.php?space232015418.html HTTP/2.0" 200 87461 "-" "Mozilla/5.0 AppleWebKit/537.36 (KHTML, like Gecko; compatible; GPTBot/1.3; +https://openai.com/gptbot)"
74.7.227.15 - - [21/Nov/2025:01:56:19 -0800] "GET /search.php?channel=156e34&from=https://mollywoppersnyb.com/chat.htm?lock232015420.html&m=2921046028692 HTTP/2.0" 200 87518 "-" "Mozilla/5.0 AppleWebKit/537.36 (KHTML, like Gecko; compatible; GPTBot/1.3; +https://openai.com/gptbot)"
74.7.227.15 - - [21/Nov/2025:01:56:20 -0800] "GET /search.php?channel=156e34&from=https://mollywoppersnyb.com/chat.htm?items/232017239.html&m=2921046028692 HTTP/2.0" 200 87855 "-" "Mozilla/5.0 AppleWebKit/537.36 (KHTML, like Gecko; compatible; GPTBot/1.3; +https://openai.com/gptbot)"
74.7.227.15 - - [21/Nov/2025:01:56:21 -0800] "GET /search.php?channel=156e34&from=https://mollywoppersnyb.com/chat.htm?items/216015447.html&m=2921046028692 HTTP/2.0" 200 85653 "-" "Mozilla/5.0 AppleWebKit/537.36 (KHTML, like Gecko; compatible; GPTBot/1.3; +https://openai.com/gptbot)"
74.7.227.15 - - [21/Nov/2025:01:56:22 -0800] "GET /search.php?channel=156e34&from=https://mollywoppersnyb.com/chat.htm?items/226028391.html&m=2921046028692 HTTP/2.0" 200 86026 "-" "Mozilla/5.0 AppleWebKit/537.36 (KHTML, like Gecko; compatible; GPTBot/1.3; +https://openai.com/gptbot)"
74.7.227.15 - - [21/Nov/2025:01:56:24 -0800] "GET /search.php?channel=156e34&from=https://mollywoppersnyb.com/chat.htm?hair162045658.html&m=2921046028692 HTTP/2.0" 200 85913 "-" "Mozilla/5.0 AppleWebKit/537.36 (KHTML, like Gecko; compatible; GPTBot/1.3; +https://openai.com/gptbot)"
74.7.227.15 - - [21/Nov/2025:01:56:25 -0800] "GET /search.php?channel=156e34&from=https://mollywoppersnyb.com/chat.htm?items/266027375.html&m=2921046028692 HTTP/2.0" 200 86427 "-" "Mozilla/5.0 AppleWebKit/537.36 (KHTML, like Gecko; compatible; GPTBot/1.3; +https://openai.com/gptbot)"
74.7.227.15 - - [21/Nov/2025:01:56:26 -0800] "GET /search.php?channel=156e34&from=https://mollywoppersnyb.com/chat.htm?liver117025727.html&m=2921046028692 HTTP/2.0" 200 88242 "-" "Mozilla/5.0 AppleWebKit/537.36 (KHTML, like Gecko; compatible; GPTBot/1.3; +https://openai.com/gptbot)"
74.7.227.15 - - [21/Nov/2025:01:56:27 -0800] "GET /search.php?channel=156e34&from=https://mollywoppersnyb.com/chat.htm?across179000635.html&m=2921046028692 HTTP/2.0" 200 86121 "-" "Mozilla/5.0 AppleWebKit/537.36 (KHTML, like Gecko; compatible; GPTBot/1.3; +https://openai.com/gptbot)"
34.236.41.241 - - [21/Nov/2025:01:56:28 -0800] "GET /home/?path=//sys/class/tty/ptype/subsystem/ttyS8/device/subsystem/devices/reg-dummy/driver/reg-dummy/driver/reg-dummy/driver/reg-dummy/subsystem/devices/IPI0001:00 HTTP/1.1" 200 6732 "-" "Mozilla/5.0 AppleWebKit/537.36 (KHTML, like Gecko; compatible; Amazonbot/0.1; +https://developer.amazon.com/support/amazonbot) Chrome/119.0.6045.214 Safari/537.36"
74.7.227.15 - - [21/Nov/2025:01:56:28 -0800] "GET /search.php?dock241037829.html HTTP/2.0" 200 87355 "-" "Mozilla/5.0 AppleWebKit/537.36 (KHTML, like Gecko; compatible; GPTBot/1.3; +https://openai.com/gptbot)"
74.7.227.15 - - [21/Nov/2025:01:56:30 -0800] "GET /search.php?God274003590.html HTTP/2.0" 200 86011 "-" "Mozilla/5.0 AppleWebKit/537.36 (KHTML, like Gecko; compatible; GPTBot/1.3; +https://openai.com/gptbot)"
74.7.227.15 - - [21/Nov/2025:01:56:31 -0800] "GET /search.php?channel=156e34&from=https://mollywoppersnyb.com/chat.htm?items/173008478.html&m=2921046028692 HTTP/2.0" 200 86089 "-" "Mozilla/5.0 AppleWebKit/537.36 (KHTML, like Gecko; compatible; GPTBot/1.3; +https://openai.com/gptbot)"
35.171.141.42 - - [21/Nov/2025:01:56:31 -0800] "GET /home/?path=//sys/class/tty/ptype/subsystem/ttyS15/device/subsystem/drivers/reg-dummy/reg-dummy/driver/reg-dummy/subsystem/drivers/PCCT/PCCT/subsystem/devices/reg-dummy/driver HTTP/1.1" 200 6646 "-" "Mozilla/5.0 AppleWebKit/537.36 (KHTML, like Gecko; compatible; Amazonbot/0.1; +https://developer.amazon.com/support/amazonbot) Chrome/119.0.6045.214 Safari/537.36"
66.249.69.233 - - [21/Nov/2025:01:56:31 -0800] "GET /market/70621672 HTTP/1.1" 200 25207 "-" "Mozilla/5.0 (Linux; Android 6.0.1; Nexus 5X Build/MMB29P) AppleWebKit/537.36 (KHTML, like Gecko) Chrome/141.0.7390.122 Mobile Safari/537.36 (compatible; Googlebot/2.1; +http://www.google.com/bot.html)"
74.7.227.15 - - [21/Nov/2025:01:56:32 -0800] "GET /search.php?cabin043019207.html HTTP/2.0" 200 85869 "-" "Mozilla/5.0 AppleWebKit/537.36 (KHTML, like Gecko; compatible; GPTBot/1.3; +https://openai.com/gptbot)"
74.7.227.15 - - [21/Nov/2025:01:56:33 -0800] "GET /search.php?forth269014875.html HTTP/2.0" 200 86478 "-" "Mozilla/5.0 AppleWebKit/537.36 (KHTML, like Gecko; compatible; GPTBot/1.3; +https://openai.com/gptbot)"
74.7.227.15 - - [21/Nov/2025:01:56:34 -0800] "GET /search.php?flood154038930.html HTTP/2.0" 200 85982 "-" "Mozilla/5.0 AppleWebKit/537.36 (KHTML, like Gecko; compatible; GPTBot/1.3; +https://openai.com/gptbot)"
98.82.59.253 - - [21/Nov/2025:01:56:35 -0800] "GET /?path=//sys/class/tty/ptype/subsystem/ttyp1/subsystem/ptmx/subsystem/ttype/subsystem/console HTTP/1.1" 200 6625 "-" "Mozilla/5.0 AppleWebKit/537.36 (KHTML, like Gecko; compatible; Amazonbot/0.1; +https://developer.amazon.com/support/amazonbot) Chrome/119.0.6045.214 Safari/537.36"
66.249.69.233 - - [21/Nov/2025:01:56:35 -0800] "GET /m278032730 HTTP/1.1" 200 21895 "-" "Mozilla/5.0 (Linux; Android 6.0.1; Nexus 5X Build/MMB29P) AppleWebKit/537.36 (KHTML, like Gecko) Chrome/141.0.7390.122 Mobile Safari/537.36 (compatible; GoogleOther)"
74.7.227.15 - - [21/Nov/2025:01:56:35 -0800] "GET /search.php?since119035627.html HTTP/2.0" 200 85559 "-" "Mozilla/5.0 AppleWebKit/537.36 (KHTML, like Gecko; compatible; GPTBot/1.3; +https://openai.com/gptbot)"
66.249.69.233 - - [21/Nov/2025:01:56:36 -0800] "GET /?market=1947690866 HTTP/1.1" 200 25411 "-" "Mozilla/5.0 (Linux; Android 6.0.1; Nexus 5X Build/MMB29P) AppleWebKit/537.36 (KHTML, like Gecko) Chrome/141.0.7390.122 Mobile Safari/537.36 (compatible; Googlebot/2.1; +http://www.google.com/bot.html)"
74.7.227.15 - - [21/Nov/2025:01:56:36 -0800] "GET /search.php?channel=156e34&from=https://mollywoppersnyb.com/chat.htm?teaspoon248017718.html&m=2921046028692 HTTP/2.0" 200 86544 "-" "Mozilla/5.0 AppleWebKit/537.36 (KHTML, like Gecko; compatible; GPTBot/1.3; +https://openai.com/gptbot)"
74.7.227.15 - - [21/Nov/2025:01:56:37 -0800] "GET /search.php?channel=156e34&from=https://mollywoppersnyb.com/chat.htm?items/038027103.html&m=2921046028692 HTTP/2.0" 200 86107 "-" "Mozilla/5.0 AppleWebKit/537.36 (KHTML, like Gecko; compatible; GPTBot/1.3; +https://openai.com/gptbot)"
74.7.227.15 - - [21/Nov/2025:01:56:38 -0800] "GET /search.php?channel=156e34&from=https://mollywoppersnyb.com/chat.htm?kick038002032.html&m=2921046028692 HTTP/2.0" 200 86318 "-" "Mozilla/5.0 AppleWebKit/537.36 (KHTML, like Gecko; compatible; GPTBot/1.3; +https://openai.com/gptbot)"
54.90.244.132 - - [21/Nov/2025:01:56:39 -0800] "GET /home/?path=//sys/class/tty/ptype/subsystem/ttyS7/device/subsystem/devices/reg-dummy/subsystem/devices/reg-dummy/driver/reg-dummy/subsystem/devices/PCCT/driver/PCCT/driver HTTP/1.1" 200 6607 "-" "Mozilla/5.0 AppleWebKit/537.36 (KHTML, like Gecko; compatible; Amazonbot/0.1; +https://developer.amazon.com/support/amazonbot) Chrome/119.0.6045.214 Safari/537.36"
74.7.227.15 - - [21/Nov/2025:01:56:40 -0800] "GET /search.php?channel=156e34&from=https://mollywoppersnyb.com/chat.htm?ball001037785.html&m=2921046028692 HTTP/2.0" 200 85729 "-" "Mozilla/5.0 AppleWebKit/537.36 (KHTML, like Gecko; compatible; GPTBot/1.3; +https://openai.com/gptbot)"
66.249.69.233 - - [21/Nov/2025:01:56:41 -0800] "GET /market/47674025 HTTP/1.1" 200 24693 "-" "Mozilla/5.0 (Linux; Android 6.0.1; Nexus 5X Build/MMB29P) AppleWebKit/537.36 (KHTML, like Gecko) Chrome/141.0.7390.122 Mobile Safari/537.36 (compatible; GoogleOther)"
74.7.227.15 - - [21/Nov/2025:01:56:41 -0800] "GET /search.php?channel=156e34&from=https://mollywoppersnyb.com/chat.htm?items/075024836.html&m=2921046028692 HTTP/2.0" 200 86245 "-" "Mozilla/5.0 AppleWebKit/537.36 (KHTML, like Gecko; compatible; GPTBot/1.3; +https://openai.com/gptbot)"
74.7.227.15 - - [21/Nov/2025:01:56:42 -0800] "GET /search.php?channel=156e34&from=https://mollywoppersnyb.com/chat.htm?items/227021810.html&m=2921046028692 HTTP/2.0" 200 86460 "-" "Mozilla/5.0 AppleWebKit/537.36 (KHTML, like Gecko; compatible; GPTBot/1.3; +https://openai.com/gptbot)"
54.145.82.217 - - [21/Nov/2025:01:56:43 -0800] "GET /home/?path=//sys/class/tty/ptype/subsystem/ttyS7/device/subsystem/drivers/reg-dummy/reg-dummy/driver/reg-dummy/driver/reg-dummy/subsystem/devices/vesa-framebuffer.0/subsystem/drivers HTTP/1.1" 200 7505 "-" "Mozilla/5.0 AppleWebKit/537.36 (KHTML, like Gecko; compatible; Amazonbot/0.1; +https://developer.amazon.com/support/amazonbot) Chrome/119.0.6045.214 Safari/537.36"
74.7.227.15 - - [21/Nov/2025:01:56:44 -0800] "GET /search.php?wisdom241037591.html HTTP/2.0" 200 87333 "-" "Mozilla/5.0 AppleWebKit/537.36 (KHTML, like Gecko; compatible; GPTBot/1.3; +https://openai.com/gptbot)"
74.7.227.15 - - [21/Nov/2025:01:56:45 -0800] "GET /search.php?channel=156e34&from=https://mollywoppersnyb.com/chat.htm?prisoner242040812.html&m=2921046028692 HTTP/2.0" 200 86019 "-" "Mozilla/5.0 AppleWebKit/537.36 (KHTML, like Gecko; compatible; GPTBot/1.3; +https://openai.com/gptbot)"
74.7.227.15 - - [21/Nov/2025:01:56:46 -0800] "GET /search.php?channel=156e34&from=https://mollywoppersnyb.com/chat.htm?stomach149030381.html&m=2921046028692 HTTP/2.0" 200 86175 "-" "Mozilla/5.0 AppleWebKit/537.36 (KHTML, like Gecko; compatible; GPTBot/1.3; +https://openai.com/gptbot)"
52.4.76.156 - - [21/Nov/2025:01:56:47 -0800] "GET /home/?path=//sys/class/tty/ptype/subsystem/ttyS5/device/subsystem/drivers/reg-dummy/reg-dummy/subsystem/devices/PCCT/driver/PCCT/driver/PCCT/subsystem/drivers HTTP/1.1" 200 7504 "-" "Mozilla/5.0 AppleWebKit/537.36 (KHTML, like Gecko; compatible; Amazonbot/0.1; +https://developer.amazon.com/support/amazonbot) Chrome/119.0.6045.214 Safari/537.36"
74.7.227.15 - - [21/Nov/2025:01:56:47 -0800] "GET /search.php?network119035627.html HTTP/2.0" 200 85607 "-" "Mozilla/5.0 AppleWebKit/537.36 (KHTML, like Gecko; compatible; GPTBot/1.3; +https://openai.com/gptbot)"
74.7.227.15 - - [21/Nov/2025:01:56:49 -0800] "GET /search.php?channel=156e34&from=https://mollywoppersnyb.com/chat.htm?items/060041413.html&m=2921046028692 HTTP/2.0" 200 86626 "-" "Mozilla/5.0 AppleWebKit/537.36 (KHTML, like Gecko; compatible; GPTBot/1.3; +https://openai.com/gptbot)"
74.7.227.15 - - [21/Nov/2025:01:56:50 -0800] "GET /search.php?enter293015145.html HTTP/2.0" 200 86640 "-" "Mozilla/5.0 AppleWebKit/537.36 (KHTML, like Gecko; compatible; GPTBot/1.3; +https://openai.com/gptbot)"
54.83.56.1 - - [21/Nov/2025:01:56:51 -0800] "GET /home/?path=//sys/class/tty/ptype/subsystem/ttyS7/device/subsystem/drivers/reg-dummy/reg-dummy/driver/reg-dummy/driver/reg-dummy/subsystem/devices/microcode/subsystem/drivers/ohci-platform HTTP/1.1" 200 6638 "-" "Mozilla/5.0 AppleWebKit/537.36 (KHTML, like Gecko; compatible; Amazonbot/0.1; +https://developer.amazon.com/support/amazonbot) Chrome/119.0.6045.214 Safari/537.36"
66.249.69.233 - - [21/Nov/2025:01:56:51 -0800] "GET /market/46743572 HTTP/1.1" 200 24917 "-" "Mozilla/5.0 (Linux; Android 6.0.1; Nexus 5X Build/MMB29P) AppleWebKit/537.36 (KHTML, like Gecko) Chrome/141.0.7390.122 Mobile Safari/537.36 (compatible; Googlebot/2.1; +http://www.google.com/bot.html)"
74.7.227.15 - - [21/Nov/2025:01:56:51 -0800] "GET /search.php?channel=156e34&from=https://mollywoppersnyb.com/chat.htm?items/016008305.html&m=2921046028692 HTTP/2.0" 200 85746 "-" "Mozilla/5.0 AppleWebKit/537.36 (KHTML, like Gecko; compatible; GPTBot/1.3; +https://openai.com/gptbot)"
66.249.69.233 - - [21/Nov/2025:01:56:52 -0800] "GET /market/1041528854 HTTP/1.1" 200 21762 "-" "Mozilla/5.0 (Linux; Android 6.0.1; Nexus 5X Build/MMB29P) AppleWebKit/537.36 (KHTML, like Gecko) Chrome/141.0.7390.122 Mobile Safari/537.36 (compatible; GoogleOther)"
74.7.227.15 - - [21/Nov/2025:01:56:52 -0800] "GET /search.php?channel=156e34&from=https://mollywoppersnyb.com/chat.htm?shadow218041420.html&m=2921046028692 HTTP/2.0" 200 86159 "-" "Mozilla/5.0 AppleWebKit/537.36 (KHTML, like Gecko; compatible; GPTBot/1.3; +https://openai.com/gptbot)"
74.7.227.15 - - [21/Nov/2025:01:56:53 -0800] "GET /search.php?juror154038930.html HTTP/2.0" 200 85796 "-" "Mozilla/5.0 AppleWebKit/537.36 (KHTML, like Gecko; compatible; GPTBot/1.3; +https://openai.com/gptbot)"
74.7.227.15 - - [21/Nov/2025:01:56:55 -0800] "GET /search.php?define218041420.html HTTP/2.0" 200 85924 "-" "Mozilla/5.0 AppleWebKit/537.36 (KHTML, like Gecko; compatible; GPTBot/1.3; +https://openai.com/gptbot)"
74.7.227.15 - - [21/Nov/2025:01:56:56 -0800] "GET /search.php?channel=156e34&from=https://mollywoppersnyb.com/chat.htm?items/288002163.html&m=2921046028692 HTTP/2.0" 200 86529 "-" "Mozilla/5.0 AppleWebKit/537.36 (KHTML, like Gecko; compatible; GPTBot/1.3; +https://openai.com/gptbot)"
74.7.227.15 - - [21/Nov/2025:01:56:57 -0800] "GET /search.php?channel=156e34&from=https://mollywoppersnyb.com/chat.htm?starter015028997.html&m=2921046028692 HTTP/2.0" 200 85885 "-" "Mozilla/5.0 AppleWebKit/537.36 (KHTML, like Gecko; compatible; GPTBot/1.3; +https://openai.com/gptbot)"
74.7.227.15 - - [21/Nov/2025:01:56:58 -0800] "GET /search.php?channel=156e34&from=https://mollywoppersnyb.com/chat.htm?items/225014348.html&m=2921046028692 HTTP/2.0" 200 85974 "-" "Mozilla/5.0 AppleWebKit/537.36 (KHTML, like Gecko; compatible; GPTBot/1.3; +https://openai.com/gptbot)"
66.249.69.233 - - [21/Nov/2025:01:57:00 -0800] "GET /market/1370891558 HTTP/1.1" 200 3645 "-" "Mozilla/5.0 (Linux; Android 6.0.1; Nexus 5X Build/MMB29P) AppleWebKit/537.36 (KHTML, like Gecko) Chrome/141.0.7390.122 Mobile Safari/537.36 (compatible; GoogleOther)"
74.7.227.15 - - [21/Nov/2025:01:57:00 -0800] "GET /search.php?channel=156e34&from=https://mollywoppersnyb.com/chat.htm?items/226026957.html&m=2921046028692 HTTP/2.0" 200 86385 "-" "Mozilla/5.0 AppleWebKit/537.36 (KHTML, like Gecko; compatible; GPTBot/1.3; +https://openai.com/gptbot)"
74.7.227.15 - - [21/Nov/2025:01:57:01 -0800] "GET /search.php?channel=156e34&from=https://mollywoppersnyb.com/chat.htm?items/178049363.html&m=2921046028692 HTTP/2.0" 200 86375 "-" "Mozilla/5.0 AppleWebKit/537.36 (KHTML, like Gecko; compatible; GPTBot/1.3; +https://openai.com/gptbot)"
74.7.227.15 - - [21/Nov/2025:01:57:02 -0800] "GET /search.php?channel=156e34&from=https://mollywoppersnyb.com/chat.htm?items/138048261.html&m=2921046028692 HTTP/2.0" 200 86338 "-" "Mozilla/5.0 AppleWebKit/537.36 (KHTML, like Gecko; compatible; GPTBot/1.3; +https://openai.com/gptbot)"
44.220.2.97 - - [21/Nov/2025:01:57:03 -0800] "GET /?path=//sys/class/tty/ptype/subsystem/ttyp1/subsystem/ptype/subsystem/ttyS0/device/driver HTTP/1.1" 200 6615 "-" "Mozilla/5.0 AppleWebKit/537.36 (KHTML, like Gecko; compatible; Amazonbot/0.1; +https://developer.amazon.com/support/amazonbot) Chrome/119.0.6045.214 Safari/537.36"
74.7.227.15 - - [21/Nov/2025:01:57:03 -0800] "GET /search.php?channel=156e34&from=https://mollywoppersnyb.com/chat.htm?items/148006073.html&m=2921046028692 HTTP/2.0" 200 85832 "-" "Mozilla/5.0 AppleWebKit/537.36 (KHTML, like Gecko; compatible; GPTBot/1.3; +https://openai.com/gptbot)"
66.249.69.233 - - [21/Nov/2025:01:57:04 -0800] "GET /market/17747412 HTTP/1.1" 200 24873 "-" "Mozilla/5.0 (Linux; Android 6.0.1; Nexus 5X Build/MMB29P) AppleWebKit/537.36 (KHTML, like Gecko) Chrome/141.0.7390.122 Mobile Safari/537.36 (compatible; GoogleOther)"
74.7.227.15 - - [21/Nov/2025:01:57:04 -0800] "GET /search.php?pat242009794.html HTTP/2.0" 200 85684 "-" "Mozilla/5.0 AppleWebKit/537.36 (KHTML, like Gecko; compatible; GPTBot/1.3; +https://openai.com/gptbot)"
74.7.227.15 - - [21/Nov/2025:01:57:06 -0800] "GET /search.php?channel=156e34&from=https://mollywoppersnyb.com/chat.htm?items/183039392.html&m=2921046028692 HTTP/2.0" 200 85772 "-" "Mozilla/5.0 AppleWebKit/537.36 (KHTML, like Gecko; compatible; GPTBot/1.3; +https://openai.com/gptbot)"
74.7.227.15 - - [21/Nov/2025:01:57:07 -0800] "GET /search.php?channel=156e34&from=https://mollywoppersnyb.com/chat.htm?defeat295003517.html&m=2921046028692 HTTP/2.0" 200 86572 "-" "Mozilla/5.0 AppleWebKit/537.36 (KHTML, like Gecko; compatible; GPTBot/1.3; +https://openai.com/gptbot)"
74.7.227.15 - - [21/Nov/2025:01:57:08 -0800] "GET /search.php?channel=156e34&from=https://mollywoppersnyb.com/chat.htm?expose255011237.html&m=2921046028692 HTTP/2.0" 200 85809 "-" "Mozilla/5.0 AppleWebKit/537.36 (KHTML, like Gecko; compatible; GPTBot/1.3; +https://openai.com/gptbot)"
217.113.194.24 - - [21/Nov/2025:01:57:09 -0800] "GET /2018/11/11/todays-the-day-come-on-out-to-garagephilly-3-6pm-to-support-mollywoppersnyb-theres-some-pretty-killer-stuff-going-up-for-auction-and-dogboy701-is-gonna-be-in-the-cart-to-feed-yo-9/?fileloc=/home/mollywopper/mollywoppersnyb.com/wp-includes/rss.php&path=/home/mollywopper/mollywoppersnyb.com/wp-includes HTTP/1.1" 200 10052 "-" "Mozilla/5.0 (compatible; Barkrowler/0.9; +https://babbar.tech/crawler)"
74.7.227.15 - - [21/Nov/2025:01:57:10 -0800] "GET /search.php?gaze275034167.html HTTP/2.0" 200 85483 "-" "Mozilla/5.0 AppleWebKit/537.36 (KHTML, like Gecko; compatible; GPTBot/1.3; +https://openai.com/gptbot)"
74.7.227.15 - - [21/Nov/2025:01:57:11 -0800] "GET /search.php?route076000712.html HTTP/2.0" 200 86483 "-" "Mozilla/5.0 AppleWebKit/537.36 (KHTML, like Gecko; compatible; GPTBot/1.3; +https://openai.com/gptbot)"
74.7.227.15 - - [21/Nov/2025:01:57:12 -0800] "GET /search.php?channel=156e34&from=https://mollywoppersnyb.com/chat.htm?items/289018938.html&m=2921046028692 HTTP/2.0" 200 86264 "-" "Mozilla/5.0 AppleWebKit/537.36 (KHTML, like Gecko; compatible; GPTBot/1.3; +https://openai.com/gptbot)"
74.7.227.15 - - [21/Nov/2025:01:57:14 -0800] "GET /search.php?strip241037773.html HTTP/2.0" 200 87250 "-" "Mozilla/5.0 AppleWebKit/537.36 (KHTML, like Gecko; compatible; GPTBot/1.3; +https://openai.com/gptbot)"
74.7.227.15 - - [21/Nov/2025:01:57:15 -0800] "GET /search.php?guess192001444.html HTTP/2.0" 200 86056 "-" "Mozilla/5.0 AppleWebKit/537.36 (KHTML, like Gecko; compatible; GPTBot/1.3; +https://openai.com/gptbot)"
66.249.69.233 - - [21/Nov/2025:01:57:16 -0800] "GET /?market=1696599627 HTTP/1.1" 200 24597 "-" "Mozilla/5.0 (Linux; Android 6.0.1; Nexus 5X Build/MMB29P) AppleWebKit/537.36 (KHTML, like Gecko) Chrome/141.0.7390.122 Mobile Safari/537.36 (compatible; Googlebot/2.1; +http://www.google.com/bot.html)"
74.7.227.15 - - [21/Nov/2025:01:57:16 -0800] "GET /search.php?product/edit/e-hakaru-41-1707 HTTP/2.0" 200 86900 "-" "Mozilla/5.0 AppleWebKit/537.36 (KHTML, like Gecko; compatible; GPTBot/1.3; +https://openai.com/gptbot)"
74.7.227.15 - - [21/Nov/2025:01:57:17 -0800] "GET /search.php?channel=156e34&from=https://mollywoppersnyb.com/chat.htm?accident274022224.html&m=2921046028692 HTTP/2.0" 200 86486 "-" "Mozilla/5.0 AppleWebKit/537.36 (KHTML, like Gecko; compatible; GPTBot/1.3; +https://openai.com/gptbot)"
74.7.227.15 - - [21/Nov/2025:01:57:19 -0800] "GET /search.php?brief295003517.html HTTP/2.0" 200 86589 "-" "Mozilla/5.0 AppleWebKit/537.36 (KHTML, like Gecko; compatible; GPTBot/1.3; +https://openai.com/gptbot)"
74.7.227.15 - - [21/Nov/2025:01:57:20 -0800] "GET /search.php?know158010164.html HTTP/2.0" 200 85889 "-" "Mozilla/5.0 AppleWebKit/537.36 (KHTML, like Gecko; compatible; GPTBot/1.3; +https://openai.com/gptbot)"
66.249.69.233 - - [21/Nov/2025:01:57:21 -0800] "GET /?market=1728254867 HTTP/1.1" 200 24986 "-" "Mozilla/5.0 (Linux; Android 6.0.1; Nexus 5X Build/MMB29P) AppleWebKit/537.36 (KHTML, like Gecko) Chrome/141.0.7390.122 Mobile Safari/537.36 (compatible; Googlebot/2.1; +http://www.google.com/bot.html)"
74.7.227.15 - - [21/Nov/2025:01:57:21 -0800] "GET /search.php?channel=156e34&from=https://mollywoppersnyb.com/chat.htm?assault241037623.html&m=2921046028692 HTTP/2.0" 200 86842 "-" "Mozilla/5.0 AppleWebKit/537.36 (KHTML, like Gecko; compatible; GPTBot/1.3; +https://openai.com/gptbot)"
74.7.227.15 - - [21/Nov/2025:01:57:22 -0800] "GET /search.php?channel=156e34&from=https://mollywoppersnyb.com/chat.htm?Arab177009477.html&m=2921046028692 HTTP/2.0" 200 85711 "-" "Mozilla/5.0 AppleWebKit/537.36 (KHTML, like Gecko; compatible; GPTBot/1.3; +https://openai.com/gptbot)"
74.7.227.15 - - [21/Nov/2025:01:57:24 -0800] "GET /search.php?channel=156e34&from=https://mollywoppersnyb.com/chat.htm?surgeon114015602.html&m=2921046028692 HTTP/2.0" 200 85728 "-" "Mozilla/5.0 AppleWebKit/537.36 (KHTML, like Gecko; compatible; GPTBot/1.3; +https://openai.com/gptbot)"
74.7.227.15 - - [21/Nov/2025:01:57:25 -0800] "GET /search.php?channel=156e34&from=https://mollywoppersnyb.com/chat.htm?items/180016783.html&m=2921046028692 HTTP/2.0" 200 85834 "-" "Mozilla/5.0 AppleWebKit/537.36 (KHTML, like Gecko; compatible; GPTBot/1.3; +https://openai.com/gptbot)"
74.7.227.15 - - [21/Nov/2025:01:57:26 -0800] "GET /search.php?channel=156e34&from=https://mollywoppersnyb.com/chat.htm?items/161008618.html&m=2921046028692 HTTP/2.0" 200 86016 "-" "Mozilla/5.0 AppleWebKit/537.36 (KHTML, like Gecko; compatible; GPTBot/1.3; +https://openai.com/gptbot)"
44.212.131.50 - - [21/Nov/2025:01:57:26 -0800] "GET /?path=//sys/class/tty/ptype/subsystem/ttysc/subsystem/ttypc/subsystem/ttysc/subsystem/ttyv1 HTTP/1.1" 200 6579 "-" "Mozilla/5.0 AppleWebKit/537.36 (KHTML, like Gecko; compatible; Amazonbot/0.1; +https://developer.amazon.com/support/amazonbot) Chrome/119.0.6045.214 Safari/537.36"
74.7.227.15 - - [21/Nov/2025:01:57:27 -0800] "GET /search.php?product/edit/autoparts-agency-507679160 HTTP/2.0" 200 85981 "-" "Mozilla/5.0 AppleWebKit/537.36 (KHTML, like Gecko; compatible; GPTBot/1.3; +https://openai.com/gptbot)"
66.249.69.233 - - [21/Nov/2025:01:57:29 -0800] "GET /market/1388471063 HTTP/1.1" 200 25168 "-" "Mozilla/5.0 (Linux; Android 6.0.1; Nexus 5X Build/MMB29P) AppleWebKit/537.36 (KHTML, like Gecko) Chrome/141.0.7390.122 Mobile Safari/537.36 (compatible; GoogleOther)"
74.7.227.15 - - [21/Nov/2025:01:57:29 -0800] "GET /search.php?items/180016783.html HTTP/2.0" 200 85855 "-" "Mozilla/5.0 AppleWebKit/537.36 (KHTML, like Gecko; compatible; GPTBot/1.3; +https://openai.com/gptbot)"
74.7.227.15 - - [21/Nov/2025:01:57:30 -0800] "GET /search.php?channel=156e34&from=https://mollywoppersnyb.com/chat.htm?behavior262043080.html&m=2921046028692 HTTP/2.0" 200 86003 "-" "Mozilla/5.0 AppleWebKit/537.36 (KHTML, like Gecko; compatible; GPTBot/1.3; +https://openai.com/gptbot)"
74.7.227.15 - - [21/Nov/2025:01:57:31 -0800] "GET /search.php?channel=156e34&from=https://mollywoppersnyb.com/chat.htm?dough188022932.html&m=2921046028692 HTTP/2.0" 200 85930 "-" "Mozilla/5.0 AppleWebKit/537.36 (KHTML, like Gecko; compatible; GPTBot/1.3; +https://openai.com/gptbot)"
40.77.167.38 - - [21/Nov/2025:01:57:32 -0800] "GET /?market=1797350805 HTTP/2.0" 200 132 "-" "Mozilla/5.0 AppleWebKit/537.36 (KHTML, like Gecko; compatible; bingbot/2.0; +http://www.bing.com/bingbot.htm) Chrome/116.0.1938.76 Safari/537.36"
74.7.227.15 - - [21/Nov/2025:01:57:32 -0800] "GET /search.php?channel=156e34&from=https://mollywoppersnyb.com/chat.htm?tourism114022208.html&m=2921046028692 HTTP/2.0" 200 86304 "-" "Mozilla/5.0 AppleWebKit/537.36 (KHTML, like Gecko; compatible; GPTBot/1.3; +https://openai.com/gptbot)"
66.249.69.233 - - [21/Nov/2025:01:57:34 -0800] "GET /market/31407976 HTTP/1.1" 200 24840 "-" "Mozilla/5.0 (Linux; Android 6.0.1; Nexus 5X Build/MMB29P) AppleWebKit/537.36 (KHTML, like Gecko) Chrome/141.0.7390.122 Mobile Safari/537.36 (compatible; Googlebot/2.1; +http://www.google.com/bot.html)"
74.7.227.15 - - [21/Nov/2025:01:57:34 -0800] "GET /search.php?channel=156e34&from=https://mollywoppersnyb.com/chat.htm?mission205045533.html&m=2921046028692 HTTP/2.0" 200 86111 "-" "Mozilla/5.0 AppleWebKit/537.36 (KHTML, like Gecko; compatible; GPTBot/1.3; +https://openai.com/gptbot)"
74.7.227.15 - - [21/Nov/2025:01:57:35 -0800] "GET /search.php?channel=156e34&from=https://mollywoppersnyb.com/chat.htm?items/187026460.html&m=2921046028692 HTTP/2.0" 200 85811 "-" "Mozilla/5.0 AppleWebKit/537.36 (KHTML, like Gecko; compatible; GPTBot/1.3; +https://openai.com/gptbot)"
66.249.69.233 - - [21/Nov/2025:01:57:36 -0800] "GET /market/275881596 HTTP/1.1" 200 21504 "-" "Mozilla/5.0 (Linux; Android 6.0.1; Nexus 5X Build/MMB29P) AppleWebKit/537.36 (KHTML, like Gecko) Chrome/141.0.7390.122 Mobile Safari/537.36 (compatible; GoogleOther)"
74.7.227.15 - - [21/Nov/2025:01:57:36 -0800] "GET /search.php?channel=156e34&from=https://mollywoppersnyb.com/chat.htm?items/163022736.html&m=2921046028692 HTTP/2.0" 200 86499 "-" "Mozilla/5.0 AppleWebKit/537.36 (KHTML, like Gecko; compatible; GPTBot/1.3; +https://openai.com/gptbot)"
74.7.227.15 - - [21/Nov/2025:01:57:38 -0800] "GET /search.php?door241037619.html HTTP/2.0" 200 86973 "-" "Mozilla/5.0 AppleWebKit/537.36 (KHTML, like Gecko; compatible; GPTBot/1.3; +https://openai.com/gptbot)"
74.7.227.15 - - [21/Nov/2025:01:57:39 -0800] "GET /search.php?channel=156e34&from=https://mollywoppersnyb.com/chat.htm?deploy170013424.html&m=2921046028692 HTTP/2.0" 200 85989 "-" "Mozilla/5.0 AppleWebKit/537.36 (KHTML, like Gecko; compatible; GPTBot/1.3; +https://openai.com/gptbot)"
50.16.248.61 - - [21/Nov/2025:01:57:40 -0800] "GET /home/?path=//sys/class/tty/ptype/subsystem/ttyS3/device/subsystem/drivers/reg-dummy/reg-dummy/subsystem/devices/reg-dummy/subsystem/drivers/smbus_cmi HTTP/1.1" 200 6596 "-" "Mozilla/5.0 AppleWebKit/537.36 (KHTML, like Gecko; compatible; Amazonbot/0.1; +https://developer.amazon.com/support/amazonbot) Chrome/119.0.6045.214 Safari/537.36"
74.7.227.15 - - [21/Nov/2025:01:57:40 -0800] "GET /search.php?justify287003435.html HTTP/2.0" 200 86429 "-" "Mozilla/5.0 AppleWebKit/537.36 (KHTML, like Gecko; compatible; GPTBot/1.3; +https://openai.com/gptbot)"
74.7.227.15 - - [21/Nov/2025:01:57:41 -0800] "GET /search.php?channel=156e34&from=https://mollywoppersnyb.com/chat.htm?visitor038016448.html&m=2921046028692 HTTP/2.0" 200 85823 "-" "Mozilla/5.0 AppleWebKit/537.36 (KHTML, like Gecko; compatible; GPTBot/1.3; +https://openai.com/gptbot)"
74.7.227.15 - - [21/Nov/2025:01:57:43 -0800] "GET /search.php?product/edit/rcmdse-tm-2408529 HTTP/2.0" 200 86137 "-" "Mozilla/5.0 AppleWebKit/537.36 (KHTML, like Gecko; compatible; GPTBot/1.3; +https://openai.com/gptbot)"
74.7.227.15 - - [21/Nov/2025:01:57:44 -0800] "GET /search.php?channel=156e34&from=https://mollywoppersnyb.com/chat.htm?critic182031490.html&m=2921046028692 HTTP/2.0" 200 85732 "-" "Mozilla/5.0 AppleWebKit/537.36 (KHTML, like Gecko; compatible; GPTBot/1.3; +https://openai.com/gptbot)"
51.222.95.3 - - [21/Nov/2025:01:57:46 -0800] "GET /?market=1045361935 HTTP/2.0" 200 109 "-" "Mozilla/5.0 (compatible; AhrefsBot/7.0; +http://ahrefs.com/robot/)"
74.7.227.15 - - [21/Nov/2025:01:57:46 -0800] "GET /search.php?young138043214.html HTTP/2.0" 200 86264 "-" "Mozilla/5.0 AppleWebKit/537.36 (KHTML, like Gecko; compatible; GPTBot/1.3; +https://openai.com/gptbot)"
23.21.148.226 - - [21/Nov/2025:01:57:47 -0800] "GET /?path=//sys/class/tty/ptype/subsystem/ttyv1/subsystem/console/subsystem/ttysc/subsystem/ttyec HTTP/1.1" 200 6598 "-" "Mozilla/5.0 AppleWebKit/537.36 (KHTML, like Gecko; compatible; Amazonbot/0.1; +https://developer.amazon.com/support/amazonbot) Chrome/119.0.6045.214 Safari/537.36"
74.7.227.15 - - [21/Nov/2025:01:57:47 -0800] "GET /search.php?identity241037645.html HTTP/2.0" 200 86640 "-" "Mozilla/5.0 AppleWebKit/537.36 (KHTML, like Gecko; compatible; GPTBot/1.3; +https://openai.com/gptbot)"
52.3.104.214 - - [21/Nov/2025:01:57:48 -0800] "GET /?path=//sys/class/tty/ptype/subsystem/ttyp1/subsystem/ttyec/subsystem/ttyp1/subsystem/ttywf HTTP/1.1" 200 6579 "-" "Mozilla/5.0 AppleWebKit/537.36 (KHTML, like Gecko; compatible; Amazonbot/0.1; +https://developer.amazon.com/support/amazonbot) Chrome/119.0.6045.214 Safari/537.36"
74.7.227.15 - - [21/Nov/2025:01:57:48 -0800] "GET /search.php?channel=156e34&from=https://mollywoppersnyb.com/chat.htm?items/241037638.html&m=2921046028692 HTTP/2.0" 200 86583 "-" "Mozilla/5.0 AppleWebKit/537.36 (KHTML, like Gecko; compatible; GPTBot/1.3; +https://openai.com/gptbot)"
74.7.227.15 - - [21/Nov/2025:01:57:50 -0800] "GET /search.php?channel=156e34&from=https://mollywoppersnyb.com/chat.htm?gesture102043366.html&m=2921046028692 HTTP/2.0" 200 85880 "-" "Mozilla/5.0 AppleWebKit/537.36 (KHTML, like Gecko; compatible; GPTBot/1.3; +https://openai.com/gptbot)"
52.4.238.8 - - [21/Nov/2025:01:57:52 -0800] "GET /?path=//sys/class/tty/ptype/subsystem/ptyp1/subsystem/ttywf/subsystem/ttysc/subsystem/console HTTP/1.1" 200 6649 "-" "Mozilla/5.0 AppleWebKit/537.36 (KHTML, like Gecko; compatible; Amazonbot/0.1; +https://developer.amazon.com/support/amazonbot) Chrome/119.0.6045.214 Safari/537.36"
74.7.227.15 - - [21/Nov/2025:01:57:51 -0800] "GET /search.php?quick138016812.html HTTP/2.0" 200 85568 "-" "Mozilla/5.0 AppleWebKit/537.36 (KHTML, like Gecko; compatible; GPTBot/1.3; +https://openai.com/gptbot)"
74.7.227.15 - - [21/Nov/2025:01:57:53 -0800] "GET /search.php?channel=156e34&from=https://mollywoppersnyb.com/chat.htm?bid148036166.html&m=2921046028692 HTTP/2.0" 200 86063 "-" "Mozilla/5.0 AppleWebKit/537.36 (KHTML, like Gecko; compatible; GPTBot/1.3; +https://openai.com/gptbot)"
66.249.69.233 - - [21/Nov/2025:01:57:54 -0800] "GET /market/879829548 HTTP/1.1" 200 25369 "-" "Mozilla/5.0 (Linux; Android 6.0.1; Nexus 5X Build/MMB29P) AppleWebKit/537.36 (KHTML, like Gecko) Chrome/141.0.7390.122 Mobile Safari/537.36 (compatible; GoogleOther)"
74.7.227.15 - - [21/Nov/2025:01:57:54 -0800] "GET /search.php?channel=156e34&from=https://mollywoppersnyb.com/chat.htm?only158036412.html&m=2921046028692 HTTP/2.0" 200 86512 "-" "Mozilla/5.0 AppleWebKit/537.36 (KHTML, like Gecko; compatible; GPTBot/1.3; +https://openai.com/gptbot)"
44.197.76.210 - - [21/Nov/2025:01:57:55 -0800] "GET /?path=//sys/class/tty/ptype/subsystem/ttyqb/subsystem/ttype/subsystem/ttyp0/subsystem/ptmx HTTP/1.1" 200 6607 "-" "Mozilla/5.0 AppleWebKit/537.36 (KHTML, like Gecko; compatible; Amazonbot/0.1; +https://developer.amazon.com/support/amazonbot) Chrome/119.0.6045.214 Safari/537.36"
74.7.227.15 - - [21/Nov/2025:01:57:56 -0800] "GET /search.php?product/edit/ganbariya-708-4391 HTTP/2.0" 200 86086 "-" "Mozilla/5.0 AppleWebKit/537.36 (KHTML, like Gecko; compatible; GPTBot/1.3; +https://openai.com/gptbot)"
74.7.227.15 - - [21/Nov/2025:01:57:57 -0800] "GET /search.php?channel=156e34&from=https://mollywoppersnyb.com/chat.htm?items/106000007.html&m=2921046028692 HTTP/2.0" 200 86019 "-" "Mozilla/5.0 AppleWebKit/537.36 (KHTML, like Gecko; compatible; GPTBot/1.3; +https://openai.com/gptbot)"
66.249.69.233 - - [21/Nov/2025:01:57:58 -0800] "GET /market/1359085013 HTTP/1.1" 200 21960 "-" "Mozilla/5.0 (Linux; Android 6.0.1; Nexus 5X Build/MMB29P) AppleWebKit/537.36 (KHTML, like Gecko) Chrome/141.0.7390.122 Mobile Safari/537.36 (compatible; GoogleOther)"
74.7.227.15 - - [21/Nov/2025:01:57:58 -0800] "GET /search.php?channel=156e34&from=https://mollywoppersnyb.com/chat.htm?items/136011619.html&m=2921046028692 HTTP/2.0" 200 85639 "-" "Mozilla/5.0 AppleWebKit/537.36 (KHTML, like Gecko; compatible; GPTBot/1.3; +https://openai.com/gptbot)"
74.7.227.15 - - [21/Nov/2025:01:58:00 -0800] "GET /search.php?run241037635.html HTTP/2.0" 200 86894 "-" "Mozilla/5.0 AppleWebKit/537.36 (KHTML, like Gecko; compatible; GPTBot/1.3; +https://openai.com/gptbot)"
74.7.227.15 - - [21/Nov/2025:01:58:01 -0800] "GET /search.php?duck273040675.html HTTP/2.0" 200 86889 "-" "Mozilla/5.0 AppleWebKit/537.36 (KHTML, like Gecko; compatible; GPTBot/1.3; +https://openai.com/gptbot)"
66.249.69.235 - - [21/Nov/2025:01:58:02 -0800] "GET /m264037144 HTTP/1.1" 200 23990 "-" "Mozilla/5.0 (Linux; Android 6.0.1; Nexus 5X Build/MMB29P) AppleWebKit/537.36 (KHTML, like Gecko) Chrome/141.0.7390.122 Mobile Safari/537.36 (compatible; GoogleOther)"
74.7.227.15 - - [21/Nov/2025:01:58:02 -0800] "GET /search.php?subsidy094032782.html HTTP/2.0" 200 85973 "-" "Mozilla/5.0 AppleWebKit/537.36 (KHTML, like Gecko; compatible; GPTBot/1.3; +https://openai.com/gptbot)"
74.7.227.15 - - [21/Nov/2025:01:58:04 -0800] "GET /search.php?channel=156e34&from=https://mollywoppersnyb.com/chat.htm?entire148036166.html&m=2921046028692 HTTP/2.0" 200 85764 "-" "Mozilla/5.0 AppleWebKit/537.36 (KHTML, like Gecko; compatible; GPTBot/1.3; +https://openai.com/gptbot)"
74.7.227.15 - - [21/Nov/2025:01:58:05 -0800] "GET /search.php?pcmypage?callback=/product%2Fdetail%2uglam-gia-sb9401sprinkle HTTP/2.0" 200 85891 "-" "Mozilla/5.0 AppleWebKit/537.36 (KHTML, like Gecko; compatible; GPTBot/1.3; +https://openai.com/gptbot)"
44.223.232.55 - - [21/Nov/2025:01:58:06 -0800] "GET /home/?path=//sys/class/tty/ptype/subsystem/ttyp0/subsystem/ttyp5/subsystem/ttyp1/subsystem/ttyvd HTTP/1.1" 200 6519 "-" "Mozilla/5.0 AppleWebKit/537.36 (KHTML, like Gecko; compatible; Amazonbot/0.1; +https://developer.amazon.com/support/amazonbot) Chrome/119.0.6045.214 Safari/537.36"
74.7.227.15 - - [21/Nov/2025:01:58:07 -0800] "GET /search.php?jump158036412.html HTTP/2.0" 200 86531 "-" "Mozilla/5.0 AppleWebKit/537.36 (KHTML, like Gecko; compatible; GPTBot/1.3; +https://openai.com/gptbot)"
74.7.227.15 - - [21/Nov/2025:01:58:08 -0800] "GET /search.php?channel=156e34&from=https://mollywoppersnyb.com/chat.htm?depart024024790.html&m=2921046028692 HTTP/2.0" 200 86078 "-" "Mozilla/5.0 AppleWebKit/537.36 (KHTML, like Gecko; compatible; GPTBot/1.3; +https://openai.com/gptbot)"
74.7.227.15 - - [21/Nov/2025:01:58:09 -0800] "GET /search.php?avoid072000684.html HTTP/2.0" 200 86022 "-" "Mozilla/5.0 AppleWebKit/537.36 (KHTML, like Gecko; compatible; GPTBot/1.3; +https://openai.com/gptbot)"
66.249.69.233 - - [21/Nov/2025:01:58:11 -0800] "GET /market/32294636 HTTP/1.1" 200 25076 "-" "Mozilla/5.0 (Linux; Android 6.0.1; Nexus 5X Build/MMB29P) AppleWebKit/537.36 (KHTML, like Gecko) Chrome/141.0.7390.122 Mobile Safari/537.36 (compatible; Googlebot/2.1; +http://www.google.com/bot.html)"
23.21.228.180 - - [21/Nov/2025:01:58:10 -0800] "GET /home/?path=//sys/class/tty/ptype/subsystem/ptype/subsystem/ttysb/subsystem/ttyp2/subsystem/console HTTP/1.1" 200 6605 "-" "Mozilla/5.0 AppleWebKit/537.36 (KHTML, like Gecko; compatible; Amazonbot/0.1; +https://developer.amazon.com/support/amazonbot) Chrome/119.0.6045.214 Safari/537.36"
74.7.227.15 - - [21/Nov/2025:01:58:10 -0800] "GET /search.php?channel=156e34&from=https://mollywoppersnyb.com/chat.htm?action015001597.html&m=2921046028692 HTTP/2.0" 200 85935 "-" "Mozilla/5.0 AppleWebKit/537.36 (KHTML, like Gecko; compatible; GPTBot/1.3; +https://openai.com/gptbot)"
74.7.227.15 - - [21/Nov/2025:01:58:12 -0800] "GET /search.php?channel=156e34&from=https://mollywoppersnyb.com/chat.htm?ceremony095007651.html&m=2921046028692 HTTP/2.0" 200 86483 "-" "Mozilla/5.0 AppleWebKit/537.36 (KHTML, like Gecko; compatible; GPTBot/1.3; +https://openai.com/gptbot)"
74.7.227.15 - - [21/Nov/2025:01:58:13 -0800] "GET /search.php?channel=156e34&from=https://mollywoppersnyb.com/chat.htm?items/273040760.html&m=2921046028692 HTTP/2.0" 200 86279 "-" "Mozilla/5.0 AppleWebKit/537.36 (KHTML, like Gecko; compatible; GPTBot/1.3; +https://openai.com/gptbot)"
54.163.136.244 - - [21/Nov/2025:01:58:14 -0800] "GET /?path=//sys/class/tty/ptype/subsystem/ptype/subsystem/ttyS2/subsystem/ttysc/subsystem/ttyvd HTTP/1.1" 200 6617 "-" "Mozilla/5.0 AppleWebKit/537.36 (KHTML, like Gecko; compatible; Amazonbot/0.1; +https://developer.amazon.com/support/amazonbot) Chrome/119.0.6045.214 Safari/537.36"
74.7.227.15 - - [21/Nov/2025:01:58:15 -0800] "GET /search.php?channel=156e34&from=https://mollywoppersnyb.com/chat.htm?items/273040768.html&m=2921046028692 HTTP/2.0" 200 86375 "-" "Mozilla/5.0 AppleWebKit/537.36 (KHTML, like Gecko; compatible; GPTBot/1.3; +https://openai.com/gptbot)"
74.7.227.15 - - [21/Nov/2025:01:58:16 -0800] "GET /search.php?drawing197006463.html HTTP/2.0" 200 86066 "-" "Mozilla/5.0 AppleWebKit/537.36 (KHTML, like Gecko; compatible; GPTBot/1.3; +https://openai.com/gptbot)"
74.7.227.15 - - [21/Nov/2025:01:58:18 -0800] "GET /search.php?channel=156e34&from=https://mollywoppersnyb.com/chat.htm?items/082015059.html&m=2921046028692 HTTP/2.0" 200 86361 "-" "Mozilla/5.0 AppleWebKit/537.36 (KHTML, like Gecko; compatible; GPTBot/1.3; +https://openai.com/gptbot)"
74.7.227.15 - - [21/Nov/2025:01:58:19 -0800] "GET /search.php?channel=156e34&from=https://mollywoppersnyb.com/chat.htm?coming239045109.html&m=2921046028692 HTTP/2.0" 200 87125 "-" "Mozilla/5.0 AppleWebKit/537.36 (KHTML, like Gecko; compatible; GPTBot/1.3; +https://openai.com/gptbot)"
66.249.69.233 - - [21/Nov/2025:01:58:19 -0800] "GET /market/1102232922 HTTP/1.1" 200 24973 "-" "Mozilla/5.0 (Linux; Android 6.0.1; Nexus 5X Build/MMB29P) AppleWebKit/537.36 (KHTML, like Gecko) Chrome/141.0.7390.122 Mobile Safari/537.36 (compatible; GoogleOther)"
74.7.227.15 - - [21/Nov/2025:01:58:20 -0800] "GET /search.php?squeeze024024790.html HTTP/2.0" 200 86073 "-" "Mozilla/5.0 AppleWebKit/537.36 (KHTML, like Gecko; compatible; GPTBot/1.3; +https://openai.com/gptbot)"
100.29.107.38 - - [21/Nov/2025:01:58:21 -0800] "GET /?path=//sys/class/tty/ptype/subsystem/ttysd/subsystem/ttyp0/subsystem/ttysc/subsystem/ttyv0 HTTP/1.1" 200 6589 "-" "Mozilla/5.0 AppleWebKit/537.36 (KHTML, like Gecko; compatible; Amazonbot/0.1; +https://developer.amazon.com/support/amazonbot) Chrome/119.0.6045.214 Safari/537.36"
74.7.227.15 - - [21/Nov/2025:01:58:21 -0800] "GET /search.php?channel=156e34&from=https://mollywoppersnyb.com/chat.htm?items/135018896.html&m=2921046028692 HTTP/2.0" 200 86771 "-" "Mozilla/5.0 AppleWebKit/537.36 (KHTML, like Gecko; compatible; GPTBot/1.3; +https://openai.com/gptbot)"
74.7.227.15 - - [21/Nov/2025:01:58:22 -0800] "GET /search.php?channel=156e34&from=https://mollywoppersnyb.com/chat.htm?items/179043646.html&m=2921046028692 HTTP/2.0" 200 86074 "-" "Mozilla/5.0 AppleWebKit/537.36 (KHTML, like Gecko; compatible; GPTBot/1.3; +https://openai.com/gptbot)"
74.7.227.15 - - [21/Nov/2025:01:58:24 -0800] "GET /search.php?order241037635.html HTTP/2.0" 200 86754 "-" "Mozilla/5.0 AppleWebKit/537.36 (KHTML, like Gecko; compatible; GPTBot/1.3; +https://openai.com/gptbot)"
74.7.227.15 - - [21/Nov/2025:01:58:25 -0800] "GET /search.php?channel=156e34&from=https://mollywoppersnyb.com/chat.htm?items/273041038.html&m=2921046028692 HTTP/2.0" 200 86427 "-" "Mozilla/5.0 AppleWebKit/537.36 (KHTML, like Gecko; compatible; GPTBot/1.3; +https://openai.com/gptbot)"
74.7.227.15 - - [21/Nov/2025:01:58:27 -0800] "GET /search.php?channel=156e34&from=https://mollywoppersnyb.com/chat.htm?she111024361.html&m=2921046028692 HTTP/2.0" 200 85901 "-" "Mozilla/5.0 AppleWebKit/537.36 (KHTML, like Gecko; compatible; GPTBot/1.3; +https://openai.com/gptbot)"
74.7.227.15 - - [21/Nov/2025:01:58:28 -0800] "GET /search.php?channel=156e34&from=https://mollywoppersnyb.com/chat.htm?fault038015454.html&m=2921046028692 HTTP/2.0" 200 85733 "-" "Mozilla/5.0 AppleWebKit/537.36 (KHTML, like Gecko; compatible; GPTBot/1.3; +https://openai.com/gptbot)"
74.7.227.15 - - [21/Nov/2025:01:58:29 -0800] "GET /search.php?channel=156e34&from=https://mollywoppersnyb.com/chat.htm?items/080035525.html&m=2921046028692 HTTP/2.0" 200 85748 "-" "Mozilla/5.0 AppleWebKit/537.36 (KHTML, like Gecko; compatible; GPTBot/1.3; +https://openai.com/gptbot)"
52.2.83.227 - - [21/Nov/2025:01:58:30 -0800] "GET /?path=//sys/class/tty/ptype/subsystem/ttyp0/subsystem/ttype/subsystem/ttydb/subsystem/ttyrf HTTP/1.1" 200 6558 "-" "Mozilla/5.0 AppleWebKit/537.36 (KHTML, like Gecko; compatible; Amazonbot/0.1; +https://developer.amazon.com/support/amazonbot) Chrome/119.0.6045.214 Safari/537.36"
74.7.227.15 - - [21/Nov/2025:01:58:30 -0800] "GET /search.php?channel=156e34&from=https://mollywoppersnyb.com/chat.htm?needle197006463.html&m=2921046028692 HTTP/2.0" 200 86096 "-" "Mozilla/5.0 AppleWebKit/537.36 (KHTML, like Gecko; compatible; GPTBot/1.3; +https://openai.com/gptbot)"
66.249.69.233 - - [21/Nov/2025:01:58:31 -0800] "GET /market/5179921 HTTP/1.1" 200 24612 "-" "Mozilla/5.0 (Linux; Android 6.0.1; Nexus 5X Build/MMB29P) AppleWebKit/537.36 (KHTML, like Gecko) Chrome/141.0.7390.122 Mobile Safari/537.36 (compatible; GoogleOther)"
74.7.227.15 - - [21/Nov/2025:01:58:31 -0800] "GET /search.php?housing257029641.html HTTP/2.0" 200 86010 "-" "Mozilla/5.0 AppleWebKit/537.36 (KHTML, like Gecko; compatible; GPTBot/1.3; +https://openai.com/gptbot)"
74.7.227.15 - - [21/Nov/2025:01:58:33 -0800] "GET /search.php?boy203017579.html HTTP/2.0" 200 86484 "-" "Mozilla/5.0 AppleWebKit/537.36 (KHTML, like Gecko; compatible; GPTBot/1.3; +https://openai.com/gptbot)"
74.7.227.15 - - [21/Nov/2025:01:58:34 -0800] "GET /search.php?rival053014713.html HTTP/2.0" 200 86292 "-" "Mozilla/5.0 AppleWebKit/537.36 (KHTML, like Gecko; compatible; GPTBot/1.3; +https://openai.com/gptbot)"
66.249.69.233 - - [21/Nov/2025:01:58:34 -0800] "GET /?market=1991524572 HTTP/1.1" 200 24715 "-" "Mozilla/5.0 (Linux; Android 6.0.1; Nexus 5X Build/MMB29P) AppleWebKit/537.36 (KHTML, like Gecko) Chrome/141.0.7390.122 Mobile Safari/537.36 (compatible; Googlebot/2.1; +http://www.google.com/bot.html)"
74.7.227.15 - - [21/Nov/2025:01:58:35 -0800] "GET /search.php?channel=156e34&from=https://mollywoppersnyb.com/chat.htm?cow149048353.html&m=2921046028692 HTTP/2.0" 200 85358 "-" "Mozilla/5.0 AppleWebKit/537.36 (KHTML, like Gecko; compatible; GPTBot/1.3; +https://openai.com/gptbot)"
23.22.105.143 - - [21/Nov/2025:01:58:36 -0800] "GET /home/?path=//sys/class/tty/ptype/subsystem/ttyS3/device/subsystem/devices/reg-dummy/subsystem/devices/reg-dummy/driver/reg-dummy/driver/reg-dummy/subsystem/drivers/timeriomem_rng HTTP/1.1" 200 6604 "-" "Mozilla/5.0 AppleWebKit/537.36 (KHTML, like Gecko; compatible; Amazonbot/0.1; +https://developer.amazon.com/support/amazonbot) Chrome/119.0.6045.214 Safari/537.36"
74.7.227.15 - - [21/Nov/2025:01:58:36 -0800] "GET /search.php?channel=156e34&from=https://mollywoppersnyb.com/chat.htm?items/293018584.html&m=2921046028692 HTTP/2.0" 200 86104 "-" "Mozilla/5.0 AppleWebKit/537.36 (KHTML, like Gecko; compatible; GPTBot/1.3; +https://openai.com/gptbot)"
74.7.227.15 - - [21/Nov/2025:01:58:37 -0800] "GET /search.php?channel=156e34&from=https://mollywoppersnyb.com/chat.htm?items/099013200.html&m=2921046028692 HTTP/2.0" 200 86028 "-" "Mozilla/5.0 AppleWebKit/537.36 (KHTML, like Gecko; compatible; GPTBot/1.3; +https://openai.com/gptbot)"
74.7.227.15 - - [21/Nov/2025:01:58:38 -0800] "GET /search.php?channel=156e34&from=https://mollywoppersnyb.com/chat.htm?items/288034871.html&m=2921046028692 HTTP/2.0" 200 85860 "-" "Mozilla/5.0 AppleWebKit/537.36 (KHTML, like Gecko; compatible; GPTBot/1.3; +https://openai.com/gptbot)"
66.249.69.233 - - [21/Nov/2025:01:58:38 -0800] "GET /?market=1017634381 HTTP/1.1" 200 21571 "-" "Mozilla/5.0 (Linux; Android 6.0.1; Nexus 5X Build/MMB29P) AppleWebKit/537.36 (KHTML, like Gecko) Chrome/141.0.7390.122 Mobile Safari/537.36 (compatible; Googlebot/2.1; +http://www.google.com/bot.html)"
66.249.69.233 - - [21/Nov/2025:01:58:39 -0800] "GET /?market=1022149117 HTTP/1.1" 200 21082 "-" "Mozilla/5.0 (Linux; Android 6.0.1; Nexus 5X Build/MMB29P) AppleWebKit/537.36 (KHTML, like Gecko) Chrome/141.0.7390.122 Mobile Safari/537.36 (compatible; Googlebot/2.1; +http://www.google.com/bot.html)"
74.7.227.15 - - [21/Nov/2025:01:58:39 -0800] "GET /search.php?channel=156e34&from=https://mollywoppersnyb.com/chat.htm?items/005029906.html&m=2921046028692 HTTP/2.0" 200 86546 "-" "Mozilla/5.0 AppleWebKit/537.36 (KHTML, like Gecko; compatible; GPTBot/1.3; +https://openai.com/gptbot)"
44.223.232.55 - - [21/Nov/2025:01:58:40 -0800] "GET /home/?path=//sys/class/tty/ptype/subsystem/ttyS15/device/subsystem/drivers/reg-dummy/reg-dummy/driver/reg-dummy/subsystem/devices/PCCT/driver/PCCT/subsystem/devices/reg-dummy HTTP/1.1" 200 6781 "-" "Mozilla/5.0 AppleWebKit/537.36 (KHTML, like Gecko; compatible; Amazonbot/0.1; +https://developer.amazon.com/support/amazonbot) Chrome/119.0.6045.214 Safari/537.36"
74.7.227.15 - - [21/Nov/2025:01:58:40 -0800] "GET /search.php?find209045543.html HTTP/2.0" 200 86708 "-" "Mozilla/5.0 AppleWebKit/537.36 (KHTML, like Gecko; compatible; GPTBot/1.3; +https://openai.com/gptbot)"
74.7.227.15 - - [21/Nov/2025:01:58:41 -0800] "GET /search.php?wire269047215.html HTTP/2.0" 200 86256 "-" "Mozilla/5.0 AppleWebKit/537.36 (KHTML, like Gecko; compatible; GPTBot/1.3; +https://openai.com/gptbot)"
74.7.227.15 - - [21/Nov/2025:01:58:42 -0800] "GET /search.php?channel=156e34&from=https://mollywoppersnyb.com/chat.htm?items/222033987.html&m=2921046028692 HTTP/2.0" 200 86221 "-" "Mozilla/5.0 AppleWebKit/537.36 (KHTML, like Gecko; compatible; GPTBot/1.3; +https://openai.com/gptbot)"
54.204.12.115 - - [21/Nov/2025:01:58:43 -0800] "GET /home/?path=//sys/class/tty/ptype/subsystem/ttyS10/device/subsystem/devices/reg-dummy/driver/reg-dummy/driver/reg-dummy/driver/reg-dummy/subsystem/devices/IPI0001:00/subsystem/devices HTTP/1.1" 200 7153 "-" "Mozilla/5.0 AppleWebKit/537.36 (KHTML, like Gecko; compatible; Amazonbot/0.1; +https://developer.amazon.com/support/amazonbot) Chrome/119.0.6045.214 Safari/537.36"
74.7.227.15 - - [21/Nov/2025:01:58:44 -0800] "GET /search.php?boast241037649.html HTTP/2.0" 200 87442 "-" "Mozilla/5.0 AppleWebKit/537.36 (KHTML, like Gecko; compatible; GPTBot/1.3; +https://openai.com/gptbot)"
74.7.227.15 - - [21/Nov/2025:01:58:45 -0800] "GET /search.php?hunt241037645.html HTTP/2.0" 200 86785 "-" "Mozilla/5.0 AppleWebKit/537.36 (KHTML, like Gecko; compatible; GPTBot/1.3; +https://openai.com/gptbot)"
74.7.227.15 - - [21/Nov/2025:01:58:46 -0800] "GET /search.php?pcmypage?callback=product%2Fdetail%2Fyuyudous-fmg2loen4asvu24ivykpx4qqoa-1 HTTP/2.0" 200 85982 "-" "Mozilla/5.0 AppleWebKit/537.36 (KHTML, like Gecko; compatible; GPTBot/1.3; +https://openai.com/gptbot)"
52.201.155.215 - - [21/Nov/2025:01:58:46 -0800] "GET /home/?path=//sys/class/tty/ptype/subsystem/ttyS10/device/subsystem/devices/reg-dummy/driver/reg-dummy/subsystem/devices/reg-dummy/driver/reg-dummy/subsystem/drivers/smbus_cmi HTTP/1.1" 200 6578 "-" "Mozilla/5.0 AppleWebKit/537.36 (KHTML, like Gecko; compatible; Amazonbot/0.1; +https://developer.amazon.com/support/amazonbot) Chrome/119.0.6045.214 Safari/537.36"
74.7.227.15 - - [21/Nov/2025:01:58:47 -0800] "GET /search.php?channel=156e34&from=https://mollywoppersnyb.com/chat.htm?items/030020899.html&m=2921046028692 HTTP/2.0" 200 85848 "-" "Mozilla/5.0 AppleWebKit/537.36 (KHTML, like Gecko; compatible; GPTBot/1.3; +https://openai.com/gptbot)"
74.7.227.15 - - [21/Nov/2025:01:58:48 -0800] "GET /search.php?channel=156e34&from=https://mollywoppersnyb.com/chat.htm?items/036048217.html&m=2921046028692 HTTP/2.0" 200 86588 "-" "Mozilla/5.0 AppleWebKit/537.36 (KHTML, like Gecko; compatible; GPTBot/1.3; +https://openai.com/gptbot)"
74.7.227.15 - - [21/Nov/2025:01:58:49 -0800] "GET /search.php?channel=156e34&from=https://mollywoppersnyb.com/chat.htm?items/031006322.html&m=2921046028692 HTTP/2.0" 200 86256 "-" "Mozilla/5.0 AppleWebKit/537.36 (KHTML, like Gecko; compatible; GPTBot/1.3; +https://openai.com/gptbot)"
66.249.69.233 - - [21/Nov/2025:01:58:50 -0800] "GET /market/129685087 HTTP/1.1" 200 24628 "-" "Mozilla/5.0 (Linux; Android 6.0.1; Nexus 5X Build/MMB29P) AppleWebKit/537.36 (KHTML, like Gecko) Chrome/141.0.7390.122 Mobile Safari/537.36 (compatible; Googlebot/2.1; +http://www.google.com/bot.html)"
