74.7.227.15 - - [21/Nov/2025:01:58:50 -0800] "GET /search.php?channel=156e34&from=https://mollywoppersnyb.com/chat.htm?mild114044780.html&m=2921046028692 HTTP/2.0" 200 86369 "-" "Mozilla/5.0 AppleWebKit/537.36 (KHTML, like Gecko; compatible; GPTBot/1.3; +https://openai.com/gptbot)"
74.7.227.15 - - [21/Nov/2025:01:58:52 -0800] "GET /search.php?mount167027341.html HTTP/2.0" 200 86219 "-" "Mozilla/5.0 AppleWebKit/537.36 (KHTML, like Gecko; compatible; GPTBot/1.3; +https://openai.com/gptbot)"
74.7.227.15 - - [21/Nov/2025:01:58:53 -0800] "GET /search.php?items/152044561.html HTTP/2.0" 200 85711 "-" "Mozilla/5.0 AppleWebKit/537.36 (KHTML, like Gecko; compatible; GPTBot/1.3; +https://openai.com/gptbot)"
74.7.227.15 - - [21/Nov/2025:01:58:55 -0800] "GET /search.php?channel=156e34&from=https://mollywoppersnyb.com/chat.htm?hair209045361.html&m=2921046028692 HTTP/2.0" 200 86821 "-" "Mozilla/5.0 AppleWebKit/537.36 (KHTML, like Gecko; compatible; GPTBot/1.3; +https://openai.com/gptbot)"
74.7.227.15 - - [21/Nov/2025:01:58:56 -0800] "GET /search.php?channel=156e34&from=https://mollywoppersnyb.com/chat.htm?items/209045366.html&m=2921046028692 HTTP/2.0" 200 86710 "-" "Mozilla/5.0 AppleWebKit/537.36 (KHTML, like Gecko; compatible; GPTBot/1.3; +https://openai.com/gptbot)"
74.7.227.15 - - [21/Nov/2025:01:58:57 -0800] "GET /search.php?channel=156e34&from=https://mollywoppersnyb.com/chat.htm?such244024326.html&m=2921046028692 HTTP/2.0" 200 86194 "-" "Mozilla/5.0 AppleWebKit/537.36 (KHTML, like Gecko; compatible; GPTBot/1.3; +https://openai.com/gptbot)"
3.232.39.98 - - [21/Nov/2025:01:58:58 -0800] "GET /?path=//sys/class/tty/ptype/subsystem/ttyp2/subsystem/ttysc/subsystem/ttyec/subsystem/console HTTP/1.1" 200 6630 "-" "Mozilla/5.0 AppleWebKit/537.36 (KHTML, like Gecko; compatible; Amazonbot/0.1; +https://developer.amazon.com/support/amazonbot) Chrome/119.0.6045.214 Safari/537.36"
66.249.69.233 - - [21/Nov/2025:01:58:59 -0800] "GET /market/131623717 HTTP/1.1" 200 26873 "-" "Mozilla/5.0 (Linux; Android 6.0.1; Nexus 5X Build/MMB29P) AppleWebKit/537.36 (KHTML, like Gecko) Chrome/141.0.7390.122 Mobile Safari/537.36 (compatible; GoogleOther)"
74.7.227.15 - - [21/Nov/2025:01:58:59 -0800] "GET /search.php?channel=156e34&from=https://mollywoppersnyb.com/chat.htm?items/092005243.html&m=2921046028692 HTTP/2.0" 200 86008 "-" "Mozilla/5.0 AppleWebKit/537.36 (KHTML, like Gecko; compatible; GPTBot/1.3; +https://openai.com/gptbot)"
66.249.69.233 - - [21/Nov/2025:01:59:01 -0800] "GET /?market=58269888 HTTP/1.1" 200 24911 "-" "Mozilla/5.0 (Linux; Android 6.0.1; Nexus 5X Build/MMB29P) AppleWebKit/537.36 (KHTML, like Gecko) Chrome/141.0.7390.122 Mobile Safari/537.36 (compatible; Googlebot/2.1; +http://www.google.com/bot.html)"
74.7.227.15 - - [21/Nov/2025:01:59:00 -0800] "GET /search.php?channel=156e34&from=https://mollywoppersnyb.com/chat.htm?items/241037788.html&m=2921046028692 HTTP/2.0" 200 87232 "-" "Mozilla/5.0 AppleWebKit/537.36 (KHTML, like Gecko; compatible; GPTBot/1.3; +https://openai.com/gptbot)"
74.7.227.15 - - [21/Nov/2025:01:59:02 -0800] "GET /search.php?channel=156e34&from=https://mollywoppersnyb.com/chat.htm?items/249038282.html&m=2921046028692 HTTP/2.0" 200 85427 "-" "Mozilla/5.0 AppleWebKit/537.36 (KHTML, like Gecko; compatible; GPTBot/1.3; +https://openai.com/gptbot)"
3.216.227.216 - - [21/Nov/2025:01:59:03 -0800] "GET /?path=//sys/class/tty/ptype/subsystem/ttyp1/subsystem/ptmx/subsystem/ttyp0/subsystem/ttynull HTTP/1.1" 200 6584 "-" "Mozilla/5.0 AppleWebKit/537.36 (KHTML, like Gecko; compatible; Amazonbot/0.1; +https://developer.amazon.com/support/amazonbot) Chrome/119.0.6045.214 Safari/537.36"
74.7.227.15 - - [21/Nov/2025:01:59:03 -0800] "GET /search.php?channel=156e34&from=https://mollywoppersnyb.com/chat.htm?items/206000647.html&m=2921046028692 HTTP/2.0" 200 87835 "-" "Mozilla/5.0 AppleWebKit/537.36 (KHTML, like Gecko; compatible; GPTBot/1.3; +https://openai.com/gptbot)"
74.7.227.15 - - [21/Nov/2025:01:59:04 -0800] "GET /search.php?bomb241037649.html HTTP/2.0" 200 87437 "-" "Mozilla/5.0 AppleWebKit/537.36 (KHTML, like Gecko; compatible; GPTBot/1.3; +https://openai.com/gptbot)"
74.7.227.15 - - [21/Nov/2025:01:59:05 -0800] "GET /search.php?fund120043428.html HTTP/2.0" 200 86120 "-" "Mozilla/5.0 AppleWebKit/537.36 (KHTML, like Gecko; compatible; GPTBot/1.3; +https://openai.com/gptbot)"
100.29.155.89 - - [21/Nov/2025:01:59:07 -0800] "GET /home/?path=//sys/class/tty/ptype/subsystem/ttyS3/device/subsystem/drivers/reg-dummy/reg-dummy/driver/reg-dummy/subsystem/devices/PCCT/driver/PCCT/driver/PCCT/subsystem HTTP/1.1" 200 6759 "-" "Mozilla/5.0 AppleWebKit/537.36 (KHTML, like Gecko; compatible; Amazonbot/0.1; +https://developer.amazon.com/support/amazonbot) Chrome/119.0.6045.214 Safari/537.36"
74.7.227.15 - - [21/Nov/2025:01:59:07 -0800] "GET /search.php?instructional209045195.html HTTP/2.0" 200 86463 "-" "Mozilla/5.0 AppleWebKit/537.36 (KHTML, like Gecko; compatible; GPTBot/1.3; +https://openai.com/gptbot)"
66.249.69.233 - - [21/Nov/2025:01:59:08 -0800] "GET /market/38928884 HTTP/1.1" 200 24143 "-" "Mozilla/5.0 (Linux; Android 6.0.1; Nexus 5X Build/MMB29P) AppleWebKit/537.36 (KHTML, like Gecko) Chrome/141.0.7390.122 Mobile Safari/537.36 (compatible; GoogleOther)"
74.7.227.15 - - [21/Nov/2025:01:59:08 -0800] "GET /search.php?channel=156e34&from=https://mollywoppersnyb.com/chat.htm?items/209044756.html&m=2921046028692 HTTP/2.0" 200 86662 "-" "Mozilla/5.0 AppleWebKit/537.36 (KHTML, like Gecko; compatible; GPTBot/1.3; +https://openai.com/gptbot)"
74.7.227.15 - - [21/Nov/2025:01:59:10 -0800] "GET /search.php?wrong112035580.html HTTP/2.0" 200 86412 "-" "Mozilla/5.0 AppleWebKit/537.36 (KHTML, like Gecko; compatible; GPTBot/1.3; +https://openai.com/gptbot)"
52.70.123.241 - - [21/Nov/2025:01:59:10 -0800] "GET /?path=//sys/class/tty/ptype/subsystem/ttyp1/subsystem/ttysc/subsystem/ttyre/subsystem/ttyp0 HTTP/1.1" 200 6567 "-" "Mozilla/5.0 AppleWebKit/537.36 (KHTML, like Gecko; compatible; Amazonbot/0.1; +https://developer.amazon.com/support/amazonbot) Chrome/119.0.6045.214 Safari/537.36"
74.7.227.15 - - [21/Nov/2025:01:59:11 -0800] "GET /search.php?channel=156e34&from=https://mollywoppersnyb.com/chat.htm?up244024326.html&m=2921046028692 HTTP/2.0" 200 86199 "-" "Mozilla/5.0 AppleWebKit/537.36 (KHTML, like Gecko; compatible; GPTBot/1.3; +https://openai.com/gptbot)"
66.249.69.233 - - [21/Nov/2025:01:59:12 -0800] "GET /market/247190174 HTTP/1.1" 200 21194 "-" "Mozilla/5.0 (Linux; Android 6.0.1; Nexus 5X Build/MMB29P) AppleWebKit/537.36 (KHTML, like Gecko) Chrome/141.0.7390.122 Mobile Safari/537.36 (compatible; GoogleOther)"
74.7.227.15 - - [21/Nov/2025:01:59:12 -0800] "GET /search.php?matter231018899.html HTTP/2.0" 200 88691 "-" "Mozilla/5.0 AppleWebKit/537.36 (KHTML, like Gecko; compatible; GPTBot/1.3; +https://openai.com/gptbot)"
74.7.227.15 - - [21/Nov/2025:01:59:14 -0800] "GET /search.php?virus175046733.html HTTP/2.0" 200 86617 "-" "Mozilla/5.0 AppleWebKit/537.36 (KHTML, like Gecko; compatible; GPTBot/1.3; +https://openai.com/gptbot)"
74.7.227.15 - - [21/Nov/2025:01:59:15 -0800] "GET /search.php?channel=156e34&from=https://mollywoppersnyb.com/chat.htm?ideal241037779.html&m=2921046028692 HTTP/2.0" 200 87035 "-" "Mozilla/5.0 AppleWebKit/537.36 (KHTML, like Gecko; compatible; GPTBot/1.3; +https://openai.com/gptbot)"
34.224.132.215 - - [21/Nov/2025:01:59:16 -0800] "GET /home/?path=//sys/class/tty/ptype/subsystem/ttyp0/subsystem/ttyp0/subsystem/tty/subsystem/console HTTP/1.1" 200 6569 "-" "Mozilla/5.0 AppleWebKit/537.36 (KHTML, like Gecko; compatible; Amazonbot/0.1; +https://developer.amazon.com/support/amazonbot) Chrome/119.0.6045.214 Safari/537.36"
74.7.227.15 - - [21/Nov/2025:01:59:16 -0800] "GET /search.php?channel=156e34&from=https://mollywoppersnyb.com/chat.htm?strongly209045203.html&m=2921046028692 HTTP/2.0" 200 86227 "-" "Mozilla/5.0 AppleWebKit/537.36 (KHTML, like Gecko; compatible; GPTBot/1.3; +https://openai.com/gptbot)"
74.7.227.15 - - [21/Nov/2025:01:59:18 -0800] "GET /search.php?fixed171009857.html HTTP/2.0" 200 86139 "-" "Mozilla/5.0 AppleWebKit/537.36 (KHTML, like Gecko; compatible; GPTBot/1.3; +https://openai.com/gptbot)"
66.249.69.233 - - [21/Nov/2025:01:59:18 -0800] "GET /?market=374935576 HTTP/1.1" 200 24031 "-" "Mozilla/5.0 (Linux; Android 6.0.1; Nexus 5X Build/MMB29P) AppleWebKit/537.36 (KHTML, like Gecko) Chrome/141.0.7390.122 Mobile Safari/537.36 (compatible; Googlebot/2.1; +http://www.google.com/bot.html)"
3.208.156.9 - - [21/Nov/2025:01:59:18 -0800] "GET /?path=//sys/class/tty/ptype/subsystem/ttywa/subsystem/ttyp0/subsystem/ttyv1/subsystem/ttyp0 HTTP/1.1" 200 6545 "-" "Mozilla/5.0 AppleWebKit/537.36 (KHTML, like Gecko; compatible; Amazonbot/0.1; +https://developer.amazon.com/support/amazonbot) Chrome/119.0.6045.214 Safari/537.36"
66.249.69.233 - - [21/Nov/2025:01:59:19 -0800] "GET /?market=1351648908 HTTP/1.1" 200 30455 "-" "Mozilla/5.0 (Linux; Android 6.0.1; Nexus 5X Build/MMB29P) AppleWebKit/537.36 (KHTML, like Gecko) Chrome/141.0.7390.122 Mobile Safari/537.36 (compatible; Googlebot/2.1; +http://www.google.com/bot.html)"
66.249.69.233 - - [21/Nov/2025:01:59:20 -0800] "GET /?market=415785470 HTTP/1.1" 200 20939 "-" "Mozilla/5.0 (Linux; Android 6.0.1; Nexus 5X Build/MMB29P) AppleWebKit/537.36 (KHTML, like Gecko) Chrome/141.0.7390.122 Mobile Safari/537.36 (compatible; Googlebot/2.1; +http://www.google.com/bot.html)"
74.7.227.15 - - [21/Nov/2025:01:59:19 -0800] "GET /search.php?channel=156e34&from=https://mollywoppersnyb.com/chat.htm?items/081031596.html&m=2921046028692 HTTP/2.0" 200 86047 "-" "Mozilla/5.0 AppleWebKit/537.36 (KHTML, like Gecko; compatible; GPTBot/1.3; +https://openai.com/gptbot)"
74.7.227.15 - - [21/Nov/2025:01:59:20 -0800] "GET /search.php?channel=156e34&from=https://mollywoppersnyb.com/chat.htm?items/206000483.html&m=2921046028692 HTTP/2.0" 200 88274 "-" "Mozilla/5.0 AppleWebKit/537.36 (KHTML, like Gecko; compatible; GPTBot/1.3; +https://openai.com/gptbot)"
74.7.227.15 - - [21/Nov/2025:01:59:21 -0800] "GET /search.php?channel=156e34&from=https://mollywoppersnyb.com/chat.htm?twin089037495.html&m=2921046028692 HTTP/2.0" 200 86589 "-" "Mozilla/5.0 AppleWebKit/537.36 (KHTML, like Gecko; compatible; GPTBot/1.3; +https://openai.com/gptbot)"
66.249.69.233 - - [21/Nov/2025:01:59:23 -0800] "GET /?market=58196714 HTTP/1.1" 200 22339 "-" "Mozilla/5.0 (Linux; Android 6.0.1; Nexus 5X Build/MMB29P) AppleWebKit/537.36 (KHTML, like Gecko) Chrome/141.0.7390.122 Mobile Safari/537.36 (compatible; Googlebot/2.1; +http://www.google.com/bot.html)"
100.24.149.244 - - [21/Nov/2025:01:59:22 -0800] "GET /?path=//sys/class/tty/ptype/subsystem/ttyp2/subsystem/ttypc/subsystem/ttysc/subsystem/ttyp1 HTTP/1.1" 200 6583 "-" "Mozilla/5.0 AppleWebKit/537.36 (KHTML, like Gecko; compatible; Amazonbot/0.1; +https://developer.amazon.com/support/amazonbot) Chrome/119.0.6045.214 Safari/537.36"
74.7.227.15 - - [21/Nov/2025:01:59:22 -0800] "GET /search.php?channel=156e34&from=https://mollywoppersnyb.com/chat.htm?runner209045195.html&m=2921046028692 HTTP/2.0" 200 86290 "-" "Mozilla/5.0 AppleWebKit/537.36 (KHTML, like Gecko; compatible; GPTBot/1.3; +https://openai.com/gptbot)"
74.7.227.15 - - [21/Nov/2025:01:59:24 -0800] "GET /search.php?channel=156e34&from=https://mollywoppersnyb.com/chat.htm?items/206010585.html&m=2921046028692 HTTP/2.0" 200 87021 "-" "Mozilla/5.0 AppleWebKit/537.36 (KHTML, like Gecko; compatible; GPTBot/1.3; +https://openai.com/gptbot)"
74.7.227.15 - - [21/Nov/2025:01:59:25 -0800] "GET /search.php?pond231019851.html HTTP/2.0" 200 86409 "-" "Mozilla/5.0 AppleWebKit/537.36 (KHTML, like Gecko; compatible; GPTBot/1.3; +https://openai.com/gptbot)"
18.208.11.93 - - [21/Nov/2025:01:59:26 -0800] "GET /home/?path=//sys/class/tty/ptype/subsystem/ttyp0/subsystem/ttyp8/subsystem/ttyp0/subsystem/ttyvd HTTP/1.1" 200 6516 "-" "Mozilla/5.0 AppleWebKit/537.36 (KHTML, like Gecko; compatible; Amazonbot/0.1; +https://developer.amazon.com/support/amazonbot) Chrome/119.0.6045.214 Safari/537.36"
74.7.227.15 - - [21/Nov/2025:01:59:26 -0800] "GET /search.php?channel=156e34&from=https://mollywoppersnyb.com/chat.htm?golf053009263.html&m=2921046028692 HTTP/2.0" 200 86253 "-" "Mozilla/5.0 AppleWebKit/537.36 (KHTML, like Gecko; compatible; GPTBot/1.3; +https://openai.com/gptbot)"
74.7.227.15 - - [21/Nov/2025:01:59:28 -0800] "GET /search.php?pride209045173.html HTTP/2.0" 200 87232 "-" "Mozilla/5.0 AppleWebKit/537.36 (KHTML, like Gecko; compatible; GPTBot/1.3; +https://openai.com/gptbot)"
74.7.227.15 - - [21/Nov/2025:01:59:29 -0800] "GET /search.php?pizza241037649.html HTTP/2.0" 200 87534 "-" "Mozilla/5.0 AppleWebKit/537.36 (KHTML, like Gecko; compatible; GPTBot/1.3; +https://openai.com/gptbot)"
66.249.69.233 - - [21/Nov/2025:01:59:30 -0800] "GET /market/101540283 HTTP/1.1" 200 25198 "-" "Mozilla/5.0 (Linux; Android 6.0.1; Nexus 5X Build/MMB29P) AppleWebKit/537.36 (KHTML, like Gecko) Chrome/141.0.7390.122 Mobile Safari/537.36 (compatible; Googlebot/2.1; +http://www.google.com/bot.html)"
74.7.227.15 - - [21/Nov/2025:01:59:30 -0800] "GET /search.php?brown090018556.html HTTP/2.0" 200 86141 "-" "Mozilla/5.0 AppleWebKit/537.36 (KHTML, like Gecko; compatible; GPTBot/1.3; +https://openai.com/gptbot)"
74.7.227.15 - - [21/Nov/2025:01:59:32 -0800] "GET /search.php?channel=156e34&from=https://mollywoppersnyb.com/chat.htm?items/089017108.html&m=2921046028692 HTTP/2.0" 200 86257 "-" "Mozilla/5.0 AppleWebKit/537.36 (KHTML, like Gecko; compatible; GPTBot/1.3; +https://openai.com/gptbot)"
74.7.227.15 - - [21/Nov/2025:01:59:33 -0800] "GET /search.php?channel=156e34&from=https://mollywoppersnyb.com/chat.htm?items/206000581.html&m=2921046028692 HTTP/2.0" 200 87330 "-" "Mozilla/5.0 AppleWebKit/537.36 (KHTML, like Gecko; compatible; GPTBot/1.3; +https://openai.com/gptbot)"
74.7.227.15 - - [21/Nov/2025:01:59:34 -0800] "GET /search.php?suck241037619.html HTTP/2.0" 200 86725 "-" "Mozilla/5.0 AppleWebKit/537.36 (KHTML, like Gecko; compatible; GPTBot/1.3; +https://openai.com/gptbot)"
66.249.69.233 - - [21/Nov/2025:01:59:34 -0800] "GET /market/40718606 HTTP/1.1" 200 21128 "-" "Mozilla/5.0 (Linux; Android 6.0.1; Nexus 5X Build/MMB29P) AppleWebKit/537.36 (KHTML, like Gecko) Chrome/141.0.7390.122 Mobile Safari/537.36 (compatible; GoogleOther)"
74.7.227.15 - - [21/Nov/2025:01:59:35 -0800] "GET /search.php?channel=156e34&from=https://mollywoppersnyb.com/chat.htm?radical256040266.html&m=2921046028692 HTTP/2.0" 200 87049 "-" "Mozilla/5.0 AppleWebKit/537.36 (KHTML, like Gecko; compatible; GPTBot/1.3; +https://openai.com/gptbot)"
74.7.227.15 - - [21/Nov/2025:01:59:36 -0800] "GET /search.php?channel=156e34&from=https://mollywoppersnyb.com/chat.htm?defense231019859.html&m=2921046028692 HTTP/2.0" 200 86843 "-" "Mozilla/5.0 AppleWebKit/537.36 (KHTML, like Gecko; compatible; GPTBot/1.3; +https://openai.com/gptbot)"
74.7.227.15 - - [21/Nov/2025:01:59:37 -0800] "GET /search.php?channel=156e34&from=https://mollywoppersnyb.com/chat.htm?items/095003270.html&m=2921046028692 HTTP/2.0" 200 85528 "-" "Mozilla/5.0 AppleWebKit/537.36 (KHTML, like Gecko; compatible; GPTBot/1.3; +https://openai.com/gptbot)"
74.7.227.15 - - [21/Nov/2025:01:59:38 -0800] "GET /search.php?channel=156e34&from=https://mollywoppersnyb.com/chat.htm?read209045173.html&m=2921046028692 HTTP/2.0" 200 86447 "-" "Mozilla/5.0 AppleWebKit/537.36 (KHTML, like Gecko; compatible; GPTBot/1.3; +https://openai.com/gptbot)"
34.206.193.60 - - [21/Nov/2025:01:59:39 -0800] "GET /home/?path=//sys/devices/virtual/tty/ptype/subsystem/ptype/subsystem/ttyp1/subsystem/ttype/subsystem/ttyec HTTP/1.1" 200 6544 "-" "Mozilla/5.0 AppleWebKit/537.36 (KHTML, like Gecko; compatible; Amazonbot/0.1; +https://developer.amazon.com/support/amazonbot) Chrome/119.0.6045.214 Safari/537.36"
74.7.227.15 - - [21/Nov/2025:01:59:39 -0800] "GET /search.php?channel=156e34&from=https://mollywoppersnyb.com/chat.htm?exactly247042799.html&m=2921046028692 HTTP/2.0" 200 86261 "-" "Mozilla/5.0 AppleWebKit/537.36 (KHTML, like Gecko; compatible; GPTBot/1.3; +https://openai.com/gptbot)"
74.7.227.15 - - [21/Nov/2025:01:59:40 -0800] "GET /search.php?channel=156e34&from=https://mollywoppersnyb.com/chat.htm?items/233035902.html&m=2921046028692 HTTP/2.0" 200 86614 "-" "Mozilla/5.0 AppleWebKit/537.36 (KHTML, like Gecko; compatible; GPTBot/1.3; +https://openai.com/gptbot)"
74.7.227.15 - - [21/Nov/2025:01:59:41 -0800] "GET /search.php?channel=156e34&from=https://mollywoppersnyb.com/chat.htm?items/266026083.html&m=2921046028692 HTTP/2.0" 200 86161 "-" "Mozilla/5.0 AppleWebKit/537.36 (KHTML, like Gecko; compatible; GPTBot/1.3; +https://openai.com/gptbot)"
74.7.227.15 - - [21/Nov/2025:01:59:42 -0800] "GET /search.php?channel=156e34&from=https://mollywoppersnyb.com/chat.htm?items/206003653.html&m=2921046028692 HTTP/2.0" 200 87299 "-" "Mozilla/5.0 AppleWebKit/537.36 (KHTML, like Gecko; compatible; GPTBot/1.3; +https://openai.com/gptbot)"
34.194.14.255 - - [21/Nov/2025:01:59:44 -0800] "GET /?path=//sys/class/tty/ptype/subsystem/ttyp0/subsystem/tty0/subsystem/ptype/subsystem/ttynull HTTP/1.1" 200 6584 "-" "Mozilla/5.0 AppleWebKit/537.36 (KHTML, like Gecko; compatible; Amazonbot/0.1; +https://developer.amazon.com/support/amazonbot) Chrome/119.0.6045.214 Safari/537.36"
74.7.227.15 - - [21/Nov/2025:01:59:44 -0800] "GET /search.php?channel=156e34&from=https://mollywoppersnyb.com/chat.htm?instruct295049587.html&m=2921046028692 HTTP/2.0" 200 86271 "-" "Mozilla/5.0 AppleWebKit/537.36 (KHTML, like Gecko; compatible; GPTBot/1.3; +https://openai.com/gptbot)"
66.249.69.233 - - [21/Nov/2025:01:59:45 -0800] "GET /market/251549883 HTTP/1.1" 200 25180 "-" "Mozilla/5.0 (Linux; Android 6.0.1; Nexus 5X Build/MMB29P) AppleWebKit/537.36 (KHTML, like Gecko) Chrome/141.0.7390.122 Mobile Safari/537.36 (compatible; GoogleOther)"
74.7.227.15 - - [21/Nov/2025:01:59:45 -0800] "GET /search.php?channel=156e34&from=https://mollywoppersnyb.com/chat.htm?items/256040615.html&m=2921046028692 HTTP/2.0" 200 87210 "-" "Mozilla/5.0 AppleWebKit/537.36 (KHTML, like Gecko; compatible; GPTBot/1.3; +https://openai.com/gptbot)"
74.7.227.15 - - [21/Nov/2025:01:59:46 -0800] "GET /search.php?channel=156e34&from=https://mollywoppersnyb.com/chat.htm?once231019859.html&m=2921046028692 HTTP/2.0" 200 86861 "-" "Mozilla/5.0 AppleWebKit/537.36 (KHTML, like Gecko; compatible; GPTBot/1.3; +https://openai.com/gptbot)"
74.7.227.15 - - [21/Nov/2025:01:59:48 -0800] "GET /search.php?channel=156e34&from=https://mollywoppersnyb.com/chat.htm?retailer179003857.html&m=2921046028692 HTTP/2.0" 200 86054 "-" "Mozilla/5.0 AppleWebKit/537.36 (KHTML, like Gecko; compatible; GPTBot/1.3; +https://openai.com/gptbot)"
74.7.227.15 - - [21/Nov/2025:01:59:49 -0800] "GET /search.php?glove051033983.html HTTP/2.0" 200 85943 "-" "Mozilla/5.0 AppleWebKit/537.36 (KHTML, like Gecko; compatible; GPTBot/1.3; +https://openai.com/gptbot)"
74.7.227.15 - - [21/Nov/2025:01:59:50 -0800] "GET /search.php?occasion238015764.html HTTP/2.0" 200 86260 "-" "Mozilla/5.0 AppleWebKit/537.36 (KHTML, like Gecko; compatible; GPTBot/1.3; +https://openai.com/gptbot)"
34.202.88.37 - - [21/Nov/2025:01:59:50 -0800] "GET /?path=//sys/class/tty/ptype/subsystem/ptype/subsystem/ttys2/subsystem/ttysc/subsystem/ttyvd HTTP/1.1" 200 6615 "-" "Mozilla/5.0 AppleWebKit/537.36 (KHTML, like Gecko; compatible; Amazonbot/0.1; +https://developer.amazon.com/support/amazonbot) Chrome/119.0.6045.214 Safari/537.36"
74.7.227.15 - - [21/Nov/2025:01:59:51 -0800] "GET /search.php?channel=156e34&from=https://mollywoppersnyb.com/chat.htm?rip247042799.html&m=2921046028692 HTTP/2.0" 200 86277 "-" "Mozilla/5.0 AppleWebKit/537.36 (KHTML, like Gecko; compatible; GPTBot/1.3; +https://openai.com/gptbot)"
74.7.227.15 - - [21/Nov/2025:01:59:52 -0800] "GET /search.php?channel=156e34&from=https://mollywoppersnyb.com/chat.htm?items/144002927.html&m=2921046028692 HTTP/2.0" 200 86722 "-" "Mozilla/5.0 AppleWebKit/537.36 (KHTML, like Gecko; compatible; GPTBot/1.3; +https://openai.com/gptbot)"
74.7.227.15 - - [21/Nov/2025:01:59:53 -0800] "GET /search.php?channel=156e34&from=https://mollywoppersnyb.com/chat.htm?corridor132033480.html&m=2921046028692 HTTP/2.0" 200 86289 "-" "Mozilla/5.0 AppleWebKit/537.36 (KHTML, like Gecko; compatible; GPTBot/1.3; +https://openai.com/gptbot)"
34.236.41.241 - - [21/Nov/2025:01:59:55 -0800] "GET /?path=//sys/class/tty/ptype/subsystem/ptype/subsystem/ttype/subsystem/ttysf/subsystem/ttyp2 HTTP/1.1" 200 6567 "-" "Mozilla/5.0 AppleWebKit/537.36 (KHTML, like Gecko; compatible; Amazonbot/0.1; +https://developer.amazon.com/support/amazonbot) Chrome/119.0.6045.214 Safari/537.36"
74.7.227.15 - - [21/Nov/2025:01:59:54 -0800] "GET /search.php?abandon238015786.html HTTP/2.0" 200 86302 "-" "Mozilla/5.0 AppleWebKit/537.36 (KHTML, like Gecko; compatible; GPTBot/1.3; +https://openai.com/gptbot)"
74.7.227.15 - - [21/Nov/2025:01:59:56 -0800] "GET /search.php?channel=156e34&from=https://mollywoppersnyb.com/chat.htm?items/206001807.html&m=2921046028692 HTTP/2.0" 200 88183 "-" "Mozilla/5.0 AppleWebKit/537.36 (KHTML, like Gecko; compatible; GPTBot/1.3; +https://openai.com/gptbot)"
74.7.227.15 - - [21/Nov/2025:01:59:57 -0800] "GET /search.php?channel=156e34&from=https://mollywoppersnyb.com/chat.htm?items/231012982.html&m=2921046028692 HTTP/2.0" 200 87609 "-" "Mozilla/5.0 AppleWebKit/537.36 (KHTML, like Gecko; compatible; GPTBot/1.3; +https://openai.com/gptbot)"
74.7.227.15 - - [21/Nov/2025:01:59:58 -0800] "GET /search.php?product/edit/kys-tr-2966042 HTTP/2.0" 200 85946 "-" "Mozilla/5.0 AppleWebKit/537.36 (KHTML, like Gecko; compatible; GPTBot/1.3; +https://openai.com/gptbot)"
66.249.69.233 - - [21/Nov/2025:02:00:00 -0800] "GET /market/19765463 HTTP/1.1" 200 25605 "-" "Mozilla/5.0 (Linux; Android 6.0.1; Nexus 5X Build/MMB29P) AppleWebKit/537.36 (KHTML, like Gecko) Chrome/141.0.7390.122 Mobile Safari/537.36 (compatible; GoogleOther)"
74.7.227.15 - - [21/Nov/2025:01:59:59 -0800] "GET /search.php?channel=156e34&from=https://mollywoppersnyb.com/chat.htm?items/256041021.html&m=2921046028692 HTTP/2.0" 200 86791 "-" "Mozilla/5.0 AppleWebKit/537.36 (KHTML, like Gecko; compatible; GPTBot/1.3; +https://openai.com/gptbot)"
74.7.227.15 - - [21/Nov/2025:02:00:01 -0800] "GET /search.php?funding262032856.html HTTP/2.0" 200 86075 "-" "Mozilla/5.0 AppleWebKit/537.36 (KHTML, like Gecko; compatible; GPTBot/1.3; +https://openai.com/gptbot)"
74.7.227.15 - - [21/Nov/2025:02:00:02 -0800] "GET /search.php?channel=156e34&from=https://mollywoppersnyb.com/chat.htm?items/231012986.html&m=2921046028692 HTTP/2.0" 200 87987 "-" "Mozilla/5.0 AppleWebKit/537.36 (KHTML, like Gecko; compatible; GPTBot/1.3; +https://openai.com/gptbot)"
66.249.69.233 - - [21/Nov/2025:02:00:03 -0800] "GET /market/68975092 HTTP/1.1" 200 22276 "-" "Mozilla/5.0 (Linux; Android 6.0.1; Nexus 5X Build/MMB29P) AppleWebKit/537.36 (KHTML, like Gecko) Chrome/141.0.7390.122 Mobile Safari/537.36 (compatible; GoogleOther)"
74.7.227.15 - - [21/Nov/2025:02:00:04 -0800] "GET /search.php?fund238015768.html HTTP/2.0" 200 86512 "-" "Mozilla/5.0 AppleWebKit/537.36 (KHTML, like Gecko; compatible; GPTBot/1.3; +https://openai.com/gptbot)"
66.249.69.233 - - [21/Nov/2025:02:00:06 -0800] "GET /?market=1728262621 HTTP/1.1" 200 25674 "-" "Mozilla/5.0 (Linux; Android 6.0.1; Nexus 5X Build/MMB29P) AppleWebKit/537.36 (KHTML, like Gecko) Chrome/141.0.7390.122 Mobile Safari/537.36 (compatible; Googlebot/2.1; +http://www.google.com/bot.html)"
74.7.227.15 - - [21/Nov/2025:02:00:05 -0800] "GET /search.php?neutral192037084.html HTTP/2.0" 200 85716 "-" "Mozilla/5.0 AppleWebKit/537.36 (KHTML, like Gecko; compatible; GPTBot/1.3; +https://openai.com/gptbot)"
74.7.227.15 - - [21/Nov/2025:02:00:07 -0800] "GET /search.php?channel=156e34&from=https://mollywoppersnyb.com/chat.htm?items/020027205.html&m=2921046028692 HTTP/2.0" 200 85945 "-" "Mozilla/5.0 AppleWebKit/537.36 (KHTML, like Gecko; compatible; GPTBot/1.3; +https://openai.com/gptbot)"
74.7.227.15 - - [21/Nov/2025:02:00:08 -0800] "GET /search.php?okay238015774.html HTTP/2.0" 200 86588 "-" "Mozilla/5.0 AppleWebKit/537.36 (KHTML, like Gecko; compatible; GPTBot/1.3; +https://openai.com/gptbot)"
66.249.69.233 - - [21/Nov/2025:02:00:10 -0800] "GET /market/183539171 HTTP/1.1" 200 25442 "-" "Mozilla/5.0 (Linux; Android 6.0.1; Nexus 5X Build/MMB29P) AppleWebKit/537.36 (KHTML, like Gecko) Chrome/141.0.7390.122 Mobile Safari/537.36 (compatible; Googlebot/2.1; +http://www.google.com/bot.html)"
74.7.227.15 - - [21/Nov/2025:02:00:09 -0800] "GET /search.php?channel=156e34&from=https://mollywoppersnyb.com/chat.htm?items/231015920.html&m=2921046028692 HTTP/2.0" 200 88382 "-" "Mozilla/5.0 AppleWebKit/537.36 (KHTML, like Gecko; compatible; GPTBot/1.3; +https://openai.com/gptbot)"
74.7.227.15 - - [21/Nov/2025:02:00:11 -0800] "GET /search.php?violent238015764.html HTTP/2.0" 200 86153 "-" "Mozilla/5.0 AppleWebKit/537.36 (KHTML, like Gecko; compatible; GPTBot/1.3; +https://openai.com/gptbot)"
34.196.6.199 - - [21/Nov/2025:02:00:12 -0800] "GET /?path=//sys/class/tty/ptype/subsystem/ttyp1/subsystem/ttype/subsystem/ttyp1/subsystem/ttyu1 HTTP/1.1" 200 6528 "-" "Mozilla/5.0 AppleWebKit/537.36 (KHTML, like Gecko; compatible; Amazonbot/0.1; +https://developer.amazon.com/support/amazonbot) Chrome/119.0.6045.214 Safari/537.36"
74.7.227.15 - - [21/Nov/2025:02:00:12 -0800] "GET /search.php?again135049487.html HTTP/2.0" 200 85563 "-" "Mozilla/5.0 AppleWebKit/537.36 (KHTML, like Gecko; compatible; GPTBot/1.3; +https://openai.com/gptbot)"
74.7.227.15 - - [21/Nov/2025:02:00:13 -0800] "GET /search.php?bombing194025550.html HTTP/2.0" 200 85806 "-" "Mozilla/5.0 AppleWebKit/537.36 (KHTML, like Gecko; compatible; GPTBot/1.3; +https://openai.com/gptbot)"
98.82.107.102 - - [21/Nov/2025:02:00:15 -0800] "GET /home/?path=//sys/class/tty/ptype/subsystem/ttyp0/subsystem/ttys2/subsystem/ttyp1/subsystem/ttydb HTTP/1.1" 200 6595 "-" "Mozilla/5.0 AppleWebKit/537.36 (KHTML, like Gecko; compatible; Amazonbot/0.1; +https://developer.amazon.com/support/amazonbot) Chrome/119.0.6045.214 Safari/537.36"
74.7.227.15 - - [21/Nov/2025:02:00:14 -0800] "GET /search.php?items/231013870.html HTTP/2.0" 200 88910 "-" "Mozilla/5.0 AppleWebKit/537.36 (KHTML, like Gecko; compatible; GPTBot/1.3; +https://openai.com/gptbot)"
74.7.227.15 - - [21/Nov/2025:02:00:16 -0800] "GET /search.php?items/181046526.html HTTP/2.0" 200 86321 "-" "Mozilla/5.0 AppleWebKit/537.36 (KHTML, like Gecko; compatible; GPTBot/1.3; +https://openai.com/gptbot)"
74.7.227.15 - - [21/Nov/2025:02:00:18 -0800] "GET /search.php?channel=156e34&from=https://mollywoppersnyb.com/chat.htm?items/195000584.html&m=2921046028692 HTTP/2.0" 200 86785 "-" "Mozilla/5.0 AppleWebKit/537.36 (KHTML, like Gecko; compatible; GPTBot/1.3; +https://openai.com/gptbot)"
74.7.227.15 - - [21/Nov/2025:02:00:18 -0800] "GET /search.php?channel=156e34&from=https://mollywoppersnyb.com/chat.htm?items/035016150.html&m=2921046028692 HTTP/2.0" 200 85855 "-" "Mozilla/5.0 AppleWebKit/537.36 (KHTML, like Gecko; compatible; GPTBot/1.3; +https://openai.com/gptbot)"
34.231.181.240 - - [21/Nov/2025:02:00:19 -0800] "GET /?path=//sys/class/tty/ptype/subsystem/ttyv2/subsystem/ttysc/subsystem/ttype/subsystem/ttyv1 HTTP/1.1" 200 6521 "-" "Mozilla/5.0 AppleWebKit/537.36 (KHTML, like Gecko; compatible; Amazonbot/0.1; +https://developer.amazon.com/support/amazonbot) Chrome/119.0.6045.214 Safari/537.36"
74.7.227.15 - - [21/Nov/2025:02:00:19 -0800] "GET /search.php?inquiry238015764.html HTTP/2.0" 200 86182 "-" "Mozilla/5.0 AppleWebKit/537.36 (KHTML, like Gecko; compatible; GPTBot/1.3; +https://openai.com/gptbot)"
66.249.69.233 - - [21/Nov/2025:02:00:21 -0800] "GET /market/31709223 HTTP/1.1" 200 24177 "-" "Mozilla/5.0 (Linux; Android 6.0.1; Nexus 5X Build/MMB29P) AppleWebKit/537.36 (KHTML, like Gecko) Chrome/141.0.7390.122 Mobile Safari/537.36 (compatible; GoogleOther)"
74.7.227.15 - - [21/Nov/2025:02:00:21 -0800] "GET /search.php?channel=156e34&from=https://mollywoppersnyb.com/chat.htm?feather216028130.html&m=2921046028692 HTTP/2.0" 200 86449 "-" "Mozilla/5.0 AppleWebKit/537.36 (KHTML, like Gecko; compatible; GPTBot/1.3; +https://openai.com/gptbot)"
74.7.227.15 - - [21/Nov/2025:02:00:22 -0800] "GET /search.php?channel=156e34&from=https://mollywoppersnyb.com/chat.htm?items/157009916.html&m=2921046028692 HTTP/2.0" 200 86098 "-" "Mozilla/5.0 AppleWebKit/537.36 (KHTML, like Gecko; compatible; GPTBot/1.3; +https://openai.com/gptbot)"
98.80.130.239 - - [21/Nov/2025:02:00:23 -0800] "GET /?path=//sys/class/tty/ptype/subsystem/ttyec/subsystem/ttype/subsystem/ttyvd/subsystem/ttyp1 HTTP/1.1" 200 6597 "-" "Mozilla/5.0 AppleWebKit/537.36 (KHTML, like Gecko; compatible; Amazonbot/0.1; +https://developer.amazon.com/support/amazonbot) Chrome/119.0.6045.214 Safari/537.36"
74.7.227.15 - - [21/Nov/2025:02:00:24 -0800] "GET /search.php?channel=156e34&from=https://mollywoppersnyb.com/chat.htm?suppose025014819.html&m=2921046028692 HTTP/2.0" 200 85972 "-" "Mozilla/5.0 AppleWebKit/537.36 (KHTML, like Gecko; compatible; GPTBot/1.3; +https://openai.com/gptbot)"
74.7.227.15 - - [21/Nov/2025:02:00:25 -0800] "GET /search.php?twin238015770.html HTTP/2.0" 200 86071 "-" "Mozilla/5.0 AppleWebKit/537.36 (KHTML, like Gecko; compatible; GPTBot/1.3; +https://openai.com/gptbot)"
74.7.227.15 - - [21/Nov/2025:02:00:27 -0800] "GET /search.php?channel=156e34&from=https://mollywoppersnyb.com/chat.htm?items/046030017.html&m=2921046028692 HTTP/2.0" 200 86135 "-" "Mozilla/5.0 AppleWebKit/537.36 (KHTML, like Gecko; compatible; GPTBot/1.3; +https://openai.com/gptbot)"
66.249.69.233 - - [21/Nov/2025:02:00:28 -0800] "GET /market/108696576 HTTP/1.1" 200 24806 "-" "Mozilla/5.0 (Linux; Android 6.0.1; Nexus 5X Build/MMB29P) AppleWebKit/537.36 (KHTML, like Gecko) Chrome/141.0.7390.122 Mobile Safari/537.36 (compatible; GoogleOther)"
74.7.227.15 - - [21/Nov/2025:02:00:28 -0800] "GET /search.php?channel=156e34&from=https://mollywoppersnyb.com/chat.htm?items/046042919.html&m=2921046028692 HTTP/2.0" 200 85920 "-" "Mozilla/5.0 AppleWebKit/537.36 (KHTML, like Gecko; compatible; GPTBot/1.3; +https://openai.com/gptbot)"
217.113.194.22 - - [21/Nov/2025:02:00:29 -0800] "GET /2018/11/11/todays-the-day-come-on-out-to-garagephilly-3-6pm-to-support-mollywoppersnyb-theres-some-pretty-killer-stuff-going-up-for-auction-and-dogboy701-is-gonna-be-in-the-cart-to-feed-yo-9/?fileloc=/home/mollywopper/mollywoppersnyb.com/bsb/README&path=/home/mollywopper/mollywoppersnyb.com/bsb HTTP/1.1" 200 3920 "-" "Mozilla/5.0 (compatible; Barkrowler/0.9; +https://babbar.tech/crawler)"
74.7.227.15 - - [21/Nov/2025:02:00:29 -0800] "GET /search.php?channel=156e34&from=https://mollywoppersnyb.com/chat.htm?items/181046526.html&m=2921046028692 HTTP/2.0" 200 86274 "-" "Mozilla/5.0 AppleWebKit/537.36 (KHTML, like Gecko; compatible; GPTBot/1.3; +https://openai.com/gptbot)"
74.7.227.15 - - [21/Nov/2025:02:00:31 -0800] "GET /search.php?channel=156e34&from=https://mollywoppersnyb.com/chat.htm?items/099026426.html&m=2921046028692 HTTP/2.0" 200 86697 "-" "Mozilla/5.0 AppleWebKit/537.36 (KHTML, like Gecko; compatible; GPTBot/1.3; +https://openai.com/gptbot)"
74.7.227.15 - - [21/Nov/2025:02:00:32 -0800] "GET /search.php?channel=156e34&from=https://mollywoppersnyb.com/chat.htm?illusion256040822.html&m=2921046028692 HTTP/2.0" 200 86805 "-" "Mozilla/5.0 AppleWebKit/537.36 (KHTML, like Gecko; compatible; GPTBot/1.3; +https://openai.com/gptbot)"
66.249.69.233 - - [21/Nov/2025:02:00:33 -0800] "GET /?market=58128796 HTTP/1.1" 200 24783 "-" "Mozilla/5.0 (Linux; Android 6.0.1; Nexus 5X Build/MMB29P) AppleWebKit/537.36 (KHTML, like Gecko) Chrome/141.0.7390.122 Mobile Safari/537.36 (compatible; Googlebot/2.1; +http://www.google.com/bot.html)"
74.7.227.15 - - [21/Nov/2025:02:00:34 -0800] "GET /search.php?university059023271.html HTTP/2.0" 200 86025 "-" "Mozilla/5.0 AppleWebKit/537.36 (KHTML, like Gecko; compatible; GPTBot/1.3; +https://openai.com/gptbot)"
74.7.227.15 - - [21/Nov/2025:02:00:35 -0800] "GET /search.php?modify186003476.html HTTP/2.0" 200 85694 "-" "Mozilla/5.0 AppleWebKit/537.36 (KHTML, like Gecko; compatible; GPTBot/1.3; +https://openai.com/gptbot)"
34.224.9.144 - - [21/Nov/2025:02:00:35 -0800] "GET /?path=//sys/class/tty/ptype/subsystem/ttyp0/subsystem/ptmx/subsystem/ttyec/subsystem/ttyp1 HTTP/1.1" 200 6531 "-" "Mozilla/5.0 AppleWebKit/537.36 (KHTML, like Gecko; compatible; Amazonbot/0.1; +https://developer.amazon.com/support/amazonbot) Chrome/119.0.6045.214 Safari/537.36"
74.7.227.15 - - [21/Nov/2025:02:00:36 -0800] "GET /search.php?kingdom128028474.html HTTP/2.0" 200 86347 "-" "Mozilla/5.0 AppleWebKit/537.36 (KHTML, like Gecko; compatible; GPTBot/1.3; +https://openai.com/gptbot)"
66.249.69.233 - - [21/Nov/2025:02:00:37 -0800] "GET /?market=53503724 HTTP/1.1" 200 20978 "-" "Mozilla/5.0 (Linux; Android 6.0.1; Nexus 5X Build/MMB29P) AppleWebKit/537.36 (KHTML, like Gecko) Chrome/141.0.7390.122 Mobile Safari/537.36 (compatible; Googlebot/2.1; +http://www.google.com/bot.html)"
74.7.227.15 - - [21/Nov/2025:02:00:37 -0800] "GET /search.php?African238015764.html HTTP/2.0" 200 86302 "-" "Mozilla/5.0 AppleWebKit/537.36 (KHTML, like Gecko; compatible; GPTBot/1.3; +https://openai.com/gptbot)"
74.7.227.15 - - [21/Nov/2025:02:00:38 -0800] "GET /search.php?forty025014819.html HTTP/2.0" 200 86280 "-" "Mozilla/5.0 AppleWebKit/537.36 (KHTML, like Gecko; compatible; GPTBot/1.3; +https://openai.com/gptbot)"
74.7.227.15 - - [21/Nov/2025:02:00:39 -0800] "GET /search.php?channel=156e34&from=https://mollywoppersnyb.com/chat.htm?items/170036457.html&m=2921046028692 HTTP/2.0" 200 86554 "-" "Mozilla/5.0 AppleWebKit/537.36 (KHTML, like Gecko; compatible; GPTBot/1.3; +https://openai.com/gptbot)"
66.249.69.233 - - [21/Nov/2025:02:00:40 -0800] "GET /market/47540623 HTTP/1.1" 200 25391 "-" "Mozilla/5.0 (Linux; Android 6.0.1; Nexus 5X Build/MMB29P) AppleWebKit/537.36 (KHTML, like Gecko) Chrome/141.0.7390.122 Mobile Safari/537.36 (compatible; GoogleOther)"
74.7.227.15 - - [21/Nov/2025:02:00:40 -0800] "GET /search.php?channel=156e34&from=https://mollywoppersnyb.com/chat.htm?notebook109016633.html&m=2921046028692 HTTP/2.0" 200 86165 "-" "Mozilla/5.0 AppleWebKit/537.36 (KHTML, like Gecko; compatible; GPTBot/1.3; +https://openai.com/gptbot)"
74.7.227.15 - - [21/Nov/2025:02:00:41 -0800] "GET /search.php?channel=156e34&from=https://mollywoppersnyb.com/chat.htm?items/097031290.html&m=2921046028692 HTTP/2.0" 200 85746 "-" "Mozilla/5.0 AppleWebKit/537.36 (KHTML, like Gecko; compatible; GPTBot/1.3; +https://openai.com/gptbot)"
74.7.227.15 - - [21/Nov/2025:02:00:42 -0800] "GET /search.php?channel=156e34&from=https://mollywoppersnyb.com/chat.htm?natural114010770.html&m=2921046028692 HTTP/2.0" 200 85733 "-" "Mozilla/5.0 AppleWebKit/537.36 (KHTML, like Gecko; compatible; GPTBot/1.3; +https://openai.com/gptbot)"
54.156.248.117 - - [21/Nov/2025:02:00:42 -0800] "GET /home/?path=//sys/class/tty/ptype/subsystem/ttyS15/device/subsystem/drivers/reg-dummy/reg-dummy/subsystem/devices/reg-dummy/subsystem/devices/vesa-framebuffer.0/driver HTTP/1.1" 200 6635 "-" "Mozilla/5.0 AppleWebKit/537.36 (KHTML, like Gecko; compatible; Amazonbot/0.1; +https://developer.amazon.com/support/amazonbot) Chrome/119.0.6045.214 Safari/537.36"
74.7.227.15 - - [21/Nov/2025:02:00:43 -0800] "GET /search.php?conduct238015774.html HTTP/2.0" 200 86175 "-" "Mozilla/5.0 AppleWebKit/537.36 (KHTML, like Gecko; compatible; GPTBot/1.3; +https://openai.com/gptbot)"
74.7.227.15 - - [21/Nov/2025:02:00:45 -0800] "GET /search.php?designer238015784.html HTTP/2.0" 200 86726 "-" "Mozilla/5.0 AppleWebKit/537.36 (KHTML, like Gecko; compatible; GPTBot/1.3; +https://openai.com/gptbot)"
74.7.227.15 - - [21/Nov/2025:02:00:46 -0800] "GET /search.php?channel=156e34&from=https://mollywoppersnyb.com/chat.htm?high-tech128028474.html&m=2921046028692 HTTP/2.0" 200 86184 "-" "Mozilla/5.0 AppleWebKit/537.36 (KHTML, like Gecko; compatible; GPTBot/1.3; +https://openai.com/gptbot)"
34.233.219.155 - - [21/Nov/2025:02:00:47 -0800] "GET /?path=//sys/class/tty/ptype/subsystem/ttype/subsystem/ttyec/subsystem/ttys0/subsystem/ttyp0 HTTP/1.1" 200 6519 "-" "Mozilla/5.0 AppleWebKit/537.36 (KHTML, like Gecko; compatible; Amazonbot/0.1; +https://developer.amazon.com/support/amazonbot) Chrome/119.0.6045.214 Safari/537.36"
74.7.227.15 - - [21/Nov/2025:02:00:48 -0800] "GET /search.php?dig262013956.html HTTP/2.0" 200 85917 "-" "Mozilla/5.0 AppleWebKit/537.36 (KHTML, like Gecko; compatible; GPTBot/1.3; +https://openai.com/gptbot)"
74.7.227.15 - - [21/Nov/2025:02:00:49 -0800] "GET /search.php?items/226035357.html HTTP/2.0" 200 86016 "-" "Mozilla/5.0 AppleWebKit/537.36 (KHTML, like Gecko; compatible; GPTBot/1.3; +https://openai.com/gptbot)"
66.249.69.233 - - [21/Nov/2025:02:00:49 -0800] "GET /market/100141318 HTTP/1.1" 200 24817 "-" "Mozilla/5.0 (Linux; Android 6.0.1; Nexus 5X Build/MMB29P) AppleWebKit/537.36 (KHTML, like Gecko) Chrome/141.0.7390.122 Mobile Safari/537.36 (compatible; Googlebot/2.1; +http://www.google.com/bot.html)"
54.84.147.79 - - [21/Nov/2025:02:00:50 -0800] "GET /?path=//sys/class/tty/ptype/subsystem/ttyp1/subsystem/ptype/subsystem/ttysc/subsystem/tty2 HTTP/1.1" 200 6599 "-" "Mozilla/5.0 AppleWebKit/537.36 (KHTML, like Gecko; compatible; Amazonbot/0.1; +https://developer.amazon.com/support/amazonbot) Chrome/119.0.6045.214 Safari/537.36"
74.7.227.15 - - [21/Nov/2025:02:00:51 -0800] "GET /search.php?channel=156e34&from=https://mollywoppersnyb.com/chat.htm?shock087037405.html&m=2921046028692 HTTP/2.0" 200 86376 "-" "Mozilla/5.0 AppleWebKit/537.36 (KHTML, like Gecko; compatible; GPTBot/1.3; +https://openai.com/gptbot)"
74.7.227.15 - - [21/Nov/2025:02:00:53 -0800] "GET /search.php?channel=156e34&from=https://mollywoppersnyb.com/chat.htm?items/299018276.html&m=2921046028692 HTTP/2.0" 200 86175 "-" "Mozilla/5.0 AppleWebKit/537.36 (KHTML, like Gecko; compatible; GPTBot/1.3; +https://openai.com/gptbot)"
74.7.227.15 - - [21/Nov/2025:02:00:54 -0800] "GET /search.php?enemy238015764.html HTTP/2.0" 200 86572 "-" "Mozilla/5.0 AppleWebKit/537.36 (KHTML, like Gecko; compatible; GPTBot/1.3; +https://openai.com/gptbot)"
44.205.74.196 - - [21/Nov/2025:02:00:55 -0800] "GET /home/?path=//sys/class/tty/ptype/subsystem/ptype/subsystem/ttys1/subsystem/ttysc/subsystem/ttyS0/device HTTP/1.1" 200 6795 "-" "Mozilla/5.0 AppleWebKit/537.36 (KHTML, like Gecko; compatible; Amazonbot/0.1; +https://developer.amazon.com/support/amazonbot) Chrome/119.0.6045.214 Safari/537.36"
74.7.227.15 - - [21/Nov/2025:02:00:55 -0800] "GET /search.php?channel=156e34&from=https://mollywoppersnyb.com/chat.htm?name126030924.html&m=2921046028692 HTTP/2.0" 200 86112 "-" "Mozilla/5.0 AppleWebKit/537.36 (KHTML, like Gecko; compatible; GPTBot/1.3; +https://openai.com/gptbot)"
74.7.227.15 - - [21/Nov/2025:02:00:57 -0800] "GET /search.php?conflict259046983.html HTTP/2.0" 200 85760 "-" "Mozilla/5.0 AppleWebKit/537.36 (KHTML, like Gecko; compatible; GPTBot/1.3; +https://openai.com/gptbot)"
74.7.227.15 - - [21/Nov/2025:02:00:58 -0800] "GET /search.php?month238015774.html HTTP/2.0" 200 86422 "-" "Mozilla/5.0 AppleWebKit/537.36 (KHTML, like Gecko; compatible; GPTBot/1.3; +https://openai.com/gptbot)"
66.249.69.233 - - [21/Nov/2025:02:00:59 -0800] "GET /market/6987841 HTTP/1.1" 200 26549 "-" "Mozilla/5.0 (Linux; Android 6.0.1; Nexus 5X Build/MMB29P) AppleWebKit/537.36 (KHTML, like Gecko) Chrome/141.0.7390.122 Mobile Safari/537.36 (compatible; GoogleOther)"
74.7.227.15 - - [21/Nov/2025:02:00:59 -0800] "GET /search.php?cow238015768.html HTTP/2.0" 200 86642 "-" "Mozilla/5.0 AppleWebKit/537.36 (KHTML, like Gecko; compatible; GPTBot/1.3; +https://openai.com/gptbot)"
74.7.227.15 - - [21/Nov/2025:02:01:01 -0800] "GET /search.php?channel=156e34&from=https://mollywoppersnyb.com/chat.htm?items/226014011.html&m=2921046028692 HTTP/2.0" 200 85760 "-" "Mozilla/5.0 AppleWebKit/537.36 (KHTML, like Gecko; compatible; GPTBot/1.3; +https://openai.com/gptbot)"
74.7.227.15 - - [21/Nov/2025:02:01:02 -0800] "GET /search.php?channel=156e34&from=https://mollywoppersnyb.com/chat.htm?dot262013956.html&m=2921046028692 HTTP/2.0" 200 85923 "-" "Mozilla/5.0 AppleWebKit/537.36 (KHTML, like Gecko; compatible; GPTBot/1.3; +https://openai.com/gptbot)"
34.225.87.80 - - [21/Nov/2025:02:01:03 -0800] "GET /?path=//sys/class/tty/ptype/subsystem/ptype/subsystem/ttype/subsystem/ttyqb/subsystem/ttysd HTTP/1.1" 200 6578 "-" "Mozilla/5.0 AppleWebKit/537.36 (KHTML, like Gecko; compatible; Amazonbot/0.1; +https://developer.amazon.com/support/amazonbot) Chrome/119.0.6045.214 Safari/537.36"
74.7.227.15 - - [21/Nov/2025:02:01:03 -0800] "GET /search.php?channel=156e34&from=https://mollywoppersnyb.com/chat.htm?teen027032831.html&m=2921046028692 HTTP/2.0" 200 85602 "-" "Mozilla/5.0 AppleWebKit/537.36 (KHTML, like Gecko; compatible; GPTBot/1.3; +https://openai.com/gptbot)"
74.7.227.15 - - [21/Nov/2025:02:01:05 -0800] "GET /search.php?channel=156e34&from=https://mollywoppersnyb.com/chat.htm?museum238015764.html&m=2921046028692 HTTP/2.0" 200 86523 "-" "Mozilla/5.0 AppleWebKit/537.36 (KHTML, like Gecko; compatible; GPTBot/1.3; +https://openai.com/gptbot)"
98.82.107.102 - - [21/Nov/2025:02:01:06 -0800] "GET /?path=//sys/class/tty/ptype/subsystem/ttype/subsystem/ttyec/subsystem/ttyS0/subsystem/ttyp0 HTTP/1.1" 200 6519 "-" "Mozilla/5.0 AppleWebKit/537.36 (KHTML, like Gecko; compatible; Amazonbot/0.1; +https://developer.amazon.com/support/amazonbot) Chrome/119.0.6045.214 Safari/537.36"
74.7.227.15 - - [21/Nov/2025:02:01:07 -0800] "GET /search.php?boss238015716.html HTTP/2.0" 200 86423 "-" "Mozilla/5.0 AppleWebKit/537.36 (KHTML, like Gecko; compatible; GPTBot/1.3; +https://openai.com/gptbot)"
74.7.227.15 - - [21/Nov/2025:02:01:08 -0800] "GET /search.php?lid238015714.html HTTP/2.0" 200 86458 "-" "Mozilla/5.0 AppleWebKit/537.36 (KHTML, like Gecko; compatible; GPTBot/1.3; +https://openai.com/gptbot)"
74.7.227.15 - - [21/Nov/2025:02:01:10 -0800] "GET /search.php?channel=156e34&from=https://mollywoppersnyb.com/chat.htm?items/045021184.html&m=2921046028692 HTTP/2.0" 200 85615 "-" "Mozilla/5.0 AppleWebKit/537.36 (KHTML, like Gecko; compatible; GPTBot/1.3; +https://openai.com/gptbot)"
34.196.114.170 - - [21/Nov/2025:02:01:10 -0800] "GET /about/?path=//etc/NetworkManager HTTP/1.1" 200 6338 "-" "Mozilla/5.0 AppleWebKit/537.36 (KHTML, like Gecko; compatible; Amazonbot/0.1; +https://developer.amazon.com/support/amazonbot) Chrome/119.0.6045.214 Safari/537.36"
74.7.227.15 - - [21/Nov/2025:02:01:11 -0800] "GET /search.php?channel=156e34&from=https://mollywoppersnyb.com/chat.htm?pepper238015772.html&m=2921046028692 HTTP/2.0" 200 86895 "-" "Mozilla/5.0 AppleWebKit/537.36 (KHTML, like Gecko; compatible; GPTBot/1.3; +https://openai.com/gptbot)"
74.7.227.15 - - [21/Nov/2025:02:01:12 -0800] "GET /search.php?channel=156e34&from=https://mollywoppersnyb.com/chat.htm?extent238015784.html&m=2921046028692 HTTP/2.0" 200 86250 "-" "Mozilla/5.0 AppleWebKit/537.36 (KHTML, like Gecko; compatible; GPTBot/1.3; +https://openai.com/gptbot)"
74.7.227.15 - - [21/Nov/2025:02:01:14 -0800] "GET /search.php?bond238015774.html HTTP/2.0" 200 86432 "-" "Mozilla/5.0 AppleWebKit/537.36 (KHTML, like Gecko; compatible; GPTBot/1.3; +https://openai.com/gptbot)"
98.83.10.183 - - [21/Nov/2025:02:01:15 -0800] "GET /home/?path=//sys/bus/pci/drivers/pata_sch HTTP/1.1" 200 6646 "-" "Mozilla/5.0 AppleWebKit/537.36 (KHTML, like Gecko; compatible; Amazonbot/0.1; +https://developer.amazon.com/support/amazonbot) Chrome/119.0.6045.214 Safari/537.36"
74.7.227.15 - - [21/Nov/2025:02:01:15 -0800] "GET /search.php?custody259046983.html HTTP/2.0" 200 85826 "-" "Mozilla/5.0 AppleWebKit/537.36 (KHTML, like Gecko; compatible; GPTBot/1.3; +https://openai.com/gptbot)"
74.7.227.15 - - [21/Nov/2025:02:01:17 -0800] "GET /search.php?conflict239031687.html HTTP/2.0" 200 86351 "-" "Mozilla/5.0 AppleWebKit/537.36 (KHTML, like Gecko; compatible; GPTBot/1.3; +https://openai.com/gptbot)"
74.7.227.15 - - [21/Nov/2025:02:01:18 -0800] "GET /search.php?channel=156e34&from=https://mollywoppersnyb.com/chat.htm?talent238015768.html&m=2921046028692 HTTP/2.0" 200 86571 "-" "Mozilla/5.0 AppleWebKit/537.36 (KHTML, like Gecko; compatible; GPTBot/1.3; +https://openai.com/gptbot)"
50.19.221.48 - - [21/Nov/2025:02:01:19 -0800] "GET /2015/08/21/ladies-and-gentlemen-theonion/?fileloc=//lib/aspell/en_GB-variant_0.multi&path=//lib/aspell HTTP/1.1" 200 6088 "-" "Mozilla/5.0 AppleWebKit/537.36 (KHTML, like Gecko; compatible; Amazonbot/0.1; +https://developer.amazon.com/support/amazonbot) Chrome/119.0.6045.214 Safari/537.36"
74.7.227.15 - - [21/Nov/2025:02:01:20 -0800] "GET /search.php?channel=156e34&from=https://mollywoppersnyb.com/chat.htm?items/273023010.html&m=2921046028692 HTTP/2.0" 200 86217 "-" "Mozilla/5.0 AppleWebKit/537.36 (KHTML, like Gecko; compatible; GPTBot/1.3; +https://openai.com/gptbot)"
74.7.227.15 - - [21/Nov/2025:02:01:21 -0800] "GET /search.php?channel=156e34&from=https://mollywoppersnyb.com/chat.htm?rocket270048044.html&m=2921046028692 HTTP/2.0" 200 85665 "-" "Mozilla/5.0 AppleWebKit/537.36 (KHTML, like Gecko; compatible; GPTBot/1.3; +https://openai.com/gptbot)"
74.7.227.15 - - [21/Nov/2025:02:01:22 -0800] "GET /search.php?born238015714.html HTTP/2.0" 200 86570 "-" "Mozilla/5.0 AppleWebKit/537.36 (KHTML, like Gecko; compatible; GPTBot/1.3; +https://openai.com/gptbot)"
3.93.211.16 - - [21/Nov/2025:02:01:23 -0800] "GET /home/?path=//lib/python3/dist-packages/botocore/data/lex-runtime HTTP/1.1" 200 6400 "-" "Mozilla/5.0 AppleWebKit/537.36 (KHTML, like Gecko; compatible; Amazonbot/0.1; +https://developer.amazon.com/support/amazonbot) Chrome/119.0.6045.214 Safari/537.36"
74.7.227.15 - - [21/Nov/2025:02:01:24 -0800] "GET /search.php?channel=156e34&from=https://mollywoppersnyb.com/chat.htm?sail238015716.html&m=2921046028692 HTTP/2.0" 200 86601 "-" "Mozilla/5.0 AppleWebKit/537.36 (KHTML, like Gecko; compatible; GPTBot/1.3; +https://openai.com/gptbot)"
74.7.227.15 - - [21/Nov/2025:02:01:25 -0800] "GET /search.php?channel=156e34&from=https://mollywoppersnyb.com/chat.htm?items/183043738.html&m=2921046028692 HTTP/2.0" 200 86186 "-" "Mozilla/5.0 AppleWebKit/537.36 (KHTML, like Gecko; compatible; GPTBot/1.3; +https://openai.com/gptbot)"
74.7.227.15 - - [21/Nov/2025:02:01:26 -0800] "GET /search.php?channel=156e34&from=https://mollywoppersnyb.com/chat.htm?items/183012900.html&m=2921046028692 HTTP/2.0" 200 85620 "-" "Mozilla/5.0 AppleWebKit/537.36 (KHTML, like Gecko; compatible; GPTBot/1.3; +https://openai.com/gptbot)"
74.7.227.15 - - [21/Nov/2025:02:01:27 -0800] "GET /search.php?channel=156e34&from=https://mollywoppersnyb.com/chat.htm?exhaust238015716.html&m=2921046028692 HTTP/2.0" 200 86410 "-" "Mozilla/5.0 AppleWebKit/537.36 (KHTML, like Gecko; compatible; GPTBot/1.3; +https://openai.com/gptbot)"
66.249.69.233 - - [21/Nov/2025:02:01:29 -0800] "GET /market/114558759 HTTP/1.1" 200 24634 "-" "Mozilla/5.0 (Linux; Android 6.0.1; Nexus 5X Build/MMB29P) AppleWebKit/537.36 (KHTML, like Gecko) Chrome/141.0.7390.122 Mobile Safari/537.36 (compatible; Googlebot/2.1; +http://www.google.com/bot.html)"
74.7.227.15 - - [21/Nov/2025:02:01:29 -0800] "GET /search.php?black238015764.html HTTP/2.0" 200 86224 "-" "Mozilla/5.0 AppleWebKit/537.36 (KHTML, like Gecko; compatible; GPTBot/1.3; +https://openai.com/gptbot)"
15.235.27.233 - - [21/Nov/2025:02:01:30 -0800] "GET /?market=1045359499 HTTP/2.0" 200 109 "-" "Mozilla/5.0 (compatible; AhrefsBot/7.0; +http://ahrefs.com/robot/)"
74.7.227.15 - - [21/Nov/2025:02:01:30 -0800] "GET /search.php?throw259046983.html HTTP/2.0" 200 85923 "-" "Mozilla/5.0 AppleWebKit/537.36 (KHTML, like Gecko; compatible; GPTBot/1.3; +https://openai.com/gptbot)"
74.7.227.15 - - [21/Nov/2025:02:01:31 -0800] "GET /search.php?channel=156e34&from=https://mollywoppersnyb.com/chat.htm?show238015772.html&m=2921046028692 HTTP/2.0" 200 86532 "-" "Mozilla/5.0 AppleWebKit/537.36 (KHTML, like Gecko; compatible; GPTBot/1.3; +https://openai.com/gptbot)"
34.236.185.101 - - [21/Nov/2025:02:01:32 -0800] "GET /home/?path=//sys/class/tty/ttytd/subsystem/ptyp0 HTTP/1.1" 200 6524 "-" "Mozilla/5.0 AppleWebKit/537.36 (KHTML, like Gecko; compatible; Amazonbot/0.1; +https://developer.amazon.com/support/amazonbot) Chrome/119.0.6045.214 Safari/537.36"
74.7.227.15 - - [21/Nov/2025:02:01:32 -0800] "GET /search.php?channel=156e34&from=https://mollywoppersnyb.com/chat.htm?items/158035321.html&m=2921046028692 HTTP/2.0" 200 86058 "-" "Mozilla/5.0 AppleWebKit/537.36 (KHTML, like Gecko; compatible; GPTBot/1.3; +https://openai.com/gptbot)"
74.7.227.15 - - [21/Nov/2025:02:01:33 -0800] "GET /search.php?swim238015714.html HTTP/2.0" 200 86344 "-" "Mozilla/5.0 AppleWebKit/537.36 (KHTML, like Gecko; compatible; GPTBot/1.3; +https://openai.com/gptbot)"
52.70.123.241 - - [21/Nov/2025:02:01:34 -0800] "GET /home/?path=//sys/class/net/bond0/queues/rx-2 HTTP/1.1" 200 6441 "-" "Mozilla/5.0 AppleWebKit/537.36 (KHTML, like Gecko; compatible; Amazonbot/0.1; +https://developer.amazon.com/support/amazonbot) Chrome/119.0.6045.214 Safari/537.36"
74.7.227.15 - - [21/Nov/2025:02:01:35 -0800] "GET /search.php?channel=156e34&from=https://mollywoppersnyb.com/chat.htm?items/099025510.html&m=2921046028692 HTTP/2.0" 200 86494 "-" "Mozilla/5.0 AppleWebKit/537.36 (KHTML, like Gecko; compatible; GPTBot/1.3; +https://openai.com/gptbot)"
66.249.69.233 - - [21/Nov/2025:02:01:35 -0800] "GET /market/397360792 HTTP/1.1" 200 24743 "-" "Mozilla/5.0 (Linux; Android 6.0.1; Nexus 5X Build/MMB29P) AppleWebKit/537.36 (KHTML, like Gecko) Chrome/141.0.7390.122 Mobile Safari/537.36 (compatible; GoogleOther)"
74.7.227.15 - - [21/Nov/2025:02:01:36 -0800] "GET /search.php?channel=156e34&from=https://mollywoppersnyb.com/chat.htm?stove181039331.html&m=2921046028692 HTTP/2.0" 200 86158 "-" "Mozilla/5.0 AppleWebKit/537.36 (KHTML, like Gecko; compatible; GPTBot/1.3; +https://openai.com/gptbot)"
74.7.227.15 - - [21/Nov/2025:02:01:37 -0800] "GET /search.php?young198010734.html HTTP/2.0" 200 86722 "-" "Mozilla/5.0 AppleWebKit/537.36 (KHTML, like Gecko; compatible; GPTBot/1.3; +https://openai.com/gptbot)"
