74.7.227.15 - - [21/Nov/2025:00:53:25 -0800] "GET /search.php?product/edit/rcmdse-tm-1874508 HTTP/2.0" 200 86012 "-" "Mozilla/5.0 AppleWebKit/537.36 (KHTML, like Gecko; compatible; GPTBot/1.3; +https://openai.com/gptbot)"
74.7.227.15 - - [21/Nov/2025:00:53:26 -0800] "GET /search.php?safe_search/config?return_url=%2Fproduct%2Fdetail%2Fperk-up-1468099-2870620 HTTP/2.0" 200 85663 "-" "Mozilla/5.0 AppleWebKit/537.36 (KHTML, like Gecko; compatible; GPTBot/1.3; +https://openai.com/gptbot)"
98.82.63.147 - - [21/Nov/2025:00:53:28 -0800] "GET /home/?path=//sys/class/tty/ptype/subsystem/ttyp0/subsystem/ttyS0/subsystem/ttyp2/subsystem/ttypc HTTP/1.1" 200 6567 "-" "Mozilla/5.0 AppleWebKit/537.36 (KHTML, like Gecko; compatible; Amazonbot/0.1; +https://developer.amazon.com/support/amazonbot) Chrome/119.0.6045.214 Safari/537.36"
66.249.69.233 - - [21/Nov/2025:00:53:28 -0800] "GET /market/1739761065 HTTP/1.1" 200 31090 "-" "Mozilla/5.0 (Linux; Android 6.0.1; Nexus 5X Build/MMB29P) AppleWebKit/537.36 (KHTML, like Gecko) Chrome/141.0.7390.122 Mobile Safari/537.36 (compatible; GoogleOther)"
74.7.227.15 - - [21/Nov/2025:00:53:28 -0800] "GET /search.php?product/edit/trmt-1-b009np93h4 HTTP/2.0" 200 86638 "-" "Mozilla/5.0 AppleWebKit/537.36 (KHTML, like Gecko; compatible; GPTBot/1.3; +https://openai.com/gptbot)"
74.7.227.15 - - [21/Nov/2025:00:53:29 -0800] "GET /search.php?channel=156e34&from=https://mollywoppersnyb.com/chat.htm?crop008031612.html&m=2921046028692 HTTP/2.0" 200 85565 "-" "Mozilla/5.0 AppleWebKit/537.36 (KHTML, like Gecko; compatible; GPTBot/1.3; +https://openai.com/gptbot)"
74.7.227.15 - - [21/Nov/2025:00:53:30 -0800] "GET /search.php?channel=156e34&from=https://mollywoppersnyb.com/chat.htm?items/249007096.html&m=2921046028692 HTTP/2.0" 200 85779 "-" "Mozilla/5.0 AppleWebKit/537.36 (KHTML, like Gecko; compatible; GPTBot/1.3; +https://openai.com/gptbot)"
74.7.227.15 - - [21/Nov/2025:00:53:31 -0800] "GET /search.php?product/edit/rcmdva-tm-2169515 HTTP/2.0" 200 86096 "-" "Mozilla/5.0 AppleWebKit/537.36 (KHTML, like Gecko; compatible; GPTBot/1.3; +https://openai.com/gptbot)"
66.249.69.233 - - [21/Nov/2025:00:53:32 -0800] "GET /demonstrate/z13?pid=874 HTTP/1.1" 200 21492 "-" "Mozilla/5.0 (Linux; Android 6.0.1; Nexus 5X Build/MMB29P) AppleWebKit/537.36 (KHTML, like Gecko) Chrome/141.0.7390.122 Mobile Safari/537.36 (compatible; GoogleOther)"
74.7.227.15 - - [21/Nov/2025:00:53:33 -0800] "GET /search.php?channel=156e34&from=https://mollywoppersnyb.com/chat.htm?appeal266029726.html&m=2921046028692 HTTP/2.0" 200 86608 "-" "Mozilla/5.0 AppleWebKit/537.36 (KHTML, like Gecko; compatible; GPTBot/1.3; +https://openai.com/gptbot)"
74.7.227.15 - - [21/Nov/2025:00:53:34 -0800] "GET /search.php?product/edit/momoda-ds-2574716 HTTP/2.0" 200 86485 "-" "Mozilla/5.0 AppleWebKit/537.36 (KHTML, like Gecko; compatible; GPTBot/1.3; +https://openai.com/gptbot)"
66.249.69.233 - - [21/Nov/2025:00:53:35 -0800] "GET /?market=1696700287 HTTP/1.1" 200 24648 "-" "Mozilla/5.0 (Linux; Android 6.0.1; Nexus 5X Build/MMB29P) AppleWebKit/537.36 (KHTML, like Gecko) Chrome/141.0.7390.122 Mobile Safari/537.36 (compatible; Googlebot/2.1; +http://www.google.com/bot.html)"
74.7.227.15 - - [21/Nov/2025:00:53:35 -0800] "GET /search.php?duck264045738.html HTTP/2.0" 200 87887 "-" "Mozilla/5.0 AppleWebKit/537.36 (KHTML, like Gecko; compatible; GPTBot/1.3; +https://openai.com/gptbot)"
74.7.227.15 - - [21/Nov/2025:00:53:37 -0800] "GET /search.php?channel=156e34&from=https://mollywoppersnyb.com/chat.htm?church076049432.html&m=2921046028692 HTTP/2.0" 200 86905 "-" "Mozilla/5.0 AppleWebKit/537.36 (KHTML, like Gecko; compatible; GPTBot/1.3; +https://openai.com/gptbot)"
74.7.227.15 - - [21/Nov/2025:00:53:38 -0800] "GET /search.php?channel=156e34&from=https://mollywoppersnyb.com/chat.htm?items/274021731.html&m=2921046028692 HTTP/2.0" 200 85960 "-" "Mozilla/5.0 AppleWebKit/537.36 (KHTML, like Gecko; compatible; GPTBot/1.3; +https://openai.com/gptbot)"
74.7.227.15 - - [21/Nov/2025:00:53:39 -0800] "GET /search.php?fucking229048647.html HTTP/2.0" 200 86807 "-" "Mozilla/5.0 AppleWebKit/537.36 (KHTML, like Gecko; compatible; GPTBot/1.3; +https://openai.com/gptbot)"
74.7.227.15 - - [21/Nov/2025:00:53:41 -0800] "GET /search.php?channel=156e34&from=https://mollywoppersnyb.com/chat.htm?devote229048629.html&m=2921046028692 HTTP/2.0" 200 86863 "-" "Mozilla/5.0 AppleWebKit/537.36 (KHTML, like Gecko; compatible; GPTBot/1.3; +https://openai.com/gptbot)"
66.249.69.233 - - [21/Nov/2025:00:53:41 -0800] "GET /market/78798956 HTTP/1.1" 200 24556 "-" "Mozilla/5.0 (Linux; Android 6.0.1; Nexus 5X Build/MMB29P) AppleWebKit/537.36 (KHTML, like Gecko) Chrome/141.0.7390.122 Mobile Safari/537.36 (compatible; GoogleOther)"
74.7.227.15 - - [21/Nov/2025:00:53:42 -0800] "GET /search.php?world229048637.html HTTP/2.0" 200 87014 "-" "Mozilla/5.0 AppleWebKit/537.36 (KHTML, like Gecko; compatible; GPTBot/1.3; +https://openai.com/gptbot)"
74.7.227.15 - - [21/Nov/2025:00:53:43 -0800] "GET /search.php?product/edit/rcmdse-tm-1930605 HTTP/2.0" 200 86287 "-" "Mozilla/5.0 AppleWebKit/537.36 (KHTML, like Gecko; compatible; GPTBot/1.3; +https://openai.com/gptbot)"
54.166.104.83 - - [21/Nov/2025:00:53:43 -0800] "GET /?path=//sys/class/tty/ptype/subsystem/ttyp1/subsystem/ttyrf/subsystem/ttype/subsystem/tty1 HTTP/1.1" 200 6518 "-" "Mozilla/5.0 AppleWebKit/537.36 (KHTML, like Gecko; compatible; Amazonbot/0.1; +https://developer.amazon.com/support/amazonbot) Chrome/119.0.6045.214 Safari/537.36"
74.7.227.15 - - [21/Nov/2025:00:53:44 -0800] "GET /search.php?channel=156e34&from=https://mollywoppersnyb.com/chat.htm?priest033013509.html&m=2921046028692 HTTP/2.0" 200 85971 "-" "Mozilla/5.0 AppleWebKit/537.36 (KHTML, like Gecko; compatible; GPTBot/1.3; +https://openai.com/gptbot)"
74.7.227.15 - - [21/Nov/2025:00:53:44 -0800] "GET /search.php?channel=156e34&from=https://mollywoppersnyb.com/chat.htm?advise124027892.html&m=2921046028692 HTTP/2.0" 200 85976 "-" "Mozilla/5.0 AppleWebKit/537.36 (KHTML, like Gecko; compatible; GPTBot/1.3; +https://openai.com/gptbot)"
66.249.69.233 - - [21/Nov/2025:00:53:45 -0800] "GET /market/13815591 HTTP/1.1" 200 22480 "-" "Mozilla/5.0 (Linux; Android 6.0.1; Nexus 5X Build/MMB29P) AppleWebKit/537.36 (KHTML, like Gecko) Chrome/141.0.7390.122 Mobile Safari/537.36 (compatible; GoogleOther)"
74.7.227.15 - - [21/Nov/2025:00:53:46 -0800] "GET /search.php?channel=156e34&from=https://mollywoppersnyb.com/chat.htm?cousin041000855.html&m=2921046028692 HTTP/2.0" 200 86164 "-" "Mozilla/5.0 AppleWebKit/537.36 (KHTML, like Gecko; compatible; GPTBot/1.3; +https://openai.com/gptbot)"
74.7.227.15 - - [21/Nov/2025:00:53:47 -0800] "GET /search.php?product/edit/momoda-ds-1826431 HTTP/2.0" 200 85671 "-" "Mozilla/5.0 AppleWebKit/537.36 (KHTML, like Gecko; compatible; GPTBot/1.3; +https://openai.com/gptbot)"
74.7.227.15 - - [21/Nov/2025:00:53:48 -0800] "GET /search.php?channel=156e34&from=https://mollywoppersnyb.com/chat.htm?items/239034514.html&m=2921046028692 HTTP/2.0" 200 87244 "-" "Mozilla/5.0 AppleWebKit/537.36 (KHTML, like Gecko; compatible; GPTBot/1.3; +https://openai.com/gptbot)"
74.7.227.15 - - [21/Nov/2025:00:53:49 -0800] "GET /search.php?channel=156e34&from=https://mollywoppersnyb.com/chat.htm?items/003020334.html&m=2921046028692 HTTP/2.0" 200 86296 "-" "Mozilla/5.0 AppleWebKit/537.36 (KHTML, like Gecko; compatible; GPTBot/1.3; +https://openai.com/gptbot)"
74.7.227.15 - - [21/Nov/2025:00:53:51 -0800] "GET /search.php?channel=156e34&from=https://mollywoppersnyb.com/chat.htm?items/046012477.html&m=2921046028692 HTTP/2.0" 200 87096 "-" "Mozilla/5.0 AppleWebKit/537.36 (KHTML, like Gecko; compatible; GPTBot/1.3; +https://openai.com/gptbot)"
74.7.227.15 - - [21/Nov/2025:00:53:52 -0800] "GET /search.php?channel=156e34&from=https://mollywoppersnyb.com/chat.htm?items/067023166.html&m=2921046028692 HTTP/2.0" 200 86140 "-" "Mozilla/5.0 AppleWebKit/537.36 (KHTML, like Gecko; compatible; GPTBot/1.3; +https://openai.com/gptbot)"
74.7.227.15 - - [21/Nov/2025:00:53:53 -0800] "GET /search.php?product/edit/butuendo-bg-00198-3 HTTP/2.0" 200 85813 "-" "Mozilla/5.0 AppleWebKit/537.36 (KHTML, like Gecko; compatible; GPTBot/1.3; +https://openai.com/gptbot)"
74.7.227.15 - - [21/Nov/2025:00:53:54 -0800] "GET /search.php?channel=156e34&from=https://mollywoppersnyb.com/chat.htm?items/270044667.html&m=2921046028692 HTTP/2.0" 200 86530 "-" "Mozilla/5.0 AppleWebKit/537.36 (KHTML, like Gecko; compatible; GPTBot/1.3; +https://openai.com/gptbot)"
44.221.37.41 - - [21/Nov/2025:00:53:55 -0800] "GET /?path=//sys/class/tty/ptype/subsystem/ptyp1/subsystem/ttyv0/subsystem/ttyp1/subsystem/console HTTP/1.1" 200 6646 "-" "Mozilla/5.0 AppleWebKit/537.36 (KHTML, like Gecko; compatible; Amazonbot/0.1; +https://developer.amazon.com/support/amazonbot) Chrome/119.0.6045.214 Safari/537.36"
74.7.227.15 - - [21/Nov/2025:00:53:55 -0800] "GET /search.php?product/edit/rcmdse-tm-2534099 HTTP/2.0" 200 86100 "-" "Mozilla/5.0 AppleWebKit/537.36 (KHTML, like Gecko; compatible; GPTBot/1.3; +https://openai.com/gptbot)"
74.7.227.15 - - [21/Nov/2025:00:53:57 -0800] "GET /search.php?product/edit/trmt-1-b01d63uu52 HTTP/2.0" 200 86647 "-" "Mozilla/5.0 AppleWebKit/537.36 (KHTML, like Gecko; compatible; GPTBot/1.3; +https://openai.com/gptbot)"
74.7.227.15 - - [21/Nov/2025:00:53:58 -0800] "GET /search.php?channel=156e34&from=https://mollywoppersnyb.com/chat.htm?items/069028202.html&m=2921046028692 HTTP/2.0" 200 86250 "-" "Mozilla/5.0 AppleWebKit/537.36 (KHTML, like Gecko; compatible; GPTBot/1.3; +https://openai.com/gptbot)"
74.7.227.15 - - [21/Nov/2025:00:53:59 -0800] "GET /search.php?offender238015714.html HTTP/2.0" 200 86695 "-" "Mozilla/5.0 AppleWebKit/537.36 (KHTML, like Gecko; compatible; GPTBot/1.3; +https://openai.com/gptbot)"
52.203.65.83 - - [21/Nov/2025:00:54:00 -0800] "GET /home/?path=//sys/class/tty/ptype/subsystem/ttyS3/device/subsystem/devices/reg-dummy/driver/reg-dummy/driver/reg-dummy/subsystem/devices/pcspkr/subsystem/drivers/timeriomem_rng HTTP/1.1" 200 6574 "-" "Mozilla/5.0 AppleWebKit/537.36 (KHTML, like Gecko; compatible; Amazonbot/0.1; +https://developer.amazon.com/support/amazonbot) Chrome/119.0.6045.214 Safari/537.36"
74.7.227.15 - - [21/Nov/2025:00:54:01 -0800] "GET /search.php?rolling247036491.html HTTP/2.0" 200 86974 "-" "Mozilla/5.0 AppleWebKit/537.36 (KHTML, like Gecko; compatible; GPTBot/1.3; +https://openai.com/gptbot)"
66.249.69.235 - - [21/Nov/2025:00:54:02 -0800] "GET /market/80649612 HTTP/1.1" 200 24338 "-" "Mozilla/5.0 (Linux; Android 6.0.1; Nexus 5X Build/MMB29P) AppleWebKit/537.36 (KHTML, like Gecko) Chrome/141.0.7390.122 Mobile Safari/537.36 (compatible; GoogleOther)"
74.7.227.15 - - [21/Nov/2025:00:54:02 -0800] "GET /search.php?channel=156e34&from=https://mollywoppersnyb.com/chat.htm?items/251037376.html&m=2921046028692 HTTP/2.0" 200 86607 "-" "Mozilla/5.0 AppleWebKit/537.36 (KHTML, like Gecko; compatible; GPTBot/1.3; +https://openai.com/gptbot)"
74.7.227.15 - - [21/Nov/2025:00:54:04 -0800] "GET /search.php?channel=156e34&from=https://mollywoppersnyb.com/chat.htm?cliff272041334.html&m=2921046028692 HTTP/2.0" 200 85743 "-" "Mozilla/5.0 AppleWebKit/537.36 (KHTML, like Gecko; compatible; GPTBot/1.3; +https://openai.com/gptbot)"
74.7.227.15 - - [21/Nov/2025:00:54:05 -0800] "GET /search.php?worried238015774.html HTTP/2.0" 200 86327 "-" "Mozilla/5.0 AppleWebKit/537.36 (KHTML, like Gecko; compatible; GPTBot/1.3; +https://openai.com/gptbot)"
74.7.227.15 - - [21/Nov/2025:00:54:06 -0800] "GET /search.php?subsidy238015770.html HTTP/2.0" 200 86369 "-" "Mozilla/5.0 AppleWebKit/537.36 (KHTML, like Gecko; compatible; GPTBot/1.3; +https://openai.com/gptbot)"
74.7.227.15 - - [21/Nov/2025:00:54:08 -0800] "GET /search.php?channel=156e34&from=https://mollywoppersnyb.com/chat.htm?items/016006105.html&m=2921046028692 HTTP/2.0" 200 86072 "-" "Mozilla/5.0 AppleWebKit/537.36 (KHTML, like Gecko; compatible; GPTBot/1.3; +https://openai.com/gptbot)"
74.7.227.15 - - [21/Nov/2025:00:54:09 -0800] "GET /search.php?again025018941.html HTTP/2.0" 200 86579 "-" "Mozilla/5.0 AppleWebKit/537.36 (KHTML, like Gecko; compatible; GPTBot/1.3; +https://openai.com/gptbot)"
54.156.55.147 - - [21/Nov/2025:00:54:10 -0800] "GET /?path=//sys/class/tty/ptype/subsystem/ttype/subsystem/ttyv0/subsystem/ttyqb/subsystem/ttydb HTTP/1.1" 200 6585 "-" "Mozilla/5.0 AppleWebKit/537.36 (KHTML, like Gecko; compatible; Amazonbot/0.1; +https://developer.amazon.com/support/amazonbot) Chrome/119.0.6045.214 Safari/537.36"
74.7.227.15 - - [21/Nov/2025:00:54:10 -0800] "GET /search.php?balloon238015764.html HTTP/2.0" 200 86283 "-" "Mozilla/5.0 AppleWebKit/537.36 (KHTML, like Gecko; compatible; GPTBot/1.3; +https://openai.com/gptbot)"
74.7.227.15 - - [21/Nov/2025:00:54:12 -0800] "GET /search.php?conduct296038674.html HTTP/2.0" 200 86417 "-" "Mozilla/5.0 AppleWebKit/537.36 (KHTML, like Gecko; compatible; GPTBot/1.3; +https://openai.com/gptbot)"
54.84.93.8 - - [21/Nov/2025:00:54:12 -0800] "GET /home/?path=//sys/class/tty/ptype/subsystem/ttyp0/subsystem/ttyp0/subsystem/ttys0/subsystem/ttyse HTTP/1.1" 200 6594 "-" "Mozilla/5.0 AppleWebKit/537.36 (KHTML, like Gecko; compatible; Amazonbot/0.1; +https://developer.amazon.com/support/amazonbot) Chrome/119.0.6045.214 Safari/537.36"
74.7.227.15 - - [21/Nov/2025:00:54:13 -0800] "GET /search.php?channel=156e34&from=https://mollywoppersnyb.com/chat.htm?items/264037293.html&m=2921046028692 HTTP/2.0" 200 86707 "-" "Mozilla/5.0 AppleWebKit/537.36 (KHTML, like Gecko; compatible; GPTBot/1.3; +https://openai.com/gptbot)"
74.7.227.15 - - [21/Nov/2025:00:54:14 -0800] "GET /search.php?channel=156e34&from=https://mollywoppersnyb.com/chat.htm?items/248034483.html&m=2921046028692 HTTP/2.0" 200 86058 "-" "Mozilla/5.0 AppleWebKit/537.36 (KHTML, like Gecko; compatible; GPTBot/1.3; +https://openai.com/gptbot)"
66.249.69.233 - - [21/Nov/2025:00:54:14 -0800] "GET /market/154067133 HTTP/1.1" 200 27311 "-" "Mozilla/5.0 (Linux; Android 6.0.1; Nexus 5X Build/MMB29P) AppleWebKit/537.36 (KHTML, like Gecko) Chrome/141.0.7390.122 Mobile Safari/537.36 (compatible; GoogleOther)"
184.73.239.35 - - [21/Nov/2025:00:54:15 -0800] "GET /?path=//sys/class/tty/ptype/subsystem/tty/subsystem/ttyp0/subsystem/ttyv0/subsystem/ttysc HTTP/1.1" 200 6575 "-" "Mozilla/5.0 AppleWebKit/537.36 (KHTML, like Gecko; compatible; Amazonbot/0.1; +https://developer.amazon.com/support/amazonbot) Chrome/119.0.6045.214 Safari/537.36"
74.7.227.15 - - [21/Nov/2025:00:54:16 -0800] "GET /search.php?product/edit/tkonline-yn-6539068 HTTP/2.0" 200 85681 "-" "Mozilla/5.0 AppleWebKit/537.36 (KHTML, like Gecko; compatible; GPTBot/1.3; +https://openai.com/gptbot)"
74.7.227.15 - - [21/Nov/2025:00:54:17 -0800] "GET /search.php?dozen238015716.html HTTP/2.0" 200 86276 "-" "Mozilla/5.0 AppleWebKit/537.36 (KHTML, like Gecko; compatible; GPTBot/1.3; +https://openai.com/gptbot)"
66.249.69.233 - - [21/Nov/2025:00:54:19 -0800] "GET /?market=1992031495 HTTP/1.1" 200 24342 "-" "Mozilla/5.0 (Linux; Android 6.0.1; Nexus 5X Build/MMB29P) AppleWebKit/537.36 (KHTML, like Gecko) Chrome/141.0.7390.122 Mobile Safari/537.36 (compatible; Googlebot/2.1; +http://www.google.com/bot.html)"
74.7.227.15 - - [21/Nov/2025:00:54:19 -0800] "GET /search.php?channel=156e34&from=https://mollywoppersnyb.com/chat.htm?items/152010203.html&m=2921046028692 HTTP/2.0" 200 86459 "-" "Mozilla/5.0 AppleWebKit/537.36 (KHTML, like Gecko; compatible; GPTBot/1.3; +https://openai.com/gptbot)"
66.249.69.233 - - [21/Nov/2025:00:54:20 -0800] "GET /m033010081 HTTP/1.1" 200 24508 "-" "Mozilla/5.0 (Linux; Android 6.0.1; Nexus 5X Build/MMB29P) AppleWebKit/537.36 (KHTML, like Gecko) Chrome/141.0.7390.122 Mobile Safari/537.36 (compatible; GoogleOther)"
74.7.227.15 - - [21/Nov/2025:00:54:20 -0800] "GET /search.php?unique238015714.html HTTP/2.0" 200 86714 "-" "Mozilla/5.0 AppleWebKit/537.36 (KHTML, like Gecko; compatible; GPTBot/1.3; +https://openai.com/gptbot)"
74.7.227.15 - - [21/Nov/2025:00:54:21 -0800] "GET /search.php?utility238015764.html HTTP/2.0" 200 86441 "-" "Mozilla/5.0 AppleWebKit/537.36 (KHTML, like Gecko; compatible; GPTBot/1.3; +https://openai.com/gptbot)"
74.7.227.15 - - [21/Nov/2025:00:54:22 -0800] "GET /search.php?intend238015764.html HTTP/2.0" 200 86440 "-" "Mozilla/5.0 AppleWebKit/537.36 (KHTML, like Gecko; compatible; GPTBot/1.3; +https://openai.com/gptbot)"
44.195.50.71 - - [21/Nov/2025:00:54:23 -0800] "GET /?path=//sys/class/tty/ptype/subsystem/ptyp2/subsystem/ttysc/subsystem/ttyec/subsystem/ttysc HTTP/1.1" 200 6562 "-" "Mozilla/5.0 AppleWebKit/537.36 (KHTML, like Gecko; compatible; Amazonbot/0.1; +https://developer.amazon.com/support/amazonbot) Chrome/119.0.6045.214 Safari/537.36"
74.7.227.15 - - [21/Nov/2025:00:54:24 -0800] "GET /search.php?channel=156e34&from=https://mollywoppersnyb.com/chat.htm?aspect296038674.html&m=2921046028692 HTTP/2.0" 200 86426 "-" "Mozilla/5.0 AppleWebKit/537.36 (KHTML, like Gecko; compatible; GPTBot/1.3; +https://openai.com/gptbot)"
74.7.227.15 - - [21/Nov/2025:00:54:25 -0800] "GET /search.php?route238015774.html HTTP/2.0" 200 86508 "-" "Mozilla/5.0 AppleWebKit/537.36 (KHTML, like Gecko; compatible; GPTBot/1.3; +https://openai.com/gptbot)"
74.7.227.15 - - [21/Nov/2025:00:54:26 -0800] "GET /search.php?channel=156e34&from=https://mollywoppersnyb.com/chat.htm?maybe153026375.html&m=2921046028692 HTTP/2.0" 200 85876 "-" "Mozilla/5.0 AppleWebKit/537.36 (KHTML, like Gecko; compatible; GPTBot/1.3; +https://openai.com/gptbot)"
74.7.227.15 - - [21/Nov/2025:00:54:28 -0800] "GET /search.php?channel=156e34&from=https://mollywoppersnyb.com/chat.htm?items/047029902.html&m=2921046028692 HTTP/2.0" 200 85902 "-" "Mozilla/5.0 AppleWebKit/537.36 (KHTML, like Gecko; compatible; GPTBot/1.3; +https://openai.com/gptbot)"
74.7.227.15 - - [21/Nov/2025:00:54:29 -0800] "GET /search.php?ultimate285036497.html HTTP/2.0" 200 86788 "-" "Mozilla/5.0 AppleWebKit/537.36 (KHTML, like Gecko; compatible; GPTBot/1.3; +https://openai.com/gptbot)"
34.239.197.197 - - [21/Nov/2025:00:54:30 -0800] "GET /?path=//sys/class/tty/ptype/subsystem/ttyse/subsystem/ttype/subsystem/ttyv1/subsystem/ttyv0 HTTP/1.1" 200 6528 "-" "Mozilla/5.0 AppleWebKit/537.36 (KHTML, like Gecko; compatible; Amazonbot/0.1; +https://developer.amazon.com/support/amazonbot) Chrome/119.0.6045.214 Safari/537.36"
74.7.227.15 - - [21/Nov/2025:00:54:31 -0800] "GET /search.php?channel=156e34&from=https://mollywoppersnyb.com/chat.htm?items/121001582.html&m=2921046028692 HTTP/2.0" 200 85631 "-" "Mozilla/5.0 AppleWebKit/537.36 (KHTML, like Gecko; compatible; GPTBot/1.3; +https://openai.com/gptbot)"
74.7.227.15 - - [21/Nov/2025:00:54:32 -0800] "GET /search.php?body238015716.html HTTP/2.0" 200 86653 "-" "Mozilla/5.0 AppleWebKit/537.36 (KHTML, like Gecko; compatible; GPTBot/1.3; +https://openai.com/gptbot)"
74.7.227.15 - - [21/Nov/2025:00:54:33 -0800] "GET /search.php?river238015714.html HTTP/2.0" 200 86332 "-" "Mozilla/5.0 AppleWebKit/537.36 (KHTML, like Gecko; compatible; GPTBot/1.3; +https://openai.com/gptbot)"
52.45.77.169 - - [21/Nov/2025:00:54:34 -0800] "GET /home/?path=//sys/class/tty/ptype/subsystem/ttyp1/subsystem/ttycc/subsystem/ttyp1/subsystem/console HTTP/1.1" 200 6617 "-" "Mozilla/5.0 AppleWebKit/537.36 (KHTML, like Gecko; compatible; Amazonbot/0.1; +https://developer.amazon.com/support/amazonbot) Chrome/119.0.6045.214 Safari/537.36"
66.249.69.233 - - [21/Nov/2025:00:54:35 -0800] "GET /market/1743383373 HTTP/1.1" 200 26223 "-" "Mozilla/5.0 (Linux; Android 6.0.1; Nexus 5X Build/MMB29P) AppleWebKit/537.36 (KHTML, like Gecko) Chrome/141.0.7390.122 Mobile Safari/537.36 (compatible; GoogleOther)"
74.7.227.15 - - [21/Nov/2025:00:54:34 -0800] "GET /search.php?channel=156e34&from=https://mollywoppersnyb.com/chat.htm?blue238015714.html&m=2921046028692 HTTP/2.0" 200 86408 "-" "Mozilla/5.0 AppleWebKit/537.36 (KHTML, like Gecko; compatible; GPTBot/1.3; +https://openai.com/gptbot)"
74.7.227.15 - - [21/Nov/2025:00:54:35 -0800] "GET /search.php?workplace238015716.html HTTP/2.0" 200 86481 "-" "Mozilla/5.0 AppleWebKit/537.36 (KHTML, like Gecko; compatible; GPTBot/1.3; +https://openai.com/gptbot)"
74.7.227.15 - - [21/Nov/2025:00:54:37 -0800] "GET /search.php?channel=156e34&from=https://mollywoppersnyb.com/chat.htm?dream238015716.html&m=2921046028692 HTTP/2.0" 200 86432 "-" "Mozilla/5.0 AppleWebKit/537.36 (KHTML, like Gecko; compatible; GPTBot/1.3; +https://openai.com/gptbot)"
74.7.227.15 - - [21/Nov/2025:00:54:38 -0800] "GET /search.php?items/137026836.html HTTP/2.0" 200 87280 "-" "Mozilla/5.0 AppleWebKit/537.36 (KHTML, like Gecko; compatible; GPTBot/1.3; +https://openai.com/gptbot)"
66.249.69.233 - - [21/Nov/2025:00:54:39 -0800] "GET /market/2011570134 HTTP/1.1" 200 22035 "-" "Mozilla/5.0 (Linux; Android 6.0.1; Nexus 5X Build/MMB29P) AppleWebKit/537.36 (KHTML, like Gecko) Chrome/141.0.7390.122 Mobile Safari/537.36 (compatible; GoogleOther)"
74.7.227.15 - - [21/Nov/2025:00:54:39 -0800] "GET /search.php?channel=156e34&from=https://mollywoppersnyb.com/chat.htm?items/090011821.html&m=2921046028692 HTTP/2.0" 200 86273 "-" "Mozilla/5.0 AppleWebKit/537.36 (KHTML, like Gecko; compatible; GPTBot/1.3; +https://openai.com/gptbot)"
74.7.227.15 - - [21/Nov/2025:00:54:40 -0800] "GET /search.php?channel=156e34&from=https://mollywoppersnyb.com/chat.htm?cloud153026375.html&m=2921046028692 HTTP/2.0" 200 85680 "-" "Mozilla/5.0 AppleWebKit/537.36 (KHTML, like Gecko; compatible; GPTBot/1.3; +https://openai.com/gptbot)"
74.7.227.15 - - [21/Nov/2025:00:54:41 -0800] "GET /search.php?channel=156e34&from=https://mollywoppersnyb.com/chat.htm?relate238015772.html&m=2921046028692 HTTP/2.0" 200 86646 "-" "Mozilla/5.0 AppleWebKit/537.36 (KHTML, like Gecko; compatible; GPTBot/1.3; +https://openai.com/gptbot)"
74.7.227.15 - - [21/Nov/2025:00:54:42 -0800] "GET /search.php?channel=156e34&from=https://mollywoppersnyb.com/chat.htm?meat238015774.html&m=2921046028692 HTTP/2.0" 200 86299 "-" "Mozilla/5.0 AppleWebKit/537.36 (KHTML, like Gecko; compatible; GPTBot/1.3; +https://openai.com/gptbot)"
74.7.227.15 - - [21/Nov/2025:00:54:43 -0800] "GET /search.php?foreign238015764.html HTTP/2.0" 200 86170 "-" "Mozilla/5.0 AppleWebKit/537.36 (KHTML, like Gecko; compatible; GPTBot/1.3; +https://openai.com/gptbot)"
74.7.227.15 - - [21/Nov/2025:00:54:44 -0800] "GET /search.php?finding238015778.html HTTP/2.0" 200 86418 "-" "Mozilla/5.0 AppleWebKit/537.36 (KHTML, like Gecko; compatible; GPTBot/1.3; +https://openai.com/gptbot)"
74.7.227.15 - - [21/Nov/2025:00:54:45 -0800] "GET /search.php?channel=156e34&from=https://mollywoppersnyb.com/chat.htm?us238015714.html&m=2921046028692 HTTP/2.0" 200 86575 "-" "Mozilla/5.0 AppleWebKit/537.36 (KHTML, like Gecko; compatible; GPTBot/1.3; +https://openai.com/gptbot)"
74.7.227.15 - - [21/Nov/2025:00:54:47 -0800] "GET /search.php?channel=156e34&from=https://mollywoppersnyb.com/chat.htm?items/192024959.html&m=2921046028692 HTTP/2.0" 200 86354 "-" "Mozilla/5.0 AppleWebKit/537.36 (KHTML, like Gecko; compatible; GPTBot/1.3; +https://openai.com/gptbot)"
66.249.69.233 - - [21/Nov/2025:00:54:48 -0800] "GET /market/403789393 HTTP/1.1" 200 24141 "-" "Mozilla/5.0 (Linux; Android 6.0.1; Nexus 5X Build/MMB29P) AppleWebKit/537.36 (KHTML, like Gecko) Chrome/141.0.7390.122 Mobile Safari/537.36 (compatible; GoogleOther)"
74.7.227.15 - - [21/Nov/2025:00:54:48 -0800] "GET /search.php?channel=156e34&from=https://mollywoppersnyb.com/chat.htm?items/243025338.html&m=2921046028692 HTTP/2.0" 200 85736 "-" "Mozilla/5.0 AppleWebKit/537.36 (KHTML, like Gecko; compatible; GPTBot/1.3; +https://openai.com/gptbot)"
74.7.227.15 - - [21/Nov/2025:00:54:49 -0800] "GET /search.php?channel=156e34&from=https://mollywoppersnyb.com/chat.htm?items/060005979.html&m=2921046028692 HTTP/2.0" 200 85948 "-" "Mozilla/5.0 AppleWebKit/537.36 (KHTML, like Gecko; compatible; GPTBot/1.3; +https://openai.com/gptbot)"
74.7.227.15 - - [21/Nov/2025:00:54:50 -0800] "GET /search.php?vision238015764.html HTTP/2.0" 200 86347 "-" "Mozilla/5.0 AppleWebKit/537.36 (KHTML, like Gecko; compatible; GPTBot/1.3; +https://openai.com/gptbot)"
74.7.227.15 - - [21/Nov/2025:00:54:52 -0800] "GET /search.php?channel=156e34&from=https://mollywoppersnyb.com/chat.htm?everyone136028550.html&m=2921046028692 HTTP/2.0" 200 86142 "-" "Mozilla/5.0 AppleWebKit/537.36 (KHTML, like Gecko; compatible; GPTBot/1.3; +https://openai.com/gptbot)"
74.7.227.15 - - [21/Nov/2025:00:54:53 -0800] "GET /search.php?faith238015774.html HTTP/2.0" 200 86526 "-" "Mozilla/5.0 AppleWebKit/537.36 (KHTML, like Gecko; compatible; GPTBot/1.3; +https://openai.com/gptbot)"
74.7.227.15 - - [21/Nov/2025:00:54:54 -0800] "GET /search.php?man238015764.html HTTP/2.0" 200 86239 "-" "Mozilla/5.0 AppleWebKit/537.36 (KHTML, like Gecko; compatible; GPTBot/1.3; +https://openai.com/gptbot)"
74.7.227.15 - - [21/Nov/2025:00:54:56 -0800] "GET /search.php?shirt113002683.html HTTP/2.0" 200 86079 "-" "Mozilla/5.0 AppleWebKit/537.36 (KHTML, like Gecko; compatible; GPTBot/1.3; +https://openai.com/gptbot)"
52.203.65.83 - - [21/Nov/2025:00:54:56 -0800] "GET /?path=//sys/class/tty/ptype/subsystem/ttysc/subsystem/ttype/subsystem/ttynull/subsystem/ttysc HTTP/1.1" 200 6574 "-" "Mozilla/5.0 AppleWebKit/537.36 (KHTML, like Gecko; compatible; Amazonbot/0.1; +https://developer.amazon.com/support/amazonbot) Chrome/119.0.6045.214 Safari/537.36"
74.7.227.15 - - [21/Nov/2025:00:54:57 -0800] "GET /search.php?division218034316.html HTTP/2.0" 200 86347 "-" "Mozilla/5.0 AppleWebKit/537.36 (KHTML, like Gecko; compatible; GPTBot/1.3; +https://openai.com/gptbot)"
52.205.113.104 - - [21/Nov/2025:00:54:58 -0800] "GET /home/?path=//sys/class/tty/ptype/subsystem/ttyp0/subsystem/tty/subsystem/ttyp1/subsystem/ttyec HTTP/1.1" 200 6517 "-" "Mozilla/5.0 AppleWebKit/537.36 (KHTML, like Gecko; compatible; Amazonbot/0.1; +https://developer.amazon.com/support/amazonbot) Chrome/119.0.6045.214 Safari/537.36"
74.7.227.15 - - [21/Nov/2025:00:54:59 -0800] "GET /search.php?channel=156e34&from=https://mollywoppersnyb.com/chat.htm?cord238015778.html&m=2921046028692 HTTP/2.0" 200 86486 "-" "Mozilla/5.0 AppleWebKit/537.36 (KHTML, like Gecko; compatible; GPTBot/1.3; +https://openai.com/gptbot)"
74.7.227.15 - - [21/Nov/2025:00:55:00 -0800] "GET /search.php?win120048876.html HTTP/2.0" 200 86681 "-" "Mozilla/5.0 AppleWebKit/537.36 (KHTML, like Gecko; compatible; GPTBot/1.3; +https://openai.com/gptbot)"
74.7.227.15 - - [21/Nov/2025:00:55:02 -0800] "GET /search.php?lady239041957.html HTTP/2.0" 200 86854 "-" "Mozilla/5.0 AppleWebKit/537.36 (KHTML, like Gecko; compatible; GPTBot/1.3; +https://openai.com/gptbot)"
74.7.227.15 - - [21/Nov/2025:00:55:03 -0800] "GET /search.php?items/148029621.html HTTP/2.0" 200 86057 "-" "Mozilla/5.0 AppleWebKit/537.36 (KHTML, like Gecko; compatible; GPTBot/1.3; +https://openai.com/gptbot)"
3.226.34.98 - - [21/Nov/2025:00:55:04 -0800] "GET /home/?path=//sys/class/tty/ptype/subsystem/ptype/subsystem/ttype/subsystem/ttyp0/subsystem/ttyS7/device HTTP/1.1" 200 6751 "-" "Mozilla/5.0 AppleWebKit/537.36 (KHTML, like Gecko; compatible; Amazonbot/0.1; +https://developer.amazon.com/support/amazonbot) Chrome/119.0.6045.214 Safari/537.36"
74.7.227.15 - - [21/Nov/2025:00:55:05 -0800] "GET /search.php?game238015764.html HTTP/2.0" 200 86258 "-" "Mozilla/5.0 AppleWebKit/537.36 (KHTML, like Gecko; compatible; GPTBot/1.3; +https://openai.com/gptbot)"
74.7.227.15 - - [21/Nov/2025:00:55:06 -0800] "GET /search.php?channel=156e34&from=https://mollywoppersnyb.com/chat.htm?items/132033705.html&m=2921046028692 HTTP/2.0" 200 85668 "-" "Mozilla/5.0 AppleWebKit/537.36 (KHTML, like Gecko; compatible; GPTBot/1.3; +https://openai.com/gptbot)"
74.7.227.15 - - [21/Nov/2025:00:55:07 -0800] "GET /search.php?justify238015780.html HTTP/2.0" 200 86356 "-" "Mozilla/5.0 AppleWebKit/537.36 (KHTML, like Gecko; compatible; GPTBot/1.3; +https://openai.com/gptbot)"
74.7.227.15 - - [21/Nov/2025:00:55:08 -0800] "GET /search.php?than238015764.html HTTP/2.0" 200 86709 "-" "Mozilla/5.0 AppleWebKit/537.36 (KHTML, like Gecko; compatible; GPTBot/1.3; +https://openai.com/gptbot)"
74.7.227.15 - - [21/Nov/2025:00:55:10 -0800] "GET /search.php?channel=156e34&from=https://mollywoppersnyb.com/chat.htm?items/272025343.html&m=2921046028692 HTTP/2.0" 200 85896 "-" "Mozilla/5.0 AppleWebKit/537.36 (KHTML, like Gecko; compatible; GPTBot/1.3; +https://openai.com/gptbot)"
74.7.227.15 - - [21/Nov/2025:00:55:11 -0800] "GET /search.php?buck120048876.html HTTP/2.0" 200 86537 "-" "Mozilla/5.0 AppleWebKit/537.36 (KHTML, like Gecko; compatible; GPTBot/1.3; +https://openai.com/gptbot)"
3.213.85.234 - - [21/Nov/2025:00:55:11 -0800] "GET /home/?path=//sys/class/tty/ptype/subsystem/ttyS15/device/subsystem/devices/reg-dummy/subsystem/devices/reg-dummy/subsystem/drivers/i2c_amd_mp2 HTTP/1.1" 200 6575 "-" "Mozilla/5.0 AppleWebKit/537.36 (KHTML, like Gecko; compatible; Amazonbot/0.1; +https://developer.amazon.com/support/amazonbot) Chrome/119.0.6045.214 Safari/537.36"
74.7.227.15 - - [21/Nov/2025:00:55:12 -0800] "GET /search.php?four238015778.html HTTP/2.0" 200 86544 "-" "Mozilla/5.0 AppleWebKit/537.36 (KHTML, like Gecko; compatible; GPTBot/1.3; +https://openai.com/gptbot)"
74.7.227.15 - - [21/Nov/2025:00:55:14 -0800] "GET /search.php?any238015786.html HTTP/2.0" 200 86628 "-" "Mozilla/5.0 AppleWebKit/537.36 (KHTML, like Gecko; compatible; GPTBot/1.3; +https://openai.com/gptbot)"
74.7.227.15 - - [21/Nov/2025:00:55:15 -0800] "GET /search.php?channel=156e34&from=https://mollywoppersnyb.com/chat.htm?check238015784.html&m=2921046028692 HTTP/2.0" 200 86304 "-" "Mozilla/5.0 AppleWebKit/537.36 (KHTML, like Gecko; compatible; GPTBot/1.3; +https://openai.com/gptbot)"
52.71.216.196 - - [21/Nov/2025:00:55:15 -0800] "GET /?path=//sys/class/tty/ptype/subsystem/tty/subsystem/ttyv0/subsystem/ttysc/subsystem/console HTTP/1.1" 200 6611 "-" "Mozilla/5.0 AppleWebKit/537.36 (KHTML, like Gecko; compatible; Amazonbot/0.1; +https://developer.amazon.com/support/amazonbot) Chrome/119.0.6045.214 Safari/537.36"
74.7.227.15 - - [21/Nov/2025:00:55:16 -0800] "GET /search.php?find115031349.html HTTP/2.0" 200 86331 "-" "Mozilla/5.0 AppleWebKit/537.36 (KHTML, like Gecko; compatible; GPTBot/1.3; +https://openai.com/gptbot)"
74.7.227.15 - - [21/Nov/2025:00:55:18 -0800] "GET /search.php?channel=156e34&from=https://mollywoppersnyb.com/chat.htm?salad252036638.html&m=2921046028692 HTTP/2.0" 200 87334 "-" "Mozilla/5.0 AppleWebKit/537.36 (KHTML, like Gecko; compatible; GPTBot/1.3; +https://openai.com/gptbot)"
74.7.227.15 - - [21/Nov/2025:00:55:19 -0800] "GET /search.php?newly238015778.html HTTP/2.0" 200 86355 "-" "Mozilla/5.0 AppleWebKit/537.36 (KHTML, like Gecko; compatible; GPTBot/1.3; +https://openai.com/gptbot)"
54.235.191.179 - - [21/Nov/2025:00:55:20 -0800] "GET /?path=//sys/class/tty/ptype/subsystem/ttyp1/subsystem/ttyec/subsystem/ttyv1/subsystem/ttyv3 HTTP/1.1" 200 6555 "-" "Mozilla/5.0 AppleWebKit/537.36 (KHTML, like Gecko; compatible; Amazonbot/0.1; +https://developer.amazon.com/support/amazonbot) Chrome/119.0.6045.214 Safari/537.36"
74.7.227.15 - - [21/Nov/2025:00:55:20 -0800] "GET /search.php?channel=156e34&from=https://mollywoppersnyb.com/chat.htm?items/254034391.html&m=2921046028692 HTTP/2.0" 200 86158 "-" "Mozilla/5.0 AppleWebKit/537.36 (KHTML, like Gecko; compatible; GPTBot/1.3; +https://openai.com/gptbot)"
66.249.69.233 - - [21/Nov/2025:00:55:21 -0800] "GET /m082038654 HTTP/1.1" 200 24473 "-" "Mozilla/5.0 (Linux; Android 6.0.1; Nexus 5X Build/MMB29P) AppleWebKit/537.36 (KHTML, like Gecko) Chrome/141.0.7390.122 Mobile Safari/537.36 (compatible; GoogleOther)"
74.7.227.15 - - [21/Nov/2025:00:55:21 -0800] "GET /search.php?channel=156e34&from=https://mollywoppersnyb.com/chat.htm?items/151012338.html&m=2921046028692 HTTP/2.0" 200 85686 "-" "Mozilla/5.0 AppleWebKit/537.36 (KHTML, like Gecko; compatible; GPTBot/1.3; +https://openai.com/gptbot)"
74.7.227.15 - - [21/Nov/2025:00:55:23 -0800] "GET /search.php?wedding129034675.html HTTP/2.0" 200 86031 "-" "Mozilla/5.0 AppleWebKit/537.36 (KHTML, like Gecko; compatible; GPTBot/1.3; +https://openai.com/gptbot)"
74.7.227.15 - - [21/Nov/2025:00:55:24 -0800] "GET /search.php?channel=156e34&from=https://mollywoppersnyb.com/chat.htm?cookie095028329.html&m=2921046028692 HTTP/2.0" 200 85806 "-" "Mozilla/5.0 AppleWebKit/537.36 (KHTML, like Gecko; compatible; GPTBot/1.3; +https://openai.com/gptbot)"
74.7.227.15 - - [21/Nov/2025:00:55:25 -0800] "GET /search.php?scope238015764.html HTTP/2.0" 200 86045 "-" "Mozilla/5.0 AppleWebKit/537.36 (KHTML, like Gecko; compatible; GPTBot/1.3; +https://openai.com/gptbot)"
74.7.227.15 - - [21/Nov/2025:00:55:26 -0800] "GET /search.php?channel=156e34&from=https://mollywoppersnyb.com/chat.htm?items/124013243.html&m=2921046028692 HTTP/2.0" 200 86202 "-" "Mozilla/5.0 AppleWebKit/537.36 (KHTML, like Gecko; compatible; GPTBot/1.3; +https://openai.com/gptbot)"
35.174.141.243 - - [21/Nov/2025:00:55:27 -0800] "GET /home/?path=//sys/class/tty/ptype/subsystem/ttyp0/subsystem/ptyp1/subsystem/ttyS1/subsystem/ptyp0 HTTP/1.1" 200 6568 "-" "Mozilla/5.0 AppleWebKit/537.36 (KHTML, like Gecko; compatible; Amazonbot/0.1; +https://developer.amazon.com/support/amazonbot) Chrome/119.0.6045.214 Safari/537.36"
74.7.227.15 - - [21/Nov/2025:00:55:28 -0800] "GET /search.php?outer238015716.html HTTP/2.0" 200 86499 "-" "Mozilla/5.0 AppleWebKit/537.36 (KHTML, like Gecko; compatible; GPTBot/1.3; +https://openai.com/gptbot)"
74.7.227.15 - - [21/Nov/2025:00:55:29 -0800] "GET /search.php?channel=156e34&from=https://mollywoppersnyb.com/chat.htm?chase115020991.html&m=2921046028692 HTTP/2.0" 200 85763 "-" "Mozilla/5.0 AppleWebKit/537.36 (KHTML, like Gecko; compatible; GPTBot/1.3; +https://openai.com/gptbot)"
74.7.227.15 - - [21/Nov/2025:00:55:30 -0800] "GET /search.php?channel=156e34&from=https://mollywoppersnyb.com/chat.htm?items/252037219.html&m=2921046028692 HTTP/2.0" 200 86300 "-" "Mozilla/5.0 AppleWebKit/537.36 (KHTML, like Gecko; compatible; GPTBot/1.3; +https://openai.com/gptbot)"
107.20.25.33 - - [21/Nov/2025:00:55:32 -0800] "GET /home/?path=//sys/class/tty/ptype/subsystem/ttyp0/subsystem/ptyp0/subsystem/ttysc/subsystem/ttyde HTTP/1.1" 200 6547 "-" "Mozilla/5.0 AppleWebKit/537.36 (KHTML, like Gecko; compatible; Amazonbot/0.1; +https://developer.amazon.com/support/amazonbot) Chrome/119.0.6045.214 Safari/537.36"
74.7.227.15 - - [21/Nov/2025:00:55:31 -0800] "GET /search.php?items/188043261.html HTTP/2.0" 200 85767 "-" "Mozilla/5.0 AppleWebKit/537.36 (KHTML, like Gecko; compatible; GPTBot/1.3; +https://openai.com/gptbot)"
74.7.227.15 - - [21/Nov/2025:00:55:32 -0800] "GET /search.php?channel=156e34&from=https://mollywoppersnyb.com/chat.htm?items/240007135.html&m=2921046028692 HTTP/2.0" 200 86809 "-" "Mozilla/5.0 AppleWebKit/537.36 (KHTML, like Gecko; compatible; GPTBot/1.3; +https://openai.com/gptbot)"
74.7.227.15 - - [21/Nov/2025:00:55:34 -0800] "GET /search.php?channel=156e34&from=https://mollywoppersnyb.com/chat.htm?items/176033609.html&m=2921046028692 HTTP/2.0" 200 85602 "-" "Mozilla/5.0 AppleWebKit/537.36 (KHTML, like Gecko; compatible; GPTBot/1.3; +https://openai.com/gptbot)"
3.81.253.213 - - [21/Nov/2025:00:55:34 -0800] "GET /?path=//sys/class/tty/ptype/subsystem/ttyp0/subsystem/ttyre/subsystem/ttys1/subsystem/ttyp1 HTTP/1.1" 200 6534 "-" "Mozilla/5.0 AppleWebKit/537.36 (KHTML, like Gecko; compatible; Amazonbot/0.1; +https://developer.amazon.com/support/amazonbot) Chrome/119.0.6045.214 Safari/537.36"
74.7.227.15 - - [21/Nov/2025:00:55:35 -0800] "GET /search.php?channel=156e34&from=https://mollywoppersnyb.com/chat.htm?items/267006902.html&m=2921046028692 HTTP/2.0" 200 86484 "-" "Mozilla/5.0 AppleWebKit/537.36 (KHTML, like Gecko; compatible; GPTBot/1.3; +https://openai.com/gptbot)"
74.7.227.15 - - [21/Nov/2025:00:55:36 -0800] "GET /search.php?wife238015764.html HTTP/2.0" 200 86460 "-" "Mozilla/5.0 AppleWebKit/537.36 (KHTML, like Gecko; compatible; GPTBot/1.3; +https://openai.com/gptbot)"
74.7.227.15 - - [21/Nov/2025:00:55:37 -0800] "GET /search.php?channel=156e34&from=https://mollywoppersnyb.com/chat.htm?items/027027872.html&m=2921046028692 HTTP/2.0" 200 86359 "-" "Mozilla/5.0 AppleWebKit/537.36 (KHTML, like Gecko; compatible; GPTBot/1.3; +https://openai.com/gptbot)"
66.249.69.233 - - [21/Nov/2025:00:55:39 -0800] "GET /?market=2078929084 HTTP/1.1" 200 3645 "-" "Mozilla/5.0 (Linux; Android 6.0.1; Nexus 5X Build/MMB29P) AppleWebKit/537.36 (KHTML, like Gecko) Chrome/141.0.7390.122 Mobile Safari/537.36 (compatible; Googlebot/2.1; +http://www.google.com/bot.html)"
74.7.227.15 - - [21/Nov/2025:00:55:38 -0800] "GET /search.php?channel=156e34&from=https://mollywoppersnyb.com/chat.htm?path114040052.html&m=2921046028692 HTTP/2.0" 200 86044 "-" "Mozilla/5.0 AppleWebKit/537.36 (KHTML, like Gecko; compatible; GPTBot/1.3; +https://openai.com/gptbot)"
74.7.227.15 - - [21/Nov/2025:00:55:40 -0800] "GET /search.php?channel=156e34&from=https://mollywoppersnyb.com/chat.htm?items/237028514.html&m=2921046028692 HTTP/2.0" 200 86335 "-" "Mozilla/5.0 AppleWebKit/537.36 (KHTML, like Gecko; compatible; GPTBot/1.3; +https://openai.com/gptbot)"
74.7.227.15 - - [21/Nov/2025:00:55:41 -0800] "GET /search.php?channel=156e34&from=https://mollywoppersnyb.com/chat.htm?items/084029951.html&m=2921046028692 HTTP/2.0" 200 85957 "-" "Mozilla/5.0 AppleWebKit/537.36 (KHTML, like Gecko; compatible; GPTBot/1.3; +https://openai.com/gptbot)"
74.7.227.15 - - [21/Nov/2025:00:55:42 -0800] "GET /search.php?channel=156e34&from=https://mollywoppersnyb.com/chat.htm?parade224018016.html&m=2921046028692 HTTP/2.0" 200 85709 "-" "Mozilla/5.0 AppleWebKit/537.36 (KHTML, like Gecko; compatible; GPTBot/1.3; +https://openai.com/gptbot)"
74.7.227.15 - - [21/Nov/2025:00:55:44 -0800] "GET /search.php?mad253041987.html HTTP/2.0" 200 86747 "-" "Mozilla/5.0 AppleWebKit/537.36 (KHTML, like Gecko; compatible; GPTBot/1.3; +https://openai.com/gptbot)"
74.7.227.15 - - [21/Nov/2025:00:55:45 -0800] "GET /search.php?bid240007268.html HTTP/2.0" 200 86487 "-" "Mozilla/5.0 AppleWebKit/537.36 (KHTML, like Gecko; compatible; GPTBot/1.3; +https://openai.com/gptbot)"
74.7.227.15 - - [21/Nov/2025:00:55:46 -0800] "GET /search.php?cloud057014859.html HTTP/2.0" 200 86167 "-" "Mozilla/5.0 AppleWebKit/537.36 (KHTML, like Gecko; compatible; GPTBot/1.3; +https://openai.com/gptbot)"
98.82.40.168 - - [21/Nov/2025:00:55:47 -0800] "GET /?path=//sys/class/tty/ptype/subsystem/ptype/subsystem/ttyp0/subsystem/ttyre/subsystem/ttypc HTTP/1.1" 200 6529 "-" "Mozilla/5.0 AppleWebKit/537.36 (KHTML, like Gecko; compatible; Amazonbot/0.1; +https://developer.amazon.com/support/amazonbot) Chrome/119.0.6045.214 Safari/537.36"
74.7.227.15 - - [21/Nov/2025:00:55:47 -0800] "GET /search.php?odd238015716.html HTTP/2.0" 200 86437 "-" "Mozilla/5.0 AppleWebKit/537.36 (KHTML, like Gecko; compatible; GPTBot/1.3; +https://openai.com/gptbot)"
74.7.227.15 - - [21/Nov/2025:00:55:48 -0800] "GET /search.php?angel238015786.html HTTP/2.0" 200 86431 "-" "Mozilla/5.0 AppleWebKit/537.36 (KHTML, like Gecko; compatible; GPTBot/1.3; +https://openai.com/gptbot)"
74.7.227.15 - - [21/Nov/2025:00:55:50 -0800] "GET /search.php?channel=156e34&from=https://mollywoppersnyb.com/chat.htm?items/088047255.html&m=2921046028692 HTTP/2.0" 200 85992 "-" "Mozilla/5.0 AppleWebKit/537.36 (KHTML, like Gecko; compatible; GPTBot/1.3; +https://openai.com/gptbot)"
44.197.76.210 - - [21/Nov/2025:00:55:50 -0800] "GET /?path=//sys/class/tty/ptype/subsystem/ptype/subsystem/ttys0/subsystem/console/subsystem/ptyp1 HTTP/1.1" 200 6590 "-" "Mozilla/5.0 AppleWebKit/537.36 (KHTML, like Gecko; compatible; Amazonbot/0.1; +https://developer.amazon.com/support/amazonbot) Chrome/119.0.6045.214 Safari/537.36"
74.7.227.15 - - [21/Nov/2025:00:55:51 -0800] "GET /search.php?channel=156e34&from=https://mollywoppersnyb.com/chat.htm?strictly248031494.html&m=2921046028692 HTTP/2.0" 200 86160 "-" "Mozilla/5.0 AppleWebKit/537.36 (KHTML, like Gecko; compatible; GPTBot/1.3; +https://openai.com/gptbot)"
74.7.227.15 - - [21/Nov/2025:00:55:52 -0800] "GET /search.php?channel=156e34&from=https://mollywoppersnyb.com/chat.htm?items/090008801.html&m=2921046028692 HTTP/2.0" 200 87256 "-" "Mozilla/5.0 AppleWebKit/537.36 (KHTML, like Gecko; compatible; GPTBot/1.3; +https://openai.com/gptbot)"
74.7.227.15 - - [21/Nov/2025:00:55:53 -0800] "GET /search.php?incident096014454.html HTTP/2.0" 200 86224 "-" "Mozilla/5.0 AppleWebKit/537.36 (KHTML, like Gecko; compatible; GPTBot/1.3; +https://openai.com/gptbot)"
66.249.69.233 - - [21/Nov/2025:00:55:55 -0800] "GET /market/228529320 HTTP/1.1" 200 24463 "-" "Mozilla/5.0 (Linux; Android 6.0.1; Nexus 5X Build/MMB29P) AppleWebKit/537.36 (KHTML, like Gecko) Chrome/141.0.7390.122 Mobile Safari/537.36 (compatible; GoogleOther)"
74.7.227.15 - - [21/Nov/2025:00:55:54 -0800] "GET /search.php?bind022038540.html HTTP/2.0" 200 85924 "-" "Mozilla/5.0 AppleWebKit/537.36 (KHTML, like Gecko; compatible; GPTBot/1.3; +https://openai.com/gptbot)"
74.7.227.15 - - [21/Nov/2025:00:55:56 -0800] "GET /search.php?fade253042189.html HTTP/2.0" 200 86357 "-" "Mozilla/5.0 AppleWebKit/537.36 (KHTML, like Gecko; compatible; GPTBot/1.3; +https://openai.com/gptbot)"
3.229.2.217 - - [21/Nov/2025:00:55:56 -0800] "GET /home/?path=//sys/class/tty/ptype/subsystem/ttyS2/device/subsystem/drivers/reg-dummy/reg-dummy/subsystem/devices/PCCT/driver/PCCT/subsystem/drivers/reg-dummy/reg-dummy/driver HTTP/1.1" 200 6656 "-" "Mozilla/5.0 AppleWebKit/537.36 (KHTML, like Gecko; compatible; Amazonbot/0.1; +https://developer.amazon.com/support/amazonbot) Chrome/119.0.6045.214 Safari/537.36"
74.7.227.15 - - [21/Nov/2025:00:55:57 -0800] "GET /search.php?channel=156e34&from=https://mollywoppersnyb.com/chat.htm?items/284022959.html&m=2921046028692 HTTP/2.0" 200 85765 "-" "Mozilla/5.0 AppleWebKit/537.36 (KHTML, like Gecko; compatible; GPTBot/1.3; +https://openai.com/gptbot)"
74.7.227.15 - - [21/Nov/2025:00:55:59 -0800] "GET /search.php?channel=156e34&from=https://mollywoppersnyb.com/chat.htm?items/240007125.html&m=2921046028692 HTTP/2.0" 200 86509 "-" "Mozilla/5.0 AppleWebKit/537.36 (KHTML, like Gecko; compatible; GPTBot/1.3; +https://openai.com/gptbot)"
74.7.227.15 - - [21/Nov/2025:00:56:00 -0800] "GET /search.php?mount238015768.html HTTP/2.0" 200 86554 "-" "Mozilla/5.0 AppleWebKit/537.36 (KHTML, like Gecko; compatible; GPTBot/1.3; +https://openai.com/gptbot)"
74.7.227.15 - - [21/Nov/2025:00:56:01 -0800] "GET /search.php?channel=156e34&from=https://mollywoppersnyb.com/chat.htm?items/011045208.html&m=2921046028692 HTTP/2.0" 200 87323 "-" "Mozilla/5.0 AppleWebKit/537.36 (KHTML, like Gecko; compatible; GPTBot/1.3; +https://openai.com/gptbot)"
74.7.227.15 - - [21/Nov/2025:00:56:03 -0800] "GET /search.php?walk238015764.html HTTP/2.0" 200 86104 "-" "Mozilla/5.0 AppleWebKit/537.36 (KHTML, like Gecko; compatible; GPTBot/1.3; +https://openai.com/gptbot)"
52.54.157.23 - - [21/Nov/2025:00:56:05 -0800] "GET /?path=//sys/class/tty/ptype/subsystem/ttyp1/subsystem/ptmx/subsystem/ttyp0/subsystem/ttype HTTP/1.1" 200 6599 "-" "Mozilla/5.0 AppleWebKit/537.36 (KHTML, like Gecko; compatible; Amazonbot/0.1; +https://developer.amazon.com/support/amazonbot) Chrome/119.0.6045.214 Safari/537.36"
74.7.227.15 - - [21/Nov/2025:00:56:04 -0800] "GET /search.php?bike238015774.html HTTP/2.0" 200 86374 "-" "Mozilla/5.0 AppleWebKit/537.36 (KHTML, like Gecko; compatible; GPTBot/1.3; +https://openai.com/gptbot)"
74.7.227.15 - - [21/Nov/2025:00:56:06 -0800] "GET /search.php?cooking238015784.html HTTP/2.0" 200 86213 "-" "Mozilla/5.0 AppleWebKit/537.36 (KHTML, like Gecko; compatible; GPTBot/1.3; +https://openai.com/gptbot)"
74.7.227.15 - - [21/Nov/2025:00:56:07 -0800] "GET /search.php?dying298040554.html HTTP/2.0" 200 86890 "-" "Mozilla/5.0 AppleWebKit/537.36 (KHTML, like Gecko; compatible; GPTBot/1.3; +https://openai.com/gptbot)"
18.214.124.6 - - [21/Nov/2025:00:56:08 -0800] "GET /home/?path=//sys/class/tty/ptype/subsystem/ttyS8/device/subsystem/devices/reg-dummy/driver/reg-dummy/driver/reg-dummy/driver/reg-dummy/subsystem/drivers/acpi-fan HTTP/1.1" 200 6588 "-" "Mozilla/5.0 AppleWebKit/537.36 (KHTML, like Gecko; compatible; Amazonbot/0.1; +https://developer.amazon.com/support/amazonbot) Chrome/119.0.6045.214 Safari/537.36"
74.7.227.15 - - [21/Nov/2025:00:56:08 -0800] "GET /search.php?fruit057014859.html HTTP/2.0" 200 86031 "-" "Mozilla/5.0 AppleWebKit/537.36 (KHTML, like Gecko; compatible; GPTBot/1.3; +https://openai.com/gptbot)"
74.7.227.15 - - [21/Nov/2025:00:56:10 -0800] "GET /search.php?items/054012113.html HTTP/2.0" 200 86362 "-" "Mozilla/5.0 AppleWebKit/537.36 (KHTML, like Gecko; compatible; GPTBot/1.3; +https://openai.com/gptbot)"
74.7.227.15 - - [21/Nov/2025:00:56:11 -0800] "GET /search.php?channel=156e34&from=https://mollywoppersnyb.com/chat.htm?items/061043934.html&m=2921046028692 HTTP/2.0" 200 86000 "-" "Mozilla/5.0 AppleWebKit/537.36 (KHTML, like Gecko; compatible; GPTBot/1.3; +https://openai.com/gptbot)"
34.231.156.59 - - [21/Nov/2025:00:56:11 -0800] "GET /home/?path=//sys/class/tty/ptype/subsystem/ttyS8/device/subsystem/drivers/reg-dummy/reg-dummy/driver/reg-dummy/driver/reg-dummy/subsystem/devices/microcode/subsystem/drivers/acpi-ged HTTP/1.1" 200 6631 "-" "Mozilla/5.0 AppleWebKit/537.36 (KHTML, like Gecko; compatible; Amazonbot/0.1; +https://developer.amazon.com/support/amazonbot) Chrome/119.0.6045.214 Safari/537.36"
217.113.194.22 - - [21/Nov/2025:00:56:12 -0800] "GET /2019/01/16/tonightrepost-spaghetti_breath%E3%83%BB%E3%83%BB%E3%83%BBmollywoppersnyb-meeting-tonight-730pm-at-omalley-come-on-out-and-lets-discuss-the-good-the-bad-and-the-ugly-of-the-pa/?fileloc=/home/mollywopper/mollywoppersnyb.com/.content&path=/home/mollywopper/mollywoppersnyb.com HTTP/1.1" 200 3668 "-" "Mozilla/5.0 (compatible; Barkrowler/0.9; +https://babbar.tech/crawler)"
66.249.69.234 - - [21/Nov/2025:00:56:12 -0800] "GET /market/1390261747 HTTP/1.1" 200 24663 "-" "Mozilla/5.0 (Linux; Android 6.0.1; Nexus 5X Build/MMB29P) AppleWebKit/537.36 (KHTML, like Gecko) Chrome/141.0.7390.122 Mobile Safari/537.36 (compatible; GoogleOther)"
74.7.227.15 - - [21/Nov/2025:00:56:12 -0800] "GET /search.php?channel=156e34&from=https://mollywoppersnyb.com/chat.htm?items/238014773.html&m=2921046028692 HTTP/2.0" 200 87762 "-" "Mozilla/5.0 AppleWebKit/537.36 (KHTML, like Gecko; compatible; GPTBot/1.3; +https://openai.com/gptbot)"
74.7.227.15 - - [21/Nov/2025:00:56:13 -0800] "GET /search.php?risk253042189.html HTTP/2.0" 200 86261 "-" "Mozilla/5.0 AppleWebKit/537.36 (KHTML, like Gecko; compatible; GPTBot/1.3; +https://openai.com/gptbot)"
74.7.227.15 - - [21/Nov/2025:00:56:15 -0800] "GET /search.php?benefit238015764.html HTTP/2.0" 200 86460 "-" "Mozilla/5.0 AppleWebKit/537.36 (KHTML, like Gecko; compatible; GPTBot/1.3; +https://openai.com/gptbot)"
74.7.227.15 - - [21/Nov/2025:00:56:16 -0800] "GET /search.php?channel=156e34&from=https://mollywoppersnyb.com/chat.htm?local086042976.html&m=2921046028692 HTTP/2.0" 200 85840 "-" "Mozilla/5.0 AppleWebKit/537.36 (KHTML, like Gecko; compatible; GPTBot/1.3; +https://openai.com/gptbot)"
74.7.227.15 - - [21/Nov/2025:00:56:17 -0800] "GET /search.php?channel=156e34&from=https://mollywoppersnyb.com/chat.htm?news143028195.html&m=2921046028692 HTTP/2.0" 200 86016 "-" "Mozilla/5.0 AppleWebKit/537.36 (KHTML, like Gecko; compatible; GPTBot/1.3; +https://openai.com/gptbot)"
74.7.227.15 - - [21/Nov/2025:00:56:18 -0800] "GET /search.php?big182034374.html HTTP/2.0" 200 86288 "-" "Mozilla/5.0 AppleWebKit/537.36 (KHTML, like Gecko; compatible; GPTBot/1.3; +https://openai.com/gptbot)"
66.249.69.233 - - [21/Nov/2025:00:56:19 -0800] "GET /?market=2078782866 HTTP/1.1" 200 24362 "-" "Mozilla/5.0 (Linux; Android 6.0.1; Nexus 5X Build/MMB29P) AppleWebKit/537.36 (KHTML, like Gecko) Chrome/141.0.7390.122 Mobile Safari/537.36 (compatible; Googlebot/2.1; +http://www.google.com/bot.html)"
74.7.227.15 - - [21/Nov/2025:00:56:20 -0800] "GET /search.php?channel=156e34&from=https://mollywoppersnyb.com/chat.htm?items/054012113.html&m=2921046028692 HTTP/2.0" 200 86133 "-" "Mozilla/5.0 AppleWebKit/537.36 (KHTML, like Gecko; compatible; GPTBot/1.3; +https://openai.com/gptbot)"
74.7.227.15 - - [21/Nov/2025:00:56:21 -0800] "GET /search.php?channel=156e34&from=https://mollywoppersnyb.com/chat.htm?truly022038540.html&m=2921046028692 HTTP/2.0" 200 85602 "-" "Mozilla/5.0 AppleWebKit/537.36 (KHTML, like Gecko; compatible; GPTBot/1.3; +https://openai.com/gptbot)"
74.7.227.15 - - [21/Nov/2025:00:56:23 -0800] "GET /search.php?ratio091000697.html HTTP/2.0" 200 85685 "-" "Mozilla/5.0 AppleWebKit/537.36 (KHTML, like Gecko; compatible; GPTBot/1.3; +https://openai.com/gptbot)"
74.7.227.15 - - [21/Nov/2025:00:56:24 -0800] "GET /search.php?death249000811.html HTTP/2.0" 200 85990 "-" "Mozilla/5.0 AppleWebKit/537.36 (KHTML, like Gecko; compatible; GPTBot/1.3; +https://openai.com/gptbot)"
66.249.69.233 - - [21/Nov/2025:00:57:00 -0800] "GET /market/1052314406 HTTP/1.1" 200 24938 "-" "Mozilla/5.0 (Linux; Android 6.0.1; Nexus 5X Build/MMB29P) AppleWebKit/537.36 (KHTML, like Gecko) Chrome/141.0.7390.122 Mobile Safari/537.36 (compatible; GoogleOther)"
44.205.180.155 - - [21/Nov/2025:00:57:00 -0800] "GET /?path=//sys/class/tty/ptype/subsystem/ttyp1/subsystem/ttyec/subsystem/ptyp0/subsystem/ttyrf HTTP/1.1" 200 6571 "-" "Mozilla/5.0 AppleWebKit/537.36 (KHTML, like Gecko; compatible; Amazonbot/0.1; +https://developer.amazon.com/support/amazonbot) Chrome/119.0.6045.214 Safari/537.36"
44.208.193.63 - - [21/Nov/2025:00:57:03 -0800] "GET /?path=//sys/class/tty/ptype/subsystem/ttyp1/subsystem/ttype/subsystem/ptys0/subsystem/ptyp1 HTTP/1.1" 200 6610 "-" "Mozilla/5.0 AppleWebKit/537.36 (KHTML, like Gecko; compatible; Amazonbot/0.1; +https://developer.amazon.com/support/amazonbot) Chrome/119.0.6045.214 Safari/537.36"
184.73.239.35 - - [21/Nov/2025:00:57:10 -0800] "GET /?path=//sys/class/tty/ptype/subsystem/ttysc/subsystem/ttype/subsystem/ttype/subsystem/ttyre HTTP/1.1" 200 6559 "-" "Mozilla/5.0 AppleWebKit/537.36 (KHTML, like Gecko; compatible; Amazonbot/0.1; +https://developer.amazon.com/support/amazonbot) Chrome/119.0.6045.214 Safari/537.36"
