74.7.227.15 - - [21/Nov/2025:02:23:39 -0800] "GET /search.php?channel=156e34&from=https://mollywoppersnyb.com/chat.htm?items/239011142.html&m=2921046028692 HTTP/2.0" 200 86701 "-" "Mozilla/5.0 AppleWebKit/537.36 (KHTML, like Gecko; compatible; GPTBot/1.3; +https://openai.com/gptbot)"
66.249.69.233 - - [21/Nov/2025:02:23:41 -0800] "GET /market/35844414 HTTP/1.1" 200 24073 "-" "Mozilla/5.0 (Linux; Android 6.0.1; Nexus 5X Build/MMB29P) AppleWebKit/537.36 (KHTML, like Gecko) Chrome/141.0.7390.122 Mobile Safari/537.36 (compatible; GoogleOther)"
74.7.227.15 - - [21/Nov/2025:02:23:40 -0800] "GET /search.php?oxygen059043831.html HTTP/2.0" 200 86172 "-" "Mozilla/5.0 AppleWebKit/537.36 (KHTML, like Gecko; compatible; GPTBot/1.3; +https://openai.com/gptbot)"
74.7.227.15 - - [21/Nov/2025:02:23:42 -0800] "GET /search.php?channel=156e34&from=https://mollywoppersnyb.com/chat.htm?products054027342.html&m=2921046028692 HTTP/2.0" 200 86225 "-" "Mozilla/5.0 AppleWebKit/537.36 (KHTML, like Gecko; compatible; GPTBot/1.3; +https://openai.com/gptbot)"
74.7.227.15 - - [21/Nov/2025:02:23:43 -0800] "GET /search.php?channel=156e34&from=https://mollywoppersnyb.com/chat.htm?items/001041368.html&m=2921046028692 HTTP/2.0" 200 85915 "-" "Mozilla/5.0 AppleWebKit/537.36 (KHTML, like Gecko; compatible; GPTBot/1.3; +https://openai.com/gptbot)"
74.7.227.15 - - [21/Nov/2025:02:23:44 -0800] "GET /search.php?channel=156e34&from=https://mollywoppersnyb.com/chat.htm?items/092001617.html&m=2921046028692 HTTP/2.0" 200 86089 "-" "Mozilla/5.0 AppleWebKit/537.36 (KHTML, like Gecko; compatible; GPTBot/1.3; +https://openai.com/gptbot)"
74.7.227.15 - - [21/Nov/2025:02:23:45 -0800] "GET /search.php?channel=156e34&from=https://mollywoppersnyb.com/chat.htm?long024034526.html&m=2921046028692 HTTP/2.0" 200 85741 "-" "Mozilla/5.0 AppleWebKit/537.36 (KHTML, like Gecko; compatible; GPTBot/1.3; +https://openai.com/gptbot)"
74.7.227.15 - - [21/Nov/2025:02:23:47 -0800] "GET /search.php?channel=156e34&from=https://mollywoppersnyb.com/chat.htm?bone238015250.html&m=2921046028692 HTTP/2.0" 200 87330 "-" "Mozilla/5.0 AppleWebKit/537.36 (KHTML, like Gecko; compatible; GPTBot/1.3; +https://openai.com/gptbot)"
34.204.150.196 - - [21/Nov/2025:02:23:47 -0800] "GET /home/?path=//sys/class/tty/ptype/subsystem/ttyS8/device/subsystem/devices/reg-dummy/driver/reg-dummy/driver/reg-dummy/subsystem/devices/reg-dummy/subsystem/devices HTTP/1.1" 200 7122 "-" "Mozilla/5.0 AppleWebKit/537.36 (KHTML, like Gecko; compatible; Amazonbot/0.1; +https://developer.amazon.com/support/amazonbot) Chrome/119.0.6045.214 Safari/537.36"
74.7.227.15 - - [21/Nov/2025:02:23:48 -0800] "GET /search.php?channel=156e34&from=https://mollywoppersnyb.com/chat.htm?extra067042363.html&m=2921046028692 HTTP/2.0" 200 85754 "-" "Mozilla/5.0 AppleWebKit/537.36 (KHTML, like Gecko; compatible; GPTBot/1.3; +https://openai.com/gptbot)"
66.249.69.233 - - [21/Nov/2025:02:23:49 -0800] "GET /market/1739908082 HTTP/1.1" 200 24839 "-" "Mozilla/5.0 (Linux; Android 6.0.1; Nexus 5X Build/MMB29P) AppleWebKit/537.36 (KHTML, like Gecko) Chrome/141.0.7390.122 Mobile Safari/537.36 (compatible; GoogleOther)"
74.7.227.15 - - [21/Nov/2025:02:23:49 -0800] "GET /search.php?channel=156e34&from=https://mollywoppersnyb.com/chat.htm?items/212029039.html&m=2921046028692 HTTP/2.0" 200 86511 "-" "Mozilla/5.0 AppleWebKit/537.36 (KHTML, like Gecko; compatible; GPTBot/1.3; +https://openai.com/gptbot)"
74.7.227.15 - - [21/Nov/2025:02:23:50 -0800] "GET /search.php?channel=156e34&from=https://mollywoppersnyb.com/chat.htm?items/212029045.html&m=2921046028692 HTTP/2.0" 200 87329 "-" "Mozilla/5.0 AppleWebKit/537.36 (KHTML, like Gecko; compatible; GPTBot/1.3; +https://openai.com/gptbot)"
3.225.45.252 - - [21/Nov/2025:02:23:51 -0800] "GET /home/?path=//sys/class/tty/ptype/subsystem/ttyS5/device/subsystem/devices/reg-dummy/driver/reg-dummy/subsystem/drivers/reg-dummy/reg-dummy/subsystem/drivers/PCCT/PCCT/driver HTTP/1.1" 200 6555 "-" "Mozilla/5.0 AppleWebKit/537.36 (KHTML, like Gecko; compatible; Amazonbot/0.1; +https://developer.amazon.com/support/amazonbot) Chrome/119.0.6045.214 Safari/537.36"
74.7.227.15 - - [21/Nov/2025:02:23:52 -0800] "GET /search.php?channel=156e34&from=https://mollywoppersnyb.com/chat.htm?items/255019750.html&m=2921046028692 HTTP/2.0" 200 85709 "-" "Mozilla/5.0 AppleWebKit/537.36 (KHTML, like Gecko; compatible; GPTBot/1.3; +https://openai.com/gptbot)"
74.7.227.15 - - [21/Nov/2025:02:23:53 -0800] "GET /search.php?items/239021238.html HTTP/2.0" 200 86610 "-" "Mozilla/5.0 AppleWebKit/537.36 (KHTML, like Gecko; compatible; GPTBot/1.3; +https://openai.com/gptbot)"
74.7.227.15 - - [21/Nov/2025:02:23:54 -0800] "GET /search.php?channel=156e34&from=https://mollywoppersnyb.com/chat.htm?oh239021237.html&m=2921046028692 HTTP/2.0" 200 86437 "-" "Mozilla/5.0 AppleWebKit/537.36 (KHTML, like Gecko; compatible; GPTBot/1.3; +https://openai.com/gptbot)"
34.225.87.80 - - [21/Nov/2025:02:23:55 -0800] "GET /?path=//sys/class/tty/ptype/subsystem/ttyp1/subsystem/ttype/subsystem/ptys0/subsystem/ttype HTTP/1.1" 200 6522 "-" "Mozilla/5.0 AppleWebKit/537.36 (KHTML, like Gecko; compatible; Amazonbot/0.1; +https://developer.amazon.com/support/amazonbot) Chrome/119.0.6045.214 Safari/537.36"
74.7.227.15 - - [21/Nov/2025:02:23:55 -0800] "GET /search.php?product/edit/atbousai-9949404 HTTP/2.0" 200 85906 "-" "Mozilla/5.0 AppleWebKit/537.36 (KHTML, like Gecko; compatible; GPTBot/1.3; +https://openai.com/gptbot)"
66.249.69.233 - - [21/Nov/2025:02:23:56 -0800] "GET /market/1393630259 HTTP/1.1" 200 24158 "-" "Mozilla/5.0 (Linux; Android 6.0.1; Nexus 5X Build/MMB29P) AppleWebKit/537.36 (KHTML, like Gecko) Chrome/141.0.7390.122 Mobile Safari/537.36 (compatible; GoogleOther)"
74.7.227.15 - - [21/Nov/2025:02:23:57 -0800] "GET /search.php?channel=156e34&from=https://mollywoppersnyb.com/chat.htm?shrink081005589.html&m=2921046028692 HTTP/2.0" 200 85900 "-" "Mozilla/5.0 AppleWebKit/537.36 (KHTML, like Gecko; compatible; GPTBot/1.3; +https://openai.com/gptbot)"
74.7.227.15 - - [21/Nov/2025:02:23:58 -0800] "GET /search.php?channel=156e34&from=https://mollywoppersnyb.com/chat.htm?function274015016.html&m=2921046028692 HTTP/2.0" 200 86111 "-" "Mozilla/5.0 AppleWebKit/537.36 (KHTML, like Gecko; compatible; GPTBot/1.3; +https://openai.com/gptbot)"
23.21.204.95 - - [21/Nov/2025:02:23:59 -0800] "GET /home/?path=//sys/class/tty/ptype/subsystem/ttyS7/device/subsystem/devices/reg-dummy/driver/reg-dummy/driver/reg-dummy/subsystem/drivers/PCCT/PCCT/subsystem/drivers HTTP/1.1" 200 7548 "-" "Mozilla/5.0 AppleWebKit/537.36 (KHTML, like Gecko; compatible; Amazonbot/0.1; +https://developer.amazon.com/support/amazonbot) Chrome/119.0.6045.214 Safari/537.36"
74.7.227.15 - - [21/Nov/2025:02:24:00 -0800] "GET /search.php?channel=156e34&from=https://mollywoppersnyb.com/chat.htm?identity277022993.html&m=2921046028692 HTTP/2.0" 200 85874 "-" "Mozilla/5.0 AppleWebKit/537.36 (KHTML, like Gecko; compatible; GPTBot/1.3; +https://openai.com/gptbot)"
74.7.227.15 - - [21/Nov/2025:02:24:00 -0800] "GET /search.php?channel=156e34&from=https://mollywoppersnyb.com/chat.htm?restore230007160.html&m=2921046028692 HTTP/2.0" 200 88129 "-" "Mozilla/5.0 AppleWebKit/537.36 (KHTML, like Gecko; compatible; GPTBot/1.3; +https://openai.com/gptbot)"
74.7.227.15 - - [21/Nov/2025:02:24:02 -0800] "GET /search.php?safe_search/config?return_url=%2Fproduct%2Fdetail%2Ftss-xl501064 HTTP/2.0" 200 86078 "-" "Mozilla/5.0 AppleWebKit/537.36 (KHTML, like Gecko; compatible; GPTBot/1.3; +https://openai.com/gptbot)"
52.204.71.8 - - [21/Nov/2025:02:24:02 -0800] "GET /home/?path=//sys/class/tty/ptype/subsystem/ttyS3/device/subsystem/devices/reg-dummy/subsystem/drivers/reg-dummy/reg-dummy/subsystem/devices/PCCT/driver/PCCT/driver HTTP/1.1" 200 6587 "-" "Mozilla/5.0 AppleWebKit/537.36 (KHTML, like Gecko; compatible; Amazonbot/0.1; +https://developer.amazon.com/support/amazonbot) Chrome/119.0.6045.214 Safari/537.36"
74.7.227.15 - - [21/Nov/2025:02:24:03 -0800] "GET /search.php?channel=156e34&from=https://mollywoppersnyb.com/chat.htm?items/212029347.html&m=2921046028692 HTTP/2.0" 200 86984 "-" "Mozilla/5.0 AppleWebKit/537.36 (KHTML, like Gecko; compatible; GPTBot/1.3; +https://openai.com/gptbot)"
74.7.227.15 - - [21/Nov/2025:02:24:04 -0800] "GET /search.php?channel=156e34&from=https://mollywoppersnyb.com/chat.htm?items/212029357.html&m=2921046028692 HTTP/2.0" 200 86831 "-" "Mozilla/5.0 AppleWebKit/537.36 (KHTML, like Gecko; compatible; GPTBot/1.3; +https://openai.com/gptbot)"
74.7.227.15 - - [21/Nov/2025:02:24:05 -0800] "GET /search.php?product/edit/tuzukiya-b05-0643 HTTP/2.0" 200 85752 "-" "Mozilla/5.0 AppleWebKit/537.36 (KHTML, like Gecko; compatible; GPTBot/1.3; +https://openai.com/gptbot)"
54.225.98.148 - - [21/Nov/2025:02:24:07 -0800] "GET /home/?path=//sys/class/tty/ptype/subsystem/ttyS3/device/subsystem/devices/reg-dummy/driver/reg-dummy/driver/reg-dummy/subsystem/devices/reg-dummy/subsystem/devices/IPI0001:00/driver HTTP/1.1" 200 6701 "-" "Mozilla/5.0 AppleWebKit/537.36 (KHTML, like Gecko; compatible; Amazonbot/0.1; +https://developer.amazon.com/support/amazonbot) Chrome/119.0.6045.214 Safari/537.36"
74.7.227.15 - - [21/Nov/2025:02:24:07 -0800] "GET /search.php?product/edit/tss-xl501064 HTTP/2.0" 200 85739 "-" "Mozilla/5.0 AppleWebKit/537.36 (KHTML, like Gecko; compatible; GPTBot/1.3; +https://openai.com/gptbot)"
74.7.227.15 - - [21/Nov/2025:02:24:08 -0800] "GET /search.php?channel=156e34&from=https://mollywoppersnyb.com/chat.htm?original212030330.html&m=2921046028692 HTTP/2.0" 200 86564 "-" "Mozilla/5.0 AppleWebKit/537.36 (KHTML, like Gecko; compatible; GPTBot/1.3; +https://openai.com/gptbot)"
74.7.227.15 - - [21/Nov/2025:02:24:09 -0800] "GET /search.php?channel=156e34&from=https://mollywoppersnyb.com/chat.htm?combine238015772.html&m=2921046028692 HTTP/2.0" 200 86500 "-" "Mozilla/5.0 AppleWebKit/537.36 (KHTML, like Gecko; compatible; GPTBot/1.3; +https://openai.com/gptbot)"
66.249.69.234 - - [21/Nov/2025:02:24:10 -0800] "GET /?market=1722843989 HTTP/1.1" 200 25873 "-" "Mozilla/5.0 (Linux; Android 6.0.1; Nexus 5X Build/MMB29P) AppleWebKit/537.36 (KHTML, like Gecko) Chrome/141.0.7390.122 Mobile Safari/537.36 (compatible; Googlebot/2.1; +http://www.google.com/bot.html)"
54.164.106.236 - - [21/Nov/2025:02:24:10 -0800] "GET /home/?path=//sys/class/tty/ptype/subsystem/ttyS8/device/subsystem/drivers/reg-dummy/reg-dummy/driver/reg-dummy/driver/reg-dummy/subsystem/devices/PNP0800:00/subsystem/drivers HTTP/1.1" 200 7512 "-" "Mozilla/5.0 AppleWebKit/537.36 (KHTML, like Gecko; compatible; Amazonbot/0.1; +https://developer.amazon.com/support/amazonbot) Chrome/119.0.6045.214 Safari/537.36"
66.249.69.233 - - [21/Nov/2025:02:24:11 -0800] "GET /?market=1992038927 HTTP/1.1" 200 24999 "-" "Mozilla/5.0 (Linux; Android 6.0.1; Nexus 5X Build/MMB29P) AppleWebKit/537.36 (KHTML, like Gecko) Chrome/141.0.7390.122 Mobile Safari/537.36 (compatible; Googlebot/2.1; +http://www.google.com/bot.html)"
74.7.227.15 - - [21/Nov/2025:02:24:11 -0800] "GET /search.php?channel=156e34&from=https://mollywoppersnyb.com/chat.htm?boundary223003603.html&m=2921046028692 HTTP/2.0" 200 86608 "-" "Mozilla/5.0 AppleWebKit/537.36 (KHTML, like Gecko; compatible; GPTBot/1.3; +https://openai.com/gptbot)"
66.249.69.234 - - [21/Nov/2025:02:24:12 -0800] "GET /market/103317511 HTTP/1.1" 200 24834 "-" "Mozilla/5.0 (Linux; Android 6.0.1; Nexus 5X Build/MMB29P) AppleWebKit/537.36 (KHTML, like Gecko) Chrome/141.0.7390.122 Mobile Safari/537.36 (compatible; GoogleOther)"
74.7.227.15 - - [21/Nov/2025:02:24:12 -0800] "GET /search.php?channel=156e34&from=https://mollywoppersnyb.com/chat.htm?observer195020187.html&m=2921046028692 HTTP/2.0" 200 86034 "-" "Mozilla/5.0 AppleWebKit/537.36 (KHTML, like Gecko; compatible; GPTBot/1.3; +https://openai.com/gptbot)"
74.7.227.15 - - [21/Nov/2025:02:24:13 -0800] "GET /search.php?channel=156e34&from=https://mollywoppersnyb.com/chat.htm?wise230007850.html&m=2921046028692 HTTP/2.0" 200 87462 "-" "Mozilla/5.0 AppleWebKit/537.36 (KHTML, like Gecko; compatible; GPTBot/1.3; +https://openai.com/gptbot)"
74.7.227.15 - - [21/Nov/2025:02:24:15 -0800] "GET /search.php?product/edit/tkonline-tn20b_8159 HTTP/2.0" 200 86194 "-" "Mozilla/5.0 AppleWebKit/537.36 (KHTML, like Gecko; compatible; GPTBot/1.3; +https://openai.com/gptbot)"
74.7.227.15 - - [21/Nov/2025:02:24:16 -0800] "GET /search.php?frontier238015774.html HTTP/2.0" 200 86227 "-" "Mozilla/5.0 AppleWebKit/537.36 (KHTML, like Gecko; compatible; GPTBot/1.3; +https://openai.com/gptbot)"
74.7.227.15 - - [21/Nov/2025:02:24:18 -0800] "GET /search.php?pension231047689.html HTTP/2.0" 200 86757 "-" "Mozilla/5.0 AppleWebKit/537.36 (KHTML, like Gecko; compatible; GPTBot/1.3; +https://openai.com/gptbot)"
74.7.227.15 - - [21/Nov/2025:02:24:19 -0800] "GET /search.php?channel=156e34&from=https://mollywoppersnyb.com/chat.htm?items/291042686.html&m=2921046028692 HTTP/2.0" 200 86638 "-" "Mozilla/5.0 AppleWebKit/537.36 (KHTML, like Gecko; compatible; GPTBot/1.3; +https://openai.com/gptbot)"
74.7.227.15 - - [21/Nov/2025:02:24:20 -0800] "GET /search.php?channel=156e34&from=https://mollywoppersnyb.com/chat.htm?items/060010209.html&m=2921046028692 HTTP/2.0" 200 86397 "-" "Mozilla/5.0 AppleWebKit/537.36 (KHTML, like Gecko; compatible; GPTBot/1.3; +https://openai.com/gptbot)"
74.7.227.15 - - [21/Nov/2025:02:24:21 -0800] "GET /search.php?offender238015774.html HTTP/2.0" 200 86500 "-" "Mozilla/5.0 AppleWebKit/537.36 (KHTML, like Gecko; compatible; GPTBot/1.3; +https://openai.com/gptbot)"
3.214.176.44 - - [21/Nov/2025:02:24:23 -0800] "GET /home/?path=//sys/class/tty/ptype/subsystem/ttyp0/subsystem/ttyv0/subsystem/ttyp0/subsystem/ttyS0/device/driver HTTP/1.1" 200 6686 "-" "Mozilla/5.0 AppleWebKit/537.36 (KHTML, like Gecko; compatible; Amazonbot/0.1; +https://developer.amazon.com/support/amazonbot) Chrome/119.0.6045.214 Safari/537.36"
74.7.227.15 - - [21/Nov/2025:02:24:23 -0800] "GET /search.php?items/094031283.html HTTP/2.0" 200 85738 "-" "Mozilla/5.0 AppleWebKit/537.36 (KHTML, like Gecko; compatible; GPTBot/1.3; +https://openai.com/gptbot)"
74.7.227.15 - - [21/Nov/2025:02:24:24 -0800] "GET /search.php?channel=156e34&from=https://mollywoppersnyb.com/chat.htm?winter238015768.html&m=2921046028692 HTTP/2.0" 200 86336 "-" "Mozilla/5.0 AppleWebKit/537.36 (KHTML, like Gecko; compatible; GPTBot/1.3; +https://openai.com/gptbot)"
74.7.227.15 - - [21/Nov/2025:02:24:26 -0800] "GET /search.php?below128045376.html HTTP/2.0" 200 86263 "-" "Mozilla/5.0 AppleWebKit/537.36 (KHTML, like Gecko; compatible; GPTBot/1.3; +https://openai.com/gptbot)"
74.7.227.15 - - [21/Nov/2025:02:24:28 -0800] "GET /search.php?journal238015774.html HTTP/2.0" 200 86259 "-" "Mozilla/5.0 AppleWebKit/537.36 (KHTML, like Gecko; compatible; GPTBot/1.3; +https://openai.com/gptbot)"
74.7.227.15 - - [21/Nov/2025:02:24:29 -0800] "GET /search.php?channel=156e34&from=https://mollywoppersnyb.com/chat.htm?items/272008361.html&m=2921046028692 HTTP/2.0" 200 86241 "-" "Mozilla/5.0 AppleWebKit/537.36 (KHTML, like Gecko; compatible; GPTBot/1.3; +https://openai.com/gptbot)"
74.7.227.15 - - [21/Nov/2025:02:24:30 -0800] "GET /search.php?channel=156e34&from=https://mollywoppersnyb.com/chat.htm?items/021004290.html&m=2921046028692 HTTP/2.0" 200 86097 "-" "Mozilla/5.0 AppleWebKit/537.36 (KHTML, like Gecko; compatible; GPTBot/1.3; +https://openai.com/gptbot)"
74.7.227.15 - - [21/Nov/2025:02:24:31 -0800] "GET /search.php?kind225046393.html HTTP/2.0" 200 87819 "-" "Mozilla/5.0 AppleWebKit/537.36 (KHTML, like Gecko; compatible; GPTBot/1.3; +https://openai.com/gptbot)"
3.216.86.144 - - [21/Nov/2025:02:24:32 -0800] "GET /home/?path=//sys/class/tty/ptype/subsystem/ttyp1/subsystem/ttyp1/subsystem/ttyv0/subsystem/ttyS1/device/driver HTTP/1.1" 200 6664 "-" "Mozilla/5.0 AppleWebKit/537.36 (KHTML, like Gecko; compatible; Amazonbot/0.1; +https://developer.amazon.com/support/amazonbot) Chrome/119.0.6045.214 Safari/537.36"
74.7.227.15 - - [21/Nov/2025:02:24:32 -0800] "GET /search.php?channel=156e34&from=https://mollywoppersnyb.com/chat.htm?afraid238015774.html&m=2921046028692 HTTP/2.0" 200 86487 "-" "Mozilla/5.0 AppleWebKit/537.36 (KHTML, like Gecko; compatible; GPTBot/1.3; +https://openai.com/gptbot)"
52.200.93.170 - - [21/Nov/2025:02:24:33 -0800] "GET /home/?path=//sys/class/tty/ptype/subsystem/ttyS3/device/subsystem/devices/reg-dummy/driver/reg-dummy/subsystem/devices/reg-dummy/driver/reg-dummy/subsystem/drivers/leds-mlxreg HTTP/1.1" 200 6624 "-" "Mozilla/5.0 AppleWebKit/537.36 (KHTML, like Gecko; compatible; Amazonbot/0.1; +https://developer.amazon.com/support/amazonbot) Chrome/119.0.6045.214 Safari/537.36"
66.249.69.233 - - [21/Nov/2025:02:24:34 -0800] "GET /market/1049427158 HTTP/1.1" 200 24843 "-" "Mozilla/5.0 (Linux; Android 6.0.1; Nexus 5X Build/MMB29P) AppleWebKit/537.36 (KHTML, like Gecko) Chrome/141.0.7390.122 Mobile Safari/537.36 (compatible; GoogleOther)"
74.7.227.15 - - [21/Nov/2025:02:24:33 -0800] "GET /search.php?run238015768.html HTTP/2.0" 200 86490 "-" "Mozilla/5.0 AppleWebKit/537.36 (KHTML, like Gecko; compatible; GPTBot/1.3; +https://openai.com/gptbot)"
98.84.200.43 - - [21/Nov/2025:02:24:35 -0800] "GET /?path=//sys/class/tty/ptype/subsystem/ttyp1/subsystem/ttyec/subsystem/ptyp1/subsystem/ptmx HTTP/1.1" 200 6521 "-" "Mozilla/5.0 AppleWebKit/537.36 (KHTML, like Gecko; compatible; Amazonbot/0.1; +https://developer.amazon.com/support/amazonbot) Chrome/119.0.6045.214 Safari/537.36"
74.7.227.15 - - [21/Nov/2025:02:24:35 -0800] "GET /search.php?channel=156e34&from=https://mollywoppersnyb.com/chat.htm?occupy238015778.html&m=2921046028692 HTTP/2.0" 200 86314 "-" "Mozilla/5.0 AppleWebKit/537.36 (KHTML, like Gecko; compatible; GPTBot/1.3; +https://openai.com/gptbot)"
74.7.227.15 - - [21/Nov/2025:02:24:36 -0800] "GET /search.php?above279011837.html HTTP/2.0" 200 86133 "-" "Mozilla/5.0 AppleWebKit/537.36 (KHTML, like Gecko; compatible; GPTBot/1.3; +https://openai.com/gptbot)"
74.7.227.15 - - [21/Nov/2025:02:24:37 -0800] "GET /search.php?channel=156e34&from=https://mollywoppersnyb.com/chat.htm?items/067012178.html&m=2921046028692 HTTP/2.0" 200 87214 "-" "Mozilla/5.0 AppleWebKit/537.36 (KHTML, like Gecko; compatible; GPTBot/1.3; +https://openai.com/gptbot)"
74.7.227.15 - - [21/Nov/2025:02:24:38 -0800] "GET /search.php?channel=156e34&from=https://mollywoppersnyb.com/chat.htm?tribe025047785.html&m=2921046028692 HTTP/2.0" 200 85801 "-" "Mozilla/5.0 AppleWebKit/537.36 (KHTML, like Gecko; compatible; GPTBot/1.3; +https://openai.com/gptbot)"
52.2.4.213 - - [21/Nov/2025:02:24:39 -0800] "GET /home/?path=//sys/class/tty/ptype/subsystem/ttyp1/subsystem/ttyp1/subsystem/ptyp0/subsystem/ttyS1/device/driver HTTP/1.1" 200 6678 "-" "Mozilla/5.0 AppleWebKit/537.36 (KHTML, like Gecko; compatible; Amazonbot/0.1; +https://developer.amazon.com/support/amazonbot) Chrome/119.0.6045.214 Safari/537.36"
74.7.227.15 - - [21/Nov/2025:02:24:40 -0800] "GET /search.php?channel=156e34&from=https://mollywoppersnyb.com/chat.htm?items/124049431.html&m=2921046028692 HTTP/2.0" 200 86111 "-" "Mozilla/5.0 AppleWebKit/537.36 (KHTML, like Gecko; compatible; GPTBot/1.3; +https://openai.com/gptbot)"
74.7.227.15 - - [21/Nov/2025:02:24:41 -0800] "GET /search.php?channel=156e34&from=https://mollywoppersnyb.com/chat.htm?items/260016961.html&m=2921046028692 HTTP/2.0" 200 86031 "-" "Mozilla/5.0 AppleWebKit/537.36 (KHTML, like Gecko; compatible; GPTBot/1.3; +https://openai.com/gptbot)"
74.7.227.15 - - [21/Nov/2025:02:24:42 -0800] "GET /search.php?inform238015774.html HTTP/2.0" 200 86559 "-" "Mozilla/5.0 AppleWebKit/537.36 (KHTML, like Gecko; compatible; GPTBot/1.3; +https://openai.com/gptbot)"
74.7.227.15 - - [21/Nov/2025:02:24:43 -0800] "GET /search.php?channel=156e34&from=https://mollywoppersnyb.com/chat.htm?raw225046393.html&m=2921046028692 HTTP/2.0" 200 87905 "-" "Mozilla/5.0 AppleWebKit/537.36 (KHTML, like Gecko; compatible; GPTBot/1.3; +https://openai.com/gptbot)"
52.3.104.214 - - [21/Nov/2025:02:24:44 -0800] "GET /?path=//sys/class/tty/ptype/subsystem/ptype/subsystem/ttyv1/subsystem/ptype/subsystem/ttyS0/device/driver HTTP/1.1" 200 6685 "-" "Mozilla/5.0 AppleWebKit/537.36 (KHTML, like Gecko; compatible; Amazonbot/0.1; +https://developer.amazon.com/support/amazonbot) Chrome/119.0.6045.214 Safari/537.36"
66.249.69.233 - - [21/Nov/2025:02:24:43 -0800] "GET /market/255658259 HTTP/1.1" 200 24124 "-" "Mozilla/5.0 (Linux; Android 6.0.1; Nexus 5X Build/MMB29P) AppleWebKit/537.36 (KHTML, like Gecko) Chrome/141.0.7390.122 Mobile Safari/537.36 (compatible; GoogleOther)"
74.7.227.15 - - [21/Nov/2025:02:24:44 -0800] "GET /search.php?channel=156e34&from=https://mollywoppersnyb.com/chat.htm?items/293011916.html&m=2921046028692 HTTP/2.0" 200 85953 "-" "Mozilla/5.0 AppleWebKit/537.36 (KHTML, like Gecko; compatible; GPTBot/1.3; +https://openai.com/gptbot)"
74.7.227.15 - - [21/Nov/2025:02:24:46 -0800] "GET /search.php?channel=156e34&from=https://mollywoppersnyb.com/chat.htm?plain284042880.html&m=2921046028692 HTTP/2.0" 200 85756 "-" "Mozilla/5.0 AppleWebKit/537.36 (KHTML, like Gecko; compatible; GPTBot/1.3; +https://openai.com/gptbot)"
74.7.227.15 - - [21/Nov/2025:02:24:47 -0800] "GET /search.php?channel=156e34&from=https://mollywoppersnyb.com/chat.htm?analysis195049203.html&m=2921046028692 HTTP/2.0" 200 85987 "-" "Mozilla/5.0 AppleWebKit/537.36 (KHTML, like Gecko; compatible; GPTBot/1.3; +https://openai.com/gptbot)"
74.7.227.15 - - [21/Nov/2025:02:24:48 -0800] "GET /search.php?bind238015768.html HTTP/2.0" 200 86390 "-" "Mozilla/5.0 AppleWebKit/537.36 (KHTML, like Gecko; compatible; GPTBot/1.3; +https://openai.com/gptbot)"
74.7.227.15 - - [21/Nov/2025:02:24:49 -0800] "GET /search.php?channel=156e34&from=https://mollywoppersnyb.com/chat.htm?anyway151002729.html&m=2921046028692 HTTP/2.0" 200 86226 "-" "Mozilla/5.0 AppleWebKit/537.36 (KHTML, like Gecko; compatible; GPTBot/1.3; +https://openai.com/gptbot)"
74.7.227.15 - - [21/Nov/2025:02:24:51 -0800] "GET /search.php?bonus267047345.html HTTP/2.0" 200 86166 "-" "Mozilla/5.0 AppleWebKit/537.36 (KHTML, like Gecko; compatible; GPTBot/1.3; +https://openai.com/gptbot)"
74.7.227.15 - - [21/Nov/2025:02:24:52 -0800] "GET /search.php?channel=156e34&from=https://mollywoppersnyb.com/chat.htm?mirror238015778.html&m=2921046028692 HTTP/2.0" 200 86556 "-" "Mozilla/5.0 AppleWebKit/537.36 (KHTML, like Gecko; compatible; GPTBot/1.3; +https://openai.com/gptbot)"
74.7.227.15 - - [21/Nov/2025:02:24:53 -0800] "GET /search.php?oil238015774.html HTTP/2.0" 200 86372 "-" "Mozilla/5.0 AppleWebKit/537.36 (KHTML, like Gecko; compatible; GPTBot/1.3; +https://openai.com/gptbot)"
74.7.227.15 - - [21/Nov/2025:02:24:55 -0800] "GET /search.php?pin238015786.html HTTP/2.0" 200 86496 "-" "Mozilla/5.0 AppleWebKit/537.36 (KHTML, like Gecko; compatible; GPTBot/1.3; +https://openai.com/gptbot)"
23.23.99.55 - - [21/Nov/2025:02:24:56 -0800] "GET /home/?path=//sys/class/tty/ptype/subsystem/ttyS8/device/subsystem/drivers/reg-dummy/reg-dummy/subsystem/drivers/reg-dummy/reg-dummy/subsystem/devices/kgdboc/driver HTTP/1.1" 200 6582 "-" "Mozilla/5.0 AppleWebKit/537.36 (KHTML, like Gecko; compatible; Amazonbot/0.1; +https://developer.amazon.com/support/amazonbot) Chrome/119.0.6045.214 Safari/537.36"
74.7.227.15 - - [21/Nov/2025:02:24:56 -0800] "GET /search.php?items/162029435.html HTTP/2.0" 200 85668 "-" "Mozilla/5.0 AppleWebKit/537.36 (KHTML, like Gecko; compatible; GPTBot/1.3; +https://openai.com/gptbot)"
66.249.69.233 - - [21/Nov/2025:02:24:57 -0800] "GET /market/261059013 HTTP/1.1" 200 29899 "-" "Mozilla/5.0 (Linux; Android 6.0.1; Nexus 5X Build/MMB29P) AppleWebKit/537.36 (KHTML, like Gecko) Chrome/141.0.7390.122 Mobile Safari/537.36 (compatible; GoogleOther)"
74.7.227.15 - - [21/Nov/2025:02:24:57 -0800] "GET /search.php?channel=156e34&from=https://mollywoppersnyb.com/chat.htm?items/020048993.html&m=2921046028692 HTTP/2.0" 200 85916 "-" "Mozilla/5.0 AppleWebKit/537.36 (KHTML, like Gecko; compatible; GPTBot/1.3; +https://openai.com/gptbot)"
74.7.227.15 - - [21/Nov/2025:02:24:58 -0800] "GET /search.php?channel=156e34&from=https://mollywoppersnyb.com/chat.htm?Indian231021309.html&m=2921046028692 HTTP/2.0" 200 87474 "-" "Mozilla/5.0 AppleWebKit/537.36 (KHTML, like Gecko; compatible; GPTBot/1.3; +https://openai.com/gptbot)"
52.2.4.213 - - [21/Nov/2025:02:24:59 -0800] "GET /?path=//sys/class/tty/ptype/subsystem/ttyqb/subsystem/ttyp1/subsystem/ttyS1/subsystem/ttysc HTTP/1.1" 200 6580 "-" "Mozilla/5.0 AppleWebKit/537.36 (KHTML, like Gecko; compatible; Amazonbot/0.1; +https://developer.amazon.com/support/amazonbot) Chrome/119.0.6045.214 Safari/537.36"
74.7.227.15 - - [21/Nov/2025:02:24:59 -0800] "GET /search.php?favor056047638.html HTTP/2.0" 200 85442 "-" "Mozilla/5.0 AppleWebKit/537.36 (KHTML, like Gecko; compatible; GPTBot/1.3; +https://openai.com/gptbot)"
74.7.227.15 - - [21/Nov/2025:02:25:01 -0800] "GET /search.php?channel=156e34&from=https://mollywoppersnyb.com/chat.htm?bird172017998.html&m=2921046028692 HTTP/2.0" 200 85893 "-" "Mozilla/5.0 AppleWebKit/537.36 (KHTML, like Gecko; compatible; GPTBot/1.3; +https://openai.com/gptbot)"
74.7.227.15 - - [21/Nov/2025:02:25:02 -0800] "GET /search.php?channel=156e34&from=https://mollywoppersnyb.com/chat.htm?items/013002086.html&m=2921046028692 HTTP/2.0" 200 87117 "-" "Mozilla/5.0 AppleWebKit/537.36 (KHTML, like Gecko; compatible; GPTBot/1.3; +https://openai.com/gptbot)"
74.7.227.15 - - [21/Nov/2025:02:25:03 -0800] "GET /search.php?channel=156e34&from=https://mollywoppersnyb.com/chat.htm?items/128000633.html&m=2921046028692 HTTP/2.0" 200 85703 "-" "Mozilla/5.0 AppleWebKit/537.36 (KHTML, like Gecko; compatible; GPTBot/1.3; +https://openai.com/gptbot)"
54.197.178.107 - - [21/Nov/2025:02:25:03 -0800] "GET /?path=//sys/class/tty/ptype/subsystem/ptype/subsystem/ttyp1/subsystem/ttycb/subsystem/ttyv2 HTTP/1.1" 200 6558 "-" "Mozilla/5.0 AppleWebKit/537.36 (KHTML, like Gecko; compatible; Amazonbot/0.1; +https://developer.amazon.com/support/amazonbot) Chrome/119.0.6045.214 Safari/537.36"
74.7.227.15 - - [21/Nov/2025:02:25:04 -0800] "GET /search.php?channel=156e34&from=https://mollywoppersnyb.com/chat.htm?ski070023668.html&m=2921046028692 HTTP/2.0" 200 85925 "-" "Mozilla/5.0 AppleWebKit/537.36 (KHTML, like Gecko; compatible; GPTBot/1.3; +https://openai.com/gptbot)"
74.7.227.15 - - [21/Nov/2025:02:25:05 -0800] "GET /search.php?secondary187040117.html HTTP/2.0" 200 85792 "-" "Mozilla/5.0 AppleWebKit/537.36 (KHTML, like Gecko; compatible; GPTBot/1.3; +https://openai.com/gptbot)"
66.249.69.234 - - [21/Nov/2025:02:25:07 -0800] "GET /market/163497100 HTTP/1.1" 200 24968 "-" "Mozilla/5.0 (Linux; Android 6.0.1; Nexus 5X Build/MMB29P) AppleWebKit/537.36 (KHTML, like Gecko) Chrome/141.0.7390.122 Mobile Safari/537.36 (compatible; GoogleOther)"
74.7.227.15 - - [21/Nov/2025:02:25:07 -0800] "GET /search.php?cloud238015770.html HTTP/2.0" 200 86264 "-" "Mozilla/5.0 AppleWebKit/537.36 (KHTML, like Gecko; compatible; GPTBot/1.3; +https://openai.com/gptbot)"
35.168.238.50 - - [21/Nov/2025:02:25:07 -0800] "GET /home/?path=//sys/class/tty/ptype/subsystem/ttyS3/device/subsystem/drivers/reg-dummy/reg-dummy/driver/reg-dummy/subsystem/devices/reg-dummy/subsystem/drivers/efi-framebuffer HTTP/1.1" 200 6618 "-" "Mozilla/5.0 AppleWebKit/537.36 (KHTML, like Gecko; compatible; Amazonbot/0.1; +https://developer.amazon.com/support/amazonbot) Chrome/119.0.6045.214 Safari/537.36"
74.7.227.15 - - [21/Nov/2025:02:25:08 -0800] "GET /search.php?product/edit/webby-50738351 HTTP/2.0" 200 86860 "-" "Mozilla/5.0 AppleWebKit/537.36 (KHTML, like Gecko; compatible; GPTBot/1.3; +https://openai.com/gptbot)"
74.7.227.15 - - [21/Nov/2025:02:25:09 -0800] "GET /search.php?channel=156e34&from=https://mollywoppersnyb.com/chat.htm?modest231021309.html&m=2921046028692 HTTP/2.0" 200 86560 "-" "Mozilla/5.0 AppleWebKit/537.36 (KHTML, like Gecko; compatible; GPTBot/1.3; +https://openai.com/gptbot)"
74.7.227.15 - - [21/Nov/2025:02:25:10 -0800] "GET /search.php?vision238015716.html HTTP/2.0" 200 86683 "-" "Mozilla/5.0 AppleWebKit/537.36 (KHTML, like Gecko; compatible; GPTBot/1.3; +https://openai.com/gptbot)"
44.207.252.58 - - [21/Nov/2025:02:25:11 -0800] "GET /home/?path=//sys/class/tty/ptype/subsystem/ttyza/subsystem/ttyv0/subsystem/ptype/subsystem/ttyv0 HTTP/1.1" 200 6599 "-" "Mozilla/5.0 AppleWebKit/537.36 (KHTML, like Gecko; compatible; Amazonbot/0.1; +https://developer.amazon.com/support/amazonbot) Chrome/119.0.6045.214 Safari/537.36"
74.7.227.15 - - [21/Nov/2025:02:25:11 -0800] "GET /search.php?product/edit/cometostore-hb002czphsg HTTP/2.0" 200 86785 "-" "Mozilla/5.0 AppleWebKit/537.36 (KHTML, like Gecko; compatible; GPTBot/1.3; +https://openai.com/gptbot)"
74.7.227.15 - - [21/Nov/2025:02:25:12 -0800] "GET /search.php?channel=156e34&from=https://mollywoppersnyb.com/chat.htm?horizon058008012.html&m=2921046028692 HTTP/2.0" 200 85770 "-" "Mozilla/5.0 AppleWebKit/537.36 (KHTML, like Gecko; compatible; GPTBot/1.3; +https://openai.com/gptbot)"
74.7.227.15 - - [21/Nov/2025:02:25:14 -0800] "GET /search.php?channel=156e34&from=https://mollywoppersnyb.com/chat.htm?spending085003303.html&m=2921046028692 HTTP/2.0" 200 86668 "-" "Mozilla/5.0 AppleWebKit/537.36 (KHTML, like Gecko; compatible; GPTBot/1.3; +https://openai.com/gptbot)"
66.249.69.233 - - [21/Nov/2025:02:25:15 -0800] "GET /market/24264435 HTTP/1.1" 200 25398 "-" "Mozilla/5.0 (Linux; Android 6.0.1; Nexus 5X Build/MMB29P) AppleWebKit/537.36 (KHTML, like Gecko) Chrome/141.0.7390.122 Mobile Safari/537.36 (compatible; GoogleOther)"
74.7.227.15 - - [21/Nov/2025:02:25:15 -0800] "GET /search.php?channel=156e34&from=https://mollywoppersnyb.com/chat.htm?support238015772.html&m=2921046028692 HTTP/2.0" 200 86725 "-" "Mozilla/5.0 AppleWebKit/537.36 (KHTML, like Gecko; compatible; GPTBot/1.3; +https://openai.com/gptbot)"
74.7.227.15 - - [21/Nov/2025:02:25:16 -0800] "GET /search.php?frequent238015768.html HTTP/2.0" 200 86484 "-" "Mozilla/5.0 AppleWebKit/537.36 (KHTML, like Gecko; compatible; GPTBot/1.3; +https://openai.com/gptbot)"
74.7.227.15 - - [21/Nov/2025:02:25:18 -0800] "GET /search.php?product/edit/pc4u-ms0701 HTTP/2.0" 200 85745 "-" "Mozilla/5.0 AppleWebKit/537.36 (KHTML, like Gecko; compatible; GPTBot/1.3; +https://openai.com/gptbot)"
74.7.227.15 - - [21/Nov/2025:02:25:19 -0800] "GET /search.php?delivery238015768.html HTTP/2.0" 200 86376 "-" "Mozilla/5.0 AppleWebKit/537.36 (KHTML, like Gecko; compatible; GPTBot/1.3; +https://openai.com/gptbot)"
66.249.69.233 - - [21/Nov/2025:02:25:19 -0800] "GET /market/66772220 HTTP/1.1" 200 24527 "-" "Mozilla/5.0 (Linux; Android 6.0.1; Nexus 5X Build/MMB29P) AppleWebKit/537.36 (KHTML, like Gecko) Chrome/141.0.7390.122 Mobile Safari/537.36 (compatible; GoogleOther)"
98.84.70.201 - - [21/Nov/2025:02:25:20 -0800] "GET /?path=//sys/class/tty/ptype/subsystem/ptype/subsystem/ttyS1/subsystem/ttydb/subsystem/console HTTP/1.1" 200 6627 "-" "Mozilla/5.0 AppleWebKit/537.36 (KHTML, like Gecko; compatible; Amazonbot/0.1; +https://developer.amazon.com/support/amazonbot) Chrome/119.0.6045.214 Safari/537.36"
74.7.227.15 - - [21/Nov/2025:02:25:20 -0800] "GET /search.php?flip238015784.html HTTP/2.0" 200 86306 "-" "Mozilla/5.0 AppleWebKit/537.36 (KHTML, like Gecko; compatible; GPTBot/1.3; +https://openai.com/gptbot)"
74.7.227.15 - - [21/Nov/2025:02:25:22 -0800] "GET /search.php?pcmypage?callback=product/review/rcmdse-bb-ukkn0154 HTTP/2.0" 200 85896 "-" "Mozilla/5.0 AppleWebKit/537.36 (KHTML, like Gecko; compatible; GPTBot/1.3; +https://openai.com/gptbot)"
74.7.227.15 - - [21/Nov/2025:02:25:23 -0800] "GET /search.php?channel=156e34&from=https://mollywoppersnyb.com/chat.htm?door238015716.html&m=2921046028692 HTTP/2.0" 200 86303 "-" "Mozilla/5.0 AppleWebKit/537.36 (KHTML, like Gecko; compatible; GPTBot/1.3; +https://openai.com/gptbot)"
74.7.227.15 - - [21/Nov/2025:02:25:24 -0800] "GET /search.php?channel=156e34&from=https://mollywoppersnyb.com/chat.htm?items/248011269.html&m=2921046028692 HTTP/2.0" 200 85541 "-" "Mozilla/5.0 AppleWebKit/537.36 (KHTML, like Gecko; compatible; GPTBot/1.3; +https://openai.com/gptbot)"
74.7.227.15 - - [21/Nov/2025:02:25:25 -0800] "GET /search.php?channel=156e34&from=https://mollywoppersnyb.com/chat.htm?student085003303.html&m=2921046028692 HTTP/2.0" 200 86656 "-" "Mozilla/5.0 AppleWebKit/537.36 (KHTML, like Gecko; compatible; GPTBot/1.3; +https://openai.com/gptbot)"
74.7.227.15 - - [21/Nov/2025:02:25:27 -0800] "GET /search.php?sink157024749.html HTTP/2.0" 200 86076 "-" "Mozilla/5.0 AppleWebKit/537.36 (KHTML, like Gecko; compatible; GPTBot/1.3; +https://openai.com/gptbot)"
34.192.125.239 - - [21/Nov/2025:02:25:27 -0800] "GET /?path=//sys/class/tty/ptype/subsystem/ttyp1/subsystem/ptyp0/subsystem/ttysc/subsystem/ttyse HTTP/1.1" 200 6599 "-" "Mozilla/5.0 AppleWebKit/537.36 (KHTML, like Gecko; compatible; Amazonbot/0.1; +https://developer.amazon.com/support/amazonbot) Chrome/119.0.6045.214 Safari/537.36"
74.7.227.15 - - [21/Nov/2025:02:25:28 -0800] "GET /search.php?channel=156e34&from=https://mollywoppersnyb.com/chat.htm?idea014000590.html&m=2921046028692 HTTP/2.0" 200 87268 "-" "Mozilla/5.0 AppleWebKit/537.36 (KHTML, like Gecko; compatible; GPTBot/1.3; +https://openai.com/gptbot)"
66.249.69.233 - - [21/Nov/2025:02:25:29 -0800] "GET /?market=5406679 HTTP/1.1" 200 24437 "-" "Mozilla/5.0 (Linux; Android 6.0.1; Nexus 5X Build/MMB29P) AppleWebKit/537.36 (KHTML, like Gecko) Chrome/141.0.7390.122 Mobile Safari/537.36 (compatible; Googlebot/2.1; +http://www.google.com/bot.html)"
74.7.227.15 - - [21/Nov/2025:02:25:29 -0800] "GET /search.php?channel=156e34&from=https://mollywoppersnyb.com/chat.htm?items/098024181.html&m=2921046028692 HTTP/2.0" 200 86048 "-" "Mozilla/5.0 AppleWebKit/537.36 (KHTML, like Gecko; compatible; GPTBot/1.3; +https://openai.com/gptbot)"
66.249.69.233 - - [21/Nov/2025:02:25:29 -0800] "GET /?market=1991826424 HTTP/1.1" 200 21665 "-" "Mozilla/5.0 (Linux; Android 6.0.1; Nexus 5X Build/MMB29P) AppleWebKit/537.36 (KHTML, like Gecko) Chrome/141.0.7390.122 Mobile Safari/537.36 (compatible; Googlebot/2.1; +http://www.google.com/bot.html)"
66.249.69.233 - - [21/Nov/2025:02:25:30 -0800] "GET /market/34087306 HTTP/1.1" 200 24639 "-" "Mozilla/5.0 (Linux; Android 6.0.1; Nexus 5X Build/MMB29P) AppleWebKit/537.36 (KHTML, like Gecko) Chrome/141.0.7390.122 Mobile Safari/537.36 (compatible; GoogleOther)"
74.7.227.15 - - [21/Nov/2025:02:25:30 -0800] "GET /search.php?working087012023.html HTTP/2.0" 200 86353 "-" "Mozilla/5.0 AppleWebKit/537.36 (KHTML, like Gecko; compatible; GPTBot/1.3; +https://openai.com/gptbot)"
54.85.7.119 - - [21/Nov/2025:02:25:31 -0800] "GET /?path=//sys/class/tty/ptype/subsystem/ttyp1/subsystem/ptype/subsystem/ttyqb/subsystem/tty0 HTTP/1.1" 200 6565 "-" "Mozilla/5.0 AppleWebKit/537.36 (KHTML, like Gecko; compatible; Amazonbot/0.1; +https://developer.amazon.com/support/amazonbot) Chrome/119.0.6045.214 Safari/537.36"
74.7.227.15 - - [21/Nov/2025:02:25:31 -0800] "GET /search.php?pocket198025050.html HTTP/2.0" 200 85969 "-" "Mozilla/5.0 AppleWebKit/537.36 (KHTML, like Gecko; compatible; GPTBot/1.3; +https://openai.com/gptbot)"
74.7.227.15 - - [21/Nov/2025:02:25:32 -0800] "GET /search.php?bay238015774.html HTTP/2.0" 200 86497 "-" "Mozilla/5.0 AppleWebKit/537.36 (KHTML, like Gecko; compatible; GPTBot/1.3; +https://openai.com/gptbot)"
74.7.227.15 - - [21/Nov/2025:02:25:33 -0800] "GET /search.php?product/edit/hauteproduit-2024-06-20-3640 HTTP/2.0" 200 85622 "-" "Mozilla/5.0 AppleWebKit/537.36 (KHTML, like Gecko; compatible; GPTBot/1.3; +https://openai.com/gptbot)"
74.7.227.15 - - [21/Nov/2025:02:25:34 -0800] "GET /search.php?channel=156e34&from=https://mollywoppersnyb.com/chat.htm?items/120039493.html&m=2921046028692 HTTP/2.0" 200 86105 "-" "Mozilla/5.0 AppleWebKit/537.36 (KHTML, like Gecko; compatible; GPTBot/1.3; +https://openai.com/gptbot)"
74.7.227.15 - - [21/Nov/2025:02:25:35 -0800] "GET /search.php?channel=156e34&from=https://mollywoppersnyb.com/chat.htm?items/089009230.html&m=2921046028692 HTTP/2.0" 200 86063 "-" "Mozilla/5.0 AppleWebKit/537.36 (KHTML, like Gecko; compatible; GPTBot/1.3; +https://openai.com/gptbot)"
74.7.227.15 - - [21/Nov/2025:02:25:36 -0800] "GET /search.php?channel=156e34&from=https://mollywoppersnyb.com/chat.htm?items/029037218.html&m=2921046028692 HTTP/2.0" 200 87165 "-" "Mozilla/5.0 AppleWebKit/537.36 (KHTML, like Gecko; compatible; GPTBot/1.3; +https://openai.com/gptbot)"
74.7.227.15 - - [21/Nov/2025:02:25:38 -0800] "GET /search.php?channel=156e34&from=https://mollywoppersnyb.com/chat.htm?muscle040000630.html&m=2921046028692 HTTP/2.0" 200 85760 "-" "Mozilla/5.0 AppleWebKit/537.36 (KHTML, like Gecko; compatible; GPTBot/1.3; +https://openai.com/gptbot)"
74.7.227.15 - - [21/Nov/2025:02:25:38 -0800] "GET /search.php?channel=156e34&from=https://mollywoppersnyb.com/chat.htm?items/171000892.html&m=2921046028692 HTTP/2.0" 200 85543 "-" "Mozilla/5.0 AppleWebKit/537.36 (KHTML, like Gecko; compatible; GPTBot/1.3; +https://openai.com/gptbot)"
52.3.155.146 - - [21/Nov/2025:02:25:39 -0800] "GET /home/?path=//sys/class/tty/ptype/subsystem/ttyS15/device/subsystem/drivers/reg-dummy/reg-dummy/driver/reg-dummy/driver/reg-dummy/subsystem/devices/PCCT/subsystem/drivers/ehci-platform HTTP/1.1" 200 6574 "-" "Mozilla/5.0 AppleWebKit/537.36 (KHTML, like Gecko; compatible; Amazonbot/0.1; +https://developer.amazon.com/support/amazonbot) Chrome/119.0.6045.214 Safari/537.36"
74.7.227.15 - - [21/Nov/2025:02:25:40 -0800] "GET /search.php?channel=156e34&from=https://mollywoppersnyb.com/chat.htm?items/247048844.html&m=2921046028692 HTTP/2.0" 200 86161 "-" "Mozilla/5.0 AppleWebKit/537.36 (KHTML, like Gecko; compatible; GPTBot/1.3; +https://openai.com/gptbot)"
74.7.227.15 - - [21/Nov/2025:02:25:41 -0800] "GET /search.php?channel=156e34&from=https://mollywoppersnyb.com/chat.htm?turn185023933.html&m=2921046028692 HTTP/2.0" 200 87452 "-" "Mozilla/5.0 AppleWebKit/537.36 (KHTML, like Gecko; compatible; GPTBot/1.3; +https://openai.com/gptbot)"
66.249.69.233 - - [21/Nov/2025:02:25:42 -0800] "GET /market/1365045744 HTTP/1.1" 200 24916 "-" "Mozilla/5.0 (Linux; Android 6.0.1; Nexus 5X Build/MMB29P) AppleWebKit/537.36 (KHTML, like Gecko) Chrome/141.0.7390.122 Mobile Safari/537.36 (compatible; GoogleOther)"
74.7.227.15 - - [21/Nov/2025:02:25:42 -0800] "GET /search.php?channel=156e34&from=https://mollywoppersnyb.com/chat.htm?items/031026376.html&m=2921046028692 HTTP/2.0" 200 86186 "-" "Mozilla/5.0 AppleWebKit/537.36 (KHTML, like Gecko; compatible; GPTBot/1.3; +https://openai.com/gptbot)"
148.113.130.116 - - [21/Nov/2025:02:25:44 -0800] "GET /?market=798460382 HTTP/2.0" 200 109 "-" "Mozilla/5.0 (compatible; AhrefsBot/7.0; +http://ahrefs.com/robot/)"
74.7.227.15 - - [21/Nov/2025:02:25:43 -0800] "GET /search.php?channel=156e34&from=https://mollywoppersnyb.com/chat.htm?title238015786.html&m=2921046028692 HTTP/2.0" 200 86385 "-" "Mozilla/5.0 AppleWebKit/537.36 (KHTML, like Gecko; compatible; GPTBot/1.3; +https://openai.com/gptbot)"
3.218.35.239 - - [21/Nov/2025:02:25:44 -0800] "GET /?path=//sys/class/tty/ptype/subsystem/ttyu1/subsystem/ttyec/subsystem/ttysc/subsystem/ttyp1 HTTP/1.1" 200 6577 "-" "Mozilla/5.0 AppleWebKit/537.36 (KHTML, like Gecko; compatible; Amazonbot/0.1; +https://developer.amazon.com/support/amazonbot) Chrome/119.0.6045.214 Safari/537.36"
74.7.227.15 - - [21/Nov/2025:02:25:45 -0800] "GET /search.php?channel=156e34&from=https://mollywoppersnyb.com/chat.htm?detail267007225.html&m=2921046028692 HTTP/2.0" 200 86043 "-" "Mozilla/5.0 AppleWebKit/537.36 (KHTML, like Gecko; compatible; GPTBot/1.3; +https://openai.com/gptbot)"
74.7.227.15 - - [21/Nov/2025:02:25:46 -0800] "GET /search.php?involve238015716.html HTTP/2.0" 200 86539 "-" "Mozilla/5.0 AppleWebKit/537.36 (KHTML, like Gecko; compatible; GPTBot/1.3; +https://openai.com/gptbot)"
52.204.71.8 - - [21/Nov/2025:02:25:47 -0800] "GET /?path=//sys/class/tty/ptype/subsystem/ptype/subsystem/ttyec/subsystem/ptyp1/subsystem/ttyqb HTTP/1.1" 200 6543 "-" "Mozilla/5.0 AppleWebKit/537.36 (KHTML, like Gecko; compatible; Amazonbot/0.1; +https://developer.amazon.com/support/amazonbot) Chrome/119.0.6045.214 Safari/537.36"
74.7.227.15 - - [21/Nov/2025:02:25:47 -0800] "GET /search.php?channel=156e34&from=https://mollywoppersnyb.com/chat.htm?items/039008706.html&m=2921046028692 HTTP/2.0" 200 85921 "-" "Mozilla/5.0 AppleWebKit/537.36 (KHTML, like Gecko; compatible; GPTBot/1.3; +https://openai.com/gptbot)"
74.7.227.15 - - [21/Nov/2025:02:25:48 -0800] "GET /search.php?channel=156e34&from=https://mollywoppersnyb.com/chat.htm?pleasant094033390.html&m=2921046028692 HTTP/2.0" 200 85812 "-" "Mozilla/5.0 AppleWebKit/537.36 (KHTML, like Gecko; compatible; GPTBot/1.3; +https://openai.com/gptbot)"
74.7.227.15 - - [21/Nov/2025:02:25:49 -0800] "GET /search.php?channel=156e34&from=https://mollywoppersnyb.com/chat.htm?items/142018299.html&m=2921046028692 HTTP/2.0" 200 85832 "-" "Mozilla/5.0 AppleWebKit/537.36 (KHTML, like Gecko; compatible; GPTBot/1.3; +https://openai.com/gptbot)"
66.249.69.233 - - [21/Nov/2025:02:25:51 -0800] "GET /market/163497100 HTTP/1.1" 200 25150 "-" "Mozilla/5.0 (Linux; Android 6.0.1; Nexus 5X Build/MMB29P) AppleWebKit/537.36 (KHTML, like Gecko) Chrome/141.0.7390.122 Mobile Safari/537.36 (compatible; Googlebot/2.1; +http://www.google.com/bot.html)"
52.70.209.13 - - [21/Nov/2025:02:25:51 -0800] "GET /home/?path=//sys/devices/virtual/tty/ptype/subsystem/ptype/subsystem/ttype/subsystem/ptype/subsystem/ttynull HTTP/1.1" 200 6583 "-" "Mozilla/5.0 AppleWebKit/537.36 (KHTML, like Gecko; compatible; Amazonbot/0.1; +https://developer.amazon.com/support/amazonbot) Chrome/119.0.6045.214 Safari/537.36"
74.7.227.15 - - [21/Nov/2025:02:25:51 -0800] "GET /search.php?channel=156e34&from=https://mollywoppersnyb.com/chat.htm?items/165031708.html&m=2921046028692 HTTP/2.0" 200 86288 "-" "Mozilla/5.0 AppleWebKit/537.36 (KHTML, like Gecko; compatible; GPTBot/1.3; +https://openai.com/gptbot)"
74.7.227.15 - - [21/Nov/2025:02:25:52 -0800] "GET /search.php?items/150012553.html HTTP/2.0" 200 87113 "-" "Mozilla/5.0 AppleWebKit/537.36 (KHTML, like Gecko; compatible; GPTBot/1.3; +https://openai.com/gptbot)"
74.7.227.15 - - [21/Nov/2025:02:25:54 -0800] "GET /search.php?pcmypage?callback=/product%2Fdetail%2hcvalor-eshop-trusco-6744824 HTTP/2.0" 200 86122 "-" "Mozilla/5.0 AppleWebKit/537.36 (KHTML, like Gecko; compatible; GPTBot/1.3; +https://openai.com/gptbot)"
74.7.227.15 - - [21/Nov/2025:02:25:55 -0800] "GET /search.php?channel=156e34&from=https://mollywoppersnyb.com/chat.htm?items/253014188.html&m=2921046028692 HTTP/2.0" 200 86352 "-" "Mozilla/5.0 AppleWebKit/537.36 (KHTML, like Gecko; compatible; GPTBot/1.3; +https://openai.com/gptbot)"
74.7.227.15 - - [21/Nov/2025:02:25:56 -0800] "GET /search.php?channel=156e34&from=https://mollywoppersnyb.com/chat.htm?small251041535.html&m=2921046028692 HTTP/2.0" 200 86006 "-" "Mozilla/5.0 AppleWebKit/537.36 (KHTML, like Gecko; compatible; GPTBot/1.3; +https://openai.com/gptbot)"
74.7.227.15 - - [21/Nov/2025:02:25:58 -0800] "GET /search.php?channel=156e34&from=https://mollywoppersnyb.com/chat.htm?slice238015770.html&m=2921046028692 HTTP/2.0" 200 86481 "-" "Mozilla/5.0 AppleWebKit/537.36 (KHTML, like Gecko; compatible; GPTBot/1.3; +https://openai.com/gptbot)"
74.7.227.15 - - [21/Nov/2025:02:25:59 -0800] "GET /search.php?channel=156e34&from=https://mollywoppersnyb.com/chat.htm?items/054019667.html&m=2921046028692 HTTP/2.0" 200 85791 "-" "Mozilla/5.0 AppleWebKit/537.36 (KHTML, like Gecko; compatible; GPTBot/1.3; +https://openai.com/gptbot)"
54.198.33.233 - - [21/Nov/2025:02:25:59 -0800] "GET /home/?path=//sys/class/tty/ptype/subsystem/ttyS15/device/subsystem/devices/reg-dummy/subsystem/drivers/reg-dummy/reg-dummy/driver/reg-dummy/subsystem/devices/PCCT/driver/PCCT HTTP/1.1" 200 6717 "-" "Mozilla/5.0 AppleWebKit/537.36 (KHTML, like Gecko; compatible; Amazonbot/0.1; +https://developer.amazon.com/support/amazonbot) Chrome/119.0.6045.214 Safari/537.36"
74.7.227.15 - - [21/Nov/2025:02:26:00 -0800] "GET /search.php?channel=156e34&from=https://mollywoppersnyb.com/chat.htm?paint112001466.html&m=2921046028692 HTTP/2.0" 200 85909 "-" "Mozilla/5.0 AppleWebKit/537.36 (KHTML, like Gecko; compatible; GPTBot/1.3; +https://openai.com/gptbot)"
66.249.69.235 - - [21/Nov/2025:02:26:01 -0800] "GET /m172039218 HTTP/1.1" 200 24210 "-" "Mozilla/5.0 (Linux; Android 6.0.1; Nexus 5X Build/MMB29P) AppleWebKit/537.36 (KHTML, like Gecko) Chrome/141.0.7390.122 Mobile Safari/537.36 (compatible; GoogleOther)"
74.7.227.15 - - [21/Nov/2025:02:26:01 -0800] "GET /search.php?channel=156e34&from=https://mollywoppersnyb.com/chat.htm?items/042011211.html&m=2921046028692 HTTP/2.0" 200 85931 "-" "Mozilla/5.0 AppleWebKit/537.36 (KHTML, like Gecko; compatible; GPTBot/1.3; +https://openai.com/gptbot)"
74.7.227.15 - - [21/Nov/2025:02:26:02 -0800] "GET /search.php?channel=156e34&from=https://mollywoppersnyb.com/chat.htm?pastor126038768.html&m=2921046028692 HTTP/2.0" 200 86747 "-" "Mozilla/5.0 AppleWebKit/537.36 (KHTML, like Gecko; compatible; GPTBot/1.3; +https://openai.com/gptbot)"
52.44.148.203 - - [21/Nov/2025:02:26:03 -0800] "GET /home/?path=//sys/class/tty/ptype/subsystem/ttyS3/device/subsystem/devices/reg-dummy/subsystem/devices/reg-dummy/driver/reg-dummy/driver/reg-dummy/subsystem/drivers/ramoops HTTP/1.1" 200 6545 "-" "Mozilla/5.0 AppleWebKit/537.36 (KHTML, like Gecko; compatible; Amazonbot/0.1; +https://developer.amazon.com/support/amazonbot) Chrome/119.0.6045.214 Safari/537.36"
74.7.227.15 - - [21/Nov/2025:02:26:03 -0800] "GET /search.php?channel=156e34&from=https://mollywoppersnyb.com/chat.htm?items/059030916.html&m=2921046028692 HTTP/2.0" 200 85992 "-" "Mozilla/5.0 AppleWebKit/537.36 (KHTML, like Gecko; compatible; GPTBot/1.3; +https://openai.com/gptbot)"
74.7.227.15 - - [21/Nov/2025:02:26:05 -0800] "GET /search.php?channel=156e34&from=https://mollywoppersnyb.com/chat.htm?peel253014229.html&m=2921046028692 HTTP/2.0" 200 86883 "-" "Mozilla/5.0 AppleWebKit/537.36 (KHTML, like Gecko; compatible; GPTBot/1.3; +https://openai.com/gptbot)"
66.249.69.233 - - [21/Nov/2025:02:26:05 -0800] "GET /market/1732246340 HTTP/1.1" 200 25914 "-" "Mozilla/5.0 (Linux; Android 6.0.1; Nexus 5X Build/MMB29P) AppleWebKit/537.36 (KHTML, like Gecko) Chrome/141.0.7390.122 Mobile Safari/537.36 (compatible; GoogleOther)"
74.7.227.15 - - [21/Nov/2025:02:26:06 -0800] "GET /search.php?channel=156e34&from=https://mollywoppersnyb.com/chat.htm?items/079005486.html&m=2921046028692 HTTP/2.0" 200 86456 "-" "Mozilla/5.0 AppleWebKit/537.36 (KHTML, like Gecko; compatible; GPTBot/1.3; +https://openai.com/gptbot)"
74.7.227.15 - - [21/Nov/2025:02:26:07 -0800] "GET /search.php?pcmypage?callback=product%2Fdetail%2Frs-yamagata-as-600-10doz-1 HTTP/2.0" 200 86161 "-" "Mozilla/5.0 AppleWebKit/537.36 (KHTML, like Gecko; compatible; GPTBot/1.3; +https://openai.com/gptbot)"
3.220.70.171 - - [21/Nov/2025:02:26:08 -0800] "GET /home/?path=//sys/devices/platform/PCCT/subsystem/devices/reg-dummy/driver/reg-dummy/subsystem/devices/reg-dummy/driver/reg-dummy/driver HTTP/1.1" 200 6606 "-" "Mozilla/5.0 AppleWebKit/537.36 (KHTML, like Gecko; compatible; Amazonbot/0.1; +https://developer.amazon.com/support/amazonbot) Chrome/119.0.6045.214 Safari/537.36"
74.7.227.15 - - [21/Nov/2025:02:26:08 -0800] "GET /search.php?channel=156e34&from=https://mollywoppersnyb.com/chat.htm?loan267032631.html&m=2921046028692 HTTP/2.0" 200 85651 "-" "Mozilla/5.0 AppleWebKit/537.36 (KHTML, like Gecko; compatible; GPTBot/1.3; +https://openai.com/gptbot)"
66.249.69.234 - - [21/Nov/2025:02:26:09 -0800] "GET /?market=1724791816 HTTP/1.1" 200 24186 "-" "Mozilla/5.0 (Linux; Android 6.0.1; Nexus 5X Build/MMB29P) AppleWebKit/537.36 (KHTML, like Gecko) Chrome/141.0.7390.122 Mobile Safari/537.36 (compatible; Googlebot/2.1; +http://www.google.com/bot.html)"
74.7.227.15 - - [21/Nov/2025:02:26:09 -0800] "GET /search.php?channel=156e34&from=https://mollywoppersnyb.com/chat.htm?cake196041788.html&m=2921046028692 HTTP/2.0" 200 85972 "-" "Mozilla/5.0 AppleWebKit/537.36 (KHTML, like Gecko; compatible; GPTBot/1.3; +https://openai.com/gptbot)"
66.249.69.233 - - [21/Nov/2025:02:26:10 -0800] "GET /?market=1010434103 HTTP/1.1" 200 25135 "-" "Mozilla/5.0 (Linux; Android 6.0.1; Nexus 5X Build/MMB29P) AppleWebKit/537.36 (KHTML, like Gecko) Chrome/141.0.7390.122 Mobile Safari/537.36 (compatible; Googlebot/2.1; +http://www.google.com/bot.html)"
98.83.177.42 - - [21/Nov/2025:02:26:10 -0800] "GET /home/?path=//sys/class/tty/ptype/subsystem/ttyS15/device/subsystem/drivers/reg-dummy/reg-dummy/driver/reg-dummy/driver/reg-dummy/subsystem/devices/pcspkr/subsystem/drivers/PCCT HTTP/1.1" 200 6644 "-" "Mozilla/5.0 AppleWebKit/537.36 (KHTML, like Gecko; compatible; Amazonbot/0.1; +https://developer.amazon.com/support/amazonbot) Chrome/119.0.6045.214 Safari/537.36"
74.7.227.15 - - [21/Nov/2025:02:26:11 -0800] "GET /search.php?channel=156e34&from=https://mollywoppersnyb.com/chat.htm?blow088035604.html&m=2921046028692 HTTP/2.0" 200 86395 "-" "Mozilla/5.0 AppleWebKit/537.36 (KHTML, like Gecko; compatible; GPTBot/1.3; +https://openai.com/gptbot)"
74.7.227.15 - - [21/Nov/2025:02:26:12 -0800] "GET /search.php?channel=156e34&from=https://mollywoppersnyb.com/chat.htm?items/253014222.html&m=2921046028692 HTTP/2.0" 200 86828 "-" "Mozilla/5.0 AppleWebKit/537.36 (KHTML, like Gecko; compatible; GPTBot/1.3; +https://openai.com/gptbot)"
74.7.227.15 - - [21/Nov/2025:02:26:13 -0800] "GET /search.php?channel=156e34&from=https://mollywoppersnyb.com/chat.htm?items/264039171.html&m=2921046028692 HTTP/2.0" 200 85943 "-" "Mozilla/5.0 AppleWebKit/537.36 (KHTML, like Gecko; compatible; GPTBot/1.3; +https://openai.com/gptbot)"
66.249.69.233 - - [21/Nov/2025:02:26:14 -0800] "GET /market/1746934592 HTTP/1.1" 200 25153 "-" "Mozilla/5.0 (Linux; Android 6.0.1; Nexus 5X Build/MMB29P) AppleWebKit/537.36 (KHTML, like Gecko) Chrome/141.0.7390.122 Mobile Safari/537.36 (compatible; GoogleOther)"
