74.7.227.15 - - [21/Nov/2025:00:45:08 -0800] "GET /search.php?channel=156e34&from=https://mollywoppersnyb.com/chat.htm?ie021032949.html&m=2921046028692 HTTP/2.0" 200 85900 "-" "Mozilla/5.0 AppleWebKit/537.36 (KHTML, like Gecko; compatible; GPTBot/1.3; +https://openai.com/gptbot)"
74.7.227.15 - - [21/Nov/2025:00:45:09 -0800] "GET /search.php?channel=156e34&from=https://mollywoppersnyb.com/chat.htm?doorway094008220.html&m=2921046028692 HTTP/2.0" 200 86279 "-" "Mozilla/5.0 AppleWebKit/537.36 (KHTML, like Gecko; compatible; GPTBot/1.3; +https://openai.com/gptbot)"
148.113.130.150 - - [21/Nov/2025:00:45:10 -0800] "GET /?market=798337839 HTTP/2.0" 200 109 "-" "Mozilla/5.0 (compatible; AhrefsBot/7.0; +http://ahrefs.com/robot/)"
74.7.227.15 - - [21/Nov/2025:00:45:10 -0800] "GET /search.php?channel=156e34&from=https://mollywoppersnyb.com/chat.htm?items/241024472.html&m=2921046028692 HTTP/2.0" 200 86645 "-" "Mozilla/5.0 AppleWebKit/537.36 (KHTML, like Gecko; compatible; GPTBot/1.3; +https://openai.com/gptbot)"
52.21.62.139 - - [21/Nov/2025:00:45:10 -0800] "GET /home/?path=//sys/class/tty/ptype/subsystem/ptyp1/subsystem/ttype/subsystem/ttydb/subsystem/ttyp1 HTTP/1.1" 200 6570 "-" "Mozilla/5.0 AppleWebKit/537.36 (KHTML, like Gecko; compatible; Amazonbot/0.1; +https://developer.amazon.com/support/amazonbot) Chrome/119.0.6045.214 Safari/537.36"
74.7.227.15 - - [21/Nov/2025:00:45:11 -0800] "GET /search.php?channel=156e34&from=https://mollywoppersnyb.com/chat.htm?fighting215020219.html&m=2921046028692 HTTP/2.0" 200 87510 "-" "Mozilla/5.0 AppleWebKit/537.36 (KHTML, like Gecko; compatible; GPTBot/1.3; +https://openai.com/gptbot)"
74.7.227.15 - - [21/Nov/2025:00:45:13 -0800] "GET /search.php?channel=156e34&from=https://mollywoppersnyb.com/chat.htm?items/134049963.html&m=2921046028692 HTTP/2.0" 200 87043 "-" "Mozilla/5.0 AppleWebKit/537.36 (KHTML, like Gecko; compatible; GPTBot/1.3; +https://openai.com/gptbot)"
66.249.69.233 - - [21/Nov/2025:00:45:13 -0800] "GET /m153026155 HTTP/1.1" 200 26931 "-" "Mozilla/5.0 (Linux; Android 6.0.1; Nexus 5X Build/MMB29P) AppleWebKit/537.36 (KHTML, like Gecko) Chrome/141.0.7390.122 Mobile Safari/537.36 (compatible; GoogleOther)"
74.7.227.15 - - [21/Nov/2025:00:45:14 -0800] "GET /search.php?items/291002756.html HTTP/2.0" 200 86588 "-" "Mozilla/5.0 AppleWebKit/537.36 (KHTML, like Gecko; compatible; GPTBot/1.3; +https://openai.com/gptbot)"
54.91.122.193 - - [21/Nov/2025:00:45:14 -0800] "GET /?path=//sys/class/tty/ptype/subsystem/ptype/subsystem/ttyp0/subsystem/ptys1/subsystem/console HTTP/1.1" 200 6630 "-" "Mozilla/5.0 AppleWebKit/537.36 (KHTML, like Gecko; compatible; Amazonbot/0.1; +https://developer.amazon.com/support/amazonbot) Chrome/119.0.6045.214 Safari/537.36"
74.7.227.15 - - [21/Nov/2025:00:45:15 -0800] "GET /search.php?channel=156e34&from=https://mollywoppersnyb.com/chat.htm?items/078020863.html&m=2921046028692 HTTP/2.0" 200 85741 "-" "Mozilla/5.0 AppleWebKit/537.36 (KHTML, like Gecko; compatible; GPTBot/1.3; +https://openai.com/gptbot)"
74.7.227.15 - - [21/Nov/2025:00:45:16 -0800] "GET /search.php?channel=156e34&from=https://mollywoppersnyb.com/chat.htm?items/043037154.html&m=2921046028692 HTTP/2.0" 200 86594 "-" "Mozilla/5.0 AppleWebKit/537.36 (KHTML, like Gecko; compatible; GPTBot/1.3; +https://openai.com/gptbot)"
74.7.227.15 - - [21/Nov/2025:00:45:18 -0800] "GET /search.php?channel=156e34&from=https://mollywoppersnyb.com/chat.htm?shop171017823.html&m=2921046028692 HTTP/2.0" 200 86032 "-" "Mozilla/5.0 AppleWebKit/537.36 (KHTML, like Gecko; compatible; GPTBot/1.3; +https://openai.com/gptbot)"
52.207.47.227 - - [21/Nov/2025:00:45:18 -0800] "GET /?path=//sys/class/tty/ptype/subsystem/ttynull/subsystem/ttysc/subsystem/ttype/subsystem/ttyv1 HTTP/1.1" 200 6577 "-" "Mozilla/5.0 AppleWebKit/537.36 (KHTML, like Gecko; compatible; Amazonbot/0.1; +https://developer.amazon.com/support/amazonbot) Chrome/119.0.6045.214 Safari/537.36"
74.7.227.15 - - [21/Nov/2025:00:45:19 -0800] "GET /search.php?channel=156e34&from=https://mollywoppersnyb.com/chat.htm?father150020506.html&m=2921046028692 HTTP/2.0" 200 85731 "-" "Mozilla/5.0 AppleWebKit/537.36 (KHTML, like Gecko; compatible; GPTBot/1.3; +https://openai.com/gptbot)"
74.7.227.15 - - [21/Nov/2025:00:45:20 -0800] "GET /search.php?often206019478.html HTTP/2.0" 200 86580 "-" "Mozilla/5.0 AppleWebKit/537.36 (KHTML, like Gecko; compatible; GPTBot/1.3; +https://openai.com/gptbot)"
3.213.213.161 - - [21/Nov/2025:00:45:22 -0800] "GET /?path=//sys/class/tty/ptype/subsystem/ptype/subsystem/ttype/subsystem/ptys0/subsystem/ttyvd HTTP/1.1" 200 6596 "-" "Mozilla/5.0 AppleWebKit/537.36 (KHTML, like Gecko; compatible; Amazonbot/0.1; +https://developer.amazon.com/support/amazonbot) Chrome/119.0.6045.214 Safari/537.36"
74.7.227.15 - - [21/Nov/2025:00:45:22 -0800] "GET /search.php?channel=156e34&from=https://mollywoppersnyb.com/chat.htm?defender148015002.html&m=2921046028692 HTTP/2.0" 200 87185 "-" "Mozilla/5.0 AppleWebKit/537.36 (KHTML, like Gecko; compatible; GPTBot/1.3; +https://openai.com/gptbot)"
66.249.69.233 - - [21/Nov/2025:00:45:22 -0800] "GET /market/34365355 HTTP/1.1" 200 25831 "-" "Mozilla/5.0 (Linux; Android 6.0.1; Nexus 5X Build/MMB29P) AppleWebKit/537.36 (KHTML, like Gecko) Chrome/141.0.7390.122 Mobile Safari/537.36 (compatible; GoogleOther)"
74.7.227.15 - - [21/Nov/2025:00:45:23 -0800] "GET /search.php?channel=156e34&from=https://mollywoppersnyb.com/chat.htm?flow165005525.html&m=2921046028692 HTTP/2.0" 200 86889 "-" "Mozilla/5.0 AppleWebKit/537.36 (KHTML, like Gecko; compatible; GPTBot/1.3; +https://openai.com/gptbot)"
74.7.227.15 - - [21/Nov/2025:00:45:25 -0800] "GET /search.php?channel=156e34&from=https://mollywoppersnyb.com/chat.htm?items/043040200.html&m=2921046028692 HTTP/2.0" 200 85895 "-" "Mozilla/5.0 AppleWebKit/537.36 (KHTML, like Gecko; compatible; GPTBot/1.3; +https://openai.com/gptbot)"
74.7.227.15 - - [21/Nov/2025:00:45:26 -0800] "GET /search.php?pcmypage?callback=/product%2Fdetail%2rubbermark-1615-btpb721fb HTTP/2.0" 200 86131 "-" "Mozilla/5.0 AppleWebKit/537.36 (KHTML, like Gecko; compatible; GPTBot/1.3; +https://openai.com/gptbot)"
52.203.68.145 - - [21/Nov/2025:00:45:26 -0800] "GET /?path=//sys/class/tty/ptype/subsystem/ttyp2/subsystem/ttydb/subsystem/ttysc/subsystem/console HTTP/1.1" 200 6586 "-" "Mozilla/5.0 AppleWebKit/537.36 (KHTML, like Gecko; compatible; Amazonbot/0.1; +https://developer.amazon.com/support/amazonbot) Chrome/119.0.6045.214 Safari/537.36"
74.7.227.15 - - [21/Nov/2025:00:45:27 -0800] "GET /search.php?channel=156e34&from=https://mollywoppersnyb.com/chat.htm?opponent054009974.html&m=2921046028692 HTTP/2.0" 200 86051 "-" "Mozilla/5.0 AppleWebKit/537.36 (KHTML, like Gecko; compatible; GPTBot/1.3; +https://openai.com/gptbot)"
66.249.69.233 - - [21/Nov/2025:00:45:27 -0800] "GET /market/1993607849 HTTP/1.1" 200 21050 "-" "Mozilla/5.0 (Linux; Android 6.0.1; Nexus 5X Build/MMB29P) AppleWebKit/537.36 (KHTML, like Gecko) Chrome/141.0.7390.122 Mobile Safari/537.36 (compatible; GoogleOther)"
74.7.227.15 - - [21/Nov/2025:00:45:28 -0800] "GET /search.php?climb143021697.html HTTP/2.0" 200 85498 "-" "Mozilla/5.0 AppleWebKit/537.36 (KHTML, like Gecko; compatible; GPTBot/1.3; +https://openai.com/gptbot)"
74.7.227.15 - - [21/Nov/2025:00:45:29 -0800] "GET /search.php?channel=156e34&from=https://mollywoppersnyb.com/chat.htm?physics299012517.html&m=2921046028692 HTTP/2.0" 200 86124 "-" "Mozilla/5.0 AppleWebKit/537.36 (KHTML, like Gecko; compatible; GPTBot/1.3; +https://openai.com/gptbot)"
74.7.227.15 - - [21/Nov/2025:00:45:30 -0800] "GET /search.php?remind206020078.html HTTP/2.0" 200 86311 "-" "Mozilla/5.0 AppleWebKit/537.36 (KHTML, like Gecko; compatible; GPTBot/1.3; +https://openai.com/gptbot)"
74.7.227.15 - - [21/Nov/2025:00:45:31 -0800] "GET /search.php?tag143021697.html HTTP/2.0" 200 85637 "-" "Mozilla/5.0 AppleWebKit/537.36 (KHTML, like Gecko; compatible; GPTBot/1.3; +https://openai.com/gptbot)"
74.7.227.15 - - [21/Nov/2025:00:45:33 -0800] "GET /search.php?channel=156e34&from=https://mollywoppersnyb.com/chat.htm?angel278005012.html&m=2921046028692 HTTP/2.0" 200 86126 "-" "Mozilla/5.0 AppleWebKit/537.36 (KHTML, like Gecko; compatible; GPTBot/1.3; +https://openai.com/gptbot)"
66.249.69.233 - - [21/Nov/2025:00:45:33 -0800] "GET /?market=1696134193 HTTP/1.1" 200 24217 "-" "Mozilla/5.0 (Linux; Android 6.0.1; Nexus 5X Build/MMB29P) AppleWebKit/537.36 (KHTML, like Gecko) Chrome/141.0.7390.122 Mobile Safari/537.36 (compatible; Googlebot/2.1; +http://www.google.com/bot.html)"
66.249.69.233 - - [21/Nov/2025:00:45:34 -0800] "GET /?market=415266404 HTTP/1.1" 200 21261 "-" "Mozilla/5.0 (Linux; Android 6.0.1; Nexus 5X Build/MMB29P) AppleWebKit/537.36 (KHTML, like Gecko) Chrome/141.0.7390.122 Mobile Safari/537.36 (compatible; Googlebot/2.1; +http://www.google.com/bot.html)"
74.7.227.15 - - [21/Nov/2025:00:45:34 -0800] "GET /search.php?channel=156e34&from=https://mollywoppersnyb.com/chat.htm?sharply076033662.html&m=2921046028692 HTTP/2.0" 200 86318 "-" "Mozilla/5.0 AppleWebKit/537.36 (KHTML, like Gecko; compatible; GPTBot/1.3; +https://openai.com/gptbot)"
66.249.69.233 - - [21/Nov/2025:00:45:35 -0800] "GET /?market=415354442 HTTP/1.1" 200 20858 "-" "Mozilla/5.0 (Linux; Android 6.0.1; Nexus 5X Build/MMB29P) AppleWebKit/537.36 (KHTML, like Gecko) Chrome/141.0.7390.122 Mobile Safari/537.36 (compatible; Googlebot/2.1; +http://www.google.com/bot.html)"
74.7.227.15 - - [21/Nov/2025:00:45:35 -0800] "GET /search.php?channel=156e34&from=https://mollywoppersnyb.com/chat.htm?moderate060005280.html&m=2921046028692 HTTP/2.0" 200 87051 "-" "Mozilla/5.0 AppleWebKit/537.36 (KHTML, like Gecko; compatible; GPTBot/1.3; +https://openai.com/gptbot)"
66.249.69.233 - - [21/Nov/2025:00:45:36 -0800] "GET /?market=1377388591 HTTP/1.1" 200 21162 "-" "Mozilla/5.0 (Linux; Android 6.0.1; Nexus 5X Build/MMB29P) AppleWebKit/537.36 (KHTML, like Gecko) Chrome/141.0.7390.122 Mobile Safari/537.36 (compatible; Googlebot/2.1; +http://www.google.com/bot.html)"
74.7.227.15 - - [21/Nov/2025:00:45:37 -0800] "GET /search.php?channel=156e34&from=https://mollywoppersnyb.com/chat.htm?comprise071007305.html&m=2921046028692 HTTP/2.0" 200 85674 "-" "Mozilla/5.0 AppleWebKit/537.36 (KHTML, like Gecko; compatible; GPTBot/1.3; +https://openai.com/gptbot)"
66.249.69.233 - - [21/Nov/2025:00:45:38 -0800] "GET /market/5229098 HTTP/1.1" 200 25758 "-" "Mozilla/5.0 (Linux; Android 6.0.1; Nexus 5X Build/MMB29P) AppleWebKit/537.36 (KHTML, like Gecko) Chrome/141.0.7390.122 Mobile Safari/537.36 (compatible; GoogleOther)"
74.7.227.15 - - [21/Nov/2025:00:45:38 -0800] "GET /search.php?channel=156e34&from=https://mollywoppersnyb.com/chat.htm?items/131005104.html&m=2921046028692 HTTP/2.0" 200 85793 "-" "Mozilla/5.0 AppleWebKit/537.36 (KHTML, like Gecko; compatible; GPTBot/1.3; +https://openai.com/gptbot)"
74.7.227.15 - - [21/Nov/2025:00:45:39 -0800] "GET /search.php?channel=156e34&from=https://mollywoppersnyb.com/chat.htm?items/136035143.html&m=2921046028692 HTTP/2.0" 200 85697 "-" "Mozilla/5.0 AppleWebKit/537.36 (KHTML, like Gecko; compatible; GPTBot/1.3; +https://openai.com/gptbot)"
52.202.52.82 - - [21/Nov/2025:00:45:38 -0800] "GET /home/?path=//sys/class/tty/ptype/subsystem/ttyS8/device/subsystem/devices/reg-dummy/subsystem/drivers/reg-dummy/reg-dummy/driver/reg-dummy/regulator/regulator.0/device/driver HTTP/1.1" 200 6696 "-" "Mozilla/5.0 AppleWebKit/537.36 (KHTML, like Gecko; compatible; Amazonbot/0.1; +https://developer.amazon.com/support/amazonbot) Chrome/119.0.6045.214 Safari/537.36"
74.7.227.15 - - [21/Nov/2025:00:45:40 -0800] "GET /search.php?channel=156e34&from=https://mollywoppersnyb.com/chat.htm?items/173038962.html&m=2921046028692 HTTP/2.0" 200 86649 "-" "Mozilla/5.0 AppleWebKit/537.36 (KHTML, like Gecko; compatible; GPTBot/1.3; +https://openai.com/gptbot)"
74.7.227.15 - - [21/Nov/2025:00:45:41 -0800] "GET /search.php?channel=156e34&from=https://mollywoppersnyb.com/chat.htm?distract241024625.html&m=2921046028692 HTTP/2.0" 200 86443 "-" "Mozilla/5.0 AppleWebKit/537.36 (KHTML, like Gecko; compatible; GPTBot/1.3; +https://openai.com/gptbot)"
74.7.227.15 - - [21/Nov/2025:00:45:42 -0800] "GET /search.php?channel=156e34&from=https://mollywoppersnyb.com/chat.htm?items/250003175.html&m=2921046028692 HTTP/2.0" 200 86610 "-" "Mozilla/5.0 AppleWebKit/537.36 (KHTML, like Gecko; compatible; GPTBot/1.3; +https://openai.com/gptbot)"
66.249.69.233 - - [21/Nov/2025:00:45:43 -0800] "GET /market/1741529354 HTTP/1.1" 200 25537 "-" "Mozilla/5.0 (Linux; Android 6.0.1; Nexus 5X Build/MMB29P) AppleWebKit/537.36 (KHTML, like Gecko) Chrome/141.0.7390.122 Mobile Safari/537.36 (compatible; GoogleOther)"
74.7.227.15 - - [21/Nov/2025:00:45:43 -0800] "GET /search.php?channel=156e34&from=https://mollywoppersnyb.com/chat.htm?guidance242049020.html&m=2921046028692 HTTP/2.0" 200 85607 "-" "Mozilla/5.0 AppleWebKit/537.36 (KHTML, like Gecko; compatible; GPTBot/1.3; +https://openai.com/gptbot)"
74.7.227.15 - - [21/Nov/2025:00:45:44 -0800] "GET /search.php?channel=156e34&from=https://mollywoppersnyb.com/chat.htm?items/194015219.html&m=2921046028692 HTTP/2.0" 200 85894 "-" "Mozilla/5.0 AppleWebKit/537.36 (KHTML, like Gecko; compatible; GPTBot/1.3; +https://openai.com/gptbot)"
74.7.227.15 - - [21/Nov/2025:00:45:45 -0800] "GET /search.php?channel=156e34&from=https://mollywoppersnyb.com/chat.htm?distract204046588.html&m=2921046028692 HTTP/2.0" 200 86511 "-" "Mozilla/5.0 AppleWebKit/537.36 (KHTML, like Gecko; compatible; GPTBot/1.3; +https://openai.com/gptbot)"
3.221.222.168 - - [21/Nov/2025:00:45:46 -0800] "GET /?path=//sys/class/tty/ptype/subsystem/ttyS0/subsystem/ttyec/subsystem/ttyv0/subsystem/ptmx HTTP/1.1" 200 6609 "-" "Mozilla/5.0 AppleWebKit/537.36 (KHTML, like Gecko; compatible; Amazonbot/0.1; +https://developer.amazon.com/support/amazonbot) Chrome/119.0.6045.214 Safari/537.36"
74.7.227.15 - - [21/Nov/2025:00:45:47 -0800] "GET /search.php?channel=156e34&from=https://mollywoppersnyb.com/chat.htm?lighting285048639.html&m=2921046028692 HTTP/2.0" 200 86221 "-" "Mozilla/5.0 AppleWebKit/537.36 (KHTML, like Gecko; compatible; GPTBot/1.3; +https://openai.com/gptbot)"
74.7.227.15 - - [21/Nov/2025:00:45:48 -0800] "GET /search.php?channel=156e34&from=https://mollywoppersnyb.com/chat.htm?items/206022107.html&m=2921046028692 HTTP/2.0" 200 86194 "-" "Mozilla/5.0 AppleWebKit/537.36 (KHTML, like Gecko; compatible; GPTBot/1.3; +https://openai.com/gptbot)"
74.7.227.15 - - [21/Nov/2025:00:45:49 -0800] "GET /search.php?channel=156e34&from=https://mollywoppersnyb.com/chat.htm?egg237022021.html&m=2921046028692 HTTP/2.0" 200 85663 "-" "Mozilla/5.0 AppleWebKit/537.36 (KHTML, like Gecko; compatible; GPTBot/1.3; +https://openai.com/gptbot)"
3.94.199.128 - - [21/Nov/2025:00:45:50 -0800] "GET /?path=//sys/class/tty/ptype/subsystem/console/subsystem/ttyp1/subsystem/ttys1/subsystem/ttyv1 HTTP/1.1" 200 6589 "-" "Mozilla/5.0 AppleWebKit/537.36 (KHTML, like Gecko; compatible; Amazonbot/0.1; +https://developer.amazon.com/support/amazonbot) Chrome/119.0.6045.214 Safari/537.36"
74.7.227.15 - - [21/Nov/2025:00:45:51 -0800] "GET /search.php?channel=156e34&from=https://mollywoppersnyb.com/chat.htm?sometime238015778.html&m=2921046028692 HTTP/2.0" 200 86868 "-" "Mozilla/5.0 AppleWebKit/537.36 (KHTML, like Gecko; compatible; GPTBot/1.3; +https://openai.com/gptbot)"
74.7.227.15 - - [21/Nov/2025:00:45:52 -0800] "GET /search.php?channel=156e34&from=https://mollywoppersnyb.com/chat.htm?maybe241024847.html&m=2921046028692 HTTP/2.0" 200 86606 "-" "Mozilla/5.0 AppleWebKit/537.36 (KHTML, like Gecko; compatible; GPTBot/1.3; +https://openai.com/gptbot)"
74.7.227.15 - - [21/Nov/2025:00:45:53 -0800] "GET /search.php?channel=156e34&from=https://mollywoppersnyb.com/chat.htm?star216021454.html&m=2921046028692 HTTP/2.0" 200 86044 "-" "Mozilla/5.0 AppleWebKit/537.36 (KHTML, like Gecko; compatible; GPTBot/1.3; +https://openai.com/gptbot)"
74.7.227.15 - - [21/Nov/2025:00:45:54 -0800] "GET /search.php?channel=156e34&from=https://mollywoppersnyb.com/chat.htm?items/130042933.html&m=2921046028692 HTTP/2.0" 200 86210 "-" "Mozilla/5.0 AppleWebKit/537.36 (KHTML, like Gecko; compatible; GPTBot/1.3; +https://openai.com/gptbot)"
66.249.69.234 - - [21/Nov/2025:00:45:55 -0800] "GET /market/43603133 HTTP/1.1" 200 24684 "-" "Mozilla/5.0 (Linux; Android 6.0.1; Nexus 5X Build/MMB29P) AppleWebKit/537.36 (KHTML, like Gecko) Chrome/141.0.7390.122 Mobile Safari/537.36 (compatible; GoogleOther)"
74.7.227.15 - - [21/Nov/2025:00:45:56 -0800] "GET /search.php?channel=156e34&from=https://mollywoppersnyb.com/chat.htm?items/250003293.html&m=2921046028692 HTTP/2.0" 200 86354 "-" "Mozilla/5.0 AppleWebKit/537.36 (KHTML, like Gecko; compatible; GPTBot/1.3; +https://openai.com/gptbot)"
74.7.227.15 - - [21/Nov/2025:00:45:58 -0800] "GET /search.php?channel=156e34&from=https://mollywoppersnyb.com/chat.htm?items/058049213.html&m=2921046028692 HTTP/2.0" 200 85640 "-" "Mozilla/5.0 AppleWebKit/537.36 (KHTML, like Gecko; compatible; GPTBot/1.3; +https://openai.com/gptbot)"
74.7.227.15 - - [21/Nov/2025:00:45:59 -0800] "GET /search.php?channel=156e34&from=https://mollywoppersnyb.com/chat.htm?farm046007148.html&m=2921046028692 HTTP/2.0" 200 86590 "-" "Mozilla/5.0 AppleWebKit/537.36 (KHTML, like Gecko; compatible; GPTBot/1.3; +https://openai.com/gptbot)"
66.249.69.234 - - [21/Nov/2025:00:46:00 -0800] "GET /market/1372869369 HTTP/1.1" 200 26334 "-" "Mozilla/5.0 (Linux; Android 6.0.1; Nexus 5X Build/MMB29P) AppleWebKit/537.36 (KHTML, like Gecko) Chrome/141.0.7390.122 Mobile Safari/537.36 (compatible; GoogleOther)"
74.7.227.15 - - [21/Nov/2025:00:46:01 -0800] "GET /search.php?channel=156e34&from=https://mollywoppersnyb.com/chat.htm?blast107009475.html&m=2921046028692 HTTP/2.0" 200 85882 "-" "Mozilla/5.0 AppleWebKit/537.36 (KHTML, like Gecko; compatible; GPTBot/1.3; +https://openai.com/gptbot)"
3.223.134.5 - - [21/Nov/2025:00:46:02 -0800] "GET /?path=//sys/class/tty/ptype/subsystem/ttyp5/subsystem/ttyp0/subsystem/ttype/subsystem/ptmx HTTP/1.1" 200 6529 "-" "Mozilla/5.0 AppleWebKit/537.36 (KHTML, like Gecko; compatible; Amazonbot/0.1; +https://developer.amazon.com/support/amazonbot) Chrome/119.0.6045.214 Safari/537.36"
74.7.227.15 - - [21/Nov/2025:00:46:02 -0800] "GET /search.php?channel=156e34&from=https://mollywoppersnyb.com/chat.htm?toy208007624.html&m=2921046028692 HTTP/2.0" 200 86453 "-" "Mozilla/5.0 AppleWebKit/537.36 (KHTML, like Gecko; compatible; GPTBot/1.3; +https://openai.com/gptbot)"
74.7.227.15 - - [21/Nov/2025:00:46:03 -0800] "GET /search.php?channel=156e34&from=https://mollywoppersnyb.com/chat.htm?items/106015985.html&m=2921046028692 HTTP/2.0" 200 85706 "-" "Mozilla/5.0 AppleWebKit/537.36 (KHTML, like Gecko; compatible; GPTBot/1.3; +https://openai.com/gptbot)"
74.7.227.15 - - [21/Nov/2025:00:46:04 -0800] "GET /search.php?channel=156e34&from=https://mollywoppersnyb.com/chat.htm?drag241024849.html&m=2921046028692 HTTP/2.0" 200 86357 "-" "Mozilla/5.0 AppleWebKit/537.36 (KHTML, like Gecko; compatible; GPTBot/1.3; +https://openai.com/gptbot)"
154.54.249.195 - - [21/Nov/2025:00:46:06 -0800] "GET /2019/09/13/repost-spaghetti_breath%E3%83%BB%E3%83%BB%E3%83%BBmollywoppersnyb-first-meeting-of-the-season-coming-up-next-wednesday-september-18-730pm-at-the-omalley-club-come-on-out-and-get-your/?fileloc=/home/mollywopper/mollywoppersnyb.com/license.txt&path=/home/mollywopper/mollywoppersnyb.com HTTP/1.1" 200 641 "-" "Mozilla/5.0 (compatible; Barkrowler/0.9; +https://babbar.tech/crawler)"
74.7.227.15 - - [21/Nov/2025:00:46:05 -0800] "GET /search.php?channel=156e34&from=https://mollywoppersnyb.com/chat.htm?items/241024774.html&m=2921046028692 HTTP/2.0" 200 86600 "-" "Mozilla/5.0 AppleWebKit/537.36 (KHTML, like Gecko; compatible; GPTBot/1.3; +https://openai.com/gptbot)"
74.7.227.15 - - [21/Nov/2025:00:46:07 -0800] "GET /search.php?safe_search/config?return_url=%2Fproduct%2Fdetail%2Fkingdom-964287 HTTP/2.0" 200 86751 "-" "Mozilla/5.0 AppleWebKit/537.36 (KHTML, like Gecko; compatible; GPTBot/1.3; +https://openai.com/gptbot)"
74.7.227.15 - - [21/Nov/2025:00:46:08 -0800] "GET /search.php?product/edit/kingdom-813794 HTTP/2.0" 200 85865 "-" "Mozilla/5.0 AppleWebKit/537.36 (KHTML, like Gecko; compatible; GPTBot/1.3; +https://openai.com/gptbot)"
74.7.227.15 - - [21/Nov/2025:00:46:09 -0800] "GET /search.php?channel=156e34&from=https://mollywoppersnyb.com/chat.htm?items/075044750.html&m=2921046028692 HTTP/2.0" 200 86272 "-" "Mozilla/5.0 AppleWebKit/537.36 (KHTML, like Gecko; compatible; GPTBot/1.3; +https://openai.com/gptbot)"
18.210.58.238 - - [21/Nov/2025:00:46:10 -0800] "GET /?path=//sys/class/tty/ptype/subsystem/ttype/subsystem/ttyS1/subsystem/ttypc/subsystem/ttyp1 HTTP/1.1" 200 6575 "-" "Mozilla/5.0 AppleWebKit/537.36 (KHTML, like Gecko; compatible; Amazonbot/0.1; +https://developer.amazon.com/support/amazonbot) Chrome/119.0.6045.214 Safari/537.36"
74.7.227.15 - - [21/Nov/2025:00:46:10 -0800] "GET /search.php?channel=156e34&from=https://mollywoppersnyb.com/chat.htm?film238015770.html&m=2921046028692 HTTP/2.0" 200 86411 "-" "Mozilla/5.0 AppleWebKit/537.36 (KHTML, like Gecko; compatible; GPTBot/1.3; +https://openai.com/gptbot)"
74.7.227.15 - - [21/Nov/2025:00:46:12 -0800] "GET /search.php?channel=156e34&from=https://mollywoppersnyb.com/chat.htm?unit208007624.html&m=2921046028692 HTTP/2.0" 200 86410 "-" "Mozilla/5.0 AppleWebKit/537.36 (KHTML, like Gecko; compatible; GPTBot/1.3; +https://openai.com/gptbot)"
74.7.227.15 - - [21/Nov/2025:00:46:13 -0800] "GET /search.php?channel=156e34&from=https://mollywoppersnyb.com/chat.htm?items/244038635.html&m=2921046028692 HTTP/2.0" 200 86083 "-" "Mozilla/5.0 AppleWebKit/537.36 (KHTML, like Gecko; compatible; GPTBot/1.3; +https://openai.com/gptbot)"
74.7.227.15 - - [21/Nov/2025:00:46:14 -0800] "GET /search.php?channel=156e34&from=https://mollywoppersnyb.com/chat.htm?best107009475.html&m=2921046028692 HTTP/2.0" 200 85818 "-" "Mozilla/5.0 AppleWebKit/537.36 (KHTML, like Gecko; compatible; GPTBot/1.3; +https://openai.com/gptbot)"
18.206.47.187 - - [21/Nov/2025:00:46:15 -0800] "GET /?path=//sys/class/tty/ptype/subsystem/ttysf/subsystem/ttyp1/subsystem/ttysc/subsystem/ttyv1 HTTP/1.1" 200 6576 "-" "Mozilla/5.0 AppleWebKit/537.36 (KHTML, like Gecko; compatible; Amazonbot/0.1; +https://developer.amazon.com/support/amazonbot) Chrome/119.0.6045.214 Safari/537.36"
74.7.227.15 - - [21/Nov/2025:00:46:15 -0800] "GET /search.php?product/edit/kingdom-964287 HTTP/2.0" 200 85867 "-" "Mozilla/5.0 AppleWebKit/537.36 (KHTML, like Gecko; compatible; GPTBot/1.3; +https://openai.com/gptbot)"
74.7.227.15 - - [21/Nov/2025:00:46:16 -0800] "GET /search.php?pcmypage?callback=product/review/plot-store-1615-btp133fb HTTP/2.0" 200 85838 "-" "Mozilla/5.0 AppleWebKit/537.36 (KHTML, like Gecko; compatible; GPTBot/1.3; +https://openai.com/gptbot)"
74.7.227.15 - - [21/Nov/2025:00:46:17 -0800] "GET /search.php?delay241024849.html HTTP/2.0" 200 86497 "-" "Mozilla/5.0 AppleWebKit/537.36 (KHTML, like Gecko; compatible; GPTBot/1.3; +https://openai.com/gptbot)"
74.7.227.15 - - [21/Nov/2025:00:46:19 -0800] "GET /search.php?joint122036766.html HTTP/2.0" 200 86319 "-" "Mozilla/5.0 AppleWebKit/537.36 (KHTML, like Gecko; compatible; GPTBot/1.3; +https://openai.com/gptbot)"
74.7.227.15 - - [21/Nov/2025:00:46:20 -0800] "GET /search.php?channel=156e34&from=https://mollywoppersnyb.com/chat.htm?items/297049830.html&m=2921046028692 HTTP/2.0" 200 86329 "-" "Mozilla/5.0 AppleWebKit/537.36 (KHTML, like Gecko; compatible; GPTBot/1.3; +https://openai.com/gptbot)"
74.7.227.15 - - [21/Nov/2025:00:46:21 -0800] "GET /search.php?pcmypage?callback=product%2Fdetail%2Fjyusetsupro-1516033028 HTTP/2.0" 200 87247 "-" "Mozilla/5.0 AppleWebKit/537.36 (KHTML, like Gecko; compatible; GPTBot/1.3; +https://openai.com/gptbot)"
74.7.227.15 - - [21/Nov/2025:00:46:22 -0800] "GET /search.php?channel=156e34&from=https://mollywoppersnyb.com/chat.htm?items/287020092.html&m=2921046028692 HTTP/2.0" 200 86196 "-" "Mozilla/5.0 AppleWebKit/537.36 (KHTML, like Gecko; compatible; GPTBot/1.3; +https://openai.com/gptbot)"
74.7.227.15 - - [21/Nov/2025:00:46:23 -0800] "GET /search.php?channel=156e34&from=https://mollywoppersnyb.com/chat.htm?stand081027395.html&m=2921046028692 HTTP/2.0" 200 85771 "-" "Mozilla/5.0 AppleWebKit/537.36 (KHTML, like Gecko; compatible; GPTBot/1.3; +https://openai.com/gptbot)"
74.7.227.15 - - [21/Nov/2025:00:46:24 -0800] "GET /search.php?channel=156e34&from=https://mollywoppersnyb.com/chat.htm?items/143011452.html&m=2921046028692 HTTP/2.0" 200 86405 "-" "Mozilla/5.0 AppleWebKit/537.36 (KHTML, like Gecko; compatible; GPTBot/1.3; +https://openai.com/gptbot)"
74.7.227.15 - - [21/Nov/2025:00:46:26 -0800] "GET /search.php?channel=156e34&from=https://mollywoppersnyb.com/chat.htm?items/241024558.html&m=2921046028692 HTTP/2.0" 200 86675 "-" "Mozilla/5.0 AppleWebKit/537.36 (KHTML, like Gecko; compatible; GPTBot/1.3; +https://openai.com/gptbot)"
184.73.47.24 - - [21/Nov/2025:00:46:26 -0800] "GET /?path=//sys/class/tty/ptype/subsystem/ttyp8/subsystem/ttype/subsystem/ptype/subsystem/ttyvd HTTP/1.1" 200 6570 "-" "Mozilla/5.0 AppleWebKit/537.36 (KHTML, like Gecko; compatible; Amazonbot/0.1; +https://developer.amazon.com/support/amazonbot) Chrome/119.0.6045.214 Safari/537.36"
74.7.227.15 - - [21/Nov/2025:00:46:27 -0800] "GET /search.php?channel=156e34&from=https://mollywoppersnyb.com/chat.htm?items/223049084.html&m=2921046028692 HTTP/2.0" 200 85832 "-" "Mozilla/5.0 AppleWebKit/537.36 (KHTML, like Gecko; compatible; GPTBot/1.3; +https://openai.com/gptbot)"
74.7.227.15 - - [21/Nov/2025:00:46:28 -0800] "GET /search.php?channel=156e34&from=https://mollywoppersnyb.com/chat.htm?items/290001535.html&m=2921046028692 HTTP/2.0" 200 86523 "-" "Mozilla/5.0 AppleWebKit/537.36 (KHTML, like Gecko; compatible; GPTBot/1.3; +https://openai.com/gptbot)"
66.249.69.233 - - [21/Nov/2025:00:46:29 -0800] "GET /?market=1728437062 HTTP/1.1" 200 24276 "-" "Mozilla/5.0 (Linux; Android 6.0.1; Nexus 5X Build/MMB29P) AppleWebKit/537.36 (KHTML, like Gecko) Chrome/141.0.7390.122 Mobile Safari/537.36 (compatible; Googlebot/2.1; +http://www.google.com/bot.html)"
74.7.227.15 - - [21/Nov/2025:00:46:30 -0800] "GET /search.php?channel=156e34&from=https://mollywoppersnyb.com/chat.htm?items/043029872.html&m=2921046028692 HTTP/2.0" 200 86555 "-" "Mozilla/5.0 AppleWebKit/537.36 (KHTML, like Gecko; compatible; GPTBot/1.3; +https://openai.com/gptbot)"
74.7.227.15 - - [21/Nov/2025:00:46:31 -0800] "GET /search.php?channel=156e34&from=https://mollywoppersnyb.com/chat.htm?items/170041727.html&m=2921046028692 HTTP/2.0" 200 86116 "-" "Mozilla/5.0 AppleWebKit/537.36 (KHTML, like Gecko; compatible; GPTBot/1.3; +https://openai.com/gptbot)"
100.28.49.152 - - [21/Nov/2025:00:46:31 -0800] "GET /?path=//sys/class/tty/ptype/subsystem/ttyp0/subsystem/ttyua/subsystem/ttyv1/subsystem/ptmx HTTP/1.1" 200 6590 "-" "Mozilla/5.0 AppleWebKit/537.36 (KHTML, like Gecko; compatible; Amazonbot/0.1; +https://developer.amazon.com/support/amazonbot) Chrome/119.0.6045.214 Safari/537.36"
74.7.227.15 - - [21/Nov/2025:00:46:32 -0800] "GET /search.php?sink238015768.html HTTP/2.0" 200 86506 "-" "Mozilla/5.0 AppleWebKit/537.36 (KHTML, like Gecko; compatible; GPTBot/1.3; +https://openai.com/gptbot)"
74.7.227.15 - - [21/Nov/2025:00:46:33 -0800] "GET /search.php?channel=156e34&from=https://mollywoppersnyb.com/chat.htm?items/234018723.html&m=2921046028692 HTTP/2.0" 200 85907 "-" "Mozilla/5.0 AppleWebKit/537.36 (KHTML, like Gecko; compatible; GPTBot/1.3; +https://openai.com/gptbot)"
52.70.123.241 - - [21/Nov/2025:00:46:34 -0800] "GET /home/?path=//sys/class/tty/ptype/subsystem/ttyp0/subsystem/ttyv1/subsystem/ttyrf/subsystem/ttyp1 HTTP/1.1" 200 6580 "-" "Mozilla/5.0 AppleWebKit/537.36 (KHTML, like Gecko; compatible; Amazonbot/0.1; +https://developer.amazon.com/support/amazonbot) Chrome/119.0.6045.214 Safari/537.36"
66.249.69.233 - - [21/Nov/2025:00:46:35 -0800] "GET /market/1700026447 HTTP/1.1" 200 24503 "-" "Mozilla/5.0 (Linux; Android 6.0.1; Nexus 5X Build/MMB29P) AppleWebKit/537.36 (KHTML, like Gecko) Chrome/141.0.7390.122 Mobile Safari/537.36 (compatible; GoogleOther)"
74.7.227.15 - - [21/Nov/2025:00:46:35 -0800] "GET /search.php?channel=156e34&from=https://mollywoppersnyb.com/chat.htm?items/054015361.html&m=2921046028692 HTTP/2.0" 200 86023 "-" "Mozilla/5.0 AppleWebKit/537.36 (KHTML, like Gecko; compatible; GPTBot/1.3; +https://openai.com/gptbot)"
74.7.227.15 - - [21/Nov/2025:00:46:36 -0800] "GET /search.php?cycle238015764.html HTTP/2.0" 200 86160 "-" "Mozilla/5.0 AppleWebKit/537.36 (KHTML, like Gecko; compatible; GPTBot/1.3; +https://openai.com/gptbot)"
74.7.227.15 - - [21/Nov/2025:00:46:37 -0800] "GET /search.php?channel=156e34&from=https://mollywoppersnyb.com/chat.htm?items/241024246.html&m=2921046028692 HTTP/2.0" 200 86639 "-" "Mozilla/5.0 AppleWebKit/537.36 (KHTML, like Gecko; compatible; GPTBot/1.3; +https://openai.com/gptbot)"
74.7.227.15 - - [21/Nov/2025:00:46:39 -0800] "GET /search.php?globe081027395.html HTTP/2.0" 200 85707 "-" "Mozilla/5.0 AppleWebKit/537.36 (KHTML, like Gecko; compatible; GPTBot/1.3; +https://openai.com/gptbot)"
74.7.227.15 - - [21/Nov/2025:00:46:40 -0800] "GET /search.php?channel=156e34&from=https://mollywoppersnyb.com/chat.htm?grasp252027826.html&m=2921046028692 HTTP/2.0" 200 86598 "-" "Mozilla/5.0 AppleWebKit/537.36 (KHTML, like Gecko; compatible; GPTBot/1.3; +https://openai.com/gptbot)"
74.7.227.15 - - [21/Nov/2025:00:46:42 -0800] "GET /search.php?channel=156e34&from=https://mollywoppersnyb.com/chat.htm?items/290022571.html&m=2921046028692 HTTP/2.0" 200 86721 "-" "Mozilla/5.0 AppleWebKit/537.36 (KHTML, like Gecko; compatible; GPTBot/1.3; +https://openai.com/gptbot)"
74.7.227.15 - - [21/Nov/2025:00:46:43 -0800] "GET /search.php?channel=156e34&from=https://mollywoppersnyb.com/chat.htm?items/012048507.html&m=2921046028692 HTTP/2.0" 200 88109 "-" "Mozilla/5.0 AppleWebKit/537.36 (KHTML, like Gecko; compatible; GPTBot/1.3; +https://openai.com/gptbot)"
74.7.227.15 - - [21/Nov/2025:00:46:44 -0800] "GET /search.php?product/edit/ecjungle-mn30-6045 HTTP/2.0" 200 85961 "-" "Mozilla/5.0 AppleWebKit/537.36 (KHTML, like Gecko; compatible; GPTBot/1.3; +https://openai.com/gptbot)"
66.249.69.233 - - [21/Nov/2025:00:46:44 -0800] "GET /market/24265878 HTTP/1.1" 200 25873 "-" "Mozilla/5.0 (Linux; Android 6.0.1; Nexus 5X Build/MMB29P) AppleWebKit/537.36 (KHTML, like Gecko) Chrome/141.0.7390.122 Mobile Safari/537.36 (compatible; GoogleOther)"
74.7.227.15 - - [21/Nov/2025:00:46:45 -0800] "GET /search.php?quick033019045.html HTTP/2.0" 200 86289 "-" "Mozilla/5.0 AppleWebKit/537.36 (KHTML, like Gecko; compatible; GPTBot/1.3; +https://openai.com/gptbot)"
18.214.186.220 - - [21/Nov/2025:00:46:46 -0800] "GET /home/?path=//sys/class/tty/ptype/subsystem/ttyp0/subsystem/ptyp1/subsystem/ttyS0/subsystem/ptyp1 HTTP/1.1" 200 6575 "-" "Mozilla/5.0 AppleWebKit/537.36 (KHTML, like Gecko; compatible; Amazonbot/0.1; +https://developer.amazon.com/support/amazonbot) Chrome/119.0.6045.214 Safari/537.36"
74.7.227.15 - - [21/Nov/2025:00:46:46 -0800] "GET /search.php?channel=156e34&from=https://mollywoppersnyb.com/chat.htm?tree243005881.html&m=2921046028692 HTTP/2.0" 200 87233 "-" "Mozilla/5.0 AppleWebKit/537.36 (KHTML, like Gecko; compatible; GPTBot/1.3; +https://openai.com/gptbot)"
74.7.227.15 - - [21/Nov/2025:00:46:48 -0800] "GET /search.php?wide089027425.html HTTP/2.0" 200 86208 "-" "Mozilla/5.0 AppleWebKit/537.36 (KHTML, like Gecko; compatible; GPTBot/1.3; +https://openai.com/gptbot)"
74.7.227.15 - - [21/Nov/2025:00:46:49 -0800] "GET /search.php?channel=156e34&from=https://mollywoppersnyb.com/chat.htm?items/241024462.html&m=2921046028692 HTTP/2.0" 200 86395 "-" "Mozilla/5.0 AppleWebKit/537.36 (KHTML, like Gecko; compatible; GPTBot/1.3; +https://openai.com/gptbot)"
74.7.227.15 - - [21/Nov/2025:00:46:50 -0800] "GET /search.php?channel=156e34&from=https://mollywoppersnyb.com/chat.htm?items/149040428.html&m=2921046028692 HTTP/2.0" 200 85886 "-" "Mozilla/5.0 AppleWebKit/537.36 (KHTML, like Gecko; compatible; GPTBot/1.3; +https://openai.com/gptbot)"
74.7.227.15 - - [21/Nov/2025:00:46:51 -0800] "GET /search.php?channel=156e34&from=https://mollywoppersnyb.com/chat.htm?items/276017629.html&m=2921046028692 HTTP/2.0" 200 85988 "-" "Mozilla/5.0 AppleWebKit/537.36 (KHTML, like Gecko; compatible; GPTBot/1.3; +https://openai.com/gptbot)"
74.7.227.15 - - [21/Nov/2025:00:46:53 -0800] "GET /search.php?channel=156e34&from=https://mollywoppersnyb.com/chat.htm?spring252027696.html&m=2921046028692 HTTP/2.0" 200 86388 "-" "Mozilla/5.0 AppleWebKit/537.36 (KHTML, like Gecko; compatible; GPTBot/1.3; +https://openai.com/gptbot)"
3.215.221.125 - - [21/Nov/2025:00:46:54 -0800] "GET /?path=//sys/class/tty/ptype/subsystem/ttyre/subsystem/ttyp0/subsystem/ttysc/subsystem/ttyp1 HTTP/1.1" 200 6581 "-" "Mozilla/5.0 AppleWebKit/537.36 (KHTML, like Gecko; compatible; Amazonbot/0.1; +https://developer.amazon.com/support/amazonbot) Chrome/119.0.6045.214 Safari/537.36"
74.7.227.15 - - [21/Nov/2025:00:46:54 -0800] "GET /search.php?channel=156e34&from=https://mollywoppersnyb.com/chat.htm?items/131005638.html&m=2921046028692 HTTP/2.0" 200 86609 "-" "Mozilla/5.0 AppleWebKit/537.36 (KHTML, like Gecko; compatible; GPTBot/1.3; +https://openai.com/gptbot)"
74.7.227.15 - - [21/Nov/2025:00:46:56 -0800] "GET /search.php?channel=156e34&from=https://mollywoppersnyb.com/chat.htm?items/045007362.html&m=2921046028692 HTTP/2.0" 200 85974 "-" "Mozilla/5.0 AppleWebKit/537.36 (KHTML, like Gecko; compatible; GPTBot/1.3; +https://openai.com/gptbot)"
54.163.169.168 - - [21/Nov/2025:00:46:58 -0800] "GET /?path=//sys/class/tty/ptype/subsystem/ttyp0/subsystem/ttywa/subsystem/ttyp0/subsystem/ttyqb HTTP/1.1" 200 6566 "-" "Mozilla/5.0 AppleWebKit/537.36 (KHTML, like Gecko; compatible; Amazonbot/0.1; +https://developer.amazon.com/support/amazonbot) Chrome/119.0.6045.214 Safari/537.36"
74.7.227.15 - - [21/Nov/2025:00:46:57 -0800] "GET /search.php?nerve081027395.html HTTP/2.0" 200 85698 "-" "Mozilla/5.0 AppleWebKit/537.36 (KHTML, like Gecko; compatible; GPTBot/1.3; +https://openai.com/gptbot)"
74.7.227.15 - - [21/Nov/2025:00:46:59 -0800] "GET /search.php?channel=156e34&from=https://mollywoppersnyb.com/chat.htm?mood167032629.html&m=2921046028692 HTTP/2.0" 200 85683 "-" "Mozilla/5.0 AppleWebKit/537.36 (KHTML, like Gecko; compatible; GPTBot/1.3; +https://openai.com/gptbot)"
74.7.227.15 - - [21/Nov/2025:00:47:01 -0800] "GET /search.php?would243005881.html HTTP/2.0" 200 86979 "-" "Mozilla/5.0 AppleWebKit/537.36 (KHTML, like Gecko; compatible; GPTBot/1.3; +https://openai.com/gptbot)"
66.249.69.235 - - [21/Nov/2025:00:47:01 -0800] "GET /market/1743480414 HTTP/1.1" 200 24321 "-" "Mozilla/5.0 (Linux; Android 6.0.1; Nexus 5X Build/MMB29P) AppleWebKit/537.36 (KHTML, like Gecko) Chrome/141.0.7390.122 Mobile Safari/537.36 (compatible; GoogleOther)"
66.249.79.134 - - [21/Nov/2025:00:47:02 -0800] "GET /?market=2272517050 HTTP/1.1" 200 24713 "-" "Mozilla/5.0 (Linux; Android 6.0.1; Nexus 5X Build/MMB29P) AppleWebKit/537.36 (KHTML, like Gecko) Chrome/141.0.7390.122 Mobile Safari/537.36 (compatible; Googlebot/2.1; +http://www.google.com/bot.html)"
74.7.227.15 - - [21/Nov/2025:00:47:02 -0800] "GET /search.php?big238015778.html HTTP/2.0" 200 86131 "-" "Mozilla/5.0 AppleWebKit/537.36 (KHTML, like Gecko; compatible; GPTBot/1.3; +https://openai.com/gptbot)"
74.7.227.15 - - [21/Nov/2025:00:47:03 -0800] "GET /search.php?pcmypage?callback=/product%2Fdetail%2autoparts-agency02-504133030-1 HTTP/2.0" 200 85542 "-" "Mozilla/5.0 AppleWebKit/537.36 (KHTML, like Gecko; compatible; GPTBot/1.3; +https://openai.com/gptbot)"
74.7.227.15 - - [21/Nov/2025:00:47:05 -0800] "GET /search.php?channel=156e34&from=https://mollywoppersnyb.com/chat.htm?clerk023040541.html&m=2921046028692 HTTP/2.0" 200 85869 "-" "Mozilla/5.0 AppleWebKit/537.36 (KHTML, like Gecko; compatible; GPTBot/1.3; +https://openai.com/gptbot)"
74.7.227.15 - - [21/Nov/2025:00:47:06 -0800] "GET /search.php?exact110011772.html HTTP/2.0" 200 85756 "-" "Mozilla/5.0 AppleWebKit/537.36 (KHTML, like Gecko; compatible; GPTBot/1.3; +https://openai.com/gptbot)"
74.7.227.15 - - [21/Nov/2025:00:47:07 -0800] "GET /search.php?pcmypage?callback=/product%2Fdetail%2auc-amberpiece-hd00739 HTTP/2.0" 200 86044 "-" "Mozilla/5.0 AppleWebKit/537.36 (KHTML, like Gecko; compatible; GPTBot/1.3; +https://openai.com/gptbot)"
74.7.227.15 - - [21/Nov/2025:00:47:08 -0800] "GET /search.php?channel=156e34&from=https://mollywoppersnyb.com/chat.htm?items/009043328.html&m=2921046028692 HTTP/2.0" 200 85761 "-" "Mozilla/5.0 AppleWebKit/537.36 (KHTML, like Gecko; compatible; GPTBot/1.3; +https://openai.com/gptbot)"
74.7.227.15 - - [21/Nov/2025:00:47:09 -0800] "GET /search.php?dozen252027696.html HTTP/2.0" 200 86295 "-" "Mozilla/5.0 AppleWebKit/537.36 (KHTML, like Gecko; compatible; GPTBot/1.3; +https://openai.com/gptbot)"
44.212.106.171 - - [21/Nov/2025:00:47:10 -0800] "GET /?path=//sys/class/tty/ptype/subsystem/ttyv2/subsystem/console/subsystem/ttype/subsystem/console HTTP/1.1" 200 6578 "-" "Mozilla/5.0 AppleWebKit/537.36 (KHTML, like Gecko; compatible; Amazonbot/0.1; +https://developer.amazon.com/support/amazonbot) Chrome/119.0.6045.214 Safari/537.36"
74.7.227.15 - - [21/Nov/2025:00:47:11 -0800] "GET /search.php?film238015784.html HTTP/2.0" 200 86233 "-" "Mozilla/5.0 AppleWebKit/537.36 (KHTML, like Gecko; compatible; GPTBot/1.3; +https://openai.com/gptbot)"
74.7.227.15 - - [21/Nov/2025:00:47:12 -0800] "GET /search.php?song026032194.html HTTP/2.0" 200 86056 "-" "Mozilla/5.0 AppleWebKit/537.36 (KHTML, like Gecko; compatible; GPTBot/1.3; +https://openai.com/gptbot)"
74.7.227.15 - - [21/Nov/2025:00:47:13 -0800] "GET /search.php?channel=156e34&from=https://mollywoppersnyb.com/chat.htm?items/252027897.html&m=2921046028692 HTTP/2.0" 200 86287 "-" "Mozilla/5.0 AppleWebKit/537.36 (KHTML, like Gecko; compatible; GPTBot/1.3; +https://openai.com/gptbot)"
34.206.193.60 - - [21/Nov/2025:00:47:14 -0800] "GET /?path=//sys/class/tty/ptype/subsystem/ttysc/subsystem/console/subsystem/ttyp0/subsystem/ttyv1 HTTP/1.1" 200 6605 "-" "Mozilla/5.0 AppleWebKit/537.36 (KHTML, like Gecko; compatible; Amazonbot/0.1; +https://developer.amazon.com/support/amazonbot) Chrome/119.0.6045.214 Safari/537.36"
66.249.69.233 - - [21/Nov/2025:00:47:14 -0800] "GET /market/251856413 HTTP/1.1" 200 24107 "-" "Mozilla/5.0 (Linux; Android 6.0.1; Nexus 5X Build/MMB29P) AppleWebKit/537.36 (KHTML, like Gecko) Chrome/141.0.7390.122 Mobile Safari/537.36 (compatible; GoogleOther)"
74.7.227.15 - - [21/Nov/2025:00:47:14 -0800] "GET /search.php?channel=156e34&from=https://mollywoppersnyb.com/chat.htm?items/269046872.html&m=2921046028692 HTTP/2.0" 200 86252 "-" "Mozilla/5.0 AppleWebKit/537.36 (KHTML, like Gecko; compatible; GPTBot/1.3; +https://openai.com/gptbot)"
74.7.227.15 - - [21/Nov/2025:00:47:16 -0800] "GET /search.php?channel=156e34&from=https://mollywoppersnyb.com/chat.htm?van110011772.html&m=2921046028692 HTTP/2.0" 200 85914 "-" "Mozilla/5.0 AppleWebKit/537.36 (KHTML, like Gecko; compatible; GPTBot/1.3; +https://openai.com/gptbot)"
18.207.79.144 - - [21/Nov/2025:00:47:18 -0800] "GET /?path=//sys/class/tty/ptype/subsystem/ttype/subsystem/tty/subsystem/ttyqb/subsystem/ttyp1 HTTP/1.1" 200 6587 "-" "Mozilla/5.0 AppleWebKit/537.36 (KHTML, like Gecko; compatible; Amazonbot/0.1; +https://developer.amazon.com/support/amazonbot) Chrome/119.0.6045.214 Safari/537.36"
74.7.227.15 - - [21/Nov/2025:00:47:18 -0800] "GET /search.php?channel=156e34&from=https://mollywoppersnyb.com/chat.htm?prove252027898.html&m=2921046028692 HTTP/2.0" 200 86423 "-" "Mozilla/5.0 AppleWebKit/537.36 (KHTML, like Gecko; compatible; GPTBot/1.3; +https://openai.com/gptbot)"
74.7.227.15 - - [21/Nov/2025:00:47:19 -0800] "GET /search.php?channel=156e34&from=https://mollywoppersnyb.com/chat.htm?items/143029542.html&m=2921046028692 HTTP/2.0" 200 85839 "-" "Mozilla/5.0 AppleWebKit/537.36 (KHTML, like Gecko; compatible; GPTBot/1.3; +https://openai.com/gptbot)"
66.249.69.233 - - [21/Nov/2025:00:47:20 -0800] "GET /?market=1728518917 HTTP/1.1" 200 24455 "-" "Mozilla/5.0 (Linux; Android 6.0.1; Nexus 5X Build/MMB29P) AppleWebKit/537.36 (KHTML, like Gecko) Chrome/141.0.7390.122 Mobile Safari/537.36 (compatible; Googlebot/2.1; +http://www.google.com/bot.html)"
74.7.227.15 - - [21/Nov/2025:00:47:21 -0800] "GET /search.php?focus250001298.html HTTP/2.0" 200 86428 "-" "Mozilla/5.0 AppleWebKit/537.36 (KHTML, like Gecko; compatible; GPTBot/1.3; +https://openai.com/gptbot)"
74.7.227.15 - - [21/Nov/2025:00:47:22 -0800] "GET /search.php?channel=156e34&from=https://mollywoppersnyb.com/chat.htm?items/129009606.html&m=2921046028692 HTTP/2.0" 200 85639 "-" "Mozilla/5.0 AppleWebKit/537.36 (KHTML, like Gecko; compatible; GPTBot/1.3; +https://openai.com/gptbot)"
74.7.227.15 - - [21/Nov/2025:00:47:23 -0800] "GET /search.php?under238015774.html HTTP/2.0" 200 86452 "-" "Mozilla/5.0 AppleWebKit/537.36 (KHTML, like Gecko; compatible; GPTBot/1.3; +https://openai.com/gptbot)"
66.249.69.233 - - [21/Nov/2025:00:47:24 -0800] "GET /market/1752665522 HTTP/1.1" 200 25018 "-" "Mozilla/5.0 (Linux; Android 6.0.1; Nexus 5X Build/MMB29P) AppleWebKit/537.36 (KHTML, like Gecko) Chrome/141.0.7390.122 Mobile Safari/537.36 (compatible; GoogleOther)"
74.7.227.15 - - [21/Nov/2025:00:47:24 -0800] "GET /search.php?DNA231006409.html HTTP/2.0" 200 86749 "-" "Mozilla/5.0 AppleWebKit/537.36 (KHTML, like Gecko; compatible; GPTBot/1.3; +https://openai.com/gptbot)"
74.7.227.15 - - [21/Nov/2025:00:47:26 -0800] "GET /search.php?channel=156e34&from=https://mollywoppersnyb.com/chat.htm?middle026032194.html&m=2921046028692 HTTP/2.0" 200 86040 "-" "Mozilla/5.0 AppleWebKit/537.36 (KHTML, like Gecko; compatible; GPTBot/1.3; +https://openai.com/gptbot)"
74.7.227.15 - - [21/Nov/2025:00:47:27 -0800] "GET /search.php?admire019045999.html HTTP/2.0" 200 86610 "-" "Mozilla/5.0 AppleWebKit/537.36 (KHTML, like Gecko; compatible; GPTBot/1.3; +https://openai.com/gptbot)"
74.7.227.15 - - [21/Nov/2025:00:47:28 -0800] "GET /search.php?channel=156e34&from=https://mollywoppersnyb.com/chat.htm?build235004255.html&m=2921046028692 HTTP/2.0" 200 87227 "-" "Mozilla/5.0 AppleWebKit/537.36 (KHTML, like Gecko; compatible; GPTBot/1.3; +https://openai.com/gptbot)"
74.7.227.15 - - [21/Nov/2025:00:47:29 -0800] "GET /search.php?channel=156e34&from=https://mollywoppersnyb.com/chat.htm?items/252027899.html&m=2921046028692 HTTP/2.0" 200 86359 "-" "Mozilla/5.0 AppleWebKit/537.36 (KHTML, like Gecko; compatible; GPTBot/1.3; +https://openai.com/gptbot)"
74.7.227.15 - - [21/Nov/2025:00:47:30 -0800] "GET /search.php?channel=156e34&from=https://mollywoppersnyb.com/chat.htm?items/253015916.html&m=2921046028692 HTTP/2.0" 200 86595 "-" "Mozilla/5.0 AppleWebKit/537.36 (KHTML, like Gecko; compatible; GPTBot/1.3; +https://openai.com/gptbot)"
74.7.227.15 - - [21/Nov/2025:00:47:32 -0800] "GET /search.php?scent238015764.html HTTP/2.0" 200 86847 "-" "Mozilla/5.0 AppleWebKit/537.36 (KHTML, like Gecko; compatible; GPTBot/1.3; +https://openai.com/gptbot)"
74.7.227.15 - - [21/Nov/2025:00:47:33 -0800] "GET /search.php?dock067001589.html HTTP/2.0" 200 86039 "-" "Mozilla/5.0 AppleWebKit/537.36 (KHTML, like Gecko; compatible; GPTBot/1.3; +https://openai.com/gptbot)"
18.209.137.234 - - [21/Nov/2025:00:47:34 -0800] "GET /?path=//sys/class/tty/ptype/subsystem/tty1/subsystem/ttyv1/subsystem/ttyp1/subsystem/ptmx HTTP/1.1" 200 6589 "-" "Mozilla/5.0 AppleWebKit/537.36 (KHTML, like Gecko; compatible; Amazonbot/0.1; +https://developer.amazon.com/support/amazonbot) Chrome/119.0.6045.214 Safari/537.36"
74.7.227.15 - - [21/Nov/2025:00:47:34 -0800] "GET /search.php?channel=156e34&from=https://mollywoppersnyb.com/chat.htm?items/231004856.html&m=2921046028692 HTTP/2.0" 200 87059 "-" "Mozilla/5.0 AppleWebKit/537.36 (KHTML, like Gecko; compatible; GPTBot/1.3; +https://openai.com/gptbot)"
66.249.69.233 - - [21/Nov/2025:00:47:34 -0800] "GET /market/36044357 HTTP/1.1" 200 24051 "-" "Mozilla/5.0 (Linux; Android 6.0.1; Nexus 5X Build/MMB29P) AppleWebKit/537.36 (KHTML, like Gecko) Chrome/141.0.7390.122 Mobile Safari/537.36 (compatible; GoogleOther)"
74.7.227.15 - - [21/Nov/2025:00:47:36 -0800] "GET /search.php?channel=156e34&from=https://mollywoppersnyb.com/chat.htm?items/121035774.html&m=2921046028692 HTTP/2.0" 200 85823 "-" "Mozilla/5.0 AppleWebKit/537.36 (KHTML, like Gecko; compatible; GPTBot/1.3; +https://openai.com/gptbot)"
74.7.227.15 - - [21/Nov/2025:00:47:37 -0800] "GET /search.php?channel=156e34&from=https://mollywoppersnyb.com/chat.htm?deeply026032194.html&m=2921046028692 HTTP/2.0" 200 85927 "-" "Mozilla/5.0 AppleWebKit/537.36 (KHTML, like Gecko; compatible; GPTBot/1.3; +https://openai.com/gptbot)"
66.249.87.105 - - [21/Nov/2025:00:47:38 -0800] "GET /?market=2389050996 HTTP/1.1" 200 10381 "-" "Mozilla/5.0 (X11; Linux x86_64) AppleWebKit/537.36 (KHTML, like Gecko) Chrome/141.0.7390.122 Safari/537.36"
74.7.227.15 - - [21/Nov/2025:00:47:38 -0800] "GET /search.php?lucky209015243.html HTTP/2.0" 200 87609 "-" "Mozilla/5.0 AppleWebKit/537.36 (KHTML, like Gecko; compatible; GPTBot/1.3; +https://openai.com/gptbot)"
52.204.81.148 - - [21/Nov/2025:00:47:38 -0800] "GET /home/?path=//sys/class/tty/ptype/subsystem/ttyS8/device/subsystem/devices/reg-dummy/subsystem/devices/reg-dummy/driver/reg-dummy/driver/reg-dummy/subsystem/devices/kgdboc/driver HTTP/1.1" 200 6550 "-" "Mozilla/5.0 AppleWebKit/537.36 (KHTML, like Gecko; compatible; Amazonbot/0.1; +https://developer.amazon.com/support/amazonbot) Chrome/119.0.6045.214 Safari/537.36"
74.7.227.15 - - [21/Nov/2025:00:47:39 -0800] "GET /search.php?give231006409.html HTTP/2.0" 200 86916 "-" "Mozilla/5.0 AppleWebKit/537.36 (KHTML, like Gecko; compatible; GPTBot/1.3; +https://openai.com/gptbot)"
74.7.227.15 - - [21/Nov/2025:00:47:41 -0800] "GET /search.php?final238015778.html HTTP/2.0" 200 86548 "-" "Mozilla/5.0 AppleWebKit/537.36 (KHTML, like Gecko; compatible; GPTBot/1.3; +https://openai.com/gptbot)"
74.7.227.15 - - [21/Nov/2025:00:47:42 -0800] "GET /search.php?channel=156e34&from=https://mollywoppersnyb.com/chat.htm?items/218000639.html&m=2921046028692 HTTP/2.0" 200 86351 "-" "Mozilla/5.0 AppleWebKit/537.36 (KHTML, like Gecko; compatible; GPTBot/1.3; +https://openai.com/gptbot)"
44.215.210.112 - - [21/Nov/2025:00:47:42 -0800] "GET /?path=//sys/class/tty/ptype/subsystem/ptype/subsystem/ttyp1/subsystem/ttyde/subsystem/ttypc HTTP/1.1" 200 6557 "-" "Mozilla/5.0 AppleWebKit/537.36 (KHTML, like Gecko; compatible; Amazonbot/0.1; +https://developer.amazon.com/support/amazonbot) Chrome/119.0.6045.214 Safari/537.36"
74.7.227.15 - - [21/Nov/2025:00:47:43 -0800] "GET /search.php?channel=156e34&from=https://mollywoppersnyb.com/chat.htm?prevent152042934.html&m=2921046028692 HTTP/2.0" 200 86768 "-" "Mozilla/5.0 AppleWebKit/537.36 (KHTML, like Gecko; compatible; GPTBot/1.3; +https://openai.com/gptbot)"
74.7.227.15 - - [21/Nov/2025:00:47:44 -0800] "GET /search.php?channel=156e34&from=https://mollywoppersnyb.com/chat.htm?consumer016033368.html&m=2921046028692 HTTP/2.0" 200 86248 "-" "Mozilla/5.0 AppleWebKit/537.36 (KHTML, like Gecko; compatible; GPTBot/1.3; +https://openai.com/gptbot)"
74.7.227.15 - - [21/Nov/2025:00:47:45 -0800] "GET /search.php?channel=156e34&from=https://mollywoppersnyb.com/chat.htm?because004000842.html&m=2921046028692 HTTP/2.0" 200 86428 "-" "Mozilla/5.0 AppleWebKit/537.36 (KHTML, like Gecko; compatible; GPTBot/1.3; +https://openai.com/gptbot)"
74.7.227.15 - - [21/Nov/2025:00:47:46 -0800] "GET /search.php?channel=156e34&from=https://mollywoppersnyb.com/chat.htm?security004011914.html&m=2921046028692 HTTP/2.0" 200 85733 "-" "Mozilla/5.0 AppleWebKit/537.36 (KHTML, like Gecko; compatible; GPTBot/1.3; +https://openai.com/gptbot)"
66.249.69.233 - - [21/Nov/2025:00:47:47 -0800] "GET /market/100365706 HTTP/1.1" 200 30114 "-" "Mozilla/5.0 (Linux; Android 6.0.1; Nexus 5X Build/MMB29P) AppleWebKit/537.36 (KHTML, like Gecko) Chrome/141.0.7390.122 Mobile Safari/537.36 (compatible; GoogleOther)"
74.7.227.15 - - [21/Nov/2025:00:47:47 -0800] "GET /search.php?channel=156e34&from=https://mollywoppersnyb.com/chat.htm?similar109020797.html&m=2921046028692 HTTP/2.0" 200 85737 "-" "Mozilla/5.0 AppleWebKit/537.36 (KHTML, like Gecko; compatible; GPTBot/1.3; +https://openai.com/gptbot)"
74.7.227.15 - - [21/Nov/2025:00:47:48 -0800] "GET /search.php?channel=156e34&from=https://mollywoppersnyb.com/chat.htm?items/204020911.html&m=2921046028692 HTTP/2.0" 200 86358 "-" "Mozilla/5.0 AppleWebKit/537.36 (KHTML, like Gecko; compatible; GPTBot/1.3; +https://openai.com/gptbot)"
74.7.227.15 - - [21/Nov/2025:00:47:49 -0800] "GET /search.php?channel=156e34&from=https://mollywoppersnyb.com/chat.htm?items/067010494.html&m=2921046028692 HTTP/2.0" 200 86221 "-" "Mozilla/5.0 AppleWebKit/537.36 (KHTML, like Gecko; compatible; GPTBot/1.3; +https://openai.com/gptbot)"
44.205.120.22 - - [21/Nov/2025:00:47:50 -0800] "GET /home/?path=//sys/class/tty/ptype/subsystem/ttyza/subsystem/ptype/subsystem/ttyp1/subsystem/ttyS0/device HTTP/1.1" 200 6817 "-" "Mozilla/5.0 AppleWebKit/537.36 (KHTML, like Gecko; compatible; Amazonbot/0.1; +https://developer.amazon.com/support/amazonbot) Chrome/119.0.6045.214 Safari/537.36"
74.7.227.15 - - [21/Nov/2025:00:47:50 -0800] "GET /search.php?channel=156e34&from=https://mollywoppersnyb.com/chat.htm?horn238015778.html&m=2921046028692 HTTP/2.0" 200 86461 "-" "Mozilla/5.0 AppleWebKit/537.36 (KHTML, like Gecko; compatible; GPTBot/1.3; +https://openai.com/gptbot)"
74.7.227.15 - - [21/Nov/2025:00:47:52 -0800] "GET /search.php?channel=156e34&from=https://mollywoppersnyb.com/chat.htm?junior238015770.html&m=2921046028692 HTTP/2.0" 200 86383 "-" "Mozilla/5.0 AppleWebKit/537.36 (KHTML, like Gecko; compatible; GPTBot/1.3; +https://openai.com/gptbot)"
74.7.227.15 - - [21/Nov/2025:00:47:53 -0800] "GET /search.php?nobody026032194.html HTTP/2.0" 200 85993 "-" "Mozilla/5.0 AppleWebKit/537.36 (KHTML, like Gecko; compatible; GPTBot/1.3; +https://openai.com/gptbot)"
