52.203.237.170 - - [03/Nov/2025:02:13:42 -0800] "GET /2017/11/06/jeeves-siri-round-up-to-56-days-whatever-come-pay-your-dues-and-drink-some-cold-ones-with-the-boys-730-at-omalley-this-wednesday-were-also-collecting-canned-goods-for-the-murraycomiccl/?path=//sys/dev/char/2:71 HTTP/1.1" 200 6443 "-" "Mozilla/5.0 AppleWebKit/537.36 (KHTML, like Gecko; compatible; Amazonbot/0.1; +https://developer.amazon.com/support/amazonbot) Chrome/119.0.6045.214 Safari/537.36"
192.178.6.99 - - [03/Nov/2025:02:13:44 -0800] "GET /?market=2316965451 HTTP/1.1" 200 31656 "-" "Mozilla/5.0 (Linux; Android 6.0.1; Nexus 5X Build/MMB29P) AppleWebKit/537.36 (KHTML, like Gecko) Chrome/141.0.7390.122 Mobile Safari/537.36 (compatible; GoogleOther)"
23.21.179.120 - - [03/Nov/2025:02:13:47 -0800] "GET /2015/06/10/wheres-the-rest-of-you-mollywoppersnybs-at-youre-late-omalleys/?path=//run/shm/acme_novo.cotaragora.com.br HTTP/1.1" 200 6533 "-" "Mozilla/5.0 AppleWebKit/537.36 (KHTML, like Gecko; compatible; Amazonbot/0.1; +https://developer.amazon.com/support/amazonbot) Chrome/119.0.6045.214 Safari/537.36"
192.178.6.99 - - [03/Nov/2025:02:13:48 -0800] "GET /?market=2332414265 HTTP/1.1" 200 29543 "-" "Mozilla/5.0 (Linux; Android 6.0.1; Nexus 5X Build/MMB29P) AppleWebKit/537.36 (KHTML, like Gecko) Chrome/141.0.7390.122 Mobile Safari/537.36 (compatible; GoogleOther)"
51.161.65.13 - - [03/Nov/2025:02:13:49 -0800] "GET /?market=1979622972 HTTP/2.0" 200 109 "-" "Mozilla/5.0 (compatible; AhrefsBot/7.0; +http://ahrefs.com/robot/)"
192.178.6.99 - - [03/Nov/2025:02:13:50 -0800] "GET /?market=1421272273 HTTP/1.1" 200 32894 "-" "Mozilla/5.0 (Linux; Android 6.0.1; Nexus 5X Build/MMB29P) AppleWebKit/537.36 (KHTML, like Gecko) Chrome/141.0.7390.122 Mobile Safari/537.36 (compatible; Googlebot/2.1; +http://www.google.com/bot.html)"
23.23.213.182 - - [03/Nov/2025:02:13:50 -0800] "GET /2015/06/10/wheres-the-rest-of-you-mollywoppersnybs-at-youre-late-omalleys/?path=//etc/networkd-dispatcher/no-carrier.d HTTP/1.1" 200 6113 "-" "Mozilla/5.0 AppleWebKit/537.36 (KHTML, like Gecko; compatible; Amazonbot/0.1; +https://developer.amazon.com/support/amazonbot) Chrome/119.0.6045.214 Safari/537.36"
192.178.6.100 - - [03/Nov/2025:02:13:51 -0800] "GET /?market=2089379400 HTTP/1.1" 200 31407 "-" "Mozilla/5.0 (Linux; Android 6.0.1; Nexus 5X Build/MMB29P) AppleWebKit/537.36 (KHTML, like Gecko) Chrome/141.0.7390.122 Mobile Safari/537.36 (compatible; GoogleOther)"
192.178.6.99 - - [03/Nov/2025:02:13:54 -0800] "GET /?market=2077239252 HTTP/1.1" 200 32121 "-" "Mozilla/5.0 (Linux; Android 6.0.1; Nexus 5X Build/MMB29P) AppleWebKit/537.36 (KHTML, like Gecko) Chrome/141.0.7390.122 Mobile Safari/537.36 (compatible; GoogleOther)"
23.23.213.182 - - [03/Nov/2025:02:13:54 -0800] "GET /2017/11/04/dont-be-a-chicken/?path=//lib/locale/es_EC HTTP/1.1" 200 6938 "-" "Mozilla/5.0 AppleWebKit/537.36 (KHTML, like Gecko; compatible; Amazonbot/0.1; +https://developer.amazon.com/support/amazonbot) Chrome/119.0.6045.214 Safari/537.36"
107.22.208.39 - - [03/Nov/2025:02:13:57 -0800] "GET /2017/11/06/jeeves-siri-round-up-to-56-days-whatever-come-pay-your-dues-and-drink-some-cold-ones-with-the-boys-730-at-omalley-this-wednesday-were-also-collecting-canned-goods-for-the-murraycomiccl/?path=//sys/kernel/iommu_groups/10 HTTP/1.1" 200 6461 "-" "Mozilla/5.0 AppleWebKit/537.36 (KHTML, like Gecko; compatible; Amazonbot/0.1; +https://developer.amazon.com/support/amazonbot) Chrome/119.0.6045.214 Safari/537.36"
192.178.6.100 - - [03/Nov/2025:02:13:58 -0800] "GET /?market=2141308597 HTTP/1.1" 200 31486 "-" "Mozilla/5.0 (Linux; Android 6.0.1; Nexus 5X Build/MMB29P) AppleWebKit/537.36 (KHTML, like Gecko) Chrome/141.0.7390.122 Mobile Safari/537.36 (compatible; GoogleOther)"
192.178.6.100 - - [03/Nov/2025:02:14:01 -0800] "GET /?market=45563675 HTTP/1.1" 200 29332 "-" "Mozilla/5.0 (Linux; Android 6.0.1; Nexus 5X Build/MMB29P) AppleWebKit/537.36 (KHTML, like Gecko) Chrome/141.0.7390.122 Mobile Safari/537.36 (compatible; GoogleOther)"
100.29.164.178 - - [03/Nov/2025:02:14:02 -0800] "GET /?fileloc=//bin/lesspipe&path=//bin HTTP/1.1" 200 8886 "-" "Mozilla/5.0 AppleWebKit/537.36 (KHTML, like Gecko; compatible; Amazonbot/0.1; +https://developer.amazon.com/support/amazonbot) Chrome/119.0.6045.214 Safari/537.36"
192.178.6.99 - - [03/Nov/2025:02:14:04 -0800] "GET /?market=1857780443 HTTP/1.1" 200 31866 "-" "Mozilla/5.0 (Linux; Android 6.0.1; Nexus 5X Build/MMB29P) AppleWebKit/537.36 (KHTML, like Gecko) Chrome/141.0.7390.122 Mobile Safari/537.36 (compatible; GoogleOther)"
98.82.40.168 - - [03/Nov/2025:02:14:06 -0800] "GET /2017/11/06/jeeves-siri-round-up-to-56-days-whatever-come-pay-your-dues-and-drink-some-cold-ones-with-the-boys-730-at-omalley-this-wednesday-were-also-collecting-canned-goods-for-the-murraycomiccl/?path=//sys/kernel/irq/649 HTTP/1.1" 200 6598 "-" "Mozilla/5.0 AppleWebKit/537.36 (KHTML, like Gecko; compatible; Amazonbot/0.1; +https://developer.amazon.com/support/amazonbot) Chrome/119.0.6045.214 Safari/537.36"
192.178.6.99 - - [03/Nov/2025:02:14:08 -0800] "GET /?market=1859861094 HTTP/1.1" 200 29205 "-" "Mozilla/5.0 (Linux; Android 6.0.1; Nexus 5X Build/MMB29P) AppleWebKit/537.36 (KHTML, like Gecko) Chrome/141.0.7390.122 Mobile Safari/537.36 (compatible; GoogleOther)"
98.82.39.241 - - [03/Nov/2025:02:14:10 -0800] "GET /home/page/28/?path=//usr/lib/xorg/modules HTTP/1.1" 200 6850 "-" "Mozilla/5.0 AppleWebKit/537.36 (KHTML, like Gecko; compatible; Amazonbot/0.1; +https://developer.amazon.com/support/amazonbot) Chrome/119.0.6045.214 Safari/537.36"
192.178.6.99 - - [03/Nov/2025:02:14:11 -0800] "GET /?market=2079670197 HTTP/1.1" 200 29396 "-" "Mozilla/5.0 (Linux; Android 6.0.1; Nexus 5X Build/MMB29P) AppleWebKit/537.36 (KHTML, like Gecko) Chrome/141.0.7390.122 Mobile Safari/537.36 (compatible; GoogleOther)"
100.28.118.16 - - [03/Nov/2025:02:14:11 -0800] "GET /home/?fileloc=//bin/mh/prompter&path=//bin/mh HTTP/1.1" 200 6016 "-" "Mozilla/5.0 AppleWebKit/537.36 (KHTML, like Gecko; compatible; Amazonbot/0.1; +https://developer.amazon.com/support/amazonbot) Chrome/119.0.6045.214 Safari/537.36"
192.178.6.99 - - [03/Nov/2025:02:14:14 -0800] "GET /?market=2049839184 HTTP/1.1" 200 27445 "-" "Mozilla/5.0 (Linux; Android 6.0.1; Nexus 5X Build/MMB29P) AppleWebKit/537.36 (KHTML, like Gecko) Chrome/141.0.7390.122 Mobile Safari/537.36 (compatible; GoogleOther)"
216.73.216.11 - - [03/Nov/2025:02:14:15 -0800] "GET /?market=844036617 HTTP/2.0" 200 5898 "-" "Mozilla/5.0 AppleWebKit/537.36 (KHTML, like Gecko; compatible; ClaudeBot/1.0; +claudebot@anthropic.com)"
192.178.6.99 - - [03/Nov/2025:02:14:17 -0800] "GET /?market=2303663414 HTTP/1.1" 200 27586 "-" "Mozilla/5.0 (Linux; Android 6.0.1; Nexus 5X Build/MMB29P) AppleWebKit/537.36 (KHTML, like Gecko) Chrome/141.0.7390.122 Mobile Safari/537.36 (compatible; GoogleOther)"
216.73.216.11 - - [03/Nov/2025:02:14:18 -0800] "GET /?market=844652466 HTTP/2.0" 200 5797 "-" "Mozilla/5.0 AppleWebKit/537.36 (KHTML, like Gecko; compatible; ClaudeBot/1.0; +claudebot@anthropic.com)"
54.87.62.248 - - [03/Nov/2025:02:14:18 -0800] "GET /2017/11/06/jeeves-siri-round-up-to-56-days-whatever-come-pay-your-dues-and-drink-some-cold-ones-with-the-boys-730-at-omalley-this-wednesday-were-also-collecting-canned-goods-for-the-murraycomiccl/?path=//sys/class/tty/ttyza HTTP/1.1" 200 6447 "-" "Mozilla/5.0 AppleWebKit/537.36 (KHTML, like Gecko; compatible; Amazonbot/0.1; +https://developer.amazon.com/support/amazonbot) Chrome/119.0.6045.214 Safari/537.36"
192.178.6.99 - - [03/Nov/2025:02:14:20 -0800] "GET /?market=2147585055 HTTP/1.1" 200 27540 "-" "Mozilla/5.0 (Linux; Android 6.0.1; Nexus 5X Build/MMB29P) AppleWebKit/537.36 (KHTML, like Gecko) Chrome/141.0.7390.122 Mobile Safari/537.36 (compatible; GoogleOther)"
216.73.216.11 - - [03/Nov/2025:02:14:21 -0800] "GET /?market=844684888 HTTP/2.0" 200 5789 "-" "Mozilla/5.0 AppleWebKit/537.36 (KHTML, like Gecko; compatible; ClaudeBot/1.0; +claudebot@anthropic.com)"
34.224.9.144 - - [03/Nov/2025:02:14:22 -0800] "GET /2017/11/04/working-on-that-backdrop-see-ya-on-january-1st/?path=//run/systemd/generator/getty.target.wants HTTP/1.1" 200 6341 "-" "Mozilla/5.0 AppleWebKit/537.36 (KHTML, like Gecko; compatible; Amazonbot/0.1; +https://developer.amazon.com/support/amazonbot) Chrome/119.0.6045.214 Safari/537.36"
192.178.6.99 - - [03/Nov/2025:02:14:24 -0800] "GET /?market=420137041 HTTP/1.1" 200 28115 "-" "Mozilla/5.0 (Linux; Android 6.0.1; Nexus 5X Build/MMB29P) AppleWebKit/537.36 (KHTML, like Gecko) Chrome/141.0.7390.122 Mobile Safari/537.36 (compatible; GoogleOther)"
216.73.216.11 - - [03/Nov/2025:02:14:24 -0800] "GET /?market=844584612 HTTP/2.0" 200 5834 "-" "Mozilla/5.0 AppleWebKit/537.36 (KHTML, like Gecko; compatible; ClaudeBot/1.0; +claudebot@anthropic.com)"
192.178.6.99 - - [03/Nov/2025:02:14:27 -0800] "GET /?market=2333965567 HTTP/1.1" 200 28417 "-" "Mozilla/5.0 (Linux; Android 6.0.1; Nexus 5X Build/MMB29P) AppleWebKit/537.36 (KHTML, like Gecko) Chrome/141.0.7390.122 Mobile Safari/537.36 (compatible; GoogleOther)"
216.73.216.11 - - [03/Nov/2025:02:14:27 -0800] "GET /?market=844426829 HTTP/2.0" 200 5813 "-" "Mozilla/5.0 AppleWebKit/537.36 (KHTML, like Gecko; compatible; ClaudeBot/1.0; +claudebot@anthropic.com)"
192.178.6.99 - - [03/Nov/2025:02:14:30 -0800] "GET /?market=2101450699 HTTP/1.1" 200 27817 "-" "Mozilla/5.0 (Linux; Android 6.0.1; Nexus 5X Build/MMB29P) AppleWebKit/537.36 (KHTML, like Gecko) Chrome/141.0.7390.122 Mobile Safari/537.36 (compatible; GoogleOther)"
216.73.216.11 - - [03/Nov/2025:02:14:30 -0800] "GET /?market=844706321 HTTP/2.0" 200 5831 "-" "Mozilla/5.0 AppleWebKit/537.36 (KHTML, like Gecko; compatible; ClaudeBot/1.0; +claudebot@anthropic.com)"
34.205.170.13 - - [03/Nov/2025:02:14:30 -0800] "GET /2017/11/06/jeeves-siri-round-up-to-56-days-whatever-come-pay-your-dues-and-drink-some-cold-ones-with-the-boys-730-at-omalley-this-wednesday-were-also-collecting-canned-goods-for-the-murraycomiccl/?path=//sys/class/tty/ptyx0 HTTP/1.1" 200 6515 "-" "Mozilla/5.0 AppleWebKit/537.36 (KHTML, like Gecko; compatible; Amazonbot/0.1; +https://developer.amazon.com/support/amazonbot) Chrome/119.0.6045.214 Safari/537.36"
54.163.136.244 - - [03/Nov/2025:02:14:32 -0800] "GET /2017/11/06/jeeves-siri-round-up-to-56-days-whatever-come-pay-your-dues-and-drink-some-cold-ones-with-the-boys-730-at-omalley-this-wednesday-were-also-collecting-canned-goods-for-the-murraycomiccl/?path=//lib/ruby/2.7.0/benchmark HTTP/1.1" 200 6336 "-" "Mozilla/5.0 AppleWebKit/537.36 (KHTML, like Gecko; compatible; Amazonbot/0.1; +https://developer.amazon.com/support/amazonbot) Chrome/119.0.6045.214 Safari/537.36"
192.178.6.99 - - [03/Nov/2025:02:14:33 -0800] "GET /?market=2325172434 HTTP/1.1" 200 29570 "-" "Mozilla/5.0 (Linux; Android 6.0.1; Nexus 5X Build/MMB29P) AppleWebKit/537.36 (KHTML, like Gecko) Chrome/141.0.7390.122 Mobile Safari/537.36 (compatible; GoogleOther)"
216.73.216.11 - - [03/Nov/2025:02:14:33 -0800] "GET /?market=844373040 HTTP/2.0" 200 5832 "-" "Mozilla/5.0 AppleWebKit/537.36 (KHTML, like Gecko; compatible; ClaudeBot/1.0; +claudebot@anthropic.com)"
192.178.6.99 - - [03/Nov/2025:02:14:34 -0800] "GET /?market=2324190174 HTTP/1.1" 200 31200 "-" "Mozilla/5.0 (Linux; Android 6.0.1; Nexus 5X Build/MMB29P) AppleWebKit/537.36 (KHTML, like Gecko) Chrome/141.0.7390.122 Mobile Safari/537.36 (compatible; Googlebot/2.1; +http://www.google.com/bot.html)"
192.178.6.99 - - [03/Nov/2025:02:14:35 -0800] "GET /?market=1421355121 HTTP/1.1" 200 28561 "-" "Mozilla/5.0 (Linux; Android 6.0.1; Nexus 5X Build/MMB29P) AppleWebKit/537.36 (KHTML, like Gecko) Chrome/141.0.7390.122 Mobile Safari/537.36 (compatible; Googlebot/2.1; +http://www.google.com/bot.html)"
216.73.216.11 - - [03/Nov/2025:02:14:36 -0800] "GET /?market=844487251 HTTP/2.0" 200 5838 "-" "Mozilla/5.0 AppleWebKit/537.36 (KHTML, like Gecko; compatible; ClaudeBot/1.0; +claudebot@anthropic.com)"
100.29.63.24 - - [03/Nov/2025:02:14:36 -0800] "GET /2017/11/06/jeeves-siri-round-up-to-56-days-whatever-come-pay-your-dues-and-drink-some-cold-ones-with-the-boys-730-at-omalley-this-wednesday-were-also-collecting-canned-goods-for-the-murraycomiccl/?path=//sys/class/thermal/cooling_device113 HTTP/1.1" 200 6667 "-" "Mozilla/5.0 AppleWebKit/537.36 (KHTML, like Gecko; compatible; Amazonbot/0.1; +https://developer.amazon.com/support/amazonbot) Chrome/119.0.6045.214 Safari/537.36"
192.178.6.99 - - [03/Nov/2025:02:14:36 -0800] "GET /?market=2332485003 HTTP/1.1" 200 29452 "-" "Mozilla/5.0 (Linux; Android 6.0.1; Nexus 5X Build/MMB29P) AppleWebKit/537.36 (KHTML, like Gecko) Chrome/141.0.7390.122 Mobile Safari/537.36 (compatible; GoogleOther)"
216.73.216.11 - - [03/Nov/2025:02:14:39 -0800] "GET /?market=844559560 HTTP/2.0" 200 5821 "-" "Mozilla/5.0 AppleWebKit/537.36 (KHTML, like Gecko; compatible; ClaudeBot/1.0; +claudebot@anthropic.com)"
192.178.6.100 - - [03/Nov/2025:02:14:40 -0800] "GET /?market=2332343975 HTTP/1.1" 200 31020 "-" "Mozilla/5.0 (Linux; Android 6.0.1; Nexus 5X Build/MMB29P) AppleWebKit/537.36 (KHTML, like Gecko) Chrome/141.0.7390.122 Mobile Safari/537.36 (compatible; GoogleOther)"
216.73.216.11 - - [03/Nov/2025:02:14:42 -0800] "GET /?market=844588425 HTTP/2.0" 200 5800 "-" "Mozilla/5.0 AppleWebKit/537.36 (KHTML, like Gecko; compatible; ClaudeBot/1.0; +claudebot@anthropic.com)"
52.4.229.9 - - [03/Nov/2025:02:14:42 -0800] "GET /2017/11/06/jeeves-siri-round-up-to-56-days-whatever-come-pay-your-dues-and-drink-some-cold-ones-with-the-boys-730-at-omalley-this-wednesday-were-also-collecting-canned-goods-for-the-murraycomiccl/?path=//sys/class/tty/ttyed HTTP/1.1" 200 6499 "-" "Mozilla/5.0 AppleWebKit/537.36 (KHTML, like Gecko; compatible; Amazonbot/0.1; +https://developer.amazon.com/support/amazonbot) Chrome/119.0.6045.214 Safari/537.36"
52.73.6.26 - - [03/Nov/2025:02:14:44 -0800] "GET /2017/11/06/jeeves-siri-round-up-to-56-days-whatever-come-pay-your-dues-and-drink-some-cold-ones-with-the-boys-730-at-omalley-this-wednesday-were-also-collecting-canned-goods-for-the-murraycomiccl/?path=//sys/kernel/irq/452 HTTP/1.1" 200 6558 "-" "Mozilla/5.0 AppleWebKit/537.36 (KHTML, like Gecko; compatible; Amazonbot/0.1; +https://developer.amazon.com/support/amazonbot) Chrome/119.0.6045.214 Safari/537.36"
192.178.6.100 - - [03/Nov/2025:02:14:44 -0800] "GET /?market=2321050730 HTTP/1.1" 200 28865 "-" "Mozilla/5.0 (Linux; Android 6.0.1; Nexus 5X Build/MMB29P) AppleWebKit/537.36 (KHTML, like Gecko) Chrome/141.0.7390.122 Mobile Safari/537.36 (compatible; GoogleOther)"
216.73.216.11 - - [03/Nov/2025:02:14:45 -0800] "GET /?market=844180399 HTTP/2.0" 200 5825 "-" "Mozilla/5.0 AppleWebKit/537.36 (KHTML, like Gecko; compatible; ClaudeBot/1.0; +claudebot@anthropic.com)"
192.178.6.99 - - [03/Nov/2025:02:14:48 -0800] "GET /?market=2322627949 HTTP/1.1" 200 31680 "-" "Mozilla/5.0 (Linux; Android 6.0.1; Nexus 5X Build/MMB29P) AppleWebKit/537.36 (KHTML, like Gecko) Chrome/141.0.7390.122 Mobile Safari/537.36 (compatible; GoogleOther)"
216.73.216.11 - - [03/Nov/2025:02:14:48 -0800] "GET /?market=844476584 HTTP/2.0" 200 5807 "-" "Mozilla/5.0 AppleWebKit/537.36 (KHTML, like Gecko; compatible; ClaudeBot/1.0; +claudebot@anthropic.com)"
18.211.39.188 - - [03/Nov/2025:02:14:49 -0800] "GET /2017/11/06/jeeves-siri-round-up-to-56-days-whatever-come-pay-your-dues-and-drink-some-cold-ones-with-the-boys-730-at-omalley-this-wednesday-were-also-collecting-canned-goods-for-the-murraycomiccl/?path=//sys/dev/char/3:255 HTTP/1.1" 200 6508 "-" "Mozilla/5.0 AppleWebKit/537.36 (KHTML, like Gecko; compatible; Amazonbot/0.1; +https://developer.amazon.com/support/amazonbot) Chrome/119.0.6045.214 Safari/537.36"
192.178.6.100 - - [03/Nov/2025:02:14:52 -0800] "GET /?market=2318701318 HTTP/1.1" 200 32954 "-" "Mozilla/5.0 (Linux; Android 6.0.1; Nexus 5X Build/MMB29P) AppleWebKit/537.36 (KHTML, like Gecko) Chrome/141.0.7390.122 Mobile Safari/537.36 (compatible; GoogleOther)"
54.86.59.155 - - [03/Nov/2025:02:14:53 -0800] "GET /home/?path=//etc/apt/sources.list.d HTTP/1.1" 200 6676 "-" "Mozilla/5.0 AppleWebKit/537.36 (KHTML, like Gecko; compatible; Amazonbot/0.1; +https://developer.amazon.com/support/amazonbot) Chrome/119.0.6045.214 Safari/537.36"
192.178.6.100 - - [03/Nov/2025:02:14:55 -0800] "GET /?market=2140126652 HTTP/1.1" 200 27988 "-" "Mozilla/5.0 (Linux; Android 6.0.1; Nexus 5X Build/MMB29P) AppleWebKit/537.36 (KHTML, like Gecko) Chrome/141.0.7390.122 Mobile Safari/537.36 (compatible; GoogleOther)"
98.82.40.168 - - [03/Nov/2025:02:14:57 -0800] "GET /home/?path=//lib/locale/ln_CD HTTP/1.1" 200 6866 "-" "Mozilla/5.0 AppleWebKit/537.36 (KHTML, like Gecko; compatible; Amazonbot/0.1; +https://developer.amazon.com/support/amazonbot) Chrome/119.0.6045.214 Safari/537.36"
192.178.6.99 - - [03/Nov/2025:02:14:59 -0800] "GET /?market=412269107 HTTP/1.1" 200 31560 "-" "Mozilla/5.0 (Linux; Android 6.0.1; Nexus 5X Build/MMB29P) AppleWebKit/537.36 (KHTML, like Gecko) Chrome/141.0.7390.122 Mobile Safari/537.36 (compatible; GoogleOther)"
52.22.64.232 - - [03/Nov/2025:02:15:01 -0800] "GET /?path=//run/rpc_pipefs HTTP/1.1" 200 6610 "-" "Mozilla/5.0 AppleWebKit/537.36 (KHTML, like Gecko; compatible; Amazonbot/0.1; +https://developer.amazon.com/support/amazonbot) Chrome/119.0.6045.214 Safari/537.36"
192.178.6.100 - - [03/Nov/2025:02:15:03 -0800] "GET /?market=2318584993 HTTP/1.1" 200 32680 "-" "Mozilla/5.0 (Linux; Android 6.0.1; Nexus 5X Build/MMB29P) AppleWebKit/537.36 (KHTML, like Gecko) Chrome/141.0.7390.122 Mobile Safari/537.36 (compatible; GoogleOther)"
34.204.150.196 - - [03/Nov/2025:02:15:05 -0800] "GET /home/?path=//sys/class/scsi_disk HTTP/1.1" 200 6070 "-" "Mozilla/5.0 AppleWebKit/537.36 (KHTML, like Gecko; compatible; Amazonbot/0.1; +https://developer.amazon.com/support/amazonbot) Chrome/119.0.6045.214 Safari/537.36"
192.178.6.99 - - [03/Nov/2025:02:15:07 -0800] "GET /?market=2345924319 HTTP/1.1" 200 32505 "-" "Mozilla/5.0 (Linux; Android 6.0.1; Nexus 5X Build/MMB29P) AppleWebKit/537.36 (KHTML, like Gecko) Chrome/141.0.7390.122 Mobile Safari/537.36 (compatible; GoogleOther)"
54.225.181.161 - - [03/Nov/2025:02:15:09 -0800] "GET /my-account/?path=//var HTTP/1.1" 200 6868 "-" "Mozilla/5.0 AppleWebKit/537.36 (KHTML, like Gecko; compatible; Amazonbot/0.1; +https://developer.amazon.com/support/amazonbot) Chrome/119.0.6045.214 Safari/537.36"
192.178.6.99 - - [03/Nov/2025:02:15:10 -0800] "GET /?market=420257020 HTTP/1.1" 200 28620 "-" "Mozilla/5.0 (Linux; Android 6.0.1; Nexus 5X Build/MMB29P) AppleWebKit/537.36 (KHTML, like Gecko) Chrome/141.0.7390.122 Mobile Safari/537.36 (compatible; GoogleOther)"
192.178.6.99 - - [03/Nov/2025:02:15:11 -0800] "GET /?market=51227550 HTTP/1.1" 200 32139 "-" "Mozilla/5.0 (Linux; Android 6.0.1; Nexus 5X Build/MMB29P) AppleWebKit/537.36 (KHTML, like Gecko) Chrome/141.0.7390.122 Mobile Safari/537.36 (compatible; Googlebot/2.1; +http://www.google.com/bot.html)"
44.205.74.196 - - [03/Nov/2025:02:15:12 -0800] "GET /home/?fileloc=//lib/python2.7/cookielib.py&path=//lib/python2.7 HTTP/1.1" 200 24181 "-" "Mozilla/5.0 AppleWebKit/537.36 (KHTML, like Gecko; compatible; Amazonbot/0.1; +https://developer.amazon.com/support/amazonbot) Chrome/119.0.6045.214 Safari/537.36"
192.178.6.99 - - [03/Nov/2025:02:15:14 -0800] "GET /?market=2323352020 HTTP/1.1" 200 27802 "-" "Mozilla/5.0 (Linux; Android 6.0.1; Nexus 5X Build/MMB29P) AppleWebKit/537.36 (KHTML, like Gecko) Chrome/141.0.7390.122 Mobile Safari/537.36 (compatible; GoogleOther)"
216.73.216.11 - - [03/Nov/2025:02:15:16 -0800] "GET /?market=844714075 HTTP/2.0" 200 5847 "-" "Mozilla/5.0 AppleWebKit/537.36 (KHTML, like Gecko; compatible; ClaudeBot/1.0; +claudebot@anthropic.com)"
54.84.93.8 - - [03/Nov/2025:02:15:16 -0800] "GET /2015/06/10/wheres-the-rest-of-you-mollywoppersnybs-at-youre-late-omalleys/?path=//var/run/dbus HTTP/1.1" 200 6070 "-" "Mozilla/5.0 AppleWebKit/537.36 (KHTML, like Gecko; compatible; Amazonbot/0.1; +https://developer.amazon.com/support/amazonbot) Chrome/119.0.6045.214 Safari/537.36"
192.178.6.99 - - [03/Nov/2025:02:15:17 -0800] "GET /?market=1859919146 HTTP/1.1" 200 28845 "-" "Mozilla/5.0 (Linux; Android 6.0.1; Nexus 5X Build/MMB29P) AppleWebKit/537.36 (KHTML, like Gecko) Chrome/141.0.7390.122 Mobile Safari/537.36 (compatible; GoogleOther)"
216.73.216.11 - - [03/Nov/2025:02:15:19 -0800] "GET /?market=844240821 HTTP/2.0" 200 5813 "-" "Mozilla/5.0 AppleWebKit/537.36 (KHTML, like Gecko; compatible; ClaudeBot/1.0; +claudebot@anthropic.com)"
192.178.6.99 - - [03/Nov/2025:02:15:19 -0800] "GET /?market=1421374983 HTTP/1.1" 200 31002 "-" "Mozilla/5.0 (Linux; Android 6.0.1; Nexus 5X Build/MMB29P) AppleWebKit/537.36 (KHTML, like Gecko) Chrome/141.0.7390.122 Mobile Safari/537.36 (compatible; Googlebot/2.1; +http://www.google.com/bot.html)"
192.178.6.99 - - [03/Nov/2025:02:15:21 -0800] "GET /?market=32352688 HTTP/1.1" 200 27193 "-" "Mozilla/5.0 (Linux; Android 6.0.1; Nexus 5X Build/MMB29P) AppleWebKit/537.36 (KHTML, like Gecko) Chrome/141.0.7390.122 Mobile Safari/537.36 (compatible; GoogleOther)"
98.83.72.38 - - [03/Nov/2025:02:15:20 -0800] "GET /home/?path=//lib/locale/de_CH.utf8 HTTP/1.1" 200 6909 "-" "Mozilla/5.0 AppleWebKit/537.36 (KHTML, like Gecko; compatible; Amazonbot/0.1; +https://developer.amazon.com/support/amazonbot) Chrome/119.0.6045.214 Safari/537.36"
216.73.216.11 - - [03/Nov/2025:02:15:22 -0800] "GET /?market=844435832 HTTP/2.0" 200 5831 "-" "Mozilla/5.0 AppleWebKit/537.36 (KHTML, like Gecko; compatible; ClaudeBot/1.0; +claudebot@anthropic.com)"
192.178.6.99 - - [03/Nov/2025:02:15:24 -0800] "GET /?market=2091054909 HTTP/1.1" 200 27864 "-" "Mozilla/5.0 (Linux; Android 6.0.1; Nexus 5X Build/MMB29P) AppleWebKit/537.36 (KHTML, like Gecko) Chrome/141.0.7390.122 Mobile Safari/537.36 (compatible; GoogleOther)"
216.73.216.11 - - [03/Nov/2025:02:15:25 -0800] "GET /?market=844385790 HTTP/2.0" 200 5796 "-" "Mozilla/5.0 AppleWebKit/537.36 (KHTML, like Gecko; compatible; ClaudeBot/1.0; +claudebot@anthropic.com)"
192.178.6.99 - - [03/Nov/2025:02:15:27 -0800] "GET /?market=2324371248 HTTP/1.1" 200 27708 "-" "Mozilla/5.0 (Linux; Android 6.0.1; Nexus 5X Build/MMB29P) AppleWebKit/537.36 (KHTML, like Gecko) Chrome/141.0.7390.122 Mobile Safari/537.36 (compatible; GoogleOther)"
3.216.227.216 - - [03/Nov/2025:02:15:27 -0800] "GET /home/?path=//usr/lib/apparmor HTTP/1.1" 200 6476 "-" "Mozilla/5.0 AppleWebKit/537.36 (KHTML, like Gecko; compatible; Amazonbot/0.1; +https://developer.amazon.com/support/amazonbot) Chrome/119.0.6045.214 Safari/537.36"
216.73.216.11 - - [03/Nov/2025:02:15:28 -0800] "GET /?market=844195521 HTTP/2.0" 200 5818 "-" "Mozilla/5.0 AppleWebKit/537.36 (KHTML, like Gecko; compatible; ClaudeBot/1.0; +claudebot@anthropic.com)"
54.84.250.51 - - [03/Nov/2025:02:15:29 -0800] "GET /?fileloc=//bin/manifest&path=//bin HTTP/1.1" 200 6960 "-" "Mozilla/5.0 AppleWebKit/537.36 (KHTML, like Gecko; compatible; Amazonbot/0.1; +https://developer.amazon.com/support/amazonbot) Chrome/119.0.6045.214 Safari/537.36"
192.178.6.99 - - [03/Nov/2025:02:15:31 -0800] "GET /?market=2342733262 HTTP/1.1" 200 28580 "-" "Mozilla/5.0 (Linux; Android 6.0.1; Nexus 5X Build/MMB29P) AppleWebKit/537.36 (KHTML, like Gecko) Chrome/141.0.7390.122 Mobile Safari/537.36 (compatible; GoogleOther)"
216.73.216.11 - - [03/Nov/2025:02:15:31 -0800] "GET /?market=844534058 HTTP/2.0" 200 5840 "-" "Mozilla/5.0 AppleWebKit/537.36 (KHTML, like Gecko; compatible; ClaudeBot/1.0; +claudebot@anthropic.com)"
23.21.175.228 - - [03/Nov/2025:02:15:32 -0800] "GET /2017/11/06/jeeves-siri-round-up-to-56-days-whatever-come-pay-your-dues-and-drink-some-cold-ones-with-the-boys-730-at-omalley-this-wednesday-were-also-collecting-canned-goods-for-the-murraycomiccl/?path=//var/run/systemd/shutdown HTTP/1.1" 200 6106 "-" "Mozilla/5.0 AppleWebKit/537.36 (KHTML, like Gecko; compatible; Amazonbot/0.1; +https://developer.amazon.com/support/amazonbot) Chrome/119.0.6045.214 Safari/537.36"
192.178.6.100 - - [03/Nov/2025:02:15:34 -0800] "GET /?market=2069206681 HTTP/1.1" 200 31971 "-" "Mozilla/5.0 (Linux; Android 6.0.1; Nexus 5X Build/MMB29P) AppleWebKit/537.36 (KHTML, like Gecko) Chrome/141.0.7390.122 Mobile Safari/537.36 (compatible; GoogleOther)"
216.73.216.11 - - [03/Nov/2025:02:15:34 -0800] "GET /?market=844103928 HTTP/2.0" 200 5834 "-" "Mozilla/5.0 AppleWebKit/537.36 (KHTML, like Gecko; compatible; ClaudeBot/1.0; +claudebot@anthropic.com)"
192.178.6.100 - - [03/Nov/2025:02:15:37 -0800] "GET /?market=1871213512 HTTP/1.1" 200 27980 "-" "Mozilla/5.0 (Linux; Android 6.0.1; Nexus 5X Build/MMB29P) AppleWebKit/537.36 (KHTML, like Gecko) Chrome/141.0.7390.122 Mobile Safari/537.36 (compatible; GoogleOther)"
216.73.216.11 - - [03/Nov/2025:02:15:37 -0800] "GET /?market=844729259 HTTP/2.0" 200 5834 "-" "Mozilla/5.0 AppleWebKit/537.36 (KHTML, like Gecko; compatible; ClaudeBot/1.0; +claudebot@anthropic.com)"
50.16.216.166 - - [03/Nov/2025:02:15:39 -0800] "GET /?fileloc=//bin/pg_basebackup&path=//bin HTTP/1.1" 200 9744 "-" "Mozilla/5.0 AppleWebKit/537.36 (KHTML, like Gecko; compatible; Amazonbot/0.1; +https://developer.amazon.com/support/amazonbot) Chrome/119.0.6045.214 Safari/537.36"
192.178.6.100 - - [03/Nov/2025:02:15:40 -0800] "GET /?market=2101659775 HTTP/1.1" 200 28461 "-" "Mozilla/5.0 (Linux; Android 6.0.1; Nexus 5X Build/MMB29P) AppleWebKit/537.36 (KHTML, like Gecko) Chrome/141.0.7390.122 Mobile Safari/537.36 (compatible; GoogleOther)"
216.73.216.11 - - [03/Nov/2025:02:15:40 -0800] "GET /?market=844728010 HTTP/2.0" 200 5822 "-" "Mozilla/5.0 AppleWebKit/537.36 (KHTML, like Gecko; compatible; ClaudeBot/1.0; +claudebot@anthropic.com)"
52.1.106.130 - - [03/Nov/2025:02:15:41 -0800] "GET /my-account/?path=//lib32 HTTP/1.1" 200 6085 "-" "Mozilla/5.0 AppleWebKit/537.36 (KHTML, like Gecko; compatible; Amazonbot/0.1; +https://developer.amazon.com/support/amazonbot) Chrome/119.0.6045.214 Safari/537.36"
216.73.216.11 - - [03/Nov/2025:02:15:43 -0800] "GET /?market=844265811 HTTP/2.0" 200 5842 "-" "Mozilla/5.0 AppleWebKit/537.36 (KHTML, like Gecko; compatible; ClaudeBot/1.0; +claudebot@anthropic.com)"
192.178.6.99 - - [03/Nov/2025:02:15:44 -0800] "GET /?market=2294956876 HTTP/1.1" 200 31158 "-" "Mozilla/5.0 (Linux; Android 6.0.1; Nexus 5X Build/MMB29P) AppleWebKit/537.36 (KHTML, like Gecko) Chrome/141.0.7390.122 Mobile Safari/537.36 (compatible; GoogleOther)"
216.73.216.11 - - [03/Nov/2025:02:15:46 -0800] "GET /?market=844556612 HTTP/2.0" 200 5833 "-" "Mozilla/5.0 AppleWebKit/537.36 (KHTML, like Gecko; compatible; ClaudeBot/1.0; +claudebot@anthropic.com)"
192.178.6.100 - - [03/Nov/2025:02:15:47 -0800] "GET /?market=2288884882 HTTP/1.1" 200 32558 "-" "Mozilla/5.0 (Linux; Android 6.0.1; Nexus 5X Build/MMB29P) AppleWebKit/537.36 (KHTML, like Gecko) Chrome/141.0.7390.122 Mobile Safari/537.36 (compatible; GoogleOther)"
54.197.82.195 - - [03/Nov/2025:02:15:47 -0800] "GET /2017/11/09/good-meeting-tonight-and-good-times-at-the-mifflin_tavern-after-party-its-nice-to-have-ya-back-roaming_romanrepost-via-roaming_roman-off-the-plane-onto-a-mummers-meeting-mollywoppers-and-je/?path=//var/cache/nscd HTTP/1.1" 200 6505 "-" "Mozilla/5.0 AppleWebKit/537.36 (KHTML, like Gecko; compatible; Amazonbot/0.1; +https://developer.amazon.com/support/amazonbot) Chrome/119.0.6045.214 Safari/537.36"
216.73.216.11 - - [03/Nov/2025:02:15:49 -0800] "GET /?market=844642086 HTTP/2.0" 200 5819 "-" "Mozilla/5.0 AppleWebKit/537.36 (KHTML, like Gecko; compatible; ClaudeBot/1.0; +claudebot@anthropic.com)"
192.178.6.100 - - [03/Nov/2025:02:15:50 -0800] "GET /?market=406126245 HTTP/1.1" 200 28548 "-" "Mozilla/5.0 (Linux; Android 6.0.1; Nexus 5X Build/MMB29P) AppleWebKit/537.36 (KHTML, like Gecko) Chrome/141.0.7390.122 Mobile Safari/537.36 (compatible; GoogleOther)"
216.73.216.11 - - [03/Nov/2025:02:15:52 -0800] "GET /?market=844519064 HTTP/2.0" 200 5789 "-" "Mozilla/5.0 AppleWebKit/537.36 (KHTML, like Gecko; compatible; ClaudeBot/1.0; +claudebot@anthropic.com)"
192.178.6.100 - - [03/Nov/2025:02:15:54 -0800] "GET /?market=2339772326 HTTP/1.1" 200 27709 "-" "Mozilla/5.0 (Linux; Android 6.0.1; Nexus 5X Build/MMB29P) AppleWebKit/537.36 (KHTML, like Gecko) Chrome/141.0.7390.122 Mobile Safari/537.36 (compatible; GoogleOther)"
18.215.24.66 - - [03/Nov/2025:02:15:54 -0800] "GET /2017/11/04/dont-be-a-chicken/?path=//lib/firmware/brcm HTTP/1.1" 200 11135 "-" "Mozilla/5.0 AppleWebKit/537.36 (KHTML, like Gecko; compatible; Amazonbot/0.1; +https://developer.amazon.com/support/amazonbot) Chrome/119.0.6045.214 Safari/537.36"
216.73.216.11 - - [03/Nov/2025:02:15:55 -0800] "GET /?market=844376787 HTTP/2.0" 200 5789 "-" "Mozilla/5.0 AppleWebKit/537.36 (KHTML, like Gecko; compatible; ClaudeBot/1.0; +claudebot@anthropic.com)"
192.178.6.100 - - [03/Nov/2025:02:15:57 -0800] "GET /?market=415125570 HTTP/1.1" 200 28196 "-" "Mozilla/5.0 (Linux; Android 6.0.1; Nexus 5X Build/MMB29P) AppleWebKit/537.36 (KHTML, like Gecko) Chrome/141.0.7390.122 Mobile Safari/537.36 (compatible; GoogleOther)"
34.231.118.144 - - [03/Nov/2025:02:15:58 -0800] "GET /2017/11/06/jeeves-siri-round-up-to-56-days-whatever-come-pay-your-dues-and-drink-some-cold-ones-with-the-boys-730-at-omalley-this-wednesday-were-also-collecting-canned-goods-for-the-murraycomiccl/?path=//sys/kernel/irq/259 HTTP/1.1" 200 6616 "-" "Mozilla/5.0 AppleWebKit/537.36 (KHTML, like Gecko; compatible; Amazonbot/0.1; +https://developer.amazon.com/support/amazonbot) Chrome/119.0.6045.214 Safari/537.36"
192.178.6.100 - - [03/Nov/2025:02:16:00 -0800] "GET /?market=2307310103 HTTP/1.1" 200 29059 "-" "Mozilla/5.0 (Linux; Android 6.0.1; Nexus 5X Build/MMB29P) AppleWebKit/537.36 (KHTML, like Gecko) Chrome/141.0.7390.122 Mobile Safari/537.36 (compatible; GoogleOther)"
52.200.93.170 - - [03/Nov/2025:02:16:01 -0800] "GET /2017/11/06/jeeves-siri-round-up-to-56-days-whatever-come-pay-your-dues-and-drink-some-cold-ones-with-the-boys-730-at-omalley-this-wednesday-were-also-collecting-canned-goods-for-the-murraycomiccl/?path=//sys/kernel/irq/347 HTTP/1.1" 200 6615 "-" "Mozilla/5.0 AppleWebKit/537.36 (KHTML, like Gecko; compatible; Amazonbot/0.1; +https://developer.amazon.com/support/amazonbot) Chrome/119.0.6045.214 Safari/537.36"
192.178.6.100 - - [03/Nov/2025:02:16:03 -0800] "GET /?market=2327529821 HTTP/1.1" 200 29208 "-" "Mozilla/5.0 (Linux; Android 6.0.1; Nexus 5X Build/MMB29P) AppleWebKit/537.36 (KHTML, like Gecko) Chrome/141.0.7390.122 Mobile Safari/537.36 (compatible; GoogleOther)"
192.178.6.100 - - [03/Nov/2025:02:16:04 -0800] "GET /?market=1421278006 HTTP/1.1" 200 31956 "-" "Mozilla/5.0 (Linux; Android 6.0.1; Nexus 5X Build/MMB29P) AppleWebKit/537.36 (KHTML, like Gecko) Chrome/141.0.7390.122 Mobile Safari/537.36 (compatible; Googlebot/2.1; +http://www.google.com/bot.html)"
3.211.181.86 - - [03/Nov/2025:02:16:04 -0800] "GET /home/page/28/?path=//sys/devices/uprobe/format HTTP/1.1" 200 6410 "-" "Mozilla/5.0 AppleWebKit/537.36 (KHTML, like Gecko; compatible; Amazonbot/0.1; +https://developer.amazon.com/support/amazonbot) Chrome/119.0.6045.214 Safari/537.36"
192.178.6.100 - - [03/Nov/2025:02:16:06 -0800] "GET /?market=2130730292 HTTP/1.1" 200 27947 "-" "Mozilla/5.0 (Linux; Android 6.0.1; Nexus 5X Build/MMB29P) AppleWebKit/537.36 (KHTML, like Gecko) Chrome/141.0.7390.122 Mobile Safari/537.36 (compatible; GoogleOther)"
52.71.46.142 - - [03/Nov/2025:02:16:09 -0800] "GET /2017/11/06/jeeves-siri-round-up-to-56-days-whatever-come-pay-your-dues-and-drink-some-cold-ones-with-the-boys-730-at-omalley-this-wednesday-were-also-collecting-canned-goods-for-the-murraycomiccl/?path=//sys/class/cpuid/cpu48 HTTP/1.1" 200 6499 "-" "Mozilla/5.0 AppleWebKit/537.36 (KHTML, like Gecko; compatible; Amazonbot/0.1; +https://developer.amazon.com/support/amazonbot) Chrome/119.0.6045.214 Safari/537.36"
192.178.6.99 - - [03/Nov/2025:02:16:10 -0800] "GET /?market=2076870795 HTTP/1.1" 200 31697 "-" "Mozilla/5.0 (Linux; Android 6.0.1; Nexus 5X Build/MMB29P) AppleWebKit/537.36 (KHTML, like Gecko) Chrome/141.0.7390.122 Mobile Safari/537.36 (compatible; GoogleOther)"
34.224.9.144 - - [03/Nov/2025:02:16:12 -0800] "GET /2015/06/10/wheres-the-rest-of-you-mollywoppersnybs-at-youre-late-omalleys/?path=//dev/shm/acme_files.tibians.club HTTP/1.1" 418 3870 "-" "Mozilla/5.0 AppleWebKit/537.36 (KHTML, like Gecko; compatible; Amazonbot/0.1; +https://developer.amazon.com/support/amazonbot) Chrome/119.0.6045.214 Safari/537.36"
192.178.6.99 - - [03/Nov/2025:02:16:13 -0800] "GET /?market=51816906 HTTP/1.1" 200 28153 "-" "Mozilla/5.0 (Linux; Android 6.0.1; Nexus 5X Build/MMB29P) AppleWebKit/537.36 (KHTML, like Gecko) Chrome/141.0.7390.122 Mobile Safari/537.36 (compatible; GoogleOther)"
54.164.106.236 - - [03/Nov/2025:02:16:15 -0800] "GET /2017/11/06/jeeves-siri-round-up-to-56-days-whatever-come-pay-your-dues-and-drink-some-cold-ones-with-the-boys-730-at-omalley-this-wednesday-were-also-collecting-canned-goods-for-the-murraycomiccl/?path=//sys/class/hwmon/hwmon6 HTTP/1.1" 200 6896 "-" "Mozilla/5.0 AppleWebKit/537.36 (KHTML, like Gecko; compatible; Amazonbot/0.1; +https://developer.amazon.com/support/amazonbot) Chrome/119.0.6045.214 Safari/537.36"
192.178.6.99 - - [03/Nov/2025:02:16:16 -0800] "GET /?market=2332335901 HTTP/1.1" 200 27628 "-" "Mozilla/5.0 (Linux; Android 6.0.1; Nexus 5X Build/MMB29P) AppleWebKit/537.36 (KHTML, like Gecko) Chrome/141.0.7390.122 Mobile Safari/537.36 (compatible; GoogleOther)"
192.178.6.99 - - [03/Nov/2025:02:16:19 -0800] "GET /?market=1856503893 HTTP/1.1" 200 28690 "-" "Mozilla/5.0 (Linux; Android 6.0.1; Nexus 5X Build/MMB29P) AppleWebKit/537.36 (KHTML, like Gecko) Chrome/141.0.7390.122 Mobile Safari/537.36 (compatible; GoogleOther)"
216.73.216.11 - - [03/Nov/2025:02:16:20 -0800] "GET /?market=844631099 HTTP/2.0" 200 5903 "-" "Mozilla/5.0 AppleWebKit/537.36 (KHTML, like Gecko; compatible; ClaudeBot/1.0; +claudebot@anthropic.com)"
192.178.6.99 - - [03/Nov/2025:02:16:22 -0800] "GET /?market=2130342450 HTTP/1.1" 200 29722 "-" "Mozilla/5.0 (Linux; Android 6.0.1; Nexus 5X Build/MMB29P) AppleWebKit/537.36 (KHTML, like Gecko) Chrome/141.0.7390.122 Mobile Safari/537.36 (compatible; GoogleOther)"
3.213.85.234 - - [03/Nov/2025:02:16:23 -0800] "GET /home/page/28/?path=//lib/locale/lv_LV/LC_MESSAGES HTTP/1.1" 200 6416 "-" "Mozilla/5.0 AppleWebKit/537.36 (KHTML, like Gecko; compatible; Amazonbot/0.1; +https://developer.amazon.com/support/amazonbot) Chrome/119.0.6045.214 Safari/537.36"
216.73.216.11 - - [03/Nov/2025:02:16:23 -0800] "GET /?market=844019381 HTTP/2.0" 200 5836 "-" "Mozilla/5.0 AppleWebKit/537.36 (KHTML, like Gecko; compatible; ClaudeBot/1.0; +claudebot@anthropic.com)"
54.225.199.17 - - [03/Nov/2025:02:16:24 -0800] "GET /2017/11/09/good-meeting-tonight-and-good-times-at-the-mifflin_tavern-after-party-its-nice-to-have-ya-back-roaming_romanrepost-via-roaming_roman-off-the-plane-onto-a-mummers-meeting-mollywoppers-and-je/?path=//sys/module/ssb/drivers HTTP/1.1" 200 6377 "-" "Mozilla/5.0 AppleWebKit/537.36 (KHTML, like Gecko; compatible; Amazonbot/0.1; +https://developer.amazon.com/support/amazonbot) Chrome/119.0.6045.214 Safari/537.36"
192.178.6.99 - - [03/Nov/2025:02:16:25 -0800] "GET /?market=2112785369 HTTP/1.1" 200 32042 "-" "Mozilla/5.0 (Linux; Android 6.0.1; Nexus 5X Build/MMB29P) AppleWebKit/537.36 (KHTML, like Gecko) Chrome/141.0.7390.122 Mobile Safari/537.36 (compatible; GoogleOther)"
216.73.216.11 - - [03/Nov/2025:02:16:26 -0800] "GET /?market=844378358 HTTP/2.0" 200 5830 "-" "Mozilla/5.0 AppleWebKit/537.36 (KHTML, like Gecko; compatible; ClaudeBot/1.0; +claudebot@anthropic.com)"
192.178.6.99 - - [03/Nov/2025:02:16:27 -0800] "GET /?market=51233541 HTTP/1.1" 200 32265 "-" "Mozilla/5.0 (Linux; Android 6.0.1; Nexus 5X Build/MMB29P) AppleWebKit/537.36 (KHTML, like Gecko) Chrome/141.0.7390.122 Mobile Safari/537.36 (compatible; Googlebot/2.1; +http://www.google.com/bot.html)"
192.178.6.100 - - [03/Nov/2025:02:16:28 -0800] "GET /?market=413363142 HTTP/1.1" 200 36758 "-" "Mozilla/5.0 (Linux; Android 6.0.1; Nexus 5X Build/MMB29P) AppleWebKit/537.36 (KHTML, like Gecko) Chrome/141.0.7390.122 Mobile Safari/537.36 (compatible; GoogleOther)"
98.84.60.17 - - [03/Nov/2025:02:16:28 -0800] "GET /2017/11/09/good-meeting-tonight-and-good-times-at-the-mifflin_tavern-after-party-its-nice-to-have-ya-back-roaming_romanrepost-via-roaming_roman-off-the-plane-onto-a-mummers-meeting-mollywoppers-and-je/?path=//var/run/rpc_pipefs/cache HTTP/1.1" 200 6088 "-" "Mozilla/5.0 AppleWebKit/537.36 (KHTML, like Gecko; compatible; Amazonbot/0.1; +https://developer.amazon.com/support/amazonbot) Chrome/119.0.6045.214 Safari/537.36"
216.73.216.11 - - [03/Nov/2025:02:16:29 -0800] "GET /?market=844633469 HTTP/2.0" 200 5831 "-" "Mozilla/5.0 AppleWebKit/537.36 (KHTML, like Gecko; compatible; ClaudeBot/1.0; +claudebot@anthropic.com)"
192.178.6.99 - - [03/Nov/2025:02:16:31 -0800] "GET /?market=2320697071 HTTP/1.1" 200 30877 "-" "Mozilla/5.0 (Linux; Android 6.0.1; Nexus 5X Build/MMB29P) AppleWebKit/537.36 (KHTML, like Gecko) Chrome/141.0.7390.122 Mobile Safari/537.36 (compatible; GoogleOther)"
216.73.216.11 - - [03/Nov/2025:02:16:32 -0800] "GET /?market=844618283 HTTP/2.0" 200 5833 "-" "Mozilla/5.0 AppleWebKit/537.36 (KHTML, like Gecko; compatible; ClaudeBot/1.0; +claudebot@anthropic.com)"
50.16.216.166 - - [03/Nov/2025:02:16:33 -0800] "GET /2017/11/06/jeeves-siri-round-up-to-56-days-whatever-come-pay-your-dues-and-drink-some-cold-ones-with-the-boys-730-at-omalley-this-wednesday-were-also-collecting-canned-goods-for-the-murraycomiccl/?path=//sys/dev/char/2:148 HTTP/1.1" 200 6443 "-" "Mozilla/5.0 AppleWebKit/537.36 (KHTML, like Gecko; compatible; Amazonbot/0.1; +https://developer.amazon.com/support/amazonbot) Chrome/119.0.6045.214 Safari/537.36"
192.178.6.100 - - [03/Nov/2025:02:16:34 -0800] "GET /?market=2301649176 HTTP/1.1" 200 31377 "-" "Mozilla/5.0 (Linux; Android 6.0.1; Nexus 5X Build/MMB29P) AppleWebKit/537.36 (KHTML, like Gecko) Chrome/141.0.7390.122 Mobile Safari/537.36 (compatible; GoogleOther)"
216.73.216.11 - - [03/Nov/2025:02:16:35 -0800] "GET /?market=844429777 HTTP/2.0" 200 5789 "-" "Mozilla/5.0 AppleWebKit/537.36 (KHTML, like Gecko; compatible; ClaudeBot/1.0; +claudebot@anthropic.com)"
34.205.170.13 - - [03/Nov/2025:02:16:37 -0800] "GET /2017/11/06/jeeves-siri-round-up-to-56-days-whatever-come-pay-your-dues-and-drink-some-cold-ones-with-the-boys-730-at-omalley-this-wednesday-were-also-collecting-canned-goods-for-the-murraycomiccl/?path=//lib/firmware/cxgb4/configs HTTP/1.1" 200 6600 "-" "Mozilla/5.0 AppleWebKit/537.36 (KHTML, like Gecko; compatible; Amazonbot/0.1; +https://developer.amazon.com/support/amazonbot) Chrome/119.0.6045.214 Safari/537.36"
192.178.6.100 - - [03/Nov/2025:02:16:38 -0800] "GET /?market=2048084254 HTTP/1.1" 200 27847 "-" "Mozilla/5.0 (Linux; Android 6.0.1; Nexus 5X Build/MMB29P) AppleWebKit/537.36 (KHTML, like Gecko) Chrome/141.0.7390.122 Mobile Safari/537.36 (compatible; GoogleOther)"
216.73.216.11 - - [03/Nov/2025:02:16:38 -0800] "GET /?market=844634846 HTTP/2.0" 200 5820 "-" "Mozilla/5.0 AppleWebKit/537.36 (KHTML, like Gecko; compatible; ClaudeBot/1.0; +claudebot@anthropic.com)"
192.178.6.100 - - [03/Nov/2025:02:16:41 -0800] "GET /?market=2346794416 HTTP/1.1" 200 27447 "-" "Mozilla/5.0 (Linux; Android 6.0.1; Nexus 5X Build/MMB29P) AppleWebKit/537.36 (KHTML, like Gecko) Chrome/141.0.7390.122 Mobile Safari/537.36 (compatible; GoogleOther)"
216.73.216.11 - - [03/Nov/2025:02:16:41 -0800] "GET /?market=844757868 HTTP/2.0" 200 5789 "-" "Mozilla/5.0 AppleWebKit/537.36 (KHTML, like Gecko; compatible; ClaudeBot/1.0; +claudebot@anthropic.com)"
35.174.141.243 - - [03/Nov/2025:02:16:41 -0800] "GET /2017/11/04/dont-be-a-chicken/?path=//sys/bus/rbd HTTP/1.1" 200 6727 "-" "Mozilla/5.0 AppleWebKit/537.36 (KHTML, like Gecko; compatible; Amazonbot/0.1; +https://developer.amazon.com/support/amazonbot) Chrome/119.0.6045.214 Safari/537.36"
192.178.6.100 - - [03/Nov/2025:02:16:44 -0800] "GET /?market=2289159983 HTTP/1.1" 200 28238 "-" "Mozilla/5.0 (Linux; Android 6.0.1; Nexus 5X Build/MMB29P) AppleWebKit/537.36 (KHTML, like Gecko) Chrome/141.0.7390.122 Mobile Safari/537.36 (compatible; GoogleOther)"
216.73.216.11 - - [03/Nov/2025:02:16:44 -0800] "GET /?market=844660220 HTTP/2.0" 200 5800 "-" "Mozilla/5.0 AppleWebKit/537.36 (KHTML, like Gecko; compatible; ClaudeBot/1.0; +claudebot@anthropic.com)"
34.225.24.180 - - [03/Nov/2025:02:16:46 -0800] "GET /home/page/28/?path=//var/tmp/cloud-init/app_14 HTTP/1.1" 200 6044 "-" "Mozilla/5.0 AppleWebKit/537.36 (KHTML, like Gecko; compatible; Amazonbot/0.1; +https://developer.amazon.com/support/amazonbot) Chrome/119.0.6045.214 Safari/537.36"
192.178.6.100 - - [03/Nov/2025:02:16:47 -0800] "GET /?market=2066052914 HTTP/1.1" 200 27946 "-" "Mozilla/5.0 (Linux; Android 6.0.1; Nexus 5X Build/MMB29P) AppleWebKit/537.36 (KHTML, like Gecko) Chrome/141.0.7390.122 Mobile Safari/537.36 (compatible; GoogleOther)"
216.73.216.11 - - [03/Nov/2025:02:16:47 -0800] "GET /?market=844152399 HTTP/2.0" 200 5789 "-" "Mozilla/5.0 AppleWebKit/537.36 (KHTML, like Gecko; compatible; ClaudeBot/1.0; +claudebot@anthropic.com)"
192.178.6.100 - - [03/Nov/2025:02:16:49 -0800] "GET /?market=1421393788 HTTP/1.1" 200 31530 "-" "Mozilla/5.0 (Linux; Android 6.0.1; Nexus 5X Build/MMB29P) AppleWebKit/537.36 (KHTML, like Gecko) Chrome/141.0.7390.122 Mobile Safari/537.36 (compatible; Googlebot/2.1; +http://www.google.com/bot.html)"
216.73.216.11 - - [03/Nov/2025:02:16:50 -0800] "GET /?market=844477383 HTTP/2.0" 200 5789 "-" "Mozilla/5.0 AppleWebKit/537.36 (KHTML, like Gecko; compatible; ClaudeBot/1.0; +claudebot@anthropic.com)"
18.205.91.101 - - [03/Nov/2025:02:16:50 -0800] "GET /?fileloc=//bin/ipcrm&path=//bin HTTP/1.1" 200 5964 "-" "Mozilla/5.0 AppleWebKit/537.36 (KHTML, like Gecko; compatible; Amazonbot/0.1; +https://developer.amazon.com/support/amazonbot) Chrome/119.0.6045.214 Safari/537.36"
192.178.6.100 - - [03/Nov/2025:02:16:50 -0800] "GET /?market=2137644224 HTTP/1.1" 200 27820 "-" "Mozilla/5.0 (Linux; Android 6.0.1; Nexus 5X Build/MMB29P) AppleWebKit/537.36 (KHTML, like Gecko) Chrome/141.0.7390.122 Mobile Safari/537.36 (compatible; GoogleOther)"
44.210.204.255 - - [03/Nov/2025:02:16:52 -0800] "GET /2015/06/10/wheres-the-rest-of-you-mollywoppersnybs-at-youre-late-omalleys/?fileloc=//lib/aspell/english-w_accents.alias&path=//lib/aspell HTTP/1.1" 200 6087 "-" "Mozilla/5.0 AppleWebKit/537.36 (KHTML, like Gecko; compatible; Amazonbot/0.1; +https://developer.amazon.com/support/amazonbot) Chrome/119.0.6045.214 Safari/537.36"
216.73.216.11 - - [03/Nov/2025:02:16:53 -0800] "GET /?market=844592366 HTTP/2.0" 200 5832 "-" "Mozilla/5.0 AppleWebKit/537.36 (KHTML, like Gecko; compatible; ClaudeBot/1.0; +claudebot@anthropic.com)"
192.178.6.101 - - [03/Nov/2025:02:16:54 -0800] "GET /?market=2342859232 HTTP/1.1" 200 34730 "-" "Mozilla/5.0 (Linux; Android 6.0.1; Nexus 5X Build/MMB29P) AppleWebKit/537.36 (KHTML, like Gecko) Chrome/141.0.7390.122 Mobile Safari/537.36 (compatible; GoogleOther)"
216.73.216.11 - - [03/Nov/2025:02:16:56 -0800] "GET /?market=844126160 HTTP/2.0" 200 5841 "-" "Mozilla/5.0 AppleWebKit/537.36 (KHTML, like Gecko; compatible; ClaudeBot/1.0; +claudebot@anthropic.com)"
3.232.39.98 - - [03/Nov/2025:02:16:56 -0800] "GET /2017/11/06/jeeves-siri-round-up-to-56-days-whatever-come-pay-your-dues-and-drink-some-cold-ones-with-the-boys-730-at-omalley-this-wednesday-were-also-collecting-canned-goods-for-the-murraycomiccl/?path=//sys/kernel/irq/698 HTTP/1.1" 200 6558 "-" "Mozilla/5.0 AppleWebKit/537.36 (KHTML, like Gecko; compatible; Amazonbot/0.1; +https://developer.amazon.com/support/amazonbot) Chrome/119.0.6045.214 Safari/537.36"
192.178.6.99 - - [03/Nov/2025:02:16:58 -0800] "GET /?market=407714709 HTTP/1.1" 200 31086 "-" "Mozilla/5.0 (Linux; Android 6.0.1; Nexus 5X Build/MMB29P) AppleWebKit/537.36 (KHTML, like Gecko) Chrome/141.0.7390.122 Mobile Safari/537.36 (compatible; GoogleOther)"
216.73.216.11 - - [03/Nov/2025:02:16:59 -0800] "GET /?market=844205389 HTTP/2.0" 200 5835 "-" "Mozilla/5.0 AppleWebKit/537.36 (KHTML, like Gecko; compatible; ClaudeBot/1.0; +claudebot@anthropic.com)"
34.236.41.241 - - [03/Nov/2025:02:17:01 -0800] "GET /?fileloc=//bin/byobu&path=//bin HTTP/1.1" 200 9067 "-" "Mozilla/5.0 AppleWebKit/537.36 (KHTML, like Gecko; compatible; Amazonbot/0.1; +https://developer.amazon.com/support/amazonbot) Chrome/119.0.6045.214 Safari/537.36"
192.178.6.99 - - [03/Nov/2025:02:17:02 -0800] "GET /?market=2339915724 HTTP/1.1" 200 27838 "-" "Mozilla/5.0 (Linux; Android 6.0.1; Nexus 5X Build/MMB29P) AppleWebKit/537.36 (KHTML, like Gecko) Chrome/141.0.7390.122 Mobile Safari/537.36 (compatible; GoogleOther)"
216.73.216.11 - - [03/Nov/2025:02:17:02 -0800] "GET /?market=844603289 HTTP/2.0" 200 5849 "-" "Mozilla/5.0 AppleWebKit/537.36 (KHTML, like Gecko; compatible; ClaudeBot/1.0; +claudebot@anthropic.com)"
67.205.22.196 - - [03/Nov/2025:02:17:05 -0800] "POST /xmlrpc.php HTTP/2.0" 200 112 "-" "Mozilla/5.0 (Windows NT 6.1; Trident/7.0; BOIE9;ENUS; rv:11.0) like Gecko"
34.194.14.255 - - [03/Nov/2025:02:17:05 -0800] "GET /2017/11/06/jeeves-siri-round-up-to-56-days-whatever-come-pay-your-dues-and-drink-some-cold-ones-with-the-boys-730-at-omalley-this-wednesday-were-also-collecting-canned-goods-for-the-murraycomiccl/?path=//sys/dev/char/4:62 HTTP/1.1" 200 6442 "-" "Mozilla/5.0 AppleWebKit/537.36 (KHTML, like Gecko; compatible; Amazonbot/0.1; +https://developer.amazon.com/support/amazonbot) Chrome/119.0.6045.214 Safari/537.36"
216.73.216.11 - - [03/Nov/2025:02:17:05 -0800] "GET /?market=844230763 HTTP/2.0" 200 5789 "-" "Mozilla/5.0 AppleWebKit/537.36 (KHTML, like Gecko; compatible; ClaudeBot/1.0; +claudebot@anthropic.com)"
192.178.6.101 - - [03/Nov/2025:02:17:06 -0800] "GET /?market=45669655 HTTP/1.1" 200 30867 "-" "Mozilla/5.0 (Linux; Android 6.0.1; Nexus 5X Build/MMB29P) AppleWebKit/537.36 (KHTML, like Gecko) Chrome/141.0.7390.122 Mobile Safari/537.36 (compatible; GoogleOther)"
192.178.6.99 - - [03/Nov/2025:02:17:09 -0800] "GET /?market=2086581245 HTTP/1.1" 200 31336 "-" "Mozilla/5.0 (Linux; Android 6.0.1; Nexus 5X Build/MMB29P) AppleWebKit/537.36 (KHTML, like Gecko) Chrome/141.0.7390.122 Mobile Safari/537.36 (compatible; GoogleOther)"
192.178.6.100 - - [03/Nov/2025:02:17:13 -0800] "GET /q=75/103075/1708669535888.jpg HTTP/1.1" 200 3645 "-" "Googlebot-Image/1.0"
34.234.206.30 - - [03/Nov/2025:02:17:14 -0800] "GET /?path=//lib/analog HTTP/1.1" 200 6346 "-" "Mozilla/5.0 AppleWebKit/537.36 (KHTML, like Gecko; compatible; Amazonbot/0.1; +https://developer.amazon.com/support/amazonbot) Chrome/119.0.6045.214 Safari/537.36"
192.178.6.99 - - [03/Nov/2025:02:17:16 -0800] "GET /?market=2147239757 HTTP/1.1" 200 30955 "-" "Mozilla/5.0 (Linux; Android 6.0.1; Nexus 5X Build/MMB29P) AppleWebKit/537.36 (KHTML, like Gecko) Chrome/141.0.7390.122 Mobile Safari/537.36 (compatible; GoogleOther)"
50.19.79.213 - - [03/Nov/2025:02:17:17 -0800] "GET /home/?path=//dev/shm/acme_rototrusthorsenew.gbvietnam.xyz HTTP/1.1" 418 3870 "-" "Mozilla/5.0 AppleWebKit/537.36 (KHTML, like Gecko; compatible; Amazonbot/0.1; +https://developer.amazon.com/support/amazonbot) Chrome/119.0.6045.214 Safari/537.36"
192.178.6.99 - - [03/Nov/2025:02:17:20 -0800] "GET /?market=2091131031 HTTP/1.1" 200 27935 "-" "Mozilla/5.0 (Linux; Android 6.0.1; Nexus 5X Build/MMB29P) AppleWebKit/537.36 (KHTML, like Gecko) Chrome/141.0.7390.122 Mobile Safari/537.36 (compatible; GoogleOther)"
192.178.6.99 - - [03/Nov/2025:02:17:23 -0800] "GET /?market=2303638040 HTTP/1.1" 200 30484 "-" "Mozilla/5.0 (Linux; Android 6.0.1; Nexus 5X Build/MMB29P) AppleWebKit/537.36 (KHTML, like Gecko) Chrome/141.0.7390.122 Mobile Safari/537.36 (compatible; GoogleOther)"
192.178.6.99 - - [03/Nov/2025:02:17:27 -0800] "GET /?market=421124968 HTTP/1.1" 200 27556 "-" "Mozilla/5.0 (Linux; Android 6.0.1; Nexus 5X Build/MMB29P) AppleWebKit/537.36 (KHTML, like Gecko) Chrome/141.0.7390.122 Mobile Safari/537.36 (compatible; GoogleOther)"
54.235.191.179 - - [03/Nov/2025:02:17:27 -0800] "GET /home/page/28/?path=//sys/class/tty/ptyp3 HTTP/1.1" 200 6496 "-" "Mozilla/5.0 AppleWebKit/537.36 (KHTML, like Gecko; compatible; Amazonbot/0.1; +https://developer.amazon.com/support/amazonbot) Chrome/119.0.6045.214 Safari/537.36"
192.178.6.99 - - [03/Nov/2025:02:17:30 -0800] "GET /?market=418469348 HTTP/1.1" 200 27717 "-" "Mozilla/5.0 (Linux; Android 6.0.1; Nexus 5X Build/MMB29P) AppleWebKit/537.36 (KHTML, like Gecko) Chrome/141.0.7390.122 Mobile Safari/537.36 (compatible; GoogleOther)"
52.73.6.26 - - [03/Nov/2025:02:17:30 -0800] "GET /2015/06/10/wheres-the-rest-of-you-mollywoppersnybs-at-youre-late-omalleys/?path=//run/shm/acme_redlight.trilete.net HTTP/1.1" 200 6526 "-" "Mozilla/5.0 AppleWebKit/537.36 (KHTML, like Gecko; compatible; Amazonbot/0.1; +https://developer.amazon.com/support/amazonbot) Chrome/119.0.6045.214 Safari/537.36"
192.178.6.99 - - [03/Nov/2025:02:17:33 -0800] "GET /?market=416049520 HTTP/1.1" 200 27173 "-" "Mozilla/5.0 (Linux; Android 6.0.1; Nexus 5X Build/MMB29P) AppleWebKit/537.36 (KHTML, like Gecko) Chrome/141.0.7390.122 Mobile Safari/537.36 (compatible; GoogleOther)"
54.225.148.123 - - [03/Nov/2025:02:17:36 -0800] "GET /2017/11/06/jeeves-siri-round-up-to-56-days-whatever-come-pay-your-dues-and-drink-some-cold-ones-with-the-boys-730-at-omalley-this-wednesday-were-also-collecting-canned-goods-for-the-murraycomiccl/?path=//sys/dev/char/242:5 HTTP/1.1" 200 7237 "-" "Mozilla/5.0 AppleWebKit/537.36 (KHTML, like Gecko; compatible; Amazonbot/0.1; +https://developer.amazon.com/support/amazonbot) Chrome/119.0.6045.214 Safari/537.36"
192.178.6.100 - - [03/Nov/2025:02:17:36 -0800] "GET /?market=2326443666 HTTP/1.1" 200 32209 "-" "Mozilla/5.0 (Linux; Android 6.0.1; Nexus 5X Build/MMB29P) AppleWebKit/537.36 (KHTML, like Gecko) Chrome/141.0.7390.122 Mobile Safari/537.36 (compatible; GoogleOther)"
3.212.205.90 - - [03/Nov/2025:02:17:37 -0800] "GET /2018/12/05/hey-larosapizza-thanks-for-the-follow/?path=//proc HTTP/1.1" 200 8368 "-" "Mozilla/5.0 AppleWebKit/537.36 (KHTML, like Gecko; compatible; Amazonbot/0.1; +https://developer.amazon.com/support/amazonbot) Chrome/119.0.6045.214 Safari/537.36"
