192.178.6.99 - - [03/Nov/2025:02:09:35 -0800] "GET /?market=1856273834 HTTP/1.1" 200 28334 "-" "Mozilla/5.0 (Linux; Android 6.0.1; Nexus 5X Build/MMB29P) AppleWebKit/537.36 (KHTML, like Gecko) Chrome/141.0.7390.122 Mobile Safari/537.36 (compatible; GoogleOther)"
52.2.191.202 - - [03/Nov/2025:02:09:37 -0800] "GET /2017/11/09/good-meeting-tonight-and-good-times-at-the-mifflin_tavern-after-party-its-nice-to-have-ya-back-roaming_romanrepost-via-roaming_roman-off-the-plane-onto-a-mummers-meeting-mollywoppers-and-je/?path=//var/run/systemd/sessions HTTP/1.1" 200 6086 "-" "Mozilla/5.0 AppleWebKit/537.36 (KHTML, like Gecko; compatible; Amazonbot/0.1; +https://developer.amazon.com/support/amazonbot) Chrome/119.0.6045.214 Safari/537.36"
192.178.6.100 - - [03/Nov/2025:02:09:39 -0800] "GET /?market=1852924994 HTTP/1.1" 200 32593 "-" "Mozilla/5.0 (Linux; Android 6.0.1; Nexus 5X Build/MMB29P) AppleWebKit/537.36 (KHTML, like Gecko) Chrome/141.0.7390.122 Mobile Safari/537.36 (compatible; GoogleOther)"
3.93.211.16 - - [03/Nov/2025:02:09:39 -0800] "GET /2017/11/06/jeeves-siri-round-up-to-56-days-whatever-come-pay-your-dues-and-drink-some-cold-ones-with-the-boys-730-at-omalley-this-wednesday-were-also-collecting-canned-goods-for-the-murraycomiccl/?path=//lib/firmware/amphion/vpu HTTP/1.1" 200 6435 "-" "Mozilla/5.0 AppleWebKit/537.36 (KHTML, like Gecko; compatible; Amazonbot/0.1; +https://developer.amazon.com/support/amazonbot) Chrome/119.0.6045.214 Safari/537.36"
192.178.6.100 - - [03/Nov/2025:02:09:41 -0800] "GET /?market=2324214043 HTTP/1.1" 200 31587 "-" "Mozilla/5.0 (Linux; Android 6.0.1; Nexus 5X Build/MMB29P) AppleWebKit/537.36 (KHTML, like Gecko) Chrome/141.0.7390.122 Mobile Safari/537.36 (compatible; Googlebot/2.1; +http://www.google.com/bot.html)"
192.178.6.100 - - [03/Nov/2025:02:09:42 -0800] "GET /?market=2083730102 HTTP/1.1" 200 27491 "-" "Mozilla/5.0 (Linux; Android 6.0.1; Nexus 5X Build/MMB29P) AppleWebKit/537.36 (KHTML, like Gecko) Chrome/141.0.7390.122 Mobile Safari/537.36 (compatible; GoogleOther)"
192.178.6.100 - - [03/Nov/2025:02:09:45 -0800] "GET /ir=auto/truckers-ap/item_images/43055.JPG HTTP/1.1" 200 28299 "-" "Googlebot-Image/1.0"
3.214.176.44 - - [03/Nov/2025:02:09:45 -0800] "GET /2015/06/10/wheres-the-rest-of-you-mollywoppersnybs-at-youre-late-omalleys/?path=//sys/bus/clockevents HTTP/1.1" 200 6529 "-" "Mozilla/5.0 AppleWebKit/537.36 (KHTML, like Gecko; compatible; Amazonbot/0.1; +https://developer.amazon.com/support/amazonbot) Chrome/119.0.6045.214 Safari/537.36"
3.222.190.107 - - [03/Nov/2025:02:09:47 -0800] "GET /2017/11/06/jeeves-siri-round-up-to-56-days-whatever-come-pay-your-dues-and-drink-some-cold-ones-with-the-boys-730-at-omalley-this-wednesday-were-also-collecting-canned-goods-for-the-murraycomiccl/?path=//sys/kernel/irq/481 HTTP/1.1" 200 6600 "-" "Mozilla/5.0 AppleWebKit/537.36 (KHTML, like Gecko; compatible; Amazonbot/0.1; +https://developer.amazon.com/support/amazonbot) Chrome/119.0.6045.214 Safari/537.36"
192.178.6.100 - - [03/Nov/2025:02:09:48 -0800] "GET /?market=2302502836 HTTP/1.1" 200 28113 "-" "Mozilla/5.0 (Linux; Android 6.0.1; Nexus 5X Build/MMB29P) AppleWebKit/537.36 (KHTML, like Gecko) Chrome/141.0.7390.122 Mobile Safari/537.36 (compatible; GoogleOther)"
192.178.6.101 - - [03/Nov/2025:02:09:51 -0800] "GET /?market=1875204122 HTTP/1.1" 200 31211 "-" "Mozilla/5.0 (Linux; Android 6.0.1; Nexus 5X Build/MMB29P) AppleWebKit/537.36 (KHTML, like Gecko) Chrome/141.0.7390.122 Mobile Safari/537.36 (compatible; GoogleOther)"
52.167.144.162 - - [03/Nov/2025:02:09:53 -0800] "GET / HTTP/2.0" 200 28742 "-" "Mozilla/5.0 AppleWebKit/537.36 (KHTML, like Gecko; compatible; bingbot/2.0; +http://www.bing.com/bingbot.htm) Chrome/116.0.1938.76 Safari/537.36"
192.178.6.101 - - [03/Nov/2025:02:09:54 -0800] "GET /?market=2321555409 HTTP/1.1" 200 28522 "-" "Mozilla/5.0 (Linux; Android 6.0.1; Nexus 5X Build/MMB29P) AppleWebKit/537.36 (KHTML, like Gecko) Chrome/141.0.7390.122 Mobile Safari/537.36 (compatible; GoogleOther)"
50.16.216.166 - - [03/Nov/2025:02:09:55 -0800] "GET /2017/11/09/good-meeting-tonight-and-good-times-at-the-mifflin_tavern-after-party-its-nice-to-have-ya-back-roaming_romanrepost-via-roaming_roman-off-the-plane-onto-a-mummers-meeting-mollywoppers-and-je/?path=//var/run/systemd/propagate HTTP/1.1" 200 6127 "-" "Mozilla/5.0 AppleWebKit/537.36 (KHTML, like Gecko; compatible; Amazonbot/0.1; +https://developer.amazon.com/support/amazonbot) Chrome/119.0.6045.214 Safari/537.36"
18.213.240.226 - - [03/Nov/2025:02:09:57 -0800] "GET /2015/06/10/wheres-the-rest-of-you-mollywoppersnybs-at-youre-late-omalleys/?fileloc=//bin/X11/dh_perl_dbi&path=//bin/X11 HTTP/1.1" 200 6725 "-" "Mozilla/5.0 AppleWebKit/537.36 (KHTML, like Gecko; compatible; Amazonbot/0.1; +https://developer.amazon.com/support/amazonbot) Chrome/119.0.6045.214 Safari/537.36"
192.178.6.101 - - [03/Nov/2025:02:09:57 -0800] "GET /?market=1854820694 HTTP/1.1" 200 28383 "-" "Mozilla/5.0 (Linux; Android 6.0.1; Nexus 5X Build/MMB29P) AppleWebKit/537.36 (KHTML, like Gecko) Chrome/141.0.7390.122 Mobile Safari/537.36 (compatible; GoogleOther)"
54.144.185.255 - - [03/Nov/2025:02:10:00 -0800] "GET /2017/11/06/jeeves-siri-round-up-to-56-days-whatever-come-pay-your-dues-and-drink-some-cold-ones-with-the-boys-730-at-omalley-this-wednesday-were-also-collecting-canned-goods-for-the-murraycomiccl/?path=//sys/kernel/irq/920 HTTP/1.1" 200 6601 "-" "Mozilla/5.0 AppleWebKit/537.36 (KHTML, like Gecko; compatible; Amazonbot/0.1; +https://developer.amazon.com/support/amazonbot) Chrome/119.0.6045.214 Safari/537.36"
192.178.6.100 - - [03/Nov/2025:02:10:00 -0800] "GET /?market=2073665415 HTTP/1.1" 200 31712 "-" "Mozilla/5.0 (Linux; Android 6.0.1; Nexus 5X Build/MMB29P) AppleWebKit/537.36 (KHTML, like Gecko) Chrome/141.0.7390.122 Mobile Safari/537.36 (compatible; GoogleOther)"
192.178.6.99 - - [03/Nov/2025:02:10:04 -0800] "GET /?market=41474106 HTTP/1.1" 200 32492 "-" "Mozilla/5.0 (Linux; Android 6.0.1; Nexus 5X Build/MMB29P) AppleWebKit/537.36 (KHTML, like Gecko) Chrome/141.0.7390.122 Mobile Safari/537.36 (compatible; GoogleOther)"
100.29.63.24 - - [03/Nov/2025:02:10:04 -0800] "GET /2017/11/06/jeeves-siri-round-up-to-56-days-whatever-come-pay-your-dues-and-drink-some-cold-ones-with-the-boys-730-at-omalley-this-wednesday-were-also-collecting-canned-goods-for-the-murraycomiccl/?path=//sys/kernel/irq/1231 HTTP/1.1" 200 6559 "-" "Mozilla/5.0 AppleWebKit/537.36 (KHTML, like Gecko; compatible; Amazonbot/0.1; +https://developer.amazon.com/support/amazonbot) Chrome/119.0.6045.214 Safari/537.36"
192.178.6.99 - - [03/Nov/2025:02:10:07 -0800] "GET /?market=2074988582 HTTP/1.1" 200 27596 "-" "Mozilla/5.0 (Linux; Android 6.0.1; Nexus 5X Build/MMB29P) AppleWebKit/537.36 (KHTML, like Gecko) Chrome/141.0.7390.122 Mobile Safari/537.36 (compatible; GoogleOther)"
34.203.111.15 - - [03/Nov/2025:02:10:08 -0800] "GET /2017/11/06/jeeves-siri-round-up-to-56-days-whatever-come-pay-your-dues-and-drink-some-cold-ones-with-the-boys-730-at-omalley-this-wednesday-were-also-collecting-canned-goods-for-the-murraycomiccl/?path=//sys/bus/rbd/devices HTTP/1.1" 200 6083 "-" "Mozilla/5.0 AppleWebKit/537.36 (KHTML, like Gecko; compatible; Amazonbot/0.1; +https://developer.amazon.com/support/amazonbot) Chrome/119.0.6045.214 Safari/537.36"
192.178.6.99 - - [03/Nov/2025:02:10:10 -0800] "GET /?market=2047986348 HTTP/1.1" 200 28422 "-" "Mozilla/5.0 (Linux; Android 6.0.1; Nexus 5X Build/MMB29P) AppleWebKit/537.36 (KHTML, like Gecko) Chrome/141.0.7390.122 Mobile Safari/537.36 (compatible; GoogleOther)"
34.203.111.15 - - [03/Nov/2025:02:10:12 -0800] "GET /2015/06/10/wheres-the-rest-of-you-mollywoppersnybs-at-youre-late-omalleys/?path=//lib/firmware/amd HTTP/1.1" 200 6547 "-" "Mozilla/5.0 AppleWebKit/537.36 (KHTML, like Gecko; compatible; Amazonbot/0.1; +https://developer.amazon.com/support/amazonbot) Chrome/119.0.6045.214 Safari/537.36"
192.178.6.99 - - [03/Nov/2025:02:10:13 -0800] "GET /?market=2085232035 HTTP/1.1" 200 28910 "-" "Mozilla/5.0 (Linux; Android 6.0.1; Nexus 5X Build/MMB29P) AppleWebKit/537.36 (KHTML, like Gecko) Chrome/141.0.7390.122 Mobile Safari/537.36 (compatible; GoogleOther)"
54.84.250.51 - - [03/Nov/2025:02:10:15 -0800] "GET /2017/11/06/jeeves-siri-round-up-to-56-days-whatever-come-pay-your-dues-and-drink-some-cold-ones-with-the-boys-730-at-omalley-this-wednesday-were-also-collecting-canned-goods-for-the-murraycomiccl/?path=//lib/python3/dist-packages/blinker HTTP/1.1" 200 6643 "-" "Mozilla/5.0 AppleWebKit/537.36 (KHTML, like Gecko; compatible; Amazonbot/0.1; +https://developer.amazon.com/support/amazonbot) Chrome/119.0.6045.214 Safari/537.36"
192.178.6.99 - - [03/Nov/2025:02:10:16 -0800] "GET /?market=2102520869 HTTP/1.1" 200 28720 "-" "Mozilla/5.0 (Linux; Android 6.0.1; Nexus 5X Build/MMB29P) AppleWebKit/537.36 (KHTML, like Gecko) Chrome/141.0.7390.122 Mobile Safari/537.36 (compatible; GoogleOther)"
192.178.6.99 - - [03/Nov/2025:02:10:17 -0800] "GET /?market=2324196743 HTTP/1.1" 200 31138 "-" "Mozilla/5.0 (Linux; Android 6.0.1; Nexus 5X Build/MMB29P) AppleWebKit/537.36 (KHTML, like Gecko) Chrome/141.0.7390.122 Mobile Safari/537.36 (compatible; Googlebot/2.1; +http://www.google.com/bot.html)"
192.178.6.99 - - [03/Nov/2025:02:10:19 -0800] "GET /?market=2098618361 HTTP/1.1" 200 30236 "-" "Mozilla/5.0 (Linux; Android 6.0.1; Nexus 5X Build/MMB29P) AppleWebKit/537.36 (KHTML, like Gecko) Chrome/141.0.7390.122 Mobile Safari/537.36 (compatible; GoogleOther)"
18.204.152.114 - - [03/Nov/2025:02:10:21 -0800] "GET /2017/11/06/jeeves-siri-round-up-to-56-days-whatever-come-pay-your-dues-and-drink-some-cold-ones-with-the-boys-730-at-omalley-this-wednesday-were-also-collecting-canned-goods-for-the-murraycomiccl/?path=//sys/class/thermal/cooling_device35 HTTP/1.1" 200 6653 "-" "Mozilla/5.0 AppleWebKit/537.36 (KHTML, like Gecko; compatible; Amazonbot/0.1; +https://developer.amazon.com/support/amazonbot) Chrome/119.0.6045.214 Safari/537.36"
192.178.6.99 - - [03/Nov/2025:02:10:22 -0800] "GET /?market=2328515378 HTTP/1.1" 200 28945 "-" "Mozilla/5.0 (Linux; Android 6.0.1; Nexus 5X Build/MMB29P) AppleWebKit/537.36 (KHTML, like Gecko) Chrome/141.0.7390.122 Mobile Safari/537.36 (compatible; GoogleOther)"
216.73.216.11 - - [03/Nov/2025:02:10:25 -0800] "GET /robots.txt HTTP/2.0" 200 276 "-" "Mozilla/5.0 AppleWebKit/537.36 (KHTML, like Gecko; compatible; ClaudeBot/1.0; +claudebot@anthropic.com)"
3.212.86.97 - - [03/Nov/2025:02:10:25 -0800] "GET /2015/06/10/wheres-the-rest-of-you-mollywoppersnybs-at-youre-late-omalleys/?path=//dev/cpu/95 HTTP/1.1" 200 6097 "-" "Mozilla/5.0 AppleWebKit/537.36 (KHTML, like Gecko; compatible; Amazonbot/0.1; +https://developer.amazon.com/support/amazonbot) Chrome/119.0.6045.214 Safari/537.36"
192.178.6.99 - - [03/Nov/2025:02:10:25 -0800] "GET /?market=420416533 HTTP/1.1" 200 27884 "-" "Mozilla/5.0 (Linux; Android 6.0.1; Nexus 5X Build/MMB29P) AppleWebKit/537.36 (KHTML, like Gecko) Chrome/141.0.7390.122 Mobile Safari/537.36 (compatible; GoogleOther)"
216.73.216.11 - - [03/Nov/2025:02:10:25 -0800] "GET /?market=844416961 HTTP/2.0" 200 5830 "-" "Mozilla/5.0 AppleWebKit/537.36 (KHTML, like Gecko; compatible; ClaudeBot/1.0; +claudebot@anthropic.com)"
192.178.6.99 - - [03/Nov/2025:02:10:28 -0800] "GET /?market=2339914347 HTTP/1.1" 200 28022 "-" "Mozilla/5.0 (Linux; Android 6.0.1; Nexus 5X Build/MMB29P) AppleWebKit/537.36 (KHTML, like Gecko) Chrome/141.0.7390.122 Mobile Safari/537.36 (compatible; GoogleOther)"
216.73.216.11 - - [03/Nov/2025:02:10:28 -0800] "GET /?market=844140161 HTTP/2.0" 200 5814 "-" "Mozilla/5.0 AppleWebKit/537.36 (KHTML, like Gecko; compatible; ClaudeBot/1.0; +claudebot@anthropic.com)"
3.224.215.150 - - [03/Nov/2025:02:10:29 -0800] "GET /2017/11/06/jeeves-siri-round-up-to-56-days-whatever-come-pay-your-dues-and-drink-some-cold-ones-with-the-boys-730-at-omalley-this-wednesday-were-also-collecting-canned-goods-for-the-murraycomiccl/?path=//sys/kernel/irq/931 HTTP/1.1" 200 6558 "-" "Mozilla/5.0 AppleWebKit/537.36 (KHTML, like Gecko; compatible; Amazonbot/0.1; +https://developer.amazon.com/support/amazonbot) Chrome/119.0.6045.214 Safari/537.36"
192.178.6.99 - - [03/Nov/2025:02:10:31 -0800] "GET /?market=2068165506 HTTP/1.1" 200 30430 "-" "Mozilla/5.0 (Linux; Android 6.0.1; Nexus 5X Build/MMB29P) AppleWebKit/537.36 (KHTML, like Gecko) Chrome/141.0.7390.122 Mobile Safari/537.36 (compatible; GoogleOther)"
216.73.216.11 - - [03/Nov/2025:02:10:31 -0800] "GET /?market=844689085 HTTP/2.0" 200 5830 "-" "Mozilla/5.0 AppleWebKit/537.36 (KHTML, like Gecko; compatible; ClaudeBot/1.0; +claudebot@anthropic.com)"
216.73.216.11 - - [03/Nov/2025:02:10:34 -0800] "GET /?market=844543189 HTTP/2.0" 200 5809 "-" "Mozilla/5.0 AppleWebKit/537.36 (KHTML, like Gecko; compatible; ClaudeBot/1.0; +claudebot@anthropic.com)"
192.178.6.100 - - [03/Nov/2025:02:10:35 -0800] "GET /?market=2047836575 HTTP/1.1" 200 31672 "-" "Mozilla/5.0 (Linux; Android 6.0.1; Nexus 5X Build/MMB29P) AppleWebKit/537.36 (KHTML, like Gecko) Chrome/141.0.7390.122 Mobile Safari/537.36 (compatible; GoogleOther)"
44.213.202.136 - - [03/Nov/2025:02:10:36 -0800] "GET /2015/06/10/wheres-the-rest-of-you-mollywoppersnybs-at-youre-late-omalleys/?path=//lib/firmware/rsi HTTP/1.1" 200 6536 "-" "Mozilla/5.0 AppleWebKit/537.36 (KHTML, like Gecko; compatible; Amazonbot/0.1; +https://developer.amazon.com/support/amazonbot) Chrome/119.0.6045.214 Safari/537.36"
216.73.216.11 - - [03/Nov/2025:02:10:37 -0800] "GET /?market=844721827 HTTP/2.0" 200 5799 "-" "Mozilla/5.0 AppleWebKit/537.36 (KHTML, like Gecko; compatible; ClaudeBot/1.0; +claudebot@anthropic.com)"
192.178.6.100 - - [03/Nov/2025:02:10:37 -0800] "GET /?market=2084847428 HTTP/1.1" 200 28340 "-" "Mozilla/5.0 (Linux; Android 6.0.1; Nexus 5X Build/MMB29P) AppleWebKit/537.36 (KHTML, like Gecko) Chrome/141.0.7390.122 Mobile Safari/537.36 (compatible; GoogleOther)"
216.73.216.11 - - [03/Nov/2025:02:10:40 -0800] "GET /?market=844675020 HTTP/2.0" 200 5802 "-" "Mozilla/5.0 AppleWebKit/537.36 (KHTML, like Gecko; compatible; ClaudeBot/1.0; +claudebot@anthropic.com)"
192.178.6.100 - - [03/Nov/2025:02:10:41 -0800] "GET /?market=1869291703 HTTP/1.1" 200 28306 "-" "Mozilla/5.0 (Linux; Android 6.0.1; Nexus 5X Build/MMB29P) AppleWebKit/537.36 (KHTML, like Gecko) Chrome/141.0.7390.122 Mobile Safari/537.36 (compatible; GoogleOther)"
52.3.155.146 - - [03/Nov/2025:02:10:41 -0800] "GET /2017/11/06/jeeves-siri-round-up-to-56-days-whatever-come-pay-your-dues-and-drink-some-cold-ones-with-the-boys-730-at-omalley-this-wednesday-were-also-collecting-canned-goods-for-the-murraycomiccl/?path=//sys/class/ata_device/dev6.0 HTTP/1.1" 200 6784 "-" "Mozilla/5.0 AppleWebKit/537.36 (KHTML, like Gecko; compatible; Amazonbot/0.1; +https://developer.amazon.com/support/amazonbot) Chrome/119.0.6045.214 Safari/537.36"
216.73.216.11 - - [03/Nov/2025:02:10:43 -0800] "GET /?market=844132215 HTTP/2.0" 200 5789 "-" "Mozilla/5.0 AppleWebKit/537.36 (KHTML, like Gecko; compatible; ClaudeBot/1.0; +claudebot@anthropic.com)"
52.0.63.151 - - [03/Nov/2025:02:10:43 -0800] "GET /2015/06/10/wheres-the-rest-of-you-mollywoppersnybs-at-youre-late-omalleys/?path=//lib/firmware/keyspan HTTP/1.1" 200 6755 "-" "Mozilla/5.0 AppleWebKit/537.36 (KHTML, like Gecko; compatible; Amazonbot/0.1; +https://developer.amazon.com/support/amazonbot) Chrome/119.0.6045.214 Safari/537.36"
192.178.6.99 - - [03/Nov/2025:02:10:44 -0800] "GET /?market=404921296 HTTP/1.1" 200 30347 "-" "Mozilla/5.0 (Linux; Android 6.0.1; Nexus 5X Build/MMB29P) AppleWebKit/537.36 (KHTML, like Gecko) Chrome/141.0.7390.122 Mobile Safari/537.36 (compatible; GoogleOther)"
34.195.60.66 - - [03/Nov/2025:02:10:47 -0800] "GET /2017/11/06/jeeves-siri-round-up-to-56-days-whatever-come-pay-your-dues-and-drink-some-cold-ones-with-the-boys-730-at-omalley-this-wednesday-were-also-collecting-canned-goods-for-the-murraycomiccl/?path=//sys/kernel/irq/487 HTTP/1.1" 200 6605 "-" "Mozilla/5.0 AppleWebKit/537.36 (KHTML, like Gecko; compatible; Amazonbot/0.1; +https://developer.amazon.com/support/amazonbot) Chrome/119.0.6045.214 Safari/537.36"
192.178.6.99 - - [03/Nov/2025:02:10:48 -0800] "GET /?market=40975800 HTTP/1.1" 200 28187 "-" "Mozilla/5.0 (Linux; Android 6.0.1; Nexus 5X Build/MMB29P) AppleWebKit/537.36 (KHTML, like Gecko) Chrome/141.0.7390.122 Mobile Safari/537.36 (compatible; GoogleOther)"
192.178.6.100 - - [03/Nov/2025:02:10:51 -0800] "GET /?market=2102107653 HTTP/1.1" 200 30881 "-" "Mozilla/5.0 (Linux; Android 6.0.1; Nexus 5X Build/MMB29P) AppleWebKit/537.36 (KHTML, like Gecko) Chrome/141.0.7390.122 Mobile Safari/537.36 (compatible; GoogleOther)"
44.206.65.8 - - [03/Nov/2025:02:10:53 -0800] "GET /2017/11/06/jeeves-siri-round-up-to-56-days-whatever-come-pay-your-dues-and-drink-some-cold-ones-with-the-boys-730-at-omalley-this-wednesday-were-also-collecting-canned-goods-for-the-murraycomiccl/?path=//sys/kernel/irq/433 HTTP/1.1" 200 6598 "-" "Mozilla/5.0 AppleWebKit/537.36 (KHTML, like Gecko; compatible; Amazonbot/0.1; +https://developer.amazon.com/support/amazonbot) Chrome/119.0.6045.214 Safari/537.36"
192.178.6.99 - - [03/Nov/2025:02:10:53 -0800] "GET /?market=2324216991 HTTP/1.1" 200 31339 "-" "Mozilla/5.0 (Linux; Android 6.0.1; Nexus 5X Build/MMB29P) AppleWebKit/537.36 (KHTML, like Gecko) Chrome/141.0.7390.122 Mobile Safari/537.36 (compatible; Googlebot/2.1; +http://www.google.com/bot.html)"
192.178.6.100 - - [03/Nov/2025:02:10:55 -0800] "GET /?market=2304374991 HTTP/1.1" 200 27995 "-" "Mozilla/5.0 (Linux; Android 6.0.1; Nexus 5X Build/MMB29P) AppleWebKit/537.36 (KHTML, like Gecko) Chrome/141.0.7390.122 Mobile Safari/537.36 (compatible; GoogleOther)"
34.202.88.37 - - [03/Nov/2025:02:10:56 -0800] "GET /?fileloc=//bin/browse&path=//bin HTTP/1.1" 200 13609 "-" "Mozilla/5.0 AppleWebKit/537.36 (KHTML, like Gecko; compatible; Amazonbot/0.1; +https://developer.amazon.com/support/amazonbot) Chrome/119.0.6045.214 Safari/537.36"
192.178.6.100 - - [03/Nov/2025:02:10:59 -0800] "GET /?market=2313093381 HTTP/1.1" 200 28744 "-" "Mozilla/5.0 (Linux; Android 6.0.1; Nexus 5X Build/MMB29P) AppleWebKit/537.36 (KHTML, like Gecko) Chrome/141.0.7390.122 Mobile Safari/537.36 (compatible; GoogleOther)"
52.3.102.51 - - [03/Nov/2025:02:11:00 -0800] "GET /2017/11/06/jeeves-siri-round-up-to-56-days-whatever-come-pay-your-dues-and-drink-some-cold-ones-with-the-boys-730-at-omalley-this-wednesday-were-also-collecting-canned-goods-for-the-murraycomiccl/?path=//sys/dev/char/3:98 HTTP/1.1" 200 6508 "-" "Mozilla/5.0 AppleWebKit/537.36 (KHTML, like Gecko; compatible; Amazonbot/0.1; +https://developer.amazon.com/support/amazonbot) Chrome/119.0.6045.214 Safari/537.36"
192.178.6.101 - - [03/Nov/2025:02:11:02 -0800] "GET /?market=2119415804 HTTP/1.1" 200 31918 "-" "Mozilla/5.0 (Linux; Android 6.0.1; Nexus 5X Build/MMB29P) AppleWebKit/537.36 (KHTML, like Gecko) Chrome/141.0.7390.122 Mobile Safari/537.36 (compatible; GoogleOther)"
52.203.68.145 - - [03/Nov/2025:02:11:03 -0800] "GET /2017/11/06/jeeves-siri-round-up-to-56-days-whatever-come-pay-your-dues-and-drink-some-cold-ones-with-the-boys-730-at-omalley-this-wednesday-were-also-collecting-canned-goods-for-the-murraycomiccl/?path=//sys/class/tty/ttye0 HTTP/1.1" 200 6517 "-" "Mozilla/5.0 AppleWebKit/537.36 (KHTML, like Gecko; compatible; Amazonbot/0.1; +https://developer.amazon.com/support/amazonbot) Chrome/119.0.6045.214 Safari/537.36"
192.178.6.99 - - [03/Nov/2025:02:11:06 -0800] "GET /?market=1857730209 HTTP/1.1" 200 32537 "-" "Mozilla/5.0 (Linux; Android 6.0.1; Nexus 5X Build/MMB29P) AppleWebKit/537.36 (KHTML, like Gecko) Chrome/141.0.7390.122 Mobile Safari/537.36 (compatible; GoogleOther)"
54.197.114.76 - - [03/Nov/2025:02:11:09 -0800] "GET /2017/11/06/jeeves-siri-round-up-to-56-days-whatever-come-pay-your-dues-and-drink-some-cold-ones-with-the-boys-730-at-omalley-this-wednesday-were-also-collecting-canned-goods-for-the-murraycomiccl/?path=//sys/kernel/irq/335 HTTP/1.1" 200 6558 "-" "Mozilla/5.0 AppleWebKit/537.36 (KHTML, like Gecko; compatible; Amazonbot/0.1; +https://developer.amazon.com/support/amazonbot) Chrome/119.0.6045.214 Safari/537.36"
192.178.6.100 - - [03/Nov/2025:02:11:10 -0800] "GET /?market=2303500825 HTTP/1.1" 200 30919 "-" "Mozilla/5.0 (Linux; Android 6.0.1; Nexus 5X Build/MMB29P) AppleWebKit/537.36 (KHTML, like Gecko) Chrome/141.0.7390.122 Mobile Safari/537.36 (compatible; GoogleOther)"
192.178.6.99 - - [03/Nov/2025:02:11:13 -0800] "GET /?market=2063291314 HTTP/1.1" 200 32605 "-" "Mozilla/5.0 (Linux; Android 6.0.1; Nexus 5X Build/MMB29P) AppleWebKit/537.36 (KHTML, like Gecko) Chrome/141.0.7390.122 Mobile Safari/537.36 (compatible; GoogleOther)"
44.218.6.93 - - [03/Nov/2025:02:11:14 -0800] "GET /2015/06/10/wheres-the-rest-of-you-mollywoppersnybs-at-youre-late-omalleys/?path=//dev/cpu/19 HTTP/1.1" 200 6031 "-" "Mozilla/5.0 AppleWebKit/537.36 (KHTML, like Gecko; compatible; Amazonbot/0.1; +https://developer.amazon.com/support/amazonbot) Chrome/119.0.6045.214 Safari/537.36"
44.193.102.198 - - [03/Nov/2025:02:11:16 -0800] "GET /2015/06/10/wheres-the-rest-of-you-mollywoppersnybs-at-youre-late-omalleys/?fileloc=//dh/cgi-system/php72.cgi&path=//dh/cgi-system HTTP/1.1" 200 6039 "-" "Mozilla/5.0 AppleWebKit/537.36 (KHTML, like Gecko; compatible; Amazonbot/0.1; +https://developer.amazon.com/support/amazonbot) Chrome/119.0.6045.214 Safari/537.36"
192.178.6.99 - - [03/Nov/2025:02:11:16 -0800] "GET /?market=413344401 HTTP/1.1" 200 27346 "-" "Mozilla/5.0 (Linux; Android 6.0.1; Nexus 5X Build/MMB29P) AppleWebKit/537.36 (KHTML, like Gecko) Chrome/141.0.7390.122 Mobile Safari/537.36 (compatible; GoogleOther)"
66.249.64.225 - - [03/Nov/2025:02:11:20 -0800] "GET /?market=2082672878 HTTP/1.1" 200 32614 "-" "Mozilla/5.0 (Linux; Android 6.0.1; Nexus 5X Build/MMB29P) AppleWebKit/537.36 (KHTML, like Gecko) Chrome/141.0.7390.122 Mobile Safari/537.36 (compatible; GoogleOther)"
52.5.232.250 - - [03/Nov/2025:02:11:23 -0800] "GET /2017/11/06/jeeves-siri-round-up-to-56-days-whatever-come-pay-your-dues-and-drink-some-cold-ones-with-the-boys-730-at-omalley-this-wednesday-were-also-collecting-canned-goods-for-the-murraycomiccl/?path=//sys/class/tty/ptyce HTTP/1.1" 200 6451 "-" "Mozilla/5.0 AppleWebKit/537.36 (KHTML, like Gecko; compatible; Amazonbot/0.1; +https://developer.amazon.com/support/amazonbot) Chrome/119.0.6045.214 Safari/537.36"
192.178.6.99 - - [03/Nov/2025:02:11:24 -0800] "GET /?market=2147549941 HTTP/1.1" 200 33144 "-" "Mozilla/5.0 (Linux; Android 6.0.1; Nexus 5X Build/MMB29P) AppleWebKit/537.36 (KHTML, like Gecko) Chrome/141.0.7390.122 Mobile Safari/537.36 (compatible; GoogleOther)"
34.195.248.30 - - [03/Nov/2025:02:11:25 -0800] "GET /home/page/28/?path=//sys/class/tty/ttyv2 HTTP/1.1" 200 6478 "-" "Mozilla/5.0 AppleWebKit/537.36 (KHTML, like Gecko; compatible; Amazonbot/0.1; +https://developer.amazon.com/support/amazonbot) Chrome/119.0.6045.214 Safari/537.36"
192.178.6.99 - - [03/Nov/2025:02:11:27 -0800] "GET /?market=2070097889 HTTP/1.1" 200 28453 "-" "Mozilla/5.0 (Linux; Android 6.0.1; Nexus 5X Build/MMB29P) AppleWebKit/537.36 (KHTML, like Gecko) Chrome/141.0.7390.122 Mobile Safari/537.36 (compatible; GoogleOther)"
23.21.148.226 - - [03/Nov/2025:02:11:29 -0800] "GET /2017/11/06/jeeves-siri-round-up-to-56-days-whatever-come-pay-your-dues-and-drink-some-cold-ones-with-the-boys-730-at-omalley-this-wednesday-were-also-collecting-canned-goods-for-the-murraycomiccl/?path=//sys/class/tty/ttywe HTTP/1.1" 200 6513 "-" "Mozilla/5.0 AppleWebKit/537.36 (KHTML, like Gecko; compatible; Amazonbot/0.1; +https://developer.amazon.com/support/amazonbot) Chrome/119.0.6045.214 Safari/537.36"
192.178.6.99 - - [03/Nov/2025:02:11:31 -0800] "GET /?market=2324541397 HTTP/1.1" 200 28007 "-" "Mozilla/5.0 (Linux; Android 6.0.1; Nexus 5X Build/MMB29P) AppleWebKit/537.36 (KHTML, like Gecko) Chrome/141.0.7390.122 Mobile Safari/537.36 (compatible; GoogleOther)"
23.22.59.87 - - [03/Nov/2025:02:11:33 -0800] "GET /home/?path=//sys/bus/i2c HTTP/1.1" 200 6532 "-" "Mozilla/5.0 AppleWebKit/537.36 (KHTML, like Gecko; compatible; Amazonbot/0.1; +https://developer.amazon.com/support/amazonbot) Chrome/119.0.6045.214 Safari/537.36"
192.178.6.99 - - [03/Nov/2025:02:11:34 -0800] "GET /?market=404756531 HTTP/1.1" 200 27403 "-" "Mozilla/5.0 (Linux; Android 6.0.1; Nexus 5X Build/MMB29P) AppleWebKit/537.36 (KHTML, like Gecko) Chrome/141.0.7390.122 Mobile Safari/537.36 (compatible; GoogleOther)"
192.178.6.99 - - [03/Nov/2025:02:11:37 -0800] "GET /?market=2307510752 HTTP/1.1" 200 30507 "-" "Mozilla/5.0 (Linux; Android 6.0.1; Nexus 5X Build/MMB29P) AppleWebKit/537.36 (KHTML, like Gecko) Chrome/141.0.7390.122 Mobile Safari/537.36 (compatible; GoogleOther)"
54.197.102.71 - - [03/Nov/2025:02:11:38 -0800] "GET /home/?path=//lib/locale/tk_TM HTTP/1.1" 200 6903 "-" "Mozilla/5.0 AppleWebKit/537.36 (KHTML, like Gecko; compatible; Amazonbot/0.1; +https://developer.amazon.com/support/amazonbot) Chrome/119.0.6045.214 Safari/537.36"
54.83.240.58 - - [03/Nov/2025:02:11:39 -0800] "GET /home/?path=//lib/locale/br_FR@euro HTTP/1.1" 200 6913 "-" "Mozilla/5.0 AppleWebKit/537.36 (KHTML, like Gecko; compatible; Amazonbot/0.1; +https://developer.amazon.com/support/amazonbot) Chrome/119.0.6045.214 Safari/537.36"
192.178.6.99 - - [03/Nov/2025:02:11:41 -0800] "GET /?market=2088996077 HTTP/1.1" 200 27526 "-" "Mozilla/5.0 (Linux; Android 6.0.1; Nexus 5X Build/MMB29P) AppleWebKit/537.36 (KHTML, like Gecko) Chrome/141.0.7390.122 Mobile Safari/537.36 (compatible; GoogleOther)"
192.178.6.100 - - [03/Nov/2025:02:11:44 -0800] "GET /?market=2342643653 HTTP/1.1" 200 31077 "-" "Mozilla/5.0 (Linux; Android 6.0.1; Nexus 5X Build/MMB29P) AppleWebKit/537.36 (KHTML, like Gecko) Chrome/141.0.7390.122 Mobile Safari/537.36 (compatible; GoogleOther)"
34.194.95.99 - - [03/Nov/2025:02:11:45 -0800] "GET /home/?path=//sys/module/mptscsih HTTP/1.1" 200 6403 "-" "Mozilla/5.0 AppleWebKit/537.36 (KHTML, like Gecko; compatible; Amazonbot/0.1; +https://developer.amazon.com/support/amazonbot) Chrome/119.0.6045.214 Safari/537.36"
192.178.6.99 - - [03/Nov/2025:02:11:47 -0800] "GET /?market=2326473524 HTTP/1.1" 200 32383 "-" "Mozilla/5.0 (Linux; Android 6.0.1; Nexus 5X Build/MMB29P) AppleWebKit/537.36 (KHTML, like Gecko) Chrome/141.0.7390.122 Mobile Safari/537.36 (compatible; GoogleOther)"
192.178.6.99 - - [03/Nov/2025:02:11:50 -0800] "GET /?market=45547946 HTTP/1.1" 200 28658 "-" "Mozilla/5.0 (Linux; Android 6.0.1; Nexus 5X Build/MMB29P) AppleWebKit/537.36 (KHTML, like Gecko) Chrome/141.0.7390.122 Mobile Safari/537.36 (compatible; GoogleOther)"
54.235.172.108 - - [03/Nov/2025:02:11:51 -0800] "GET /home/?path=//lib/locale/en_IE@euro HTTP/1.1" 200 6919 "-" "Mozilla/5.0 AppleWebKit/537.36 (KHTML, like Gecko; compatible; Amazonbot/0.1; +https://developer.amazon.com/support/amazonbot) Chrome/119.0.6045.214 Safari/537.36"
192.178.6.99 - - [03/Nov/2025:02:11:54 -0800] "GET /?market=2303496341 HTTP/1.1" 200 28161 "-" "Mozilla/5.0 (Linux; Android 6.0.1; Nexus 5X Build/MMB29P) AppleWebKit/537.36 (KHTML, like Gecko) Chrome/141.0.7390.122 Mobile Safari/537.36 (compatible; GoogleOther)"
52.167.144.57 - - [03/Nov/2025:02:11:55 -0800] "GET /robots.txt HTTP/2.0" 301 359 "-" "Mozilla/5.0 AppleWebKit/537.36 (KHTML, like Gecko; compatible; bingbot/2.0; +http://www.bing.com/bingbot.htm) Chrome/116.0.1938.76 Safari/537.36"
52.167.144.57 - - [03/Nov/2025:02:11:55 -0800] "GET /robots.txt HTTP/2.0" 200 276 "-" "Mozilla/5.0 AppleWebKit/537.36 (KHTML, like Gecko; compatible; bingbot/2.0; +http://www.bing.com/bingbot.htm) Chrome/116.0.1938.76 Safari/537.36"
52.73.6.26 - - [03/Nov/2025:02:11:57 -0800] "GET /home/?path=//lib/locale/xh_ZA HTTP/1.1" 200 6900 "-" "Mozilla/5.0 AppleWebKit/537.36 (KHTML, like Gecko; compatible; Amazonbot/0.1; +https://developer.amazon.com/support/amazonbot) Chrome/119.0.6045.214 Safari/537.36"
192.178.6.100 - - [03/Nov/2025:02:11:57 -0800] "GET /?market=2136228952 HTTP/1.1" 200 31348 "-" "Mozilla/5.0 (Linux; Android 6.0.1; Nexus 5X Build/MMB29P) AppleWebKit/537.36 (KHTML, like Gecko) Chrome/141.0.7390.122 Mobile Safari/537.36 (compatible; GoogleOther)"
192.178.6.99 - - [03/Nov/2025:02:12:00 -0800] "GET /?market=414123704 HTTP/1.1" 200 31067 "-" "Mozilla/5.0 (Linux; Android 6.0.1; Nexus 5X Build/MMB29P) AppleWebKit/537.36 (KHTML, like Gecko) Chrome/141.0.7390.122 Mobile Safari/537.36 (compatible; GoogleOther)"
3.213.213.161 - - [03/Nov/2025:02:12:02 -0800] "GET /home/?path=//etc/xdg/systemd HTTP/1.1" 200 6339 "-" "Mozilla/5.0 AppleWebKit/537.36 (KHTML, like Gecko; compatible; Amazonbot/0.1; +https://developer.amazon.com/support/amazonbot) Chrome/119.0.6045.214 Safari/537.36"
216.73.216.11 - - [03/Nov/2025:02:12:02 -0800] "GET /?market=844419397 HTTP/2.0" 200 5883 "-" "Mozilla/5.0 AppleWebKit/537.36 (KHTML, like Gecko; compatible; ClaudeBot/1.0; +claudebot@anthropic.com)"
192.178.6.99 - - [03/Nov/2025:02:12:03 -0800] "GET /?market=2326213351 HTTP/1.1" 200 29106 "-" "Mozilla/5.0 (Linux; Android 6.0.1; Nexus 5X Build/MMB29P) AppleWebKit/537.36 (KHTML, like Gecko) Chrome/141.0.7390.122 Mobile Safari/537.36 (compatible; GoogleOther)"
192.178.6.99 - - [03/Nov/2025:02:12:04 -0800] "GET /?market=2324234033 HTTP/1.1" 200 31550 "-" "Mozilla/5.0 (Linux; Android 6.0.1; Nexus 5X Build/MMB29P) AppleWebKit/537.36 (KHTML, like Gecko) Chrome/141.0.7390.122 Mobile Safari/537.36 (compatible; Googlebot/2.1; +http://www.google.com/bot.html)"
192.178.6.100 - - [03/Nov/2025:02:12:05 -0800] "GET /?market=2328125422 HTTP/1.1" 200 30785 "-" "Mozilla/5.0 (Linux; Android 6.0.1; Nexus 5X Build/MMB29P) AppleWebKit/537.36 (KHTML, like Gecko) Chrome/141.0.7390.122 Mobile Safari/537.36 (compatible; Googlebot/2.1; +http://www.google.com/bot.html)"
216.73.216.11 - - [03/Nov/2025:02:12:05 -0800] "GET /?market=844311047 HTTP/2.0" 200 5801 "-" "Mozilla/5.0 AppleWebKit/537.36 (KHTML, like Gecko; compatible; ClaudeBot/1.0; +claudebot@anthropic.com)"
207.46.13.92 - - [03/Nov/2025:02:12:06 -0800] "GET /2018/04/07/the-mollywoppersnyb-are-representing-at-the-murraycomicclub-banquet-at-the-winatsugarhousemollywoppersnyb-kodb-noh-mummers-mummer-newyearsdayparade-mummersparade-mumstermash-crowdfavorit/feed/ HTTP/2.0" 301 690 "-" "Mozilla/5.0 AppleWebKit/537.36 (KHTML, like Gecko; compatible; bingbot/2.0; +http://www.bing.com/bingbot.htm) Chrome/116.0.1938.76 Safari/537.36"
192.178.6.100 - - [03/Nov/2025:02:12:07 -0800] "GET /?market=409202707 HTTP/1.1" 200 34018 "-" "Mozilla/5.0 (Linux; Android 6.0.1; Nexus 5X Build/MMB29P) AppleWebKit/537.36 (KHTML, like Gecko) Chrome/141.0.7390.122 Mobile Safari/537.36 (compatible; GoogleOther)"
216.73.216.11 - - [03/Nov/2025:02:12:08 -0800] "GET /?market=844071793 HTTP/2.0" 200 5789 "-" "Mozilla/5.0 AppleWebKit/537.36 (KHTML, like Gecko; compatible; ClaudeBot/1.0; +claudebot@anthropic.com)"
50.16.248.61 - - [03/Nov/2025:02:12:08 -0800] "GET /home/?path=//lib/locale/en_GB HTTP/1.1" 200 6895 "-" "Mozilla/5.0 AppleWebKit/537.36 (KHTML, like Gecko; compatible; Amazonbot/0.1; +https://developer.amazon.com/support/amazonbot) Chrome/119.0.6045.214 Safari/537.36"
192.178.6.99 - - [03/Nov/2025:02:12:10 -0800] "GET /?market=57743324 HTTP/1.1" 200 32103 "-" "Mozilla/5.0 (Linux; Android 6.0.1; Nexus 5X Build/MMB29P) AppleWebKit/537.36 (KHTML, like Gecko) Chrome/141.0.7390.122 Mobile Safari/537.36 (compatible; GoogleOther)"
216.73.216.11 - - [03/Nov/2025:02:12:11 -0800] "GET /?market=844786062 HTTP/2.0" 200 5822 "-" "Mozilla/5.0 AppleWebKit/537.36 (KHTML, like Gecko; compatible; ClaudeBot/1.0; +claudebot@anthropic.com)"
3.93.253.174 - - [03/Nov/2025:02:12:12 -0800] "GET /home/?path=//sys/bus/memory_tiering HTTP/1.1" 200 6602 "-" "Mozilla/5.0 AppleWebKit/537.36 (KHTML, like Gecko; compatible; Amazonbot/0.1; +https://developer.amazon.com/support/amazonbot) Chrome/119.0.6045.214 Safari/537.36"
192.178.6.99 - - [03/Nov/2025:02:12:13 -0800] "GET /?market=2110585253 HTTP/1.1" 200 30035 "-" "Mozilla/5.0 (Linux; Android 6.0.1; Nexus 5X Build/MMB29P) AppleWebKit/537.36 (KHTML, like Gecko) Chrome/141.0.7390.122 Mobile Safari/537.36 (compatible; GoogleOther)"
216.73.216.11 - - [03/Nov/2025:02:12:14 -0800] "GET /?market=844590795 HTTP/2.0" 200 5827 "-" "Mozilla/5.0 AppleWebKit/537.36 (KHTML, like Gecko; compatible; ClaudeBot/1.0; +claudebot@anthropic.com)"
192.178.6.99 - - [03/Nov/2025:02:12:16 -0800] "GET /?market=413964992 HTTP/1.1" 200 30912 "-" "Mozilla/5.0 (Linux; Android 6.0.1; Nexus 5X Build/MMB29P) AppleWebKit/537.36 (KHTML, like Gecko) Chrome/141.0.7390.122 Mobile Safari/537.36 (compatible; GoogleOther)"
100.29.63.24 - - [03/Nov/2025:02:12:17 -0800] "GET /home/?path=//dev/disk/by-label HTTP/1.1" 200 6094 "-" "Mozilla/5.0 AppleWebKit/537.36 (KHTML, like Gecko; compatible; Amazonbot/0.1; +https://developer.amazon.com/support/amazonbot) Chrome/119.0.6045.214 Safari/537.36"
216.73.216.11 - - [03/Nov/2025:02:12:17 -0800] "GET /?market=844253573 HTTP/2.0" 200 5789 "-" "Mozilla/5.0 AppleWebKit/537.36 (KHTML, like Gecko; compatible; ClaudeBot/1.0; +claudebot@anthropic.com)"
192.178.6.99 - - [03/Nov/2025:02:12:19 -0800] "GET /?market=2077069425 HTTP/1.1" 200 29702 "-" "Mozilla/5.0 (Linux; Android 6.0.1; Nexus 5X Build/MMB29P) AppleWebKit/537.36 (KHTML, like Gecko) Chrome/141.0.7390.122 Mobile Safari/537.36 (compatible; GoogleOther)"
216.73.216.11 - - [03/Nov/2025:02:12:20 -0800] "GET /?market=844751813 HTTP/2.0" 200 5789 "-" "Mozilla/5.0 AppleWebKit/537.36 (KHTML, like Gecko; compatible; ClaudeBot/1.0; +claudebot@anthropic.com)"
3.211.181.86 - - [03/Nov/2025:02:12:20 -0800] "GET /home/?path=//run/shm/acme_dev.xdumpsters.com HTTP/1.1" 200 6543 "-" "Mozilla/5.0 AppleWebKit/537.36 (KHTML, like Gecko; compatible; Amazonbot/0.1; +https://developer.amazon.com/support/amazonbot) Chrome/119.0.6045.214 Safari/537.36"
192.178.6.99 - - [03/Nov/2025:02:12:23 -0800] "GET /?market=2078858282 HTTP/1.1" 200 28159 "-" "Mozilla/5.0 (Linux; Android 6.0.1; Nexus 5X Build/MMB29P) AppleWebKit/537.36 (KHTML, like Gecko) Chrome/141.0.7390.122 Mobile Safari/537.36 (compatible; GoogleOther)"
192.178.6.99 - - [03/Nov/2025:02:12:26 -0800] "GET /?market=2132245840 HTTP/1.1" 200 30440 "-" "Mozilla/5.0 (Linux; Android 6.0.1; Nexus 5X Build/MMB29P) AppleWebKit/537.36 (KHTML, like Gecko) Chrome/141.0.7390.122 Mobile Safari/537.36 (compatible; GoogleOther)"
52.167.144.162 - - [03/Nov/2025:02:12:26 -0800] "GET /?market=2415920340 HTTP/2.0" 200 30241 "-" "Mozilla/5.0 AppleWebKit/537.36 (KHTML, like Gecko; compatible; bingbot/2.0; +http://www.bing.com/bingbot.htm) Chrome/116.0.1938.76 Safari/537.36"
192.178.6.100 - - [03/Nov/2025:02:12:29 -0800] "GET /?market=2321620893 HTTP/1.1" 200 31377 "-" "Mozilla/5.0 (Linux; Android 6.0.1; Nexus 5X Build/MMB29P) AppleWebKit/537.36 (KHTML, like Gecko) Chrome/141.0.7390.122 Mobile Safari/537.36 (compatible; GoogleOther)"
216.73.216.11 - - [03/Nov/2025:02:12:30 -0800] "GET /?market=844273821 HTTP/2.0" 200 5847 "-" "Mozilla/5.0 AppleWebKit/537.36 (KHTML, like Gecko; compatible; ClaudeBot/1.0; +claudebot@anthropic.com)"
52.54.249.218 - - [03/Nov/2025:02:12:31 -0800] "GET /home/?path=//lib/python2.7/compiler HTTP/1.1" 200 7229 "-" "Mozilla/5.0 AppleWebKit/537.36 (KHTML, like Gecko; compatible; Amazonbot/0.1; +https://developer.amazon.com/support/amazonbot) Chrome/119.0.6045.214 Safari/537.36"
192.178.6.100 - - [03/Nov/2025:02:12:32 -0800] "GET /f_auto/ef38c529-957b-4ca8-8e5e-e33b99cdefa9/air-jordan-5-low-x-clot-anthracite-dm4640-036-release-date.jpg HTTP/1.1" 200 294 "-" "Googlebot-Image/1.0"
100.29.164.178 - - [03/Nov/2025:02:12:32 -0800] "GET /home/?fileloc=//lib/tasksel/tasksel-debconf&path=//lib/tasksel HTTP/1.1" 200 6463 "-" "Mozilla/5.0 AppleWebKit/537.36 (KHTML, like Gecko; compatible; Amazonbot/0.1; +https://developer.amazon.com/support/amazonbot) Chrome/119.0.6045.214 Safari/537.36"
216.73.216.11 - - [03/Nov/2025:02:12:33 -0800] "GET /?market=844128596 HTTP/2.0" 200 5848 "-" "Mozilla/5.0 AppleWebKit/537.36 (KHTML, like Gecko; compatible; ClaudeBot/1.0; +claudebot@anthropic.com)"
192.178.6.99 - - [03/Nov/2025:02:12:35 -0800] "GET /?market=2076785127 HTTP/1.1" 200 31231 "-" "Mozilla/5.0 (Linux; Android 6.0.1; Nexus 5X Build/MMB29P) AppleWebKit/537.36 (KHTML, like Gecko) Chrome/141.0.7390.122 Mobile Safari/537.36 (compatible; GoogleOther)"
216.73.216.11 - - [03/Nov/2025:02:12:36 -0800] "GET /?market=844471522 HTTP/2.0" 200 5836 "-" "Mozilla/5.0 AppleWebKit/537.36 (KHTML, like Gecko; compatible; ClaudeBot/1.0; +claudebot@anthropic.com)"
192.178.6.99 - - [03/Nov/2025:02:12:38 -0800] "GET /?market=408466590 HTTP/1.1" 200 29550 "-" "Mozilla/5.0 (Linux; Android 6.0.1; Nexus 5X Build/MMB29P) AppleWebKit/537.36 (KHTML, like Gecko) Chrome/141.0.7390.122 Mobile Safari/537.36 (compatible; GoogleOther)"
3.210.223.61 - - [03/Nov/2025:02:12:38 -0800] "GET /home/page/28/?path=//lib/python3/dist-packages/netifaces-0.11.0.egg-info HTTP/1.1" 200 6551 "-" "Mozilla/5.0 AppleWebKit/537.36 (KHTML, like Gecko; compatible; Amazonbot/0.1; +https://developer.amazon.com/support/amazonbot) Chrome/119.0.6045.214 Safari/537.36"
216.73.216.11 - - [03/Nov/2025:02:12:39 -0800] "GET /?market=844476006 HTTP/2.0" 200 5829 "-" "Mozilla/5.0 AppleWebKit/537.36 (KHTML, like Gecko; compatible; ClaudeBot/1.0; +claudebot@anthropic.com)"
192.178.6.100 - - [03/Nov/2025:02:12:41 -0800] "GET /?market=2324200362 HTTP/1.1" 200 31897 "-" "Mozilla/5.0 (Linux; Android 6.0.1; Nexus 5X Build/MMB29P) AppleWebKit/537.36 (KHTML, like Gecko) Chrome/141.0.7390.122 Mobile Safari/537.36 (compatible; Googlebot/2.1; +http://www.google.com/bot.html)"
192.178.6.100 - - [03/Nov/2025:02:12:41 -0800] "GET /?market=2112223759 HTTP/1.1" 200 28713 "-" "Mozilla/5.0 (Linux; Android 6.0.1; Nexus 5X Build/MMB29P) AppleWebKit/537.36 (KHTML, like Gecko) Chrome/141.0.7390.122 Mobile Safari/537.36 (compatible; Googlebot/2.1; +http://www.google.com/bot.html)"
192.178.6.99 - - [03/Nov/2025:02:12:42 -0800] "GET /?market=2304226531 HTTP/1.1" 200 28787 "-" "Mozilla/5.0 (Linux; Android 6.0.1; Nexus 5X Build/MMB29P) AppleWebKit/537.36 (KHTML, like Gecko) Chrome/141.0.7390.122 Mobile Safari/537.36 (compatible; GoogleOther)"
52.54.15.103 - - [03/Nov/2025:02:12:42 -0800] "GET /?fileloc=//bin/make_method&path=//bin HTTP/1.1" 200 13694 "-" "Mozilla/5.0 AppleWebKit/537.36 (KHTML, like Gecko; compatible; Amazonbot/0.1; +https://developer.amazon.com/support/amazonbot) Chrome/119.0.6045.214 Safari/537.36"
216.73.216.11 - - [03/Nov/2025:02:12:42 -0800] "GET /?market=844054429 HTTP/2.0" 200 5844 "-" "Mozilla/5.0 AppleWebKit/537.36 (KHTML, like Gecko; compatible; ClaudeBot/1.0; +claudebot@anthropic.com)"
44.206.65.8 - - [03/Nov/2025:02:12:44 -0800] "GET /?fileloc=//bin/pidwait&path=//bin HTTP/1.1" 200 5969 "-" "Mozilla/5.0 AppleWebKit/537.36 (KHTML, like Gecko; compatible; Amazonbot/0.1; +https://developer.amazon.com/support/amazonbot) Chrome/119.0.6045.214 Safari/537.36"
192.178.6.99 - - [03/Nov/2025:02:12:45 -0800] "GET /?market=2340312569 HTTP/1.1" 200 28530 "-" "Mozilla/5.0 (Linux; Android 6.0.1; Nexus 5X Build/MMB29P) AppleWebKit/537.36 (KHTML, like Gecko) Chrome/141.0.7390.122 Mobile Safari/537.36 (compatible; GoogleOther)"
216.73.216.11 - - [03/Nov/2025:02:12:45 -0800] "GET /?market=844382842 HTTP/2.0" 200 5799 "-" "Mozilla/5.0 AppleWebKit/537.36 (KHTML, like Gecko; compatible; ClaudeBot/1.0; +claudebot@anthropic.com)"
192.178.6.99 - - [03/Nov/2025:02:12:48 -0800] "GET /?market=2109168732 HTTP/1.1" 200 29065 "-" "Mozilla/5.0 (Linux; Android 6.0.1; Nexus 5X Build/MMB29P) AppleWebKit/537.36 (KHTML, like Gecko) Chrome/141.0.7390.122 Mobile Safari/537.36 (compatible; GoogleOther)"
216.73.216.11 - - [03/Nov/2025:02:12:48 -0800] "GET /?market=844206638 HTTP/2.0" 200 5819 "-" "Mozilla/5.0 AppleWebKit/537.36 (KHTML, like Gecko; compatible; ClaudeBot/1.0; +claudebot@anthropic.com)"
54.197.178.107 - - [03/Nov/2025:02:12:49 -0800] "GET /home/page/28/?path=//usr/lib/locale/pt_PT HTTP/1.1" 200 6909 "-" "Mozilla/5.0 AppleWebKit/537.36 (KHTML, like Gecko; compatible; Amazonbot/0.1; +https://developer.amazon.com/support/amazonbot) Chrome/119.0.6045.214 Safari/537.36"
192.178.6.100 - - [03/Nov/2025:02:12:51 -0800] "GET /?market=2116279851 HTTP/1.1" 200 31761 "-" "Mozilla/5.0 (Linux; Android 6.0.1; Nexus 5X Build/MMB29P) AppleWebKit/537.36 (KHTML, like Gecko) Chrome/141.0.7390.122 Mobile Safari/537.36 (compatible; GoogleOther)"
216.73.216.11 - - [03/Nov/2025:02:12:51 -0800] "GET /?market=844778630 HTTP/2.0" 200 5834 "-" "Mozilla/5.0 AppleWebKit/537.36 (KHTML, like Gecko; compatible; ClaudeBot/1.0; +claudebot@anthropic.com)"
192.178.6.101 - - [03/Nov/2025:02:12:54 -0800] "GET /?market=53818586 HTTP/1.1" 200 31596 "-" "Mozilla/5.0 (Linux; Android 6.0.1; Nexus 5X Build/MMB29P) AppleWebKit/537.36 (KHTML, like Gecko) Chrome/141.0.7390.122 Mobile Safari/537.36 (compatible; GoogleOther)"
52.71.218.25 - - [03/Nov/2025:02:12:54 -0800] "GET /2015/06/10/wheres-the-rest-of-you-mollywoppersnybs-at-youre-late-omalleys/?path=//lib/python3.10/zoneinfo HTTP/1.1" 200 6617 "-" "Mozilla/5.0 AppleWebKit/537.36 (KHTML, like Gecko; compatible; Amazonbot/0.1; +https://developer.amazon.com/support/amazonbot) Chrome/119.0.6045.214 Safari/537.36"
216.73.216.11 - - [03/Nov/2025:02:12:54 -0800] "GET /?market=844449767 HTTP/2.0" 200 5830 "-" "Mozilla/5.0 AppleWebKit/537.36 (KHTML, like Gecko; compatible; ClaudeBot/1.0; +claudebot@anthropic.com)"
54.204.12.115 - - [03/Nov/2025:02:12:56 -0800] "GET /home/page/28/?path=//var/lib/apt/periodic HTTP/1.1" 200 6513 "-" "Mozilla/5.0 AppleWebKit/537.36 (KHTML, like Gecko; compatible; Amazonbot/0.1; +https://developer.amazon.com/support/amazonbot) Chrome/119.0.6045.214 Safari/537.36"
192.178.6.101 - - [03/Nov/2025:02:12:57 -0800] "GET /?market=2326308821 HTTP/1.1" 200 28489 "-" "Mozilla/5.0 (Linux; Android 6.0.1; Nexus 5X Build/MMB29P) AppleWebKit/537.36 (KHTML, like Gecko) Chrome/141.0.7390.122 Mobile Safari/537.36 (compatible; GoogleOther)"
216.73.216.11 - - [03/Nov/2025:02:12:57 -0800] "GET /?market=844488822 HTTP/2.0" 200 5848 "-" "Mozilla/5.0 AppleWebKit/537.36 (KHTML, like Gecko; compatible; ClaudeBot/1.0; +claudebot@anthropic.com)"
192.178.6.99 - - [03/Nov/2025:02:13:00 -0800] "GET /?market=2077249440 HTTP/1.1" 200 32704 "-" "Mozilla/5.0 (Linux; Android 6.0.1; Nexus 5X Build/MMB29P) AppleWebKit/537.36 (KHTML, like Gecko) Chrome/141.0.7390.122 Mobile Safari/537.36 (compatible; GoogleOther)"
216.73.216.11 - - [03/Nov/2025:02:13:00 -0800] "GET /?market=844540241 HTTP/2.0" 200 5827 "-" "Mozilla/5.0 AppleWebKit/537.36 (KHTML, like Gecko; compatible; ClaudeBot/1.0; +claudebot@anthropic.com)"
192.178.6.100 - - [03/Nov/2025:02:13:03 -0800] "GET /?market=399964929 HTTP/1.1" 200 31797 "-" "Mozilla/5.0 (Linux; Android 6.0.1; Nexus 5X Build/MMB29P) AppleWebKit/537.36 (KHTML, like Gecko) Chrome/141.0.7390.122 Mobile Safari/537.36 (compatible; GoogleOther)"
216.73.216.11 - - [03/Nov/2025:02:13:03 -0800] "GET /?market=844306563 HTTP/2.0" 200 5838 "-" "Mozilla/5.0 AppleWebKit/537.36 (KHTML, like Gecko; compatible; ClaudeBot/1.0; +claudebot@anthropic.com)"
3.221.156.96 - - [03/Nov/2025:02:13:04 -0800] "GET /home/page/28/?path=//sys/bus/pnp/drivers HTTP/1.1" 200 6464 "-" "Mozilla/5.0 AppleWebKit/537.36 (KHTML, like Gecko; compatible; Amazonbot/0.1; +https://developer.amazon.com/support/amazonbot) Chrome/119.0.6045.214 Safari/537.36"
192.178.6.100 - - [03/Nov/2025:02:13:05 -0800] "GET /?market=1423052191 HTTP/1.1" 200 33430 "-" "Mozilla/5.0 (Linux; Android 6.0.1; Nexus 5X Build/MMB29P) AppleWebKit/537.36 (KHTML, like Gecko) Chrome/141.0.7390.122 Mobile Safari/537.36 (compatible; Googlebot/2.1; +http://www.google.com/bot.html)"
216.73.216.11 - - [03/Nov/2025:02:13:06 -0800] "GET /?market=844768314 HTTP/2.0" 200 5789 "-" "Mozilla/5.0 AppleWebKit/537.36 (KHTML, like Gecko; compatible; ClaudeBot/1.0; +claudebot@anthropic.com)"
192.178.6.99 - - [03/Nov/2025:02:13:06 -0800] "GET /?market=2332320172 HTTP/1.1" 200 32269 "-" "Mozilla/5.0 (Linux; Android 6.0.1; Nexus 5X Build/MMB29P) AppleWebKit/537.36 (KHTML, like Gecko) Chrome/141.0.7390.122 Mobile Safari/537.36 (compatible; GoogleOther)"
216.73.216.11 - - [03/Nov/2025:02:13:09 -0800] "GET /?market=844137599 HTTP/2.0" 200 5793 "-" "Mozilla/5.0 AppleWebKit/537.36 (KHTML, like Gecko; compatible; ClaudeBot/1.0; +claudebot@anthropic.com)"
192.178.6.99 - - [03/Nov/2025:02:13:09 -0800] "GET /?market=410993069 HTTP/1.1" 200 27255 "-" "Mozilla/5.0 (Linux; Android 6.0.1; Nexus 5X Build/MMB29P) AppleWebKit/537.36 (KHTML, like Gecko) Chrome/141.0.7390.122 Mobile Safari/537.36 (compatible; GoogleOther)"
216.73.216.11 - - [03/Nov/2025:02:13:12 -0800] "GET /?market=844366407 HTTP/2.0" 200 5835 "-" "Mozilla/5.0 AppleWebKit/537.36 (KHTML, like Gecko; compatible; ClaudeBot/1.0; +claudebot@anthropic.com)"
192.178.6.99 - - [03/Nov/2025:02:13:13 -0800] "GET /?market=52669061 HTTP/1.1" 200 28733 "-" "Mozilla/5.0 (Linux; Android 6.0.1; Nexus 5X Build/MMB29P) AppleWebKit/537.36 (KHTML, like Gecko) Chrome/141.0.7390.122 Mobile Safari/537.36 (compatible; GoogleOther)"
216.73.216.11 - - [03/Nov/2025:02:13:15 -0800] "GET /?market=844662334 HTTP/2.0" 200 5830 "-" "Mozilla/5.0 AppleWebKit/537.36 (KHTML, like Gecko; compatible; ClaudeBot/1.0; +claudebot@anthropic.com)"
192.178.6.99 - - [03/Nov/2025:02:13:16 -0800] "GET /?market=2298004857 HTTP/1.1" 200 27661 "-" "Mozilla/5.0 (Linux; Android 6.0.1; Nexus 5X Build/MMB29P) AppleWebKit/537.36 (KHTML, like Gecko) Chrome/141.0.7390.122 Mobile Safari/537.36 (compatible; GoogleOther)"
216.73.216.11 - - [03/Nov/2025:02:13:18 -0800] "GET /?market=844361601 HTTP/2.0" 200 5842 "-" "Mozilla/5.0 AppleWebKit/537.36 (KHTML, like Gecko; compatible; ClaudeBot/1.0; +claudebot@anthropic.com)"
192.178.6.99 - - [03/Nov/2025:02:13:19 -0800] "GET /?market=2288973591 HTTP/1.1" 200 29079 "-" "Mozilla/5.0 (Linux; Android 6.0.1; Nexus 5X Build/MMB29P) AppleWebKit/537.36 (KHTML, like Gecko) Chrome/141.0.7390.122 Mobile Safari/537.36 (compatible; GoogleOther)"
54.225.81.20 - - [03/Nov/2025:02:13:21 -0800] "GET /?fileloc=//bin/autoupdate&path=//bin HTTP/1.1" 200 17627 "-" "Mozilla/5.0 AppleWebKit/537.36 (KHTML, like Gecko; compatible; Amazonbot/0.1; +https://developer.amazon.com/support/amazonbot) Chrome/119.0.6045.214 Safari/537.36"
216.73.216.11 - - [03/Nov/2025:02:13:21 -0800] "GET /?market=844162779 HTTP/2.0" 200 5797 "-" "Mozilla/5.0 AppleWebKit/537.36 (KHTML, like Gecko; compatible; ClaudeBot/1.0; +claudebot@anthropic.com)"
192.178.6.99 - - [03/Nov/2025:02:13:22 -0800] "GET /?market=57835689 HTTP/1.1" 200 27787 "-" "Mozilla/5.0 (Linux; Android 6.0.1; Nexus 5X Build/MMB29P) AppleWebKit/537.36 (KHTML, like Gecko) Chrome/141.0.7390.122 Mobile Safari/537.36 (compatible; GoogleOther)"
216.73.216.11 - - [03/Nov/2025:02:13:24 -0800] "GET /?market=844773568 HTTP/2.0" 200 5789 "-" "Mozilla/5.0 AppleWebKit/537.36 (KHTML, like Gecko; compatible; ClaudeBot/1.0; +claudebot@anthropic.com)"
192.178.6.99 - - [03/Nov/2025:02:13:25 -0800] "GET /?market=2084606382 HTTP/1.1" 200 27807 "-" "Mozilla/5.0 (Linux; Android 6.0.1; Nexus 5X Build/MMB29P) AppleWebKit/537.36 (KHTML, like Gecko) Chrome/141.0.7390.122 Mobile Safari/537.36 (compatible; GoogleOther)"
54.87.62.248 - - [03/Nov/2025:02:13:26 -0800] "GET /2018/12/05/hey-larosapizza-thanks-for-the-follow/?path=/home/mollywopper/.php HTTP/1.1" 200 6654 "-" "Mozilla/5.0 AppleWebKit/537.36 (KHTML, like Gecko; compatible; Amazonbot/0.1; +https://developer.amazon.com/support/amazonbot) Chrome/119.0.6045.214 Safari/537.36"
3.224.215.150 - - [03/Nov/2025:02:13:28 -0800] "GET /home/?path=//lib/x86_64-linux-gnu/apr-util-1 HTTP/1.1" 200 6679 "-" "Mozilla/5.0 AppleWebKit/537.36 (KHTML, like Gecko; compatible; Amazonbot/0.1; +https://developer.amazon.com/support/amazonbot) Chrome/119.0.6045.214 Safari/537.36"
192.178.6.100 - - [03/Nov/2025:02:13:28 -0800] "GET /?market=2078326592 HTTP/1.1" 200 31597 "-" "Mozilla/5.0 (Linux; Android 6.0.1; Nexus 5X Build/MMB29P) AppleWebKit/537.36 (KHTML, like Gecko) Chrome/141.0.7390.122 Mobile Safari/537.36 (compatible; GoogleOther)"
192.178.6.99 - - [03/Nov/2025:02:13:31 -0800] "GET /?market=422491193 HTTP/1.1" 200 31659 "-" "Mozilla/5.0 (Linux; Android 6.0.1; Nexus 5X Build/MMB29P) AppleWebKit/537.36 (KHTML, like Gecko) Chrome/141.0.7390.122 Mobile Safari/537.36 (compatible; GoogleOther)"
44.217.177.142 - - [03/Nov/2025:02:13:32 -0800] "GET /2017/11/06/jeeves-siri-round-up-to-56-days-whatever-come-pay-your-dues-and-drink-some-cold-ones-with-the-boys-730-at-omalley-this-wednesday-were-also-collecting-canned-goods-for-the-murraycomiccl/?path=//sys/kernel/irq/72 HTTP/1.1" 200 6607 "-" "Mozilla/5.0 AppleWebKit/537.36 (KHTML, like Gecko; compatible; Amazonbot/0.1; +https://developer.amazon.com/support/amazonbot) Chrome/119.0.6045.214 Safari/537.36"
192.178.6.100 - - [03/Nov/2025:02:13:35 -0800] "GET /?market=2328813933 HTTP/1.1" 200 31910 "-" "Mozilla/5.0 (Linux; Android 6.0.1; Nexus 5X Build/MMB29P) AppleWebKit/537.36 (KHTML, like Gecko) Chrome/141.0.7390.122 Mobile Safari/537.36 (compatible; GoogleOther)"
54.167.32.123 - - [03/Nov/2025:02:13:37 -0800] "GET /2017/11/06/jeeves-siri-round-up-to-56-days-whatever-come-pay-your-dues-and-drink-some-cold-ones-with-the-boys-730-at-omalley-this-wednesday-were-also-collecting-canned-goods-for-the-murraycomiccl/?path=//sys/kernel/irq/173 HTTP/1.1" 200 6558 "-" "Mozilla/5.0 AppleWebKit/537.36 (KHTML, like Gecko; compatible; Amazonbot/0.1; +https://developer.amazon.com/support/amazonbot) Chrome/119.0.6045.214 Safari/537.36"
192.178.6.99 - - [03/Nov/2025:02:13:38 -0800] "GET /?market=2342676459 HTTP/1.1" 200 33129 "-" "Mozilla/5.0 (Linux; Android 6.0.1; Nexus 5X Build/MMB29P) AppleWebKit/537.36 (KHTML, like Gecko) Chrome/141.0.7390.122 Mobile Safari/537.36 (compatible; GoogleOther)"
192.178.6.100 - - [03/Nov/2025:02:13:41 -0800] "GET /?market=2101073303 HTTP/1.1" 200 36286 "-" "Mozilla/5.0 (Linux; Android 6.0.1; Nexus 5X Build/MMB29P) AppleWebKit/537.36 (KHTML, like Gecko) Chrome/141.0.7390.122 Mobile Safari/537.36 (compatible; GoogleOther)"
